216.73.217.2 - - [04/Jul/2025:10:22:09 -0400] "GET /wp-content/plugins/litespeed-cache/src/conf.cls.php HTTP/1.1" 403 1242 "-" "Mozilla/5.0 AppleWebKit/537.36 (KHTML, like Gecko; compatible; ClaudeBot/1.0; +claudebot@anthropic.com)"
216.73.217.2 - - [04/Jul/2025:10:22:10 -0400] "GET /wp-content/uploads/elementor/css/post-1258.css HTTP/1.1" 200 331 "-" "Mozilla/5.0 AppleWebKit/537.36 (KHTML, like Gecko; compatible; ClaudeBot/1.0; +claudebot@anthropic.com)"
216.73.217.2 - - [04/Jul/2025:10:22:10 -0400] "GET /wp-content/plugins/akismet/_inc/akismet-admin.css HTTP/1.1" 200 1825 "-" "Mozilla/5.0 AppleWebKit/537.36 (KHTML, like Gecko; compatible; ClaudeBot/1.0; +claudebot@anthropic.com)"
3.229.95.193 - - [04/Jul/2025:10:22:10 -0400] "GET /shell/function.php?gzfile=L3Byb2Mvc3lzL2tlcm5lbC9zY2hlZF9kb21haW4vY3B1MzgvZG9tYWluMi9uYW1l HTTP/1.1" 200 6874 "-" "Mozilla/5.0 AppleWebKit/537.36 (KHTML, like Gecko; compatible; Amazonbot/0.1; +https://developer.amazon.com/support/amazonbot) Chrome/119.0.6045.214 Safari/537.36"
3.208.146.193 - - [04/Jul/2025:10:22:14 -0400] "GET /shell/function.php?gzfile=L29wdC9hbHQvb3BlbnNzbC9zaGFyZS9tYW4vbWFuMy9YNTA5X05BTUVfZ2V0X2VudHJ5LjNzc2w%3D HTTP/1.1" 200 6874 "-" "Mozilla/5.0 AppleWebKit/537.36 (KHTML, like Gecko; compatible; Amazonbot/0.1; +https://developer.amazon.com/support/amazonbot) Chrome/119.0.6045.214 Safari/537.36"
23.23.99.55 - - [04/Jul/2025:10:22:26 -0400] "GET /shell/function.php?zip=L29wdC9wbGVzay9waHAvNy4wL2xpYjY0L3BocA%3D%3D HTTP/1.1" 200 6874 "-" "Mozilla/5.0 AppleWebKit/537.36 (KHTML, like Gecko; compatible; Amazonbot/0.1; +https://developer.amazon.com/support/amazonbot) Chrome/119.0.6045.214 Safari/537.36"
34.233.219.155 - - [04/Jul/2025:10:22:30 -0400] "GET /shell/function.php?gzfile=L3Zhci9zb2Z0YWN1bG91cy9pbnN0YW50Y21zL3BocDgxL2luc3RhbGwucGhw HTTP/1.1" 200 6874 "-" "Mozilla/5.0 AppleWebKit/537.36 (KHTML, like Gecko; compatible; Amazonbot/0.1; +https://developer.amazon.com/support/amazonbot) Chrome/119.0.6045.214 Safari/537.36"
20.171.207.182 - - [04/Jul/2025:10:22:32 -0400] "GET /shell/function.php?gz=L29wdC9hbHQvcGNyZTgwMi91c3I%3D HTTP/1.1" 200 6574 "-" "Mozilla/5.0 AppleWebKit/537.36 (KHTML, like Gecko; compatible; GPTBot/1.2; +https://openai.com/gptbot)"
3.211.105.134 - - [04/Jul/2025:10:22:35 -0400] "GET /shell/function.php?download=L29wdC9hbHQvdGVzdHMvYWx0LXBocDgyLXBlY2wteGhwcm9mLXRpZGV3YXlzXzUuMC40LTIuZWw4L3Rlc3RzL3hocHJvZl8wMDQucGhwdC5waHA4Mi10ZXN0cy1maXg%3D HTTP/1.1" 200 1197 "-" "Mozilla/5.0 AppleWebKit/537.36 (KHTML, like Gecko; compatible; Amazonbot/0.1; +https://developer.amazon.com/support/amazonbot) Chrome/119.0.6045.214 Safari/537.36"
216.73.217.2 - - [04/Jul/2025:10:22:40 -0400] "GET /robots.txt HTTP/1.1" 200 119 "-" "Mozilla/5.0 AppleWebKit/537.36 (KHTML, like Gecko; compatible; ClaudeBot/1.0; +claudebot@anthropic.com)"
216.73.217.2 - - [04/Jul/2025:10:22:40 -0400] "GET /shell/function.php?fm=true&path=%2Fhome%2Flexlmvtu%2F&rename=backup-4.5.2025_03-55-22_lexlmvtu.tar.gz HTTP/1.1" 200 8524 "-" "Mozilla/5.0 AppleWebKit/537.36 (KHTML, like Gecko; compatible; ClaudeBot/1.0; +claudebot@anthropic.com)"
216.73.217.2 - - [04/Jul/2025:10:22:41 -0400] "GET /shell/function.php?gz=L2hvbWUvbGV4bG12dHUvcHVibGljX2h0bWwvd3AtaW5jbHVkZXMvc29kaXVtX2NvbXBhdA%3D%3D HTTP/1.1" 200 6574 "-" "Mozilla/5.0 AppleWebKit/537.36 (KHTML, like Gecko; compatible; ClaudeBot/1.0; +claudebot@anthropic.com)"
216.73.217.2 - - [04/Jul/2025:10:22:08 -0400] "GET /shell/function.php?gz=L2hvbWUvbGV4bG12dHUvcHVibGljX2h0bWwvd3AtaW5jbHVkZXMvaW50ZXJhY3Rpdml0eS1hcGk%3D HTTP/1.1" 200 6574 "-" "Mozilla/5.0 AppleWebKit/537.36 (KHTML, like Gecko; compatible; ClaudeBot/1.0; +claudebot@anthropic.com)"
216.73.217.2 - - [04/Jul/2025:10:22:08 -0400] "GET /wp-content/plugins/woocommerce/vendor/sabberworm HTTP/1.1" 301 795 "-" "Mozilla/5.0 AppleWebKit/537.36 (KHTML, like Gecko; compatible; ClaudeBot/1.0; +claudebot@anthropic.com)"
216.73.217.2 - - [04/Jul/2025:10:22:09 -0400] "GET /wp-content/plugins/litespeed-cache/src/cdn HTTP/1.1" 301 795 "-" "Mozilla/5.0 AppleWebKit/537.36 (KHTML, like Gecko; compatible; ClaudeBot/1.0; +claudebot@anthropic.com)"
216.73.217.2 - - [04/Jul/2025:10:22:09 -0400] "GET /wp-content/plugins/litespeed-cache/src/cdn/ HTTP/1.1" 200 671 "https://lexlawpractice.com/wp-content/plugins/litespeed-cache/src/cdn" "Mozilla/5.0 AppleWebKit/537.36 (KHTML, like Gecko; compatible; ClaudeBot/1.0; +claudebot@anthropic.com)"
216.73.217.2 - - [04/Jul/2025:10:22:09 -0400] "GET /wp-content/plugins/jetpack/3rd-party/creative-mail.php HTTP/1.1" 403 1242 "-" "Mozilla/5.0 AppleWebKit/537.36 (KHTML, like Gecko; compatible; ClaudeBot/1.0; +claudebot@anthropic.com)"
216.73.217.2 - - [04/Jul/2025:10:22:09 -0400] "GET /wp-content/plugins/elementor_old/modules/home HTTP/1.1" 301 795 "-" "Mozilla/5.0 AppleWebKit/537.36 (KHTML, like Gecko; compatible; ClaudeBot/1.0; +claudebot@anthropic.com)"
216.73.217.2 - - [04/Jul/2025:10:22:09 -0400] "GET /wp-content/plugins/elementor_old/modules/home/ HTTP/1.1" 200 758 "https://lexlawpractice.com/wp-content/plugins/elementor_old/modules/home" "Mozilla/5.0 AppleWebKit/537.36 (KHTML, like Gecko; compatible; ClaudeBot/1.0; +claudebot@anthropic.com)"
216.73.217.2 - - [04/Jul/2025:10:22:09 -0400] "GET /shell/function.php?zip=L2hvbWUvbGV4bG12dHUvcHVibGljX2h0bWwvd3AtY29udGVudC9wbHVnaW5zL2JhY2t1cC1iYWNrdXA%3D HTTP/1.1" 200 6574 "-" "Mozilla/5.0 AppleWebKit/537.36 (KHTML, like Gecko; compatible; ClaudeBot/1.0; +claudebot@anthropic.com)"
216.73.217.2 - - [04/Jul/2025:10:22:10 -0400] "GET /shell/function.php?zip=L2hvbWUvbGV4bG12dHUvcHVibGljX2h0bWwvd3AtaW5jbHVkZXMvSUQz HTTP/1.1" 200 6574 "-" "Mozilla/5.0 AppleWebKit/537.36 (KHTML, like Gecko; compatible; ClaudeBot/1.0; +claudebot@anthropic.com)"
23.20.178.124 - - [04/Jul/2025:10:22:19 -0400] "GET /shell/function.php?fm=true&path=/var/softaculous/easyapmt/.. HTTP/1.1" 200 51759 "-" "Mozilla/5.0 AppleWebKit/537.36 (KHTML, like Gecko; compatible; Amazonbot/0.1; +https://developer.amazon.com/support/amazonbot) Chrome/119.0.6045.214 Safari/537.36"
23.21.175.228 - - [04/Jul/2025:10:22:22 -0400] "GET /shell/function.php?zip=L3Byb2Mvc3lzL2tlcm5lbC9zY2hlZF9kb21haW4vY3B1MzkvZG9tYWluMQ%3D%3D HTTP/1.1" 200 6874 "-" "Mozilla/5.0 AppleWebKit/537.36 (KHTML, like Gecko; compatible; Amazonbot/0.1; +https://developer.amazon.com/support/amazonbot) Chrome/119.0.6045.214 Safari/537.36"
54.83.56.1 - - [04/Jul/2025:10:22:39 -0400] "GET /shell/function.php?fm=true&path=/usr/lib/firmware/cirrus/&rights=cs35l41-dsp1-spk-prot-10431b93-spkid1-l0.bin HTTP/1.1" 200 9212 "-" "Mozilla/5.0 AppleWebKit/537.36 (KHTML, like Gecko; compatible; Amazonbot/0.1; +https://developer.amazon.com/support/amazonbot) Chrome/119.0.6045.214 Safari/537.36"
216.73.217.2 - - [04/Jul/2025:10:22:41 -0400] "GET /shell/function.php?gzfile=L2hvbWUvbGV4bG12dHUvcHVibGljX2h0bWwvd3AtaW5jbHVkZXMva3Nlcy5waHA%3D HTTP/1.1" 200 6574 "-" "Mozilla/5.0 AppleWebKit/537.36 (KHTML, like Gecko; compatible; ClaudeBot/1.0; +claudebot@anthropic.com)"
216.73.217.2 - - [04/Jul/2025:10:22:40 -0400] "GET /shell/function.php?gz=L2hvbWUvbGV4bG12dHUvcHVibGljX2h0bWwvd3AtY29udGVudC90aGVtZXMvdHdlbnR5dHdlbnR5dHdv HTTP/1.1" 200 6574 "-" "Mozilla/5.0 AppleWebKit/537.36 (KHTML, like Gecko; compatible; ClaudeBot/1.0; +claudebot@anthropic.com)"
216.73.217.2 - - [04/Jul/2025:10:22:41 -0400] "GET /shell/function.php?fm=true&path=%2Fhome%2Flexlmvtu%2F&rights=.clwpos HTTP/1.1" 200 8561 "-" "Mozilla/5.0 AppleWebKit/537.36 (KHTML, like Gecko; compatible; ClaudeBot/1.0; +claudebot@anthropic.com)"
216.73.217.2 - - [04/Jul/2025:10:22:42 -0400] "GET /wp-content/plugins/litespeed-cache/thirdparty/woo-paypal.cls.php HTTP/1.1" 403 1242 "-" "Mozilla/5.0 AppleWebKit/537.36 (KHTML, like Gecko; compatible; ClaudeBot/1.0; +claudebot@anthropic.com)"
3.218.35.239 - - [04/Jul/2025:10:22:47 -0400] "GET /shell/function.php?fm=true&path=/usr/include/linux/&rights=nfs_idmap.h HTTP/1.1" 200 9182 "-" "Mozilla/5.0 AppleWebKit/537.36 (KHTML, like Gecko; compatible; Amazonbot/0.1; +https://developer.amazon.com/support/amazonbot) Chrome/119.0.6045.214 Safari/537.36"
216.73.217.2 - - [04/Jul/2025:10:22:42 -0400] "GET /shell/function.php?zip=L2hvbWUvbGV4bG12dHUvcHVibGljX2h0bWwvd3AtY29udGVudC9wbHVnaW5zL3JldnNsaWRlcg%3D%3D HTTP/1.1" 200 6574 "-" "Mozilla/5.0 AppleWebKit/537.36 (KHTML, like Gecko; compatible; ClaudeBot/1.0; +claudebot@anthropic.com)"
216.73.217.2 - - [04/Jul/2025:10:22:42 -0400] "GET /shell/function.php?gz=L2hvbWUvbGV4bG12dHUvcHVibGljX2h0bWwvd3AtY29udGVudC9wbHVnaW5zL2FsbC1pbi1vbmUtd3AtbWlncmF0aW9u HTTP/1.1" 200 6574 "-" "Mozilla/5.0 AppleWebKit/537.36 (KHTML, like Gecko; compatible; ClaudeBot/1.0; +claudebot@anthropic.com)"
216.73.217.2 - - [04/Jul/2025:10:22:42 -0400] "GET /shell/function.php?gz=L2hvbWUvbGV4bG12dHUvcHVibGljX2h0bWwvd3AtaW5jbHVkZXMvc2l0ZW1hcHM%3D HTTP/1.1" 200 9769 "-" "Mozilla/5.0 AppleWebKit/537.36 (KHTML, like Gecko; compatible; ClaudeBot/1.0; +claudebot@anthropic.com)"
3.213.213.161 - - [04/Jul/2025:10:22:50 -0400] "GET /shell/function.php?gzfile=L3Zhci9zb2Z0YWN1bG91cy9waXdpay9waHA3MS9lZGl0LnBocA%3D%3D HTTP/1.1" 200 6874 "-" "Mozilla/5.0 AppleWebKit/537.36 (KHTML, like Gecko; compatible; Amazonbot/0.1; +https://developer.amazon.com/support/amazonbot) Chrome/119.0.6045.214 Safari/537.36"
3.210.114.189 - - [04/Jul/2025:10:22:54 -0400] "GET /shell/function.php?fm=true&path=/lib/firmware/ar3k/&rename=30101coex HTTP/1.1" 200 9184 "-" "Mozilla/5.0 AppleWebKit/537.36 (KHTML, like Gecko; compatible; Amazonbot/0.1; +https://developer.amazon.com/support/amazonbot) Chrome/119.0.6045.214 Safari/537.36"
20.171.207.182 - - [04/Jul/2025:10:22:57 -0400] "GET /shell/function.php?gzfile=L3Vzci9zaGFyZS9wZXJsNS9sZXNzLnBt HTTP/1.1" 200 6557 "-" "Mozilla/5.0 AppleWebKit/537.36 (KHTML, like Gecko; compatible; GPTBot/1.2; +https://openai.com/gptbot)"
35.153.86.200 - - [04/Jul/2025:10:22:59 -0400] "GET /shell/function.php?fm=true&path=/opt/alt/python37/include/python3.7m/&rights=dynamic_annotations.h HTTP/1.1" 200 9201 "-" "Mozilla/5.0 AppleWebKit/537.36 (KHTML, like Gecko; compatible; Amazonbot/0.1; +https://developer.amazon.com/support/amazonbot) Chrome/119.0.6045.214 Safari/537.36"
18.214.138.148 - - [04/Jul/2025:10:23:06 -0400] "GET /shell/function.php?gzfile=L3Zhci9zb2Z0YWN1bG91cy9seWNoZWUvdXBkYXRlX3Bhc3MucGhw HTTP/1.1" 200 6874 "-" "Mozilla/5.0 AppleWebKit/537.36 (KHTML, like Gecko; compatible; Amazonbot/0.1; +https://developer.amazon.com/support/amazonbot) Chrome/119.0.6045.214 Safari/537.36"
216.73.217.2 - - [04/Jul/2025:10:23:11 -0400] "GET /wp-content/plugins/contact-form-7/modules/recaptcha/ HTTP/1.1" 200 640 "https://lexlawpractice.com/wp-content/plugins/contact-form-7/modules/recaptcha" "Mozilla/5.0 AppleWebKit/537.36 (KHTML, like Gecko; compatible; ClaudeBot/1.0; +claudebot@anthropic.com)"
216.73.217.2 - - [04/Jul/2025:10:23:11 -0400] "GET /wp-content/plugins/contact-form-7/admin/css/ HTTP/1.1" 200 657 "https://lexlawpractice.com/wp-content/plugins/contact-form-7/admin/css" "Mozilla/5.0 AppleWebKit/537.36 (KHTML, like Gecko; compatible; ClaudeBot/1.0; +claudebot@anthropic.com)"
216.73.217.2 - - [04/Jul/2025:10:23:11 -0400] "GET /shell/function.php?fm=true&path=%2Fhome%2Flexlmvtu%2F&rights=.myimunify_id HTTP/1.1" 200 8494 "-" "Mozilla/5.0 AppleWebKit/537.36 (KHTML, like Gecko; compatible; ClaudeBot/1.0; +claudebot@anthropic.com)"
216.73.217.2 - - [04/Jul/2025:10:22:41 -0400] "GET /shell/function.php?gzfile=L2hvbWUvbGV4bG12dHUvcHVibGljX2h0bWwvd3AtaW5jbHVkZXMvdGhlbWUtaTE4bi5qc29u HTTP/1.1" 200 6574 "-" "Mozilla/5.0 AppleWebKit/537.36 (KHTML, like Gecko; compatible; ClaudeBot/1.0; +claudebot@anthropic.com)"
44.205.74.196 - - [04/Jul/2025:10:22:43 -0400] "GET /shell/function.php?download=L2xpYi9zeXN0ZW1kL3N5c3RlbS9tdWx0aS11c2VyLnRhcmdldC53YW50cy9kYnVzLnNlcnZpY2U%3D HTTP/1.1" 200 1010 "-" "Mozilla/5.0 AppleWebKit/537.36 (KHTML, like Gecko; compatible; Amazonbot/0.1; +https://developer.amazon.com/support/amazonbot) Chrome/119.0.6045.214 Safari/537.36"
216.73.217.2 - - [04/Jul/2025:10:22:41 -0400] "GET /shell/function.php?gz=L2hvbWUvbGV4bG12dHUvcHVibGljX2h0bWwvd3AtY29udGVudC9wbHVnaW5zL3czLXRvdGFsLWNhY2hl HTTP/1.1" 200 6574 "-" "Mozilla/5.0 AppleWebKit/537.36 (KHTML, like Gecko; compatible; ClaudeBot/1.0; +claudebot@anthropic.com)"
216.73.217.2 - - [04/Jul/2025:10:22:41 -0400] "GET /shell/function.php?gz=L2hvbWUvbGV4bG12dHUvcHVibGljX2h0bWwvd3AtY29udGVudC9wbHVnaW5zL21haWxndW4%3D HTTP/1.1" 200 6574 "-" "Mozilla/5.0 AppleWebKit/537.36 (KHTML, like Gecko; compatible; ClaudeBot/1.0; +claudebot@anthropic.com)"
18.215.77.19 - - [04/Jul/2025:10:23:03 -0400] "GET /shell/function.php?fm=true&path=/opt/alt/tests/alt-php82-pecl-mongodb_1.18.1-1.el8/tests/&rights=clientEncryption-removeKeyAltName-002.phpt HTTP/1.1" 200 9230 "-" "Mozilla/5.0 AppleWebKit/537.36 (KHTML, like Gecko; compatible; Amazonbot/0.1; +https://developer.amazon.com/support/amazonbot) Chrome/119.0.6045.214 Safari/537.36"
114.119.155.233 - - [04/Jul/2025:10:23:08 -0400] "GET /wp-content/plugins/elementor-pro_old/modules/gallery/?MA HTTP/1.1" 200 878 "https://lexlawpractice.com/wp-content/plugins/elementor-pro_old/modules/gallery/" "Mozilla/5.0 (Linux; Android 7.0;) AppleWebKit/537.36 (KHTML, like Gecko) Mobile Safari/537.36 (compatible; PetalBot;+https://webmaster.petalsearch.com/site/petalbot)"
216.73.217.2 - - [04/Jul/2025:10:23:11 -0400] "GET /wp-content/plugins/contact-form-7/modules/recaptcha HTTP/1.1" 301 795 "-" "Mozilla/5.0 AppleWebKit/537.36 (KHTML, like Gecko; compatible; ClaudeBot/1.0; +claudebot@anthropic.com)"
216.73.217.2 - - [04/Jul/2025:10:23:11 -0400] "GET /wp-content/plugins/elementor_old/modules/favorites HTTP/1.1" 301 795 "-" "Mozilla/5.0 AppleWebKit/537.36 (KHTML, like Gecko; compatible; ClaudeBot/1.0; +claudebot@anthropic.com)"
216.73.217.2 - - [04/Jul/2025:10:23:11 -0400] "GET /wp-content/plugins/elementor_old/modules/favorites/ HTTP/1.1" 200 748 "https://lexlawpractice.com/wp-content/plugins/elementor_old/modules/favorites" "Mozilla/5.0 AppleWebKit/537.36 (KHTML, like Gecko; compatible; ClaudeBot/1.0; +claudebot@anthropic.com)"
216.73.217.2 - - [04/Jul/2025:10:23:11 -0400] "GET /wp-content/plugins/contact-form-7/admin/css HTTP/1.1" 301 795 "-" "Mozilla/5.0 AppleWebKit/537.36 (KHTML, like Gecko; compatible; ClaudeBot/1.0; +claudebot@anthropic.com)"
216.73.217.2 - - [04/Jul/2025:10:23:11 -0400] "GET /shell/function.php?zip=L2hvbWUvbGV4bG12dHUvcHVibGljX2h0bWwvLndlbGwta25vd24vcGtpLXZhbGlkYXRpb24%3D HTTP/1.1" 200 6574 "-" "Mozilla/5.0 AppleWebKit/537.36 (KHTML, like Gecko; compatible; ClaudeBot/1.0; +claudebot@anthropic.com)"
54.156.248.117 - - [04/Jul/2025:10:23:11 -0400] "GET /shell/function.php?gzfile=L29wdC9hbHQvcHl0aG9uMzgvbGliNjQvcHl0aG9uMy44L2xpYjJ0bzMvZml4ZXMvZml4X21ldGhvZGF0dHJzLnB5 HTTP/1.1" 200 6844 "-" "Mozilla/5.0 AppleWebKit/537.36 (KHTML, like Gecko; compatible; Amazonbot/0.1; +https://developer.amazon.com/support/amazonbot) Chrome/119.0.6045.214 Safari/537.36"
216.73.217.2 - - [04/Jul/2025:10:23:12 -0400] "GET /wp-content/plugins/jetpack/modules/seo-tools HTTP/1.1" 301 795 "-" "Mozilla/5.0 AppleWebKit/537.36 (KHTML, like Gecko; compatible; ClaudeBot/1.0; +claudebot@anthropic.com)"
216.73.217.2 - - [04/Jul/2025:10:23:11 -0400] "GET /wp-content/plugins/litespeed-cache/thirdparty/wp-polls.cls.php HTTP/1.1" 403 1242 "-" "Mozilla/5.0 AppleWebKit/537.36 (KHTML, like Gecko; compatible; ClaudeBot/1.0; +claudebot@anthropic.com)"
216.73.217.2 - - [04/Jul/2025:10:23:11 -0400] "GET /shell/function.php?gz=L2hvbWUvbGV4bG12dHUvcHVibGljX2h0bWwvd3AtaW5jbHVkZXMvd2lkZ2V0cw%3D%3D HTTP/1.1" 200 6574 "-" "Mozilla/5.0 AppleWebKit/537.36 (KHTML, like Gecko; compatible; ClaudeBot/1.0; +claudebot@anthropic.com)"
216.73.217.2 - - [04/Jul/2025:10:23:12 -0400] "GET /wp-content/plugins/jetpack/modules/seo-tools/ HTTP/1.1" 200 563 "https://lexlawpractice.com/wp-content/plugins/jetpack/modules/seo-tools" "Mozilla/5.0 AppleWebKit/537.36 (KHTML, like Gecko; compatible; ClaudeBot/1.0; +claudebot@anthropic.com)"
216.73.217.2 - - [04/Jul/2025:10:23:12 -0400] "GET /wp-content/plugins/jetpack/images/get-apps-qr-code.svg HTTP/1.1" 200 492 "-" "Mozilla/5.0 AppleWebKit/537.36 (KHTML, like Gecko; compatible; ClaudeBot/1.0; +claudebot@anthropic.com)"
216.73.217.2 - - [04/Jul/2025:10:23:12 -0400] "GET /shell/function.php?zip=L2hvbWUvbGV4bG12dHUvcHVibGljX2h0bWwvd3AtaW5jbHVkZXMvbDEwbg%3D%3D HTTP/1.1" 200 9800 "-" "Mozilla/5.0 AppleWebKit/537.36 (KHTML, like Gecko; compatible; ClaudeBot/1.0; +claudebot@anthropic.com)"
100.28.44.58 - - [04/Jul/2025:10:23:18 -0400] "GET /shell/function.php?gzfile=L3Vzci9saWI2NC9weXRob24yLjcvaWRsZWxpYi9pZGxlX3Rlc3QvdGVzdF93YXJuaW5nLnB5Yw%3D%3D HTTP/1.1" 200 6844 "-" "Mozilla/5.0 AppleWebKit/537.36 (KHTML, like Gecko; compatible; Amazonbot/0.1; +https://developer.amazon.com/support/amazonbot) Chrome/119.0.6045.214 Safari/537.36"
20.171.207.182 - - [04/Jul/2025:10:23:19 -0400] "GET /shell/function.php?gzfile=L3Vzci9zaGFyZS9wZXJsNS9ibGliLnBt HTTP/1.1" 200 6574 "-" "Mozilla/5.0 AppleWebKit/537.36 (KHTML, like Gecko; compatible; GPTBot/1.2; +https://openai.com/gptbot)"
44.221.227.90 - - [04/Jul/2025:10:23:35 -0400] "GET /shell/function.php?gzfile=L29wdC9hbHQvdGVzdHMvYWx0LXBocDgxLXBlY2wtZWlvXzMuMS4zLTEuZWw4L3Rlc3RzL2Vpb19ybWRpcl9iYXNpYy5waHB0 HTTP/1.1" 200 6874 "-" "Mozilla/5.0 AppleWebKit/537.36 (KHTML, like Gecko; compatible; Amazonbot/0.1; +https://developer.amazon.com/support/amazonbot) Chrome/119.0.6045.214 Safari/537.36"
98.84.131.195 - - [04/Jul/2025:10:23:39 -0400] "GET /shell/function.php?gzfile=L29wdC9hbHQvcHl0aG9uMzEwL2xpYjY0L3B5dGhvbjMuMTAvZGJtL25kYm0ucHk%3D HTTP/1.1" 200 6874 "-" "Mozilla/5.0 AppleWebKit/537.36 (KHTML, like Gecko; compatible; Amazonbot/0.1; +https://developer.amazon.com/support/amazonbot) Chrome/119.0.6045.214 Safari/537.36"
100.28.44.58 - - [04/Jul/2025:10:23:42 -0400] "GET /shell/function.php?zip=L3Zhci9zb2Z0YWN1bG91cy90eXBvOC9waHA3MQ%3D%3D HTTP/1.1" 200 6874 "-" "Mozilla/5.0 AppleWebKit/537.36 (KHTML, like Gecko; compatible; Amazonbot/0.1; +https://developer.amazon.com/support/amazonbot) Chrome/119.0.6045.214 Safari/537.36"
3.219.80.71 - - [04/Jul/2025:10:23:47 -0400] "GET /shell/function.php?gzfile=L29wdC9hbHQvdGVzdHMvYWx0LXBocDgxLXBlY2wtbWVtY2FjaGVkXzMuMi4wLTEuZWw4L3Rlc3RzL3Nlc3Npb25fYmFzaWMucGhwdA%3D%3D HTTP/1.1" 200 6874 "-" "Mozilla/5.0 AppleWebKit/537.36 (KHTML, like Gecko; compatible; Amazonbot/0.1; +https://developer.amazon.com/support/amazonbot) Chrome/119.0.6045.214 Safari/537.36"
3.209.174.110 - - [04/Jul/2025:10:23:50 -0400] "GET /shell/function.php?gzfile=L29wdC9hbHQvdGVzdHMvYWx0LXBocDgzLXBlY2wtbW9uZ29kYl8xLjE4LjEtMS5lbDgvdGVzdHMvY29kZS12YWxpZC0wMDQucGhwdA%3D%3D HTTP/1.1" 200 6874 "-" "Mozilla/5.0 AppleWebKit/537.36 (KHTML, like Gecko; compatible; Amazonbot/0.1; +https://developer.amazon.com/support/amazonbot) Chrome/119.0.6045.214 Safari/537.36"
184.73.239.35 - - [04/Jul/2025:10:23:54 -0400] "GET /shell/function.php?fm=true&path=/opt/alt/python313/include/python3.13/internal/&rights=pycore_signal.h HTTP/1.1" 200 9202 "-" "Mozilla/5.0 AppleWebKit/537.36 (KHTML, like Gecko; compatible; Amazonbot/0.1; +https://developer.amazon.com/support/amazonbot) Chrome/119.0.6045.214 Safari/537.36"
216.73.217.2 - - [04/Jul/2025:10:23:11 -0400] "GET /shell/function.php?gzfile=L2hvbWUvbGV4bG12dHUvcHVibGljX2h0bWwvd3AtaW5jbHVkZXMvY2xhc3Mtc2ltcGxlcGllLnBocA%3D%3D HTTP/1.1" 200 6574 "-" "Mozilla/5.0 AppleWebKit/537.36 (KHTML, like Gecko; compatible; ClaudeBot/1.0; +claudebot@anthropic.com)"
216.73.217.2 - - [04/Jul/2025:10:23:12 -0400] "GET /wp-content/plugins/litespeed-cache/lang/litespeed-cache.pot HTTP/1.1" 200 150336 "-" "Mozilla/5.0 AppleWebKit/537.36 (KHTML, like Gecko; compatible; ClaudeBot/1.0; +claudebot@anthropic.com)"
44.212.131.50 - - [04/Jul/2025:10:23:15 -0400] "GET /shell/function.php?fm=true&path=/usr/lib/tmpfiles.d/.. HTTP/1.1" 200 14317 "-" "Mozilla/5.0 AppleWebKit/537.36 (KHTML, like Gecko; compatible; Amazonbot/0.1; +https://developer.amazon.com/support/amazonbot) Chrome/119.0.6045.214 Safari/537.36"
52.6.97.88 - - [04/Jul/2025:10:23:23 -0400] "GET /shell/function.php?fm=true&path=/opt/alt/tests/alt-php82-pecl-swoole_5.1.7-1.el8/tools HTTP/1.1" 200 12284 "-" "Mozilla/5.0 AppleWebKit/537.36 (KHTML, like Gecko; compatible; Amazonbot/0.1; +https://developer.amazon.com/support/amazonbot) Chrome/119.0.6045.214 Safari/537.36"
54.197.114.76 - - [04/Jul/2025:10:23:26 -0400] "GET /shell/function.php?fm=true&path=/var/softaculous/osupport/php56 HTTP/1.1" 200 10841 "-" "Mozilla/5.0 AppleWebKit/537.36 (KHTML, like Gecko; compatible; Amazonbot/0.1; +https://developer.amazon.com/support/amazonbot) Chrome/119.0.6045.214 Safari/537.36"
54.225.181.161 - - [04/Jul/2025:10:23:30 -0400] "GET /shell/function.php?fm=true&path=/opt/alt/alt-nodejs16/root/usr/.. HTTP/1.1" 200 11855 "-" "Mozilla/5.0 AppleWebKit/537.36 (KHTML, like Gecko; compatible; Amazonbot/0.1; +https://developer.amazon.com/support/amazonbot) Chrome/119.0.6045.214 Safari/537.36"
20.171.207.182 - - [04/Jul/2025:10:23:39 -0400] "GET /shell/function.php?gzfile=L3Vzci9zaGFyZS9wZXJsNS9vcGVuLnBt HTTP/1.1" 200 6574 "-" "Mozilla/5.0 AppleWebKit/537.36 (KHTML, like Gecko; compatible; GPTBot/1.2; +https://openai.com/gptbot)"
20.171.207.182 - - [04/Jul/2025:10:23:56 -0400] "GET /shell/function.php?gzfile=L3Vzci9zaGFyZS9wZXJsNS9ORVhULnBt HTTP/1.1" 200 6574 "-" "Mozilla/5.0 AppleWebKit/537.36 (KHTML, like Gecko; compatible; GPTBot/1.2; +https://openai.com/gptbot)"
54.163.136.244 - - [04/Jul/2025:10:24:03 -0400] "GET /shell/function.php?fm=true&path=/opt/alt/openssl/lib64/openssl/engines/&rename=libchil.so HTTP/1.1" 200 9196 "-" "Mozilla/5.0 AppleWebKit/537.36 (KHTML, like Gecko; compatible; Amazonbot/0.1; +https://developer.amazon.com/support/amazonbot) Chrome/119.0.6045.214 Safari/537.36"
52.22.87.224 - - [04/Jul/2025:10:24:07 -0400] "GET /shell/function.php?download=L3Zhci9zb2Z0YWN1bG91cy9sYXllcmJiL3BocDgyL2luc3RhbGwucGhw HTTP/1.1" 200 5087 "-" "Mozilla/5.0 AppleWebKit/537.36 (KHTML, like Gecko; compatible; Amazonbot/0.1; +https://developer.amazon.com/support/amazonbot) Chrome/119.0.6045.214 Safari/537.36"
216.73.217.2 - - [04/Jul/2025:10:24:11 -0400] "GET /wp-content/plugins/elementor-pro_old/assets/data HTTP/1.1" 301 795 "-" "Mozilla/5.0 AppleWebKit/537.36 (KHTML, like Gecko; compatible; ClaudeBot/1.0; +claudebot@anthropic.com)"
216.73.217.2 - - [04/Jul/2025:10:24:12 -0400] "GET /wp-content/plugins/jetpack/modules/likes HTTP/1.1" 301 795 "-" "Mozilla/5.0 AppleWebKit/537.36 (KHTML, like Gecko; compatible; ClaudeBot/1.0; +claudebot@anthropic.com)"
216.73.217.2 - - [04/Jul/2025:10:24:12 -0400] "GET /wp-content/plugins/disclaimer-popup/public/css HTTP/1.1" 301 795 "-" "Mozilla/5.0 AppleWebKit/537.36 (KHTML, like Gecko; compatible; ClaudeBot/1.0; +claudebot@anthropic.com)"
216.73.217.2 - - [04/Jul/2025:10:24:12 -0400] "GET /wp-content/plugins/wpforms-lite/vendor/true/ HTTP/1.1" 200 633 "https://lexlawpractice.com/wp-content/plugins/wpforms-lite/vendor/true" "Mozilla/5.0 AppleWebKit/537.36 (KHTML, like Gecko; compatible; ClaudeBot/1.0; +claudebot@anthropic.com)"
216.73.217.2 - - [04/Jul/2025:10:24:12 -0400] "GET /shell/function.php?gz=L2hvbWUvbGV4bG12dHUvcHVibGljX2h0bWwvd3AtaW5jbHVkZXMvSUQz HTTP/1.1" 200 6574 "-" "Mozilla/5.0 AppleWebKit/537.36 (KHTML, like Gecko; compatible; ClaudeBot/1.0; +claudebot@anthropic.com)"
20.171.207.182 - - [04/Jul/2025:10:24:12 -0400] "GET /shell/function.php?gzfile=L3Vzci9zaGFyZS9wZXJsNS9TYWZlLnBt HTTP/1.1" 200 6574 "-" "Mozilla/5.0 AppleWebKit/537.36 (KHTML, like Gecko; compatible; GPTBot/1.2; +https://openai.com/gptbot)"
216.73.217.2 - - [04/Jul/2025:10:24:12 -0400] "GET /shell/function.php?fm=true&path=%2Fhome%2Flexlmvtu%2F&rights=.cagefs HTTP/1.1" 200 8532 "-" "Mozilla/5.0 AppleWebKit/537.36 (KHTML, like Gecko; compatible; ClaudeBot/1.0; +claudebot@anthropic.com)"
216.73.217.2 - - [04/Jul/2025:10:24:12 -0400] "GET /shell/function.php?gz=L2hvbWUvbGV4bG12dHUvcHVibGljX2h0bWwvd3AtaW5jbHVkZXMvUEhQTWFpbGVy HTTP/1.1" 200 6574 "-" "Mozilla/5.0 AppleWebKit/537.36 (KHTML, like Gecko; compatible; ClaudeBot/1.0; +claudebot@anthropic.com)"
216.73.217.2 - - [04/Jul/2025:10:24:12 -0400] "GET /shell/function.php?gz=L2hvbWUvbGV4bG12dHUvcHVibGljX2h0bWwvd3AtY29udGVudC9wbHVnaW5zL2JhY2t1cC1iYWNrdXA%3D HTTP/1.1" 200 6574 "-" "Mozilla/5.0 AppleWebKit/537.36 (KHTML, like Gecko; compatible; ClaudeBot/1.0; +claudebot@anthropic.com)"
52.4.229.9 - - [04/Jul/2025:10:24:18 -0400] "GET /shell/function.php?fm=true&path=/opt/alt/python33/lib64/python3.3/idlelib/Icons/&rights=openfolder.gif HTTP/1.1" 200 9202 "-" "Mozilla/5.0 AppleWebKit/537.36 (KHTML, like Gecko; compatible; Amazonbot/0.1; +https://developer.amazon.com/support/amazonbot) Chrome/119.0.6045.214 Safari/537.36"
44.214.19.8 - - [04/Jul/2025:10:24:23 -0400] "GET /shell/function.php?download=L29wdC9hbHQvcHl0aG9uMzcvc2hhcmUvZG9jL2FsdC1weXRob24zNy1qaW5qYTIvUkVBRE1FLnJzdA%3D%3D HTTP/1.1" 200 2843 "-" "Mozilla/5.0 AppleWebKit/537.36 (KHTML, like Gecko; compatible; Amazonbot/0.1; +https://developer.amazon.com/support/amazonbot) Chrome/119.0.6045.214 Safari/537.36"
20.171.207.182 - - [04/Jul/2025:10:24:26 -0400] "GET /shell/function.php?gzfile=L3Vzci9zaGFyZS9wZXJsNS9zdWJzLnBt HTTP/1.1" 200 6574 "-" "Mozilla/5.0 AppleWebKit/537.36 (KHTML, like Gecko; compatible; GPTBot/1.2; +https://openai.com/gptbot)"
34.193.2.57 - - [04/Jul/2025:10:24:27 -0400] "GET /shell/function.php?fm=true&path=/opt/alt/python37/lib64/python3.7/encodings/&rights=uu_codec.py HTTP/1.1" 200 9197 "-" "Mozilla/5.0 AppleWebKit/537.36 (KHTML, like Gecko; compatible; Amazonbot/0.1; +https://developer.amazon.com/support/amazonbot) Chrome/119.0.6045.214 Safari/537.36"
44.221.227.90 - - [04/Jul/2025:10:24:30 -0400] "GET /shell/function.php?gzfile=L29wdC9hbHQvcHl0aG9uMzMvbGliNjQvcHl0aG9uMy4zL2VuY29kaW5ncy9jcDEyNTUucHk%3D HTTP/1.1" 200 6874 "-" "Mozilla/5.0 AppleWebKit/537.36 (KHTML, like Gecko; compatible; Amazonbot/0.1; +https://developer.amazon.com/support/amazonbot) Chrome/119.0.6045.214 Safari/537.36"
52.4.213.199 - - [04/Jul/2025:10:24:35 -0400] "GET /shell/function.php?fm=true&path=/usr/include/python3.6m/&rights=pymacro.h HTTP/1.1" 200 9184 "-" "Mozilla/5.0 AppleWebKit/537.36 (KHTML, like Gecko; compatible; Amazonbot/0.1; +https://developer.amazon.com/support/amazonbot) Chrome/119.0.6045.214 Safari/537.36"
3.90.73.206 - - [04/Jul/2025:10:24:39 -0400] "GET /shell/function.php?gzfile=L3Vzci9zaGFyZS92aW0vdmltODAvc3ludGF4L3Rhc2tlZGl0LnZpbQ%3D%3D HTTP/1.1" 200 6874 "-" "Mozilla/5.0 AppleWebKit/537.36 (KHTML, like Gecko; compatible; Amazonbot/0.1; +https://developer.amazon.com/support/amazonbot) Chrome/119.0.6045.214 Safari/537.36"
20.171.207.182 - - [04/Jul/2025:10:24:39 -0400] "GET /shell/function.php?gzfile=L3Vzci9zaGFyZS9wZXJsNS9iYXNlLnBt HTTP/1.1" 200 6574 "-" "Mozilla/5.0 AppleWebKit/537.36 (KHTML, like Gecko; compatible; GPTBot/1.2; +https://openai.com/gptbot)"
44.221.227.90 - - [04/Jul/2025:10:23:59 -0400] "GET /shell/function.php?gzfile=L3Vzci9saWIvZmlybXdhcmUvYW1kZ3B1L2thYmluaV9zZG1hMS5iaW4%3D HTTP/1.1" 200 6874 "-" "Mozilla/5.0 AppleWebKit/537.36 (KHTML, like Gecko; compatible; Amazonbot/0.1; +https://developer.amazon.com/support/amazonbot) Chrome/119.0.6045.214 Safari/537.36"
34.225.138.57 - - [04/Jul/2025:10:24:10 -0400] "GET /shell/function.php?fm=true&path=/usr/lib/udev/rules.d/&rights=71-biosdevname.rules HTTP/1.1" 200 9123 "-" "Mozilla/5.0 AppleWebKit/537.36 (KHTML, like Gecko; compatible; Amazonbot/0.1; +https://developer.amazon.com/support/amazonbot) Chrome/119.0.6045.214 Safari/537.36"
216.73.217.2 - - [04/Jul/2025:10:24:11 -0400] "GET /wp-content/plugins/elementor-pro_old/assets/data/ HTTP/1.1" 200 639 "https://lexlawpractice.com/wp-content/plugins/elementor-pro_old/assets/data" "Mozilla/5.0 AppleWebKit/537.36 (KHTML, like Gecko; compatible; ClaudeBot/1.0; +claudebot@anthropic.com)"
216.73.217.2 - - [04/Jul/2025:10:24:12 -0400] "GET /wp-content/plugins/jetpack/modules/likes/ HTTP/1.1" 200 722 "https://lexlawpractice.com/wp-content/plugins/jetpack/modules/likes" "Mozilla/5.0 AppleWebKit/537.36 (KHTML, like Gecko; compatible; ClaudeBot/1.0; +claudebot@anthropic.com)"
216.73.217.2 - - [04/Jul/2025:10:24:12 -0400] "GET /wp-content/plugins/disclaimer-popup/public/css/ HTTP/1.1" 200 721 "https://lexlawpractice.com/wp-content/plugins/disclaimer-popup/public/css" "Mozilla/5.0 AppleWebKit/537.36 (KHTML, like Gecko; compatible; ClaudeBot/1.0; +claudebot@anthropic.com)"
216.73.217.2 - - [04/Jul/2025:10:24:11 -0400] "GET /shell/function.php?fm=true&path=%2Fhome%2Flexlmvtu%2F.softaculous HTTP/1.1" 200 10845 "-" "Mozilla/5.0 AppleWebKit/537.36 (KHTML, like Gecko; compatible; ClaudeBot/1.0; +claudebot@anthropic.com)"
216.73.217.2 - - [04/Jul/2025:10:24:12 -0400] "GET /wp-content/plugins/wpforms-lite/vendor/true HTTP/1.1" 301 795 "-" "Mozilla/5.0 AppleWebKit/537.36 (KHTML, like Gecko; compatible; ClaudeBot/1.0; +claudebot@anthropic.com)"
216.73.217.2 - - [04/Jul/2025:10:24:12 -0400] "GET /shell/function.php?fm=true&path=%2Fhome%2Flexlmvtu%2F&rights=.htpasswds HTTP/1.1" 403 1242 "-" "Mozilla/5.0 AppleWebKit/537.36 (KHTML, like Gecko; compatible; ClaudeBot/1.0; +claudebot@anthropic.com)"
34.225.24.180 - - [04/Jul/2025:10:24:14 -0400] "GET /shell/function.php?fm=true&path=/proc/sys/fs/&rename=global_root_enable HTTP/1.1" 200 9186 "-" "Mozilla/5.0 AppleWebKit/537.36 (KHTML, like Gecko; compatible; Amazonbot/0.1; +https://developer.amazon.com/support/amazonbot) Chrome/119.0.6045.214 Safari/537.36"
216.73.217.2 - - [04/Jul/2025:10:24:11 -0400] "GET /shell/function.php?zip=L2hvbWUvbGV4bG12dHUvcHVibGljX2h0bWwvd3AtY29udGVudC9wbHVnaW5zL2VsZW1lbnRvci1wcm9fb2xk HTTP/1.1" 200 6574 "-" "Mozilla/5.0 AppleWebKit/537.36 (KHTML, like Gecko; compatible; ClaudeBot/1.0; +claudebot@anthropic.com)"
216.73.217.2 - - [04/Jul/2025:10:24:12 -0400] "GET /shell/function.php?gz=L2hvbWUvbGV4bG12dHUvcHVibGljX2h0bWwvd3AtY29udGVudC9wbHVnaW5zL3JldnNsaWRlcg%3D%3D HTTP/1.1" 200 6574 "-" "Mozilla/5.0 AppleWebKit/537.36 (KHTML, like Gecko; compatible; ClaudeBot/1.0; +claudebot@anthropic.com)"
35.173.18.61 - - [04/Jul/2025:10:24:46 -0400] "GET /shell/function.php?gzfile=L29wdC9hbHQvb3BlbnNzbC9zaGFyZS9tYW4vbWFuMy9TSEExLjNzc2w%3D HTTP/1.1" 200 6874 "-" "Mozilla/5.0 AppleWebKit/537.36 (KHTML, like Gecko; compatible; Amazonbot/0.1; +https://developer.amazon.com/support/amazonbot) Chrome/119.0.6045.214 Safari/537.36"
3.221.156.96 - - [04/Jul/2025:10:24:51 -0400] "GET /shell/function.php?fm=true&path=/usr/lib/dracut/modules.d/01fips/&rights=fips.sh HTTP/1.1" 200 9188 "-" "Mozilla/5.0 AppleWebKit/537.36 (KHTML, like Gecko; compatible; Amazonbot/0.1; +https://developer.amazon.com/support/amazonbot) Chrome/119.0.6045.214 Safari/537.36"
20.171.207.182 - - [04/Jul/2025:10:24:51 -0400] "GET /shell/function.php?gz=L3Vzci9zaGFyZS9wZXJsNS92ZW5kb3JfcGVybA%3D%3D HTTP/1.1" 200 6574 "-" "Mozilla/5.0 AppleWebKit/537.36 (KHTML, like Gecko; compatible; GPTBot/1.2; +https://openai.com/gptbot)"
50.16.216.166 - - [04/Jul/2025:10:24:42 -0400] "GET /shell/function.php?fm=true&path=/lib/dracut/modules.d/90dmraid/&rights=parse-dm.sh HTTP/1.1" 200 9191 "-" "Mozilla/5.0 AppleWebKit/537.36 (KHTML, like Gecko; compatible; Amazonbot/0.1; +https://developer.amazon.com/support/amazonbot) Chrome/119.0.6045.214 Safari/537.36"
54.156.55.147 - - [04/Jul/2025:10:24:55 -0400] "GET /shell/function.php?gzfile=L3Byb2Mvc3lzL2tlcm5lbC9zY2hlZF9kb21haW4vY3B1NTMvZG9tYWluMS9pbWJhbGFuY2VfcGN0 HTTP/1.1" 200 6874 "-" "Mozilla/5.0 AppleWebKit/537.36 (KHTML, like Gecko; compatible; Amazonbot/0.1; +https://developer.amazon.com/support/amazonbot) Chrome/119.0.6045.214 Safari/537.36"
216.73.217.2 - - [04/Jul/2025:10:24:58 -0400] "GET /wp-content/plugins/elementor_old/assets/data HTTP/1.1" 301 795 "-" "Mozilla/5.0 AppleWebKit/537.36 (KHTML, like Gecko; compatible; ClaudeBot/1.0; +claudebot@anthropic.com)"
216.73.217.2 - - [04/Jul/2025:10:24:58 -0400] "GET /wp-content/plugins/litespeed-cache/thirdparty/aelia-currencyswitcher.cls.php HTTP/1.1" 403 1242 "-" "Mozilla/5.0 AppleWebKit/537.36 (KHTML, like Gecko; compatible; ClaudeBot/1.0; +claudebot@anthropic.com)"
216.73.217.2 - - [04/Jul/2025:10:24:58 -0400] "GET /wp-content/plugins/litespeed-cache/tpl/cache/ HTTP/1.1" 200 1569 "https://lexlawpractice.com/wp-content/plugins/litespeed-cache/tpl/cache" "Mozilla/5.0 AppleWebKit/537.36 (KHTML, like Gecko; compatible; ClaudeBot/1.0; +claudebot@anthropic.com)"
216.73.217.2 - - [04/Jul/2025:10:24:58 -0400] "GET /shell/function.php?gz=L2hvbWUvbGV4bG12dHUvcHVibGljX2h0bWwvd3AtaW5jbHVkZXMvbDEwbg%3D%3D HTTP/1.1" 200 9800 "-" "Mozilla/5.0 AppleWebKit/537.36 (KHTML, like Gecko; compatible; ClaudeBot/1.0; +claudebot@anthropic.com)"
216.73.217.2 - - [04/Jul/2025:10:24:58 -0400] "GET /wp-content/plugins/jetpack/modules/comment-likes/ HTTP/1.1" 200 678 "https://lexlawpractice.com/wp-content/plugins/jetpack/modules/comment-likes" "Mozilla/5.0 AppleWebKit/537.36 (KHTML, like Gecko; compatible; ClaudeBot/1.0; +claudebot@anthropic.com)"
216.73.217.2 - - [04/Jul/2025:10:24:58 -0400] "GET /wp-content/plugins/elementor_old/assets/svg-paths HTTP/1.1" 301 795 "-" "Mozilla/5.0 AppleWebKit/537.36 (KHTML, like Gecko; compatible; ClaudeBot/1.0; +claudebot@anthropic.com)"
216.73.217.2 - - [04/Jul/2025:10:24:59 -0400] "GET /wp-content/plugins/elementor-pro_old/data/base HTTP/1.1" 301 795 "-" "Mozilla/5.0 AppleWebKit/537.36 (KHTML, like Gecko; compatible; ClaudeBot/1.0; +claudebot@anthropic.com)"
216.73.217.2 - - [04/Jul/2025:10:24:58 -0400] "GET /shell/function.php?gzfile=L2hvbWUvbGV4bG12dHUvcHVibGljX2h0bWwvd3AtaW5jbHVkZXMvY2xhc3MtYXZpZi1pbmZvLnBocA%3D%3D HTTP/1.1" 200 6574 "-" "Mozilla/5.0 AppleWebKit/537.36 (KHTML, like Gecko; compatible; ClaudeBot/1.0; +claudebot@anthropic.com)"
216.73.217.2 - - [04/Jul/2025:10:24:59 -0400] "GET /shell/function.php?edit=scanreport-lexlmvtu-Apr_03_2025_02h11m.txt&fm=true&path=%2Fhome%2Flexlmvtu%2F HTTP/1.1" 200 9757 "-" "Mozilla/5.0 AppleWebKit/537.36 (KHTML, like Gecko; compatible; ClaudeBot/1.0; +claudebot@anthropic.com)"
114.119.142.15 - - [04/Jul/2025:10:25:00 -0400] "GET /wp-content/plugins/elementor-pro_old/modules/forms/submissions/ HTTP/1.1" 200 1276 "https://lexlawpractice.com/wp-content/plugins/elementor-pro_old/modules/forms/" "Mozilla/5.0 (Linux; Android 7.0;) AppleWebKit/537.36 (KHTML, like Gecko) Mobile Safari/537.36 (compatible; PetalBot;+https://webmaster.petalsearch.com/site/petalbot)"
20.171.207.182 - - [04/Jul/2025:10:25:01 -0400] "GET /shell/function.php?zip=L3Vzci9zaGFyZS9wZXJsNS9UaHJlYWQ%3D HTTP/1.1" 200 6557 "-" "Mozilla/5.0 AppleWebKit/537.36 (KHTML, like Gecko; compatible; GPTBot/1.2; +https://openai.com/gptbot)"
44.221.180.179 - - [04/Jul/2025:10:25:03 -0400] "GET /shell/function.php?download=L2xpYi9ub2RlX21vZHVsZXMvbnBtL2xpYi91dGlscy9yZWFkLWxvY2FsLXBhY2thZ2UuanM%3D HTTP/1.1" 200 959 "-" "Mozilla/5.0 AppleWebKit/537.36 (KHTML, like Gecko; compatible; Amazonbot/0.1; +https://developer.amazon.com/support/amazonbot) Chrome/119.0.6045.214 Safari/537.36"
216.73.217.2 - - [04/Jul/2025:10:24:58 -0400] "GET /wp-content/plugins/revslider/languages/revslider-fr_FR.mo HTTP/1.1" 200 68255 "-" "Mozilla/5.0 AppleWebKit/537.36 (KHTML, like Gecko; compatible; ClaudeBot/1.0; +claudebot@anthropic.com)"
216.73.217.2 - - [04/Jul/2025:10:24:58 -0400] "GET /wp-content/plugins/litespeed-cache/tpl/cache HTTP/1.1" 301 795 "-" "Mozilla/5.0 AppleWebKit/537.36 (KHTML, like Gecko; compatible; ClaudeBot/1.0; +claudebot@anthropic.com)"
216.73.217.2 - - [04/Jul/2025:10:24:58 -0400] "GET /wp-content/plugins/elementor_old/assets/data/ HTTP/1.1" 200 635 "https://lexlawpractice.com/wp-content/plugins/elementor_old/assets/data" "Mozilla/5.0 AppleWebKit/537.36 (KHTML, like Gecko; compatible; ClaudeBot/1.0; +claudebot@anthropic.com)"
216.73.217.2 - - [04/Jul/2025:10:24:58 -0400] "GET /wp-content/plugins/litespeed-cache/tpl/esi_widget_edit.php HTTP/1.1" 403 1242 "-" "Mozilla/5.0 AppleWebKit/537.36 (KHTML, like Gecko; compatible; ClaudeBot/1.0; +claudebot@anthropic.com)"
216.73.217.2 - - [04/Jul/2025:10:24:58 -0400] "GET /shell/function.php?gzfile=L2hvbWUvbGV4bG12dHUvcHVibGljX2h0bWwvd3AtaW5jbHVkZXMvY2xhc3Mtd3AtYmxvY2stdHlwZS1yZWdpc3RyeS5waHA%3D HTTP/1.1" 200 6574 "-" "Mozilla/5.0 AppleWebKit/537.36 (KHTML, like Gecko; compatible; ClaudeBot/1.0; +claudebot@anthropic.com)"
216.73.217.2 - - [04/Jul/2025:10:24:58 -0400] "GET /wp-content/plugins/jetpack/modules/comment-likes HTTP/1.1" 301 795 "-" "Mozilla/5.0 AppleWebKit/537.36 (KHTML, like Gecko; compatible; ClaudeBot/1.0; +claudebot@anthropic.com)"
216.73.217.2 - - [04/Jul/2025:10:24:58 -0400] "GET /wp-content/plugins/elementor_old/assets/svg-paths/ HTTP/1.1" 200 1013 "https://lexlawpractice.com/wp-content/plugins/elementor_old/assets/svg-paths" "Mozilla/5.0 AppleWebKit/537.36 (KHTML, like Gecko; compatible; ClaudeBot/1.0; +claudebot@anthropic.com)"
216.73.217.2 - - [04/Jul/2025:10:24:59 -0400] "GET /wp-content/plugins/elementor-pro_old/data/base/ HTTP/1.1" 200 642 "https://lexlawpractice.com/wp-content/plugins/elementor-pro_old/data/base" "Mozilla/5.0 AppleWebKit/537.36 (KHTML, like Gecko; compatible; ClaudeBot/1.0; +claudebot@anthropic.com)"
54.156.248.117 - - [04/Jul/2025:10:24:58 -0400] "GET /shell/function.php?gzfile=L3Vzci9pbmNsdWRlL3JkbWEvbWx4NV91c2VyX2lvY3RsX3ZlcmJzLmg%3D HTTP/1.1" 200 6874 "-" "Mozilla/5.0 AppleWebKit/537.36 (KHTML, like Gecko; compatible; Amazonbot/0.1; +https://developer.amazon.com/support/amazonbot) Chrome/119.0.6045.214 Safari/537.36"
54.235.172.108 - - [04/Jul/2025:10:25:07 -0400] "GET /shell/function.php?download=L29wdC9hbHQvdGVzdHMvYWx0LXBocDg0LXBlY2wtbW9uZ29kYl8xLjIwLjAtMi5lbDgvdGVzdHMvYnNvbi1pdGVyYXRvci1jbG9uZS0wMDIucGhwdA%3D%3D HTTP/1.1" 200 1001 "-" "Mozilla/5.0 AppleWebKit/537.36 (KHTML, like Gecko; compatible; Amazonbot/0.1; +https://developer.amazon.com/support/amazonbot) Chrome/119.0.6045.214 Safari/537.36"
100.29.155.89 - - [04/Jul/2025:10:25:10 -0400] "GET /shell/function.php?download=L3Zhci9zb2Z0YWN1bG91cy9vY2FydDQvbm90ZXMudHh0 HTTP/1.1" 200 3524 "-" "Mozilla/5.0 AppleWebKit/537.36 (KHTML, like Gecko; compatible; Amazonbot/0.1; +https://developer.amazon.com/support/amazonbot) Chrome/119.0.6045.214 Safari/537.36"
52.0.218.219 - - [04/Jul/2025:10:25:19 -0400] "GET /shell/function.php?fm=true&path=/opt/alt/openssl/include/openssl/&rename=rc4.h HTTP/1.1" 200 9187 "-" "Mozilla/5.0 AppleWebKit/537.36 (KHTML, like Gecko; compatible; Amazonbot/0.1; +https://developer.amazon.com/support/amazonbot) Chrome/119.0.6045.214 Safari/537.36"
20.171.207.182 - - [04/Jul/2025:10:25:19 -0400] "GET /shell/function.php?gz=L29wdC9hbHQvbGlic3NoMi91c3I%3D HTTP/1.1" 200 6574 "-" "Mozilla/5.0 AppleWebKit/537.36 (KHTML, like Gecko; compatible; GPTBot/1.2; +https://openai.com/gptbot)"
20.171.207.182 - - [04/Jul/2025:10:25:27 -0400] "GET /shell/function.php?gz=L29wdC9hbHQvbGlieG1sMi91c3I%3D HTTP/1.1" 200 6574 "-" "Mozilla/5.0 AppleWebKit/537.36 (KHTML, like Gecko; compatible; GPTBot/1.2; +https://openai.com/gptbot)"
20.171.207.182 - - [04/Jul/2025:10:25:11 -0400] "GET /shell/function.php?zip=L3Vzci9zaGFyZS9wZXJsNS9HZXRvcHQ%3D HTTP/1.1" 200 6574 "-" "Mozilla/5.0 AppleWebKit/537.36 (KHTML, like Gecko; compatible; GPTBot/1.2; +https://openai.com/gptbot)"
54.159.18.27 - - [04/Jul/2025:10:25:15 -0400] "GET /shell/function.php?fm=true&path=/usr/lib/systemd/system/&rights=proc-fs-nfsd.mount HTTP/1.1" 200 9187 "-" "Mozilla/5.0 AppleWebKit/537.36 (KHTML, like Gecko; compatible; Amazonbot/0.1; +https://developer.amazon.com/support/amazonbot) Chrome/119.0.6045.214 Safari/537.36"
34.194.165.45 - - [04/Jul/2025:10:25:24 -0400] "GET /shell/function.php?zip=L3Zhci9saWIvbXlzcWwvYnBldGJkYWZfZGVudGFsX3NlcnZpY2U%3D HTTP/1.1" 200 6844 "-" "Mozilla/5.0 AppleWebKit/537.36 (KHTML, like Gecko; compatible; Amazonbot/0.1; +https://developer.amazon.com/support/amazonbot) Chrome/119.0.6045.214 Safari/537.36"
34.192.125.239 - - [04/Jul/2025:10:25:27 -0400] "GET /wp-content/plugins/elementor_old/core/editor/loader/v2/templates/?NA HTTP/1.1" 200 814 "-" "Mozilla/5.0 AppleWebKit/537.36 (KHTML, like Gecko; compatible; Amazonbot/0.1; +https://developer.amazon.com/support/amazonbot) Chrome/119.0.6045.214 Safari/537.36"
216.73.217.2 - - [04/Jul/2025:10:25:38 -0400] "GET /wp-content/plugins/elementor_old/assets/shapes HTTP/1.1" 301 795 "-" "Mozilla/5.0 AppleWebKit/537.36 (KHTML, like Gecko; compatible; ClaudeBot/1.0; +claudebot@anthropic.com)"
216.73.217.2 - - [04/Jul/2025:10:25:38 -0400] "GET /wp-content/plugins/woocommerce/templates/emails/ HTTP/1.1" 200 631 "https://lexlawpractice.com/wp-content/plugins/woocommerce/templates/emails" "Mozilla/5.0 AppleWebKit/537.36 (KHTML, like Gecko; compatible; ClaudeBot/1.0; +claudebot@anthropic.com)"
3.93.98.99 - - [04/Jul/2025:10:25:38 -0400] "GET /shell/function.php?download=L2xpYi9maXJtd2FyZS9hdGgxMGsvUUNBOTg4OC9odzIuMC9ib2FyZC0yLmJpbg%3D%3D HTTP/1.1" 200 218596 "-" "Mozilla/5.0 AppleWebKit/537.36 (KHTML, like Gecko; compatible; Amazonbot/0.1; +https://developer.amazon.com/support/amazonbot) Chrome/119.0.6045.214 Safari/537.36"
216.73.217.2 - - [04/Jul/2025:10:25:39 -0400] "GET /shell/function.php?gz=L2hvbWUvbGV4bG12dHUvcHVibGljX2h0bWwvLndlbGwta25vd24vcGtpLXZhbGlkYXRpb24%3D HTTP/1.1" 200 6574 "-" "Mozilla/5.0 AppleWebKit/537.36 (KHTML, like Gecko; compatible; ClaudeBot/1.0; +claudebot@anthropic.com)"
216.73.217.2 - - [04/Jul/2025:10:25:39 -0400] "GET /wp-content/plugins/litespeed-cache/thirdparty/amp.cls.php HTTP/1.1" 403 1242 "-" "Mozilla/5.0 AppleWebKit/537.36 (KHTML, like Gecko; compatible; ClaudeBot/1.0; +claudebot@anthropic.com)"
216.73.217.2 - - [04/Jul/2025:10:25:39 -0400] "GET /wp-content/plugins/jetpack/css/cleanslate.css HTTP/1.1" 200 3748 "-" "Mozilla/5.0 AppleWebKit/537.36 (KHTML, like Gecko; compatible; ClaudeBot/1.0; +claudebot@anthropic.com)"
216.73.217.2 - - [04/Jul/2025:10:25:39 -0400] "GET /shell/function.php?zip=L2hvbWUvbGV4bG12dHUvcHVibGljX2h0bWwvd3AtaW5jbHVkZXMvU2ltcGxlUGll HTTP/1.1" 200 6574 "-" "Mozilla/5.0 AppleWebKit/537.36 (KHTML, like Gecko; compatible; ClaudeBot/1.0; +claudebot@anthropic.com)"
216.73.217.2 - - [04/Jul/2025:10:25:39 -0400] "GET /shell/function.php?fm=true&path=%2Fhome%2Flexlmvtu%2F&rights=.lastlogin HTTP/1.1" 200 8490 "-" "Mozilla/5.0 AppleWebKit/537.36 (KHTML, like Gecko; compatible; ClaudeBot/1.0; +claudebot@anthropic.com)"
3.230.69.161 - - [04/Jul/2025:10:25:42 -0400] "GET /shell/function.php?gzfile=L29wdC9hbHQvcnVieTI1L3NoYXJlL2RvYy9hbHQtcnVieTI1L1JFQURNRS5FWFQ%3D HTTP/1.1" 200 6874 "-" "Mozilla/5.0 AppleWebKit/537.36 (KHTML, like Gecko; compatible; Amazonbot/0.1; +https://developer.amazon.com/support/amazonbot) Chrome/119.0.6045.214 Safari/537.36"
20.171.207.182 - - [04/Jul/2025:10:25:45 -0400] "GET /shell/function.php?gz=L3Vzci9zaGFyZS9wZXJsNS9lbmNvZGluZw%3D%3D HTTP/1.1" 200 6574 "-" "Mozilla/5.0 AppleWebKit/537.36 (KHTML, like Gecko; compatible; GPTBot/1.2; +https://openai.com/gptbot)"
35.174.141.243 - - [04/Jul/2025:10:25:30 -0400] "GET /shell/function.php?fm=true&path=/lib/firmware/nvidia/tu116/sec2/&rights=image.bin HTTP/1.1" 200 9189 "-" "Mozilla/5.0 AppleWebKit/537.36 (KHTML, like Gecko; compatible; Amazonbot/0.1; +https://developer.amazon.com/support/amazonbot) Chrome/119.0.6045.214 Safari/537.36"
20.171.207.182 - - [04/Jul/2025:10:25:33 -0400] "GET /shell/function.php?gz=L3Vzci9zaGFyZS9wZXJsNS9FeHRVdGlscw%3D%3D HTTP/1.1" 200 6574 "-" "Mozilla/5.0 AppleWebKit/537.36 (KHTML, like Gecko; compatible; GPTBot/1.2; +https://openai.com/gptbot)"
3.90.73.206 - - [04/Jul/2025:10:25:34 -0400] "GET /shell/function.php?fm=true&path=/var/softaculous/osupport/php53 HTTP/1.1" 200 10836 "-" "Mozilla/5.0 AppleWebKit/537.36 (KHTML, like Gecko; compatible; Amazonbot/0.1; +https://developer.amazon.com/support/amazonbot) Chrome/119.0.6045.214 Safari/537.36"
216.73.217.2 - - [04/Jul/2025:10:25:38 -0400] "GET /wp-content/plugins/jetpack/css/wordads-ccpa-rtl.css HTTP/1.1" 200 5710 "-" "Mozilla/5.0 AppleWebKit/537.36 (KHTML, like Gecko; compatible; ClaudeBot/1.0; +claudebot@anthropic.com)"
216.73.217.2 - - [04/Jul/2025:10:25:38 -0400] "GET /wp-content/plugins/woocommerce/templates/emails HTTP/1.1" 301 795 "-" "Mozilla/5.0 AppleWebKit/537.36 (KHTML, like Gecko; compatible; ClaudeBot/1.0; +claudebot@anthropic.com)"
216.73.217.2 - - [04/Jul/2025:10:25:38 -0400] "GET /wp-content/plugins/elementor_old/assets/shapes/ HTTP/1.1" 200 1466 "https://lexlawpractice.com/wp-content/plugins/elementor_old/assets/shapes" "Mozilla/5.0 AppleWebKit/537.36 (KHTML, like Gecko; compatible; ClaudeBot/1.0; +claudebot@anthropic.com)"
216.73.217.2 - - [04/Jul/2025:10:25:38 -0400] "GET /wp-content/plugins/contact-form-7/includes/swv HTTP/1.1" 301 795 "-" "Mozilla/5.0 AppleWebKit/537.36 (KHTML, like Gecko; compatible; ClaudeBot/1.0; +claudebot@anthropic.com)"
216.73.217.2 - - [04/Jul/2025:10:25:38 -0400] "GET /wp-content/plugins/contact-form-7/includes/swv/ HTTP/1.1" 200 678 "https://lexlawpractice.com/wp-content/plugins/contact-form-7/includes/swv" "Mozilla/5.0 AppleWebKit/537.36 (KHTML, like Gecko; compatible; ClaudeBot/1.0; +claudebot@anthropic.com)"
216.73.217.2 - - [04/Jul/2025:10:25:39 -0400] "GET /wp-content/plugins/jetpack/3rd-party/amp.php HTTP/1.1" 500 0 "-" "Mozilla/5.0 AppleWebKit/537.36 (KHTML, like Gecko; compatible; ClaudeBot/1.0; +claudebot@anthropic.com)"
216.73.217.2 - - [04/Jul/2025:10:25:39 -0400] "GET /wp-content/plugins/jetpack/_inc/fonts HTTP/1.1" 301 795 "-" "Mozilla/5.0 AppleWebKit/537.36 (KHTML, like Gecko; compatible; ClaudeBot/1.0; +claudebot@anthropic.com)"
216.73.217.2 - - [04/Jul/2025:10:25:39 -0400] "GET /wp-content/plugins/jetpack/_inc/fonts/ HTTP/1.1" 200 631 "https://lexlawpractice.com/wp-content/plugins/jetpack/_inc/fonts" "Mozilla/5.0 AppleWebKit/537.36 (KHTML, like Gecko; compatible; ClaudeBot/1.0; +claudebot@anthropic.com)"
20.171.207.182 - - [04/Jul/2025:10:25:39 -0400] "GET /shell/function.php?gzfile=L3Vzci9pbmNsdWRlL2UycC9lMnAuaA%3D%3D HTTP/1.1" 200 6574 "-" "Mozilla/5.0 AppleWebKit/537.36 (KHTML, like Gecko; compatible; GPTBot/1.2; +https://openai.com/gptbot)"
216.73.217.2 - - [04/Jul/2025:10:25:39 -0400] "GET /shell/function.php?zip=L2hvbWUvbGV4bG12dHUvcHVibGljX2h0bWwvd3AtY29udGVudC90aGVtZXMvdHdlbnR5dHdlbnR5Zm91cg%3D%3D HTTP/1.1" 200 6574 "-" "Mozilla/5.0 AppleWebKit/537.36 (KHTML, like Gecko; compatible; ClaudeBot/1.0; +claudebot@anthropic.com)"
98.83.8.142 - - [04/Jul/2025:10:25:48 -0400] "GET /shell/function.php?gzfile=L2xpYi9maXJtd2FyZS9udmlkaWEvZ20yMDYvZ3IvZ3BjY3NfZGF0YS5iaW4%3D HTTP/1.1" 200 6874 "-" "Mozilla/5.0 AppleWebKit/537.36 (KHTML, like Gecko; compatible; Amazonbot/0.1; +https://developer.amazon.com/support/amazonbot) Chrome/119.0.6045.214 Safari/537.36"
20.171.207.182 - - [04/Jul/2025:10:25:50 -0400] "GET /shell/function.php?zip=L3Vzci9zaGFyZS9wZXJsNS9Vc2Vy HTTP/1.1" 200 6574 "-" "Mozilla/5.0 AppleWebKit/537.36 (KHTML, like Gecko; compatible; GPTBot/1.2; +https://openai.com/gptbot)"
20.171.207.182 - - [04/Jul/2025:10:25:59 -0400] "GET /shell/function.php?zip=L3Vzci9zaGFyZS9wZXJsNS9VUkk%3D HTTP/1.1" 200 6574 "-" "Mozilla/5.0 AppleWebKit/537.36 (KHTML, like Gecko; compatible; GPTBot/1.2; +https://openai.com/gptbot)"
20.171.207.182 - - [04/Jul/2025:10:26:02 -0400] "GET /shell/function.php?zip=L3Vzci9zaGFyZS9wZXJsNS9JUEM%3D HTTP/1.1" 200 6574 "-" "Mozilla/5.0 AppleWebKit/537.36 (KHTML, like Gecko; compatible; GPTBot/1.2; +https://openai.com/gptbot)"
20.171.207.182 - - [04/Jul/2025:10:26:05 -0400] "GET /shell/function.php?zip=L3Vzci9zaGFyZS9wZXJsNS9OZXQ%3D HTTP/1.1" 200 6574 "-" "Mozilla/5.0 AppleWebKit/537.36 (KHTML, like Gecko; compatible; GPTBot/1.2; +https://openai.com/gptbot)"
20.171.207.182 - - [04/Jul/2025:10:26:09 -0400] "GET /shell/function.php?zip=L29wdC9hbHQvbGlieG1sMi91c3I%3D HTTP/1.1" 200 6574 "-" "Mozilla/5.0 AppleWebKit/537.36 (KHTML, like Gecko; compatible; GPTBot/1.2; +https://openai.com/gptbot)"
100.29.164.178 - - [04/Jul/2025:10:26:10 -0400] "GET /shell/function.php?download=L29wdC9jcGFuZWwvZWEtb3BlbnNzbDExL3NoYXJlL2RvYy9vcGVuc3NsL2h0bWwvbWFuMy9FTkdJTkVfZ2V0X25leHQuaHRtbA%3D%3D HTTP/1.1" 200 34870 "-" "Mozilla/5.0 AppleWebKit/537.36 (KHTML, like Gecko; compatible; Amazonbot/0.1; +https://developer.amazon.com/support/amazonbot) Chrome/119.0.6045.214 Safari/537.36"
20.171.207.182 - - [04/Jul/2025:10:26:14 -0400] "GET /shell/function.php?gzfile=L3Vzci9zaGFyZS9wZXJsNS9sb2NhbGUucG0%3D HTTP/1.1" 200 6574 "-" "Mozilla/5.0 AppleWebKit/537.36 (KHTML, like Gecko; compatible; GPTBot/1.2; +https://openai.com/gptbot)"
20.171.207.182 - - [04/Jul/2025:10:26:18 -0400] "GET /shell/function.php?gzfile=L3Vzci9zaGFyZS9wZXJsNS9zaWd0cmFwLnBt HTTP/1.1" 200 6574 "-" "Mozilla/5.0 AppleWebKit/537.36 (KHTML, like Gecko; compatible; GPTBot/1.2; +https://openai.com/gptbot)"
20.171.207.182 - - [04/Jul/2025:10:26:19 -0400] "GET /shell/function.php?gz=L3Vzci9zaGFyZS9wZXJsNS9JUEM%3D HTTP/1.1" 200 6574 "-" "Mozilla/5.0 AppleWebKit/537.36 (KHTML, like Gecko; compatible; GPTBot/1.2; +https://openai.com/gptbot)"
20.171.207.182 - - [04/Jul/2025:10:26:21 -0400] "GET /shell/function.php?gz=L3Vzci9zaGFyZS9wZXJsNS9VUkk%3D HTTP/1.1" 200 6574 "-" "Mozilla/5.0 AppleWebKit/537.36 (KHTML, like Gecko; compatible; GPTBot/1.2; +https://openai.com/gptbot)"
20.171.207.182 - - [04/Jul/2025:10:26:23 -0400] "GET /shell/function.php?gz=L3Vzci9zaGFyZS9wZXJsNS9UaWU%3D HTTP/1.1" 200 6574 "-" "Mozilla/5.0 AppleWebKit/537.36 (KHTML, like Gecko; compatible; GPTBot/1.2; +https://openai.com/gptbot)"
100.25.120.246 - - [04/Jul/2025:10:26:23 -0400] "GET /shell/function.php?zip=L3Zhci9zb2Z0YWN1bG91cy9vc3Bvcy9waHA1Ng%3D%3D HTTP/1.1" 200 6874 "-" "Mozilla/5.0 AppleWebKit/537.36 (KHTML, like Gecko; compatible; Amazonbot/0.1; +https://developer.amazon.com/support/amazonbot) Chrome/119.0.6045.214 Safari/537.36"
20.171.207.182 - - [04/Jul/2025:10:26:26 -0400] "GET /shell/function.php?gz=L29wdC9hbHQvcnVieTIyL2luY2x1ZGU%3D HTTP/1.1" 200 6574 "-" "Mozilla/5.0 AppleWebKit/537.36 (KHTML, like Gecko; compatible; GPTBot/1.2; +https://openai.com/gptbot)"
