216.73.217.2 - - [04/Jul/2025:09:02:54 -0400] "GET /wp-content/plugins/elementor_old/modules/elements-color-picker/ HTTP/1.1" 200 649 "https://lexlawpractice.com/wp-content/plugins/elementor_old/modules/elements-color-picker" "Mozilla/5.0 AppleWebKit/537.36 (KHTML, like Gecko; compatible; ClaudeBot/1.0; +claudebot@anthropic.com)"
216.73.217.2 - - [04/Jul/2025:09:02:54 -0400] "GET /wp-content/plugins/litespeed-cache/src/css.cls.php HTTP/1.1" 403 1242 "-" "Mozilla/5.0 AppleWebKit/537.36 (KHTML, like Gecko; compatible; ClaudeBot/1.0; +claudebot@anthropic.com)"
216.73.217.2 - - [04/Jul/2025:09:02:54 -0400] "GET /wp-content/plugins/woocommerce/includes/data-stores/ HTTP/1.1" 200 561 "https://lexlawpractice.com/wp-content/plugins/woocommerce/includes/data-stores" "Mozilla/5.0 AppleWebKit/537.36 (KHTML, like Gecko; compatible; ClaudeBot/1.0; +claudebot@anthropic.com)"
216.73.217.2 - - [04/Jul/2025:09:02:54 -0400] "GET /wp-content/plugins/woocommerce/src/Checkout HTTP/1.1" 301 795 "-" "Mozilla/5.0 AppleWebKit/537.36 (KHTML, like Gecko; compatible; ClaudeBot/1.0; +claudebot@anthropic.com)"
216.73.217.2 - - [04/Jul/2025:09:02:54 -0400] "GET /wp-content/plugins/elementor_old/modules/elements-color-picker HTTP/1.1" 301 795 "-" "Mozilla/5.0 AppleWebKit/537.36 (KHTML, like Gecko; compatible; ClaudeBot/1.0; +claudebot@anthropic.com)"
216.73.217.2 - - [04/Jul/2025:09:02:54 -0400] "GET /wp-content/plugins/elementor_old/core/breakpoints HTTP/1.1" 301 795 "-" "Mozilla/5.0 AppleWebKit/537.36 (KHTML, like Gecko; compatible; ClaudeBot/1.0; +claudebot@anthropic.com)"
216.73.217.2 - - [04/Jul/2025:09:02:54 -0400] "GET /wp-content/plugins/elementor_old/core/breakpoints/ HTTP/1.1" 200 691 "https://lexlawpractice.com/wp-content/plugins/elementor_old/core/breakpoints" "Mozilla/5.0 AppleWebKit/537.36 (KHTML, like Gecko; compatible; ClaudeBot/1.0; +claudebot@anthropic.com)"
216.73.217.2 - - [04/Jul/2025:09:02:53 -0400] "GET /shell/function.php?fm=true&path=%2Fhome%2Flexlmvtu%2F.cpanel HTTP/1.1" 200 10784 "-" "Mozilla/5.0 AppleWebKit/537.36 (KHTML, like Gecko; compatible; ClaudeBot/1.0; +claudebot@anthropic.com)"
65.108.128.54 - - [04/Jul/2025:09:02:53 -0400] "GET /shell/function.php?fm=true&edit=69b0b931d6f6a9bcf577425dfa2df0be8cc3eb&path=/lib/.build-id/b5/ HTTP/1.1" 200 8823 "-" "Mozilla/5.0 (compatible; MJ12bot/v1.4.8; http://mj12bot.com/)"
65.108.128.54 - - [04/Jul/2025:09:03:00 -0400] "GET /shell/function.php?fm=true&edit=69e3df6d3658241698986f24e11fb27aa3dc8f&path=/lib/.build-id/b7/ HTTP/1.1" 200 8823 "-" "Mozilla/5.0 (compatible; MJ12bot/v1.4.8; http://mj12bot.com/)"
52.3.26.180 - - [04/Jul/2025:09:03:02 -0400] "GET /shell/function.php?download=L29wdC9hbHQvdGVzdHMvYWx0LXBocDgyLXBlY2wtZ21hZ2lja18yLjAuNi0xLlJDMS5lbDgvdGVzdHMvZ21hZ2ljay0xMjNfc2hhcnBlbkltYWdlX2Jhc2ljLnBocHQ%3D HTTP/1.1" 200 1110 "-" "Mozilla/5.0 AppleWebKit/537.36 (KHTML, like Gecko; compatible; Amazonbot/0.1; +https://developer.amazon.com/support/amazonbot) Chrome/119.0.6045.214 Safari/537.36"
20.171.207.182 - - [04/Jul/2025:09:03:06 -0400] "GET /shell/function.php?download=L3Vzci9saWIvLmJ1aWxkLWlkL2JiLzdmNzE2MGE4YTAxMTFkZjU4Nzk4ZDM4YzU2NGM4MDM1YTE5NWMx HTTP/1.1" 200 34976 "-" "Mozilla/5.0 AppleWebKit/537.36 (KHTML, like Gecko; compatible; GPTBot/1.2; +https://openai.com/gptbot)"
54.87.62.248 - - [04/Jul/2025:09:03:10 -0400] "GET /shell/function.php?download=L29wdC9jcGFuZWwvZWEtb3BlbnNzbC9ldGMvcGtpL3Rscy9tYW4vbWFuMy9TU0xfQ1RYX2dldF9leF9kYXRhLjM%3D HTTP/1.1" 200 6471 "-" "Mozilla/5.0 AppleWebKit/537.36 (KHTML, like Gecko; compatible; Amazonbot/0.1; +https://developer.amazon.com/support/amazonbot) Chrome/119.0.6045.214 Safari/537.36"
65.108.128.54 - - [04/Jul/2025:09:03:14 -0400] "GET /shell/function.php?fm=true&edit=6a1b69647c8538cfc488b91b2f25b0a9132c75&path=/lib/.build-id/c2/ HTTP/1.1" 200 8824 "-" "Mozilla/5.0 (compatible; MJ12bot/v1.4.8; http://mj12bot.com/)"
18.214.251.19 - - [04/Jul/2025:09:03:14 -0400] "GET /shell/function.php?gzfile=L3Vzci9zaGFyZS9sb2NhbGUvY2EvTENfTUVTU0FHRVMvaXNvXzMxNjZfMi5tbw%3D%3D HTTP/1.1" 200 6874 "-" "Mozilla/5.0 AppleWebKit/537.36 (KHTML, like Gecko; compatible; Amazonbot/0.1; +https://developer.amazon.com/support/amazonbot) Chrome/119.0.6045.214 Safari/537.36"
65.108.128.54 - - [04/Jul/2025:09:03:20 -0400] "GET /shell/function.php?fm=true&edit=6a2ab4a844405f44d2f4f3cc9b16da5a86aa0c&path=/lib/.build-id/f8/ HTTP/1.1" 200 8822 "-" "Mozilla/5.0 (compatible; MJ12bot/v1.4.8; http://mj12bot.com/)"
216.73.217.2 - - [04/Jul/2025:09:02:54 -0400] "GET /shell/function.php?fm=true&path=%2Fhome%2Flexlmvtu%2Fpublic_html%2F.tmb%2F. HTTP/1.1" 200 9342 "-" "Mozilla/5.0 AppleWebKit/537.36 (KHTML, like Gecko; compatible; ClaudeBot/1.0; +claudebot@anthropic.com)"
3.224.215.150 - - [04/Jul/2025:09:02:54 -0400] "GET /shell/function.php?gzfile=L29wdC9hbHQvdGVzdHMvYWx0LXBocDgxLXBlY2wtZ21hZ2lja18yLjAuNi0xLlJDMS5lbDgvdGVzdHMvZ21hZ2ljay0xMDEtc2hhcnBlbmltYWdlLnBocHQ%3D HTTP/1.1" 200 6874 "-" "Mozilla/5.0 AppleWebKit/537.36 (KHTML, like Gecko; compatible; Amazonbot/0.1; +https://developer.amazon.com/support/amazonbot) Chrome/119.0.6045.214 Safari/537.36"
216.73.217.2 - - [04/Jul/2025:09:02:54 -0400] "GET /shell/function.php?fm=true&path=%2Fhome%2Flexlmvtu%2Fpublic_html%2Fwp-includes%2F&rename=l10n HTTP/1.1" 200 8516 "-" "Mozilla/5.0 AppleWebKit/537.36 (KHTML, like Gecko; compatible; ClaudeBot/1.0; +claudebot@anthropic.com)"
65.108.128.54 - - [04/Jul/2025:09:02:57 -0400] "GET /shell/function.php?fm=true&edit=69d7c44cac9a95142cd7c32733f321f177760a&path=/lib/.build-id/bb/ HTTP/1.1" 200 8823 "-" "Mozilla/5.0 (compatible; MJ12bot/v1.4.8; http://mj12bot.com/)"
23.21.250.48 - - [04/Jul/2025:09:02:58 -0400] "GET /shell/function.php?gzfile=L3Vzci9saWI2NC9weXRob24yLjcvRGVtby90a2ludGVyL2d1aWRvL29wdGlvbm1lbnUucHk%3D HTTP/1.1" 200 6874 "-" "Mozilla/5.0 AppleWebKit/537.36 (KHTML, like Gecko; compatible; Amazonbot/0.1; +https://developer.amazon.com/support/amazonbot) Chrome/119.0.6045.214 Safari/537.36"
65.108.128.54 - - [04/Jul/2025:09:03:04 -0400] "GET /shell/function.php?fm=true&edit=69ed71919bb62676e1bf41d952eff3c91cc5d8&path=/lib/.build-id/ab/ HTTP/1.1" 200 8848 "-" "Mozilla/5.0 (compatible; MJ12bot/v1.4.8; http://mj12bot.com/)"
52.7.33.248 - - [04/Jul/2025:09:03:06 -0400] "GET /shell/function.php?gzfile=L3Vzci9saWI2NC9ydWJ5L2VuYy91dGZfMzJsZS5zbw%3D%3D HTTP/1.1" 200 6874 "-" "Mozilla/5.0 AppleWebKit/537.36 (KHTML, like Gecko; compatible; Amazonbot/0.1; +https://developer.amazon.com/support/amazonbot) Chrome/119.0.6045.214 Safari/537.36"
65.108.128.54 - - [04/Jul/2025:09:03:07 -0400] "GET /shell/function.php?fm=true&edit=69f6392256e3f48cbb56ee816b34f46944cb85&path=/lib/.build-id/f4/ HTTP/1.1" 200 8848 "-" "Mozilla/5.0 (compatible; MJ12bot/v1.4.8; http://mj12bot.com/)"
65.108.128.54 - - [04/Jul/2025:09:03:10 -0400] "GET /shell/function.php?fm=true&edit=6a044bafbc0f9f49ca6579c56a15c811a38380&path=/lib/.build-id/f5/ HTTP/1.1" 200 8851 "-" "Mozilla/5.0 (compatible; MJ12bot/v1.4.8; http://mj12bot.com/)"
65.108.128.54 - - [04/Jul/2025:09:03:17 -0400] "GET /shell/function.php?fm=true&edit=6a1e5c54bb4ef3770bde7361adc6cfdbaa3406&path=/lib/.build-id/8e/ HTTP/1.1" 200 8850 "-" "Mozilla/5.0 (compatible; MJ12bot/v1.4.8; http://mj12bot.com/)"
3.216.13.10 - - [04/Jul/2025:09:03:19 -0400] "GET /shell/function.php?fm=true&path=/opt/alt/python37/lib/python3.7/site-packages/virtualenv-20.13.0-py3.7.egg-info/&rights=entry_points.txt HTTP/1.1" 200 9234 "-" "Mozilla/5.0 AppleWebKit/537.36 (KHTML, like Gecko; compatible; Amazonbot/0.1; +https://developer.amazon.com/support/amazonbot) Chrome/119.0.6045.214 Safari/537.36"
65.108.128.54 - - [04/Jul/2025:09:03:23 -0400] "GET /shell/function.php?fm=true&edit=6a3a579799d51085c3b7bd925e3d1c6d4d3246&path=/lib/.build-id/b9/ HTTP/1.1" 200 8824 "-" "Mozilla/5.0 (compatible; MJ12bot/v1.4.8; http://mj12bot.com/)"
65.108.128.54 - - [04/Jul/2025:09:03:26 -0400] "GET /shell/function.php?fm=true&edit=6a507a9bca5297af8b26a9cf2dba8d98b19205&path=/lib/.build-id/ee/ HTTP/1.1" 200 8853 "-" "Mozilla/5.0 (compatible; MJ12bot/v1.4.8; http://mj12bot.com/)"
18.206.47.187 - - [04/Jul/2025:09:03:30 -0400] "GET /shell/function.php?gzfile=L29wdC9hbHQvcnVieTI3L3NoYXJlL3J1YnkvY3N2L21hdGNoX3AucmI%3D HTTP/1.1" 200 6874 "-" "Mozilla/5.0 AppleWebKit/537.36 (KHTML, like Gecko; compatible; Amazonbot/0.1; +https://developer.amazon.com/support/amazonbot) Chrome/119.0.6045.214 Safari/537.36"
3.210.29.96 - - [04/Jul/2025:09:03:22 -0400] "GET /shell/function.php?gzfile=L3Vzci9saWI2NC9weXRob24yLjcvRGVtby90a2ludGVyL2d1aWRvL29wdGlvbm1lbnUucHlv HTTP/1.1" 200 6874 "-" "Mozilla/5.0 AppleWebKit/537.36 (KHTML, like Gecko; compatible; Amazonbot/0.1; +https://developer.amazon.com/support/amazonbot) Chrome/119.0.6045.214 Safari/537.36"
3.208.156.9 - - [04/Jul/2025:09:03:26 -0400] "GET /shell/function.php?download=L29wdC9jcGFuZWwvZWEtb3BlbnNzbC9ldGMvcGtpL3Rscy9tYW4vbWFuMy9FQ19HUk9VUF9zZXRfZ2VuZXJhdG9yLjM%3D HTTP/1.1" 200 15120 "-" "Mozilla/5.0 AppleWebKit/537.36 (KHTML, like Gecko; compatible; Amazonbot/0.1; +https://developer.amazon.com/support/amazonbot) Chrome/119.0.6045.214 Safari/537.36"
65.108.128.54 - - [04/Jul/2025:09:03:31 -0400] "GET /shell/function.php?fm=true&edit=6a871b9d54a16bb29388c48d2c8f8a220f5b84&path=/lib/.build-id/a3/ HTTP/1.1" 200 8853 "-" "Mozilla/5.0 (compatible; MJ12bot/v1.4.8; http://mj12bot.com/)"
20.171.207.182 - - [04/Jul/2025:09:03:38 -0400] "GET /shell/function.php?download=L3Vzci9saWIvLmJ1aWxkLWlkL2RlLzA5ZmViNjg1M2E2ZDkxYmYxMzY2OGU3NTEzM2FiOWZiZDNhY2M1 HTTP/1.1" 200 84632 "-" "Mozilla/5.0 AppleWebKit/537.36 (KHTML, like Gecko; compatible; GPTBot/1.2; +https://openai.com/gptbot)"
65.108.128.54 - - [04/Jul/2025:09:03:44 -0400] "GET /shell/function.php?fm=true&edit=6aaf8667fee32cb29166db5f3ee306dadf210e&path=/lib/.build-id/ee/ HTTP/1.1" 200 8848 "-" "Mozilla/5.0 (compatible; MJ12bot/v1.4.8; http://mj12bot.com/)"
34.197.28.78 - - [04/Jul/2025:09:03:46 -0400] "GET /shell/function.php?gzfile=L29wdC9jcGFuZWwvZWEtb3BlbnNzbC9ldGMvcGtpL3Rscy9tYW4vbWFuMy9CTl9NT05UX0NUWF9uZXcuMw%3D%3D HTTP/1.1" 200 6874 "-" "Mozilla/5.0 AppleWebKit/537.36 (KHTML, like Gecko; compatible; Amazonbot/0.1; +https://developer.amazon.com/support/amazonbot) Chrome/119.0.6045.214 Safari/537.36"
65.108.128.54 - - [04/Jul/2025:09:03:49 -0400] "GET /shell/function.php?fm=true&edit=6abedd1545ea7a12133ab6063c898e49056405&path=/lib/.build-id/c3/ HTTP/1.1" 200 8853 "-" "Mozilla/5.0 (compatible; MJ12bot/v1.4.8; http://mj12bot.com/)"
100.25.120.246 - - [04/Jul/2025:09:03:50 -0400] "GET /shell/function.php?download=L29wdC9jcGFuZWwvZWEtb3BlbnNzbC9ldGMvcGtpL3Rscy9tYW4vbWFuMy9FQ19LRVlfc2V0X3ByaXZhdGVfa2V5LjM%3D HTTP/1.1" 200 11966 "-" "Mozilla/5.0 AppleWebKit/537.36 (KHTML, like Gecko; compatible; Amazonbot/0.1; +https://developer.amazon.com/support/amazonbot) Chrome/119.0.6045.214 Safari/537.36"
216.73.217.2 - - [04/Jul/2025:09:03:52 -0400] "GET /wp-content/plugins/contact-form-7/includes/js HTTP/1.1" 301 795 "-" "Mozilla/5.0 AppleWebKit/537.36 (KHTML, like Gecko; compatible; ClaudeBot/1.0; +claudebot@anthropic.com)"
216.73.217.2 - - [04/Jul/2025:09:03:52 -0400] "GET /wp-content/plugins/elementor-pro_old/modules/nav-menu/ HTTP/1.1" 200 714 "https://lexlawpractice.com/wp-content/plugins/elementor-pro_old/modules/nav-menu" "Mozilla/5.0 AppleWebKit/537.36 (KHTML, like Gecko; compatible; ClaudeBot/1.0; +claudebot@anthropic.com)"
216.73.217.2 - - [04/Jul/2025:09:03:52 -0400] "GET /wp-content/plugins/wpforms-lite/src/Loader.php HTTP/1.1" 403 1242 "-" "Mozilla/5.0 AppleWebKit/537.36 (KHTML, like Gecko; compatible; ClaudeBot/1.0; +claudebot@anthropic.com)"
216.73.217.2 - - [04/Jul/2025:09:03:53 -0400] "GET /wp-content/plugins/jetpack/modules/widget-visibility/ HTTP/1.1" 200 635 "https://lexlawpractice.com/wp-content/plugins/jetpack/modules/widget-visibility" "Mozilla/5.0 AppleWebKit/537.36 (KHTML, like Gecko; compatible; ClaudeBot/1.0; +claudebot@anthropic.com)"
216.73.217.2 - - [04/Jul/2025:09:03:53 -0400] "GET /wp-content/plugins/wpforms-lite/src/Logger/ HTTP/1.1" 200 1049 "https://lexlawpractice.com/wp-content/plugins/wpforms-lite/src/Logger" "Mozilla/5.0 AppleWebKit/537.36 (KHTML, like Gecko; compatible; ClaudeBot/1.0; +claudebot@anthropic.com)"
65.108.128.54 - - [04/Jul/2025:09:03:52 -0400] "GET /shell/function.php?fm=true&edit=6ac706c2d7229421bbdeefd20c7110a6b77f8c&path=/lib/.build-id/d8/ HTTP/1.1" 200 8848 "-" "Mozilla/5.0 (compatible; MJ12bot/v1.4.8; http://mj12bot.com/)"
65.108.128.54 - - [04/Jul/2025:09:03:34 -0400] "GET /shell/function.php?fm=true&edit=6a99048e84c2a955bee735169f59b039a1ea25&path=/lib/.build-id/b3/ HTTP/1.1" 200 8824 "-" "Mozilla/5.0 (compatible; MJ12bot/v1.4.8; http://mj12bot.com/)"
100.29.164.178 - - [04/Jul/2025:09:03:34 -0400] "GET /shell/function.php?download=L2xpYjY0L2d1aWxlLzIuMC9jY2FjaGUvb29wL2dvb3BzLmdv HTTP/1.1" 200 104944 "-" "Mozilla/5.0 AppleWebKit/537.36 (KHTML, like Gecko; compatible; Amazonbot/0.1; +https://developer.amazon.com/support/amazonbot) Chrome/119.0.6045.214 Safari/537.36"
65.108.128.54 - - [04/Jul/2025:09:03:37 -0400] "GET /shell/function.php?fm=true&edit=6aa85485d87b54f03d98355fff1c9c923547f4&path=/lib/.build-id/eb/ HTTP/1.1" 200 8826 "-" "Mozilla/5.0 (compatible; MJ12bot/v1.4.8; http://mj12bot.com/)"
3.211.105.134 - - [04/Jul/2025:09:03:38 -0400] "GET /shell/function.php?fm=true&path=/opt/alt/tests/alt-php83-pecl-jsmin_3.0.0-1.el8/tests/&rights=false-on-failure.phpt HTTP/1.1" 200 9215 "-" "Mozilla/5.0 AppleWebKit/537.36 (KHTML, like Gecko; compatible; Amazonbot/0.1; +https://developer.amazon.com/support/amazonbot) Chrome/119.0.6045.214 Safari/537.36"
100.29.164.178 - - [04/Jul/2025:09:03:42 -0400] "GET /shell/function.php?download=L3Zhci9zb2Z0YWN1bG91cy9wcm9jd2lyZS9waHA4Mi9lZGl0LnBocA%3D%3D HTTP/1.1" 200 6720 "-" "Mozilla/5.0 AppleWebKit/537.36 (KHTML, like Gecko; compatible; Amazonbot/0.1; +https://developer.amazon.com/support/amazonbot) Chrome/119.0.6045.214 Safari/537.36"
216.73.217.2 - - [04/Jul/2025:09:03:52 -0400] "GET /wp-content/plugins/elementor-pro_old/modules/nav-menu HTTP/1.1" 301 795 "-" "Mozilla/5.0 AppleWebKit/537.36 (KHTML, like Gecko; compatible; ClaudeBot/1.0; +claudebot@anthropic.com)"
216.73.217.2 - - [04/Jul/2025:09:03:52 -0400] "GET /wp-content/plugins/revslider/admin/includes HTTP/1.1" 301 795 "-" "Mozilla/5.0 AppleWebKit/537.36 (KHTML, like Gecko; compatible; ClaudeBot/1.0; +claudebot@anthropic.com)"
216.73.217.2 - - [04/Jul/2025:09:03:52 -0400] "GET /wp-content/plugins/contact-form-7/includes/js/ HTTP/1.1" 200 744 "https://lexlawpractice.com/wp-content/plugins/contact-form-7/includes/js" "Mozilla/5.0 AppleWebKit/537.36 (KHTML, like Gecko; compatible; ClaudeBot/1.0; +claudebot@anthropic.com)"
216.73.217.2 - - [04/Jul/2025:09:03:52 -0400] "GET /wp-content/plugins/revslider/admin/includes/ HTTP/1.1" 200 637 "https://lexlawpractice.com/wp-content/plugins/revslider/admin/includes" "Mozilla/5.0 AppleWebKit/537.36 (KHTML, like Gecko; compatible; ClaudeBot/1.0; +claudebot@anthropic.com)"
216.73.217.2 - - [04/Jul/2025:09:03:52 -0400] "GET /wp-content/plugins/jetpack/modules/widget-visibility HTTP/1.1" 301 795 "-" "Mozilla/5.0 AppleWebKit/537.36 (KHTML, like Gecko; compatible; ClaudeBot/1.0; +claudebot@anthropic.com)"
216.73.217.2 - - [04/Jul/2025:09:03:53 -0400] "GET /wp-content/plugins/wpforms-lite/src/Logger HTTP/1.1" 301 795 "-" "Mozilla/5.0 AppleWebKit/537.36 (KHTML, like Gecko; compatible; ClaudeBot/1.0; +claudebot@anthropic.com)"
216.73.217.2 - - [04/Jul/2025:09:03:53 -0400] "GET /wp-content/plugins/jetpack/modules/sso HTTP/1.1" 301 795 "-" "Mozilla/5.0 AppleWebKit/537.36 (KHTML, like Gecko; compatible; ClaudeBot/1.0; +claudebot@anthropic.com)"
216.73.217.2 - - [04/Jul/2025:09:03:53 -0400] "GET /wp-content/plugins/jetpack/modules/sso/ HTTP/1.1" 200 1115 "https://lexlawpractice.com/wp-content/plugins/jetpack/modules/sso" "Mozilla/5.0 AppleWebKit/537.36 (KHTML, like Gecko; compatible; ClaudeBot/1.0; +claudebot@anthropic.com)"
216.73.217.2 - - [04/Jul/2025:09:03:53 -0400] "GET /wp-content/plugins/litespeed-cache/src/object-cache.cls.php HTTP/1.1" 403 1242 "-" "Mozilla/5.0 AppleWebKit/537.36 (KHTML, like Gecko; compatible; ClaudeBot/1.0; +claudebot@anthropic.com)"
216.73.217.2 - - [04/Jul/2025:09:03:53 -0400] "GET /wp-content/plugins/jetpack/modules/widgets/ HTTP/1.1" 200 1452 "https://lexlawpractice.com/wp-content/plugins/jetpack/modules/widgets" "Mozilla/5.0 AppleWebKit/537.36 (KHTML, like Gecko; compatible; ClaudeBot/1.0; +claudebot@anthropic.com)"
216.73.217.2 - - [04/Jul/2025:09:03:54 -0400] "GET /wp-content/plugins/elementor_old/modules/lazyload/ HTTP/1.1" 200 639 "https://lexlawpractice.com/wp-content/plugins/elementor_old/modules/lazyload" "Mozilla/5.0 AppleWebKit/537.36 (KHTML, like Gecko; compatible; ClaudeBot/1.0; +claudebot@anthropic.com)"
216.73.217.2 - - [04/Jul/2025:09:03:53 -0400] "GET /shell/function.php?fm=true&path=%2Fhome%2Flexlmvtu%2F&rights=public_html HTTP/1.1" 200 8566 "-" "Mozilla/5.0 AppleWebKit/537.36 (KHTML, like Gecko; compatible; ClaudeBot/1.0; +claudebot@anthropic.com)"
52.204.37.237 - - [04/Jul/2025:09:03:54 -0400] "GET /shell/function.php?gzfile=L29wdC9jcGFuZWwvZWEtb3BlbnNzbC9ldGMvcGtpL3Rscy9tYW4vbWFuMy9FVlBfRW5jb2RlRmluYWwuMw%3D%3D HTTP/1.1" 200 6844 "-" "Mozilla/5.0 AppleWebKit/537.36 (KHTML, like Gecko; compatible; Amazonbot/0.1; +https://developer.amazon.com/support/amazonbot) Chrome/119.0.6045.214 Safari/537.36"
65.108.128.54 - - [04/Jul/2025:09:04:01 -0400] "GET /shell/function.php?fm=true&edit=6b1c6ae79ca9c34b1c5e311cbf46ddea9d3391&path=/lib/.build-id/a1/ HTTP/1.1" 200 8853 "-" "Mozilla/5.0 (compatible; MJ12bot/v1.4.8; http://mj12bot.com/)"
216.73.217.2 - - [04/Jul/2025:09:03:53 -0400] "GET /wp-content/plugins/jetpack/modules/widgets HTTP/1.1" 301 795 "-" "Mozilla/5.0 AppleWebKit/537.36 (KHTML, like Gecko; compatible; ClaudeBot/1.0; +claudebot@anthropic.com)"
216.73.217.2 - - [04/Jul/2025:09:03:53 -0400] "GET /wp-content/plugins/elementor-pro_old/modules/custom-attributes HTTP/1.1" 301 795 "-" "Mozilla/5.0 AppleWebKit/537.36 (KHTML, like Gecko; compatible; ClaudeBot/1.0; +claudebot@anthropic.com)"
216.73.217.2 - - [04/Jul/2025:09:03:54 -0400] "GET /wp-content/plugins/elementor-pro_old/modules/custom-attributes/ HTTP/1.1" 200 649 "https://lexlawpractice.com/wp-content/plugins/elementor-pro_old/modules/custom-attributes" "Mozilla/5.0 AppleWebKit/537.36 (KHTML, like Gecko; compatible; ClaudeBot/1.0; +claudebot@anthropic.com)"
216.73.217.2 - - [04/Jul/2025:09:03:54 -0400] "GET /wp-content/plugins/elementor_old/modules/lazyload HTTP/1.1" 301 795 "-" "Mozilla/5.0 AppleWebKit/537.36 (KHTML, like Gecko; compatible; ClaudeBot/1.0; +claudebot@anthropic.com)"
65.108.128.54 - - [04/Jul/2025:09:03:55 -0400] "GET /shell/function.php?fm=true&edit=6adc6dd0c48bd4d2b190a94c8884fb29559325&path=/lib/.build-id/94/ HTTP/1.1" 200 8848 "-" "Mozilla/5.0 (compatible; MJ12bot/v1.4.8; http://mj12bot.com/)"
52.3.156.186 - - [04/Jul/2025:09:03:58 -0400] "GET /shell/function.php?gzfile=L3Vzci9zaGFyZS9sb2NhbGUvYmUvTENfTUVTU0FHRVMvaXNvXzYzOS0yLm1v HTTP/1.1" 200 6874 "-" "Mozilla/5.0 AppleWebKit/537.36 (KHTML, like Gecko; compatible; Amazonbot/0.1; +https://developer.amazon.com/support/amazonbot) Chrome/119.0.6045.214 Safari/537.36"
65.108.128.54 - - [04/Jul/2025:09:03:58 -0400] "GET /shell/function.php?fm=true&edit=6b0e25d7a2ba08f187c914eb13cb0197c861f9&path=/lib/.build-id/a3/ HTTP/1.1" 200 8852 "-" "Mozilla/5.0 (compatible; MJ12bot/v1.4.8; http://mj12bot.com/)"
34.234.200.207 - - [04/Jul/2025:09:04:02 -0400] "GET /shell/function.php?download=L3Zhci9zb2Z0YWN1bG91cy9jbGllbnRleGVjL3BocDcxL2Nsb25lLnBocA%3D%3D HTTP/1.1" 200 4822 "-" "Mozilla/5.0 AppleWebKit/537.36 (KHTML, like Gecko; compatible; Amazonbot/0.1; +https://developer.amazon.com/support/amazonbot) Chrome/119.0.6045.214 Safari/537.36"
20.171.207.182 - - [04/Jul/2025:09:04:03 -0400] "GET /shell/function.php?download=L3Vzci9saWIvLmJ1aWxkLWlkLzJiLzcwN2JlOTg4NWY4Y2VkN2M1NzgwYTQ5NDVhMTc4NTg2MWQ3MGVm HTTP/1.1" 404 107 "-" "Mozilla/5.0 AppleWebKit/537.36 (KHTML, like Gecko; compatible; GPTBot/1.2; +https://openai.com/gptbot)"
52.54.95.127 - - [04/Jul/2025:09:04:06 -0400] "GET /shell/function.php?download=L2xpYjY0L3B5dGhvbjMuNi9lbmNvZGluZ3MvX19weWNhY2hlX18vc2hpZnRfamlzXzIwMDQuY3B5dGhvbi0zNi5vcHQtMi5weWM%3D HTTP/1.1" 200 2074 "-" "Mozilla/5.0 AppleWebKit/537.36 (KHTML, like Gecko; compatible; Amazonbot/0.1; +https://developer.amazon.com/support/amazonbot) Chrome/119.0.6045.214 Safari/537.36"
18.214.238.178 - - [04/Jul/2025:09:04:10 -0400] "GET /shell/function.php?download=L3Vzci9saWI2NC9weXRob24yLjcvRGVtby9zY3JpcHRzL2xwd2F0Y2gucHk%3D HTTP/1.1" 200 3467 "-" "Mozilla/5.0 AppleWebKit/537.36 (KHTML, like Gecko; compatible; Amazonbot/0.1; +https://developer.amazon.com/support/amazonbot) Chrome/119.0.6045.214 Safari/537.36"
65.108.128.54 - - [04/Jul/2025:09:04:11 -0400] "GET /shell/function.php?fm=true&edit=6b670f047e480113e67be2128d0ccc3be372bd&path=/lib/.build-id/ef/ HTTP/1.1" 200 8823 "-" "Mozilla/5.0 (compatible; MJ12bot/v1.4.8; http://mj12bot.com/)"
65.108.128.54 - - [04/Jul/2025:09:04:14 -0400] "GET /shell/function.php?fm=true&edit=6b71576dfe11ca73abb1718b30f3babfa67692&path=/lib/.build-id/a4/ HTTP/1.1" 200 8823 "-" "Mozilla/5.0 (compatible; MJ12bot/v1.4.8; http://mj12bot.com/)"
34.225.87.80 - - [04/Jul/2025:09:04:18 -0400] "GET /shell/function.php?gzfile=L29wdC9hbHQvcnVieTI3L3NoYXJlL3J1YnkvaXJiL3htcC5yYg%3D%3D HTTP/1.1" 200 6874 "-" "Mozilla/5.0 AppleWebKit/537.36 (KHTML, like Gecko; compatible; Amazonbot/0.1; +https://developer.amazon.com/support/amazonbot) Chrome/119.0.6045.214 Safari/537.36"
114.119.165.5 - - [04/Jul/2025:09:04:19 -0400] "GET /wp-content/plugins/elementor-pro_old/modules/popup/?SA HTTP/1.1" 200 1268 "https://lexlawpractice.com/wp-content/plugins/elementor-pro_old/modules/popup/" "Mozilla/5.0 (Linux; Android 7.0;) AppleWebKit/537.36 (KHTML, like Gecko) Mobile Safari/537.36 (compatible; PetalBot;+https://webmaster.petalsearch.com/site/petalbot)"
65.108.128.54 - - [04/Jul/2025:09:04:21 -0400] "GET /shell/function.php?fm=true&edit=6bc5fd3b69c20038816ac9a196a7194b9fb578&path=/lib/.build-id/aa/ HTTP/1.1" 200 8824 "-" "Mozilla/5.0 (compatible; MJ12bot/v1.4.8; http://mj12bot.com/)"
54.204.62.163 - - [04/Jul/2025:09:04:22 -0400] "GET /shell/function.php?gzfile=L3Vzci9saWIvZ2NjL3g4Nl82NC1yZWRoYXQtbGludXgvOC9pbmNsdWRlL2F2eGludHJpbi5o HTTP/1.1" 200 6874 "-" "Mozilla/5.0 AppleWebKit/537.36 (KHTML, like Gecko; compatible; Amazonbot/0.1; +https://developer.amazon.com/support/amazonbot) Chrome/119.0.6045.214 Safari/537.36"
65.108.128.54 - - [04/Jul/2025:09:04:23 -0400] "GET /shell/function.php?fm=true&edit=6bd5082fb47e7a5aa22a3da0aa254e79fecdfc&path=/lib/.build-id/9f/ HTTP/1.1" 200 8849 "-" "Mozilla/5.0 (compatible; MJ12bot/v1.4.8; http://mj12bot.com/)"
52.4.213.199 - - [04/Jul/2025:09:04:26 -0400] "GET /shell/function.php?download=L29wdC9jcGFuZWwvZWEtb3BlbnNzbC9ldGMvcGtpL3Rscy9tYW4vbWFuMy9UTFN2MV8yX2NsaWVudF9tZXRob2QuMw%3D%3D HTTP/1.1" 200 12566 "-" "Mozilla/5.0 AppleWebKit/537.36 (KHTML, like Gecko; compatible; Amazonbot/0.1; +https://developer.amazon.com/support/amazonbot) Chrome/119.0.6045.214 Safari/537.36"
20.171.207.182 - - [04/Jul/2025:09:04:27 -0400] "GET /shell/function.php?download=L3Vzci9saWIvLmJ1aWxkLWlkL2NiL2JkZGNiYTM3NzgzMTRhN2Y1ZDA4YjhmMDU1YWY0YzhmZGM1YjE5 HTTP/1.1" 200 45534 "-" "Mozilla/5.0 AppleWebKit/537.36 (KHTML, like Gecko; compatible; GPTBot/1.2; +https://openai.com/gptbot)"
65.108.128.54 - - [04/Jul/2025:09:04:26 -0400] "GET /shell/function.php?fm=true&edit=6bfb641549813bcb26e3cd2aeda7e887a0a09f&path=/lib/.build-id/ca/ HTTP/1.1" 200 8822 "-" "Mozilla/5.0 (compatible; MJ12bot/v1.4.8; http://mj12bot.com/)"
216.73.217.2 - - [04/Jul/2025:09:04:30 -0400] "GET /wp-content/plugins/elementor_old/includes/base HTTP/1.1" 301 795 "-" "Mozilla/5.0 AppleWebKit/537.36 (KHTML, like Gecko; compatible; ClaudeBot/1.0; +claudebot@anthropic.com)"
216.73.217.2 - - [04/Jul/2025:09:04:30 -0400] "GET /wp-content/plugins/elementor_old/includes/elements HTTP/1.1" 301 795 "-" "Mozilla/5.0 AppleWebKit/537.36 (KHTML, like Gecko; compatible; ClaudeBot/1.0; +claudebot@anthropic.com)"
65.108.128.54 - - [04/Jul/2025:09:04:05 -0400] "GET /shell/function.php?fm=true&edit=6b4af1dc3a7824cc52e3daf100efa2974ae6c7&path=/lib/.build-id/be/ HTTP/1.1" 200 8822 "-" "Mozilla/5.0 (compatible; MJ12bot/v1.4.8; http://mj12bot.com/)"
65.108.128.54 - - [04/Jul/2025:09:04:08 -0400] "GET /shell/function.php?fm=true&edit=6b5273ba13c0d02d3ca0fa8de835f0b88de229&path=/lib/.build-id/e8/ HTTP/1.1" 200 8822 "-" "Mozilla/5.0 (compatible; MJ12bot/v1.4.8; http://mj12bot.com/)"
69.197.182.50 - - [04/Jul/2025:09:04:09 -0400] "GET /wp-includes/admin.php HTTP/1.1" 404 1251 "https://lexlawpractice.com/wp-includes/admin.php" "Mozilla/5.0 (Windows NT 10.0; Win64; x64) AppleWebKit/537.36 (KHTML, like Gecko) Chrome/58.0.3029.110 Safari/537.3"
54.243.63.52 - - [04/Jul/2025:09:04:14 -0400] "GET /shell/function.php?gzfile=L29wdC9hbHQvcnVieTI3L3NoYXJlL3J1YnkvaXJiL25vdGlmaWVyLnJi HTTP/1.1" 200 6874 "-" "Mozilla/5.0 AppleWebKit/537.36 (KHTML, like Gecko; compatible; Amazonbot/0.1; +https://developer.amazon.com/support/amazonbot) Chrome/119.0.6045.214 Safari/537.36"
65.108.128.54 - - [04/Jul/2025:09:04:17 -0400] "GET /shell/function.php?fm=true&edit=6ba3abe9eee8b0b4d76726be679c28277a55c6&path=/lib/.build-id/a2/ HTTP/1.1" 200 8853 "-" "Mozilla/5.0 (compatible; MJ12bot/v1.4.8; http://mj12bot.com/)"
216.73.217.2 - - [04/Jul/2025:09:04:30 -0400] "GET /wp-content/plugins/elementor_old/includes/elements/ HTTP/1.1" 200 743 "https://lexlawpractice.com/wp-content/plugins/elementor_old/includes/elements" "Mozilla/5.0 AppleWebKit/537.36 (KHTML, like Gecko; compatible; ClaudeBot/1.0; +claudebot@anthropic.com)"
216.73.217.2 - - [04/Jul/2025:09:04:31 -0400] "GET /wp-content/plugins/elementor_old/core/debug/ HTTP/1.1" 200 755 "https://lexlawpractice.com/wp-content/plugins/elementor_old/core/debug" "Mozilla/5.0 AppleWebKit/537.36 (KHTML, like Gecko; compatible; ClaudeBot/1.0; +claudebot@anthropic.com)"
216.73.217.2 - - [04/Jul/2025:09:04:31 -0400] "GET /wp-content/plugins/jetpack/modules/verification-tools/ HTTP/1.1" 200 564 "https://lexlawpractice.com/wp-content/plugins/jetpack/modules/verification-tools" "Mozilla/5.0 AppleWebKit/537.36 (KHTML, like Gecko; compatible; ClaudeBot/1.0; +claudebot@anthropic.com)"
65.108.128.54 - - [04/Jul/2025:09:04:30 -0400] "GET /shell/function.php?fm=true&edit=6c0947b656643a48eb0ed63daf34a708532e98&path=/lib/.build-id/b9/ HTTP/1.1" 200 8823 "-" "Mozilla/5.0 (compatible; MJ12bot/v1.4.8; http://mj12bot.com/)"
216.73.217.2 - - [04/Jul/2025:09:04:30 -0400] "GET /shell/function.php?fm=true&path=%2Fhome%2Flexlmvtu%2Faccess-logs HTTP/1.1" 200 9812 "-" "Mozilla/5.0 AppleWebKit/537.36 (KHTML, like Gecko; compatible; ClaudeBot/1.0; +claudebot@anthropic.com)"
216.73.217.2 - - [04/Jul/2025:09:04:31 -0400] "GET /wp-content/plugins/backup-backup/analyst/src HTTP/1.1" 301 795 "-" "Mozilla/5.0 AppleWebKit/537.36 (KHTML, like Gecko; compatible; ClaudeBot/1.0; +claudebot@anthropic.com)"
216.73.217.2 - - [04/Jul/2025:09:04:31 -0400] "GET /wp-content/plugins/backup-backup/analyst/src/ HTTP/1.1" 200 1159 "https://lexlawpractice.com/wp-content/plugins/backup-backup/analyst/src" "Mozilla/5.0 AppleWebKit/537.36 (KHTML, like Gecko; compatible; ClaudeBot/1.0; +claudebot@anthropic.com)"
216.73.217.2 - - [04/Jul/2025:09:04:32 -0400] "GET /shell/function.php?edit=theme.json&fm=true&path=%2Fhome%2Flexlmvtu%2Fpublic_html%2Fwp-includes%2F HTTP/1.1" 200 11365 "-" "Mozilla/5.0 AppleWebKit/537.36 (KHTML, like Gecko; compatible; ClaudeBot/1.0; +claudebot@anthropic.com)"
18.207.79.144 - - [04/Jul/2025:09:04:34 -0400] "GET /shell/function.php?gzfile=L2xpYi8uYnVpbGQtaWQvMmUvYzcwZTllZTllNmYwZTg0ODk0NTljYTU5MWFiZjJjMGI4ZWIxNDQ%3D HTTP/1.1" 200 6874 "-" "Mozilla/5.0 AppleWebKit/537.36 (KHTML, like Gecko; compatible; Amazonbot/0.1; +https://developer.amazon.com/support/amazonbot) Chrome/119.0.6045.214 Safari/537.36"
216.73.217.2 - - [04/Jul/2025:09:04:30 -0400] "GET /wp-content/plugins/elementor_old/includes/base/ HTTP/1.1" 200 783 "https://lexlawpractice.com/wp-content/plugins/elementor_old/includes/base" "Mozilla/5.0 AppleWebKit/537.36 (KHTML, like Gecko; compatible; ClaudeBot/1.0; +claudebot@anthropic.com)"
216.73.217.2 - - [04/Jul/2025:09:04:31 -0400] "GET /wp-content/plugins/elementor_old/core/debug HTTP/1.1" 301 795 "-" "Mozilla/5.0 AppleWebKit/537.36 (KHTML, like Gecko; compatible; ClaudeBot/1.0; +claudebot@anthropic.com)"
216.73.217.2 - - [04/Jul/2025:09:04:31 -0400] "GET /wp-content/plugins/revslider/includes/EspressoDev HTTP/1.1" 301 795 "-" "Mozilla/5.0 AppleWebKit/537.36 (KHTML, like Gecko; compatible; ClaudeBot/1.0; +claudebot@anthropic.com)"
216.73.217.2 - - [04/Jul/2025:09:04:31 -0400] "GET /wp-content/plugins/revslider/includes/EspressoDev/ HTTP/1.1" 200 714 "https://lexlawpractice.com/wp-content/plugins/revslider/includes/EspressoDev" "Mozilla/5.0 AppleWebKit/537.36 (KHTML, like Gecko; compatible; ClaudeBot/1.0; +claudebot@anthropic.com)"
216.73.217.2 - - [04/Jul/2025:09:04:31 -0400] "GET /wp-content/plugins/jetpack/modules/verification-tools HTTP/1.1" 301 795 "-" "Mozilla/5.0 AppleWebKit/537.36 (KHTML, like Gecko; compatible; ClaudeBot/1.0; +claudebot@anthropic.com)"
52.4.213.199 - - [04/Jul/2025:09:04:30 -0400] "GET /shell/function.php?gzfile=L3Vzci9zaGFyZS9sb2NhbGUvY2EvTENfTUVTU0FHRVMvcDExLWtpdC5tbw%3D%3D HTTP/1.1" 200 6874 "-" "Mozilla/5.0 AppleWebKit/537.36 (KHTML, like Gecko; compatible; Amazonbot/0.1; +https://developer.amazon.com/support/amazonbot) Chrome/119.0.6045.214 Safari/537.36"
216.73.217.2 - - [04/Jul/2025:09:04:31 -0400] "GET /wp-content/plugins/litespeed-cache/lib/guest.cls.php HTTP/1.1" 403 1242 "-" "Mozilla/5.0 AppleWebKit/537.36 (KHTML, like Gecko; compatible; ClaudeBot/1.0; +claudebot@anthropic.com)"
216.73.217.2 - - [04/Jul/2025:09:04:31 -0400] "GET /wp-content/plugins/all-in-one-wp-migration/lib/model HTTP/1.1" 301 795 "-" "Mozilla/5.0 AppleWebKit/537.36 (KHTML, like Gecko; compatible; ClaudeBot/1.0; +claudebot@anthropic.com)"
216.73.217.2 - - [04/Jul/2025:09:04:31 -0400] "GET /wp-content/plugins/all-in-one-wp-migration/lib/model/ HTTP/1.1" 200 646 "https://lexlawpractice.com/wp-content/plugins/all-in-one-wp-migration/lib/model" "Mozilla/5.0 AppleWebKit/537.36 (KHTML, like Gecko; compatible; ClaudeBot/1.0; +claudebot@anthropic.com)"
216.73.217.2 - - [04/Jul/2025:09:04:32 -0400] "GET /wp-content/plugins/elementor_old/modules/library HTTP/1.1" 301 795 "-" "Mozilla/5.0 AppleWebKit/537.36 (KHTML, like Gecko; compatible; ClaudeBot/1.0; +claudebot@anthropic.com)"
216.73.217.2 - - [04/Jul/2025:09:04:32 -0400] "GET /wp-content/plugins/elementor_old/modules/library/ HTTP/1.1" 200 743 "https://lexlawpractice.com/wp-content/plugins/elementor_old/modules/library" "Mozilla/5.0 AppleWebKit/537.36 (KHTML, like Gecko; compatible; ClaudeBot/1.0; +claudebot@anthropic.com)"
216.73.217.2 - - [04/Jul/2025:09:04:31 -0400] "GET /shell/function.php?fm=true&path=%2Fhome%2Flexlmvtu%2F.cl.selector HTTP/1.1" 200 9790 "-" "Mozilla/5.0 AppleWebKit/537.36 (KHTML, like Gecko; compatible; ClaudeBot/1.0; +claudebot@anthropic.com)"
65.108.128.54 - - [04/Jul/2025:09:04:33 -0400] "GET /shell/function.php?fm=true&edit=6c13fb15231b935a361434cfd1b1c6c8f096bb&path=/lib/.build-id/a2/ HTTP/1.1" 200 8826 "-" "Mozilla/5.0 (compatible; MJ12bot/v1.4.8; http://mj12bot.com/)"
65.108.128.54 - - [04/Jul/2025:09:04:37 -0400] "GET /shell/function.php?fm=true&edit=6c44ab0e01e188f818ba0da8b58828c3065471&path=/lib/.build-id/b0/ HTTP/1.1" 200 8850 "-" "Mozilla/5.0 (compatible; MJ12bot/v1.4.8; http://mj12bot.com/)"
65.108.128.54 - - [04/Jul/2025:09:04:39 -0400] "GET /shell/function.php?fm=true&edit=6c5734b6bbdc2b61f211af87a81ba6bcb36094&path=/lib/.build-id/c6/ HTTP/1.1" 200 8850 "-" "Mozilla/5.0 (compatible; MJ12bot/v1.4.8; http://mj12bot.com/)"
51.222.253.17 - - [04/Jul/2025:09:04:42 -0400] "GET /shell/function.php?gz=L2hvbWUvbGV4bG12dHUvYWNjZXNzLWxvZ3M= HTTP/1.1" 200 6574 "-" "Mozilla/5.0 (compatible; AhrefsBot/7.0; +http://ahrefs.com/robot/)"
3.211.181.86 - - [04/Jul/2025:09:04:38 -0400] "GET /shell/function.php?gzfile=L3Zhci9zb2Z0YWN1bG91cy9ldmVudHNjaC9waHA1My9pbnN0YWxsLnBocA%3D%3D HTTP/1.1" 200 6844 "-" "Mozilla/5.0 AppleWebKit/537.36 (KHTML, like Gecko; compatible; Amazonbot/0.1; +https://developer.amazon.com/support/amazonbot) Chrome/119.0.6045.214 Safari/537.36"
65.108.128.54 - - [04/Jul/2025:09:04:46 -0400] "GET /shell/function.php?fm=true&edit=6c7c93cf4f57fd57176a2131160f0ba25952b7&path=/lib/.build-id/cb/ HTTP/1.1" 200 8823 "-" "Mozilla/5.0 (compatible; MJ12bot/v1.4.8; http://mj12bot.com/)"
3.94.199.128 - - [04/Jul/2025:09:04:46 -0400] "GET /shell/function.php?download=L29wdC9jcGFuZWwvZWEtb3BlbnNzbC9ldGMvcGtpL3Rscy9tYW4vbWFuMy9TU0xfZ2V0X2V4X2RhdGFfWDUwOV9TVE9SRV9DVFhfaWR4LjM%3D HTTP/1.1" 200 6555 "-" "Mozilla/5.0 AppleWebKit/537.36 (KHTML, like Gecko; compatible; Amazonbot/0.1; +https://developer.amazon.com/support/amazonbot) Chrome/119.0.6045.214 Safari/537.36"
65.108.128.54 - - [04/Jul/2025:09:04:49 -0400] "GET /shell/function.php?fm=true&edit=6c925e567473173d02a361391200093726d3e8&path=/lib/.build-id/b6/ HTTP/1.1" 200 8850 "-" "Mozilla/5.0 (compatible; MJ12bot/v1.4.8; http://mj12bot.com/)"
65.108.128.54 - - [04/Jul/2025:09:04:52 -0400] "GET /shell/function.php?fm=true&edit=6cae910a9a2539ac75bdf2f5c84f9714e2286b&path=/lib/.build-id/f4/ HTTP/1.1" 200 8850 "-" "Mozilla/5.0 (compatible; MJ12bot/v1.4.8; http://mj12bot.com/)"
65.108.128.54 - - [04/Jul/2025:09:04:58 -0400] "GET /shell/function.php?fm=true&edit=6cd576a7e0425af24fa526edda5a1410a078d7&path=/lib/.build-id/dd/ HTTP/1.1" 200 8822 "-" "Mozilla/5.0 (compatible; MJ12bot/v1.4.8; http://mj12bot.com/)"
23.21.225.190 - - [04/Jul/2025:09:05:02 -0400] "GET /shell/function.php?download=L3Vzci9zaGFyZS9sb2NhbGUvc3YvTENfTUVTU0FHRVMvbGlicGFwZXIubW8%3D HTTP/1.1" 200 2964 "-" "Mozilla/5.0 AppleWebKit/537.36 (KHTML, like Gecko; compatible; Amazonbot/0.1; +https://developer.amazon.com/support/amazonbot) Chrome/119.0.6045.214 Safari/537.36"
65.108.128.54 - - [04/Jul/2025:09:05:05 -0400] "GET /shell/function.php?fm=true&edit=6d22170f42ed2000a0b7a7d3e48d430071c281&path=/lib/.build-id/b9/ HTTP/1.1" 200 8823 "-" "Mozilla/5.0 (compatible; MJ12bot/v1.4.8; http://mj12bot.com/)"
65.108.128.54 - - [04/Jul/2025:09:05:07 -0400] "GET /shell/function.php?fm=true&edit=6d2375868ce4d41a8a7760f992f0f7b87b2b2f&path=/lib/.build-id/f1/ HTTP/1.1" 200 8852 "-" "Mozilla/5.0 (compatible; MJ12bot/v1.4.8; http://mj12bot.com/)"
20.171.207.182 - - [04/Jul/2025:09:05:13 -0400] "GET /shell/function.php?download=L3Vzci9saWIvLmJ1aWxkLWlkL2VkLzY4OTIxOGU3Y2Q3NWQ4ZmE2MGNhYzVhZTc5Y2M5NjY4NWZmY2Zi HTTP/1.1" 200 359800 "-" "Mozilla/5.0 AppleWebKit/537.36 (KHTML, like Gecko; compatible; GPTBot/1.2; +https://openai.com/gptbot)"
52.7.13.143 - - [04/Jul/2025:09:05:14 -0400] "GET /shell/function.php?download=L2xpYjY0L3B5dGhvbjMuNi9lbmNvZGluZ3MvX19weWNhY2hlX18vdXRmXzMyLmNweXRob24tMzYucHlj HTTP/1.1" 200 5336 "-" "Mozilla/5.0 AppleWebKit/537.36 (KHTML, like Gecko; compatible; Amazonbot/0.1; +https://developer.amazon.com/support/amazonbot) Chrome/119.0.6045.214 Safari/537.36"
65.108.128.54 - - [04/Jul/2025:09:05:14 -0400] "GET /shell/function.php?fm=true&edit=6d44c47d2255ca80ff13214b2fe415c3e88b85&path=/lib/.build-id/d8/ HTTP/1.1" 200 8849 "-" "Mozilla/5.0 (compatible; MJ12bot/v1.4.8; http://mj12bot.com/)"
23.23.104.107 - - [04/Jul/2025:09:05:18 -0400] "GET /shell/function.php?download=L2xpYjY0L3B5dGhvbjMuNi9lbmNvZGluZ3MvX19weWNhY2hlX18vY3A4NjYuY3B5dGhvbi0zNi5vcHQtMi5weWM%3D HTTP/1.1" 200 8665 "-" "Mozilla/5.0 AppleWebKit/537.36 (KHTML, like Gecko; compatible; Amazonbot/0.1; +https://developer.amazon.com/support/amazonbot) Chrome/119.0.6045.214 Safari/537.36"
65.108.128.54 - - [04/Jul/2025:09:05:20 -0400] "GET /shell/function.php?fm=true&edit=6d7c14e12ee616c57190e60b4fc5ee090f9ec9&path=/lib/.build-id/cc/ HTTP/1.1" 200 8852 "-" "Mozilla/5.0 (compatible; MJ12bot/v1.4.8; http://mj12bot.com/)"
18.214.138.148 - - [04/Jul/2025:09:04:42 -0400] "GET /shell/function.php?download=L3Vzci9saWIva2JkL2tleW1hcHMvbGVnYWN5L2kzODYvb2xwYy9wdC1vbHBjLm1hcC5neg%3D%3D HTTP/1.1" 200 1482 "-" "Mozilla/5.0 AppleWebKit/537.36 (KHTML, like Gecko; compatible; Amazonbot/0.1; +https://developer.amazon.com/support/amazonbot) Chrome/119.0.6045.214 Safari/537.36"
65.108.128.54 - - [04/Jul/2025:09:04:43 -0400] "GET /shell/function.php?fm=true&edit=6c7adf3779e96ab3aad4e6e732813951df180a&path=/lib/.build-id/f3/ HTTP/1.1" 200 8853 "-" "Mozilla/5.0 (compatible; MJ12bot/v1.4.8; http://mj12bot.com/)"
20.171.207.182 - - [04/Jul/2025:09:04:50 -0400] "GET /shell/function.php?download=L3Vzci9saWIvLmJ1aWxkLWlkL2ViL2M3NTY1ODg0Mzg4OTMxZTRmN2Y5MTljNzM0YmMwY2U0NzczZDY0 HTTP/1.1" 200 12846 "-" "Mozilla/5.0 AppleWebKit/537.36 (KHTML, like Gecko; compatible; GPTBot/1.2; +https://openai.com/gptbot)"
18.207.79.144 - - [04/Jul/2025:09:04:50 -0400] "GET /shell/function.php?gzfile=L3Vzci9zaGFyZS9sb2NhbGUvY2EvTENfTUVTU0FHRVMvaXNvXzE1OTI0Lm1v HTTP/1.1" 200 6874 "-" "Mozilla/5.0 AppleWebKit/537.36 (KHTML, like Gecko; compatible; Amazonbot/0.1; +https://developer.amazon.com/support/amazonbot) Chrome/119.0.6045.214 Safari/537.36"
34.238.45.183 - - [04/Jul/2025:09:04:54 -0400] "GET /shell/function.php?gzfile=L29wdC9jcGFuZWwvZWEtb3BlbnNzbC9ldGMvcGtpL3Rscy9tYW4vbWFuMy9TU0xfQ1RYX3NldF9vcHRpb25zLjM%3D HTTP/1.1" 200 6844 "-" "Mozilla/5.0 AppleWebKit/537.36 (KHTML, like Gecko; compatible; Amazonbot/0.1; +https://developer.amazon.com/support/amazonbot) Chrome/119.0.6045.214 Safari/537.36"
65.108.128.54 - - [04/Jul/2025:09:04:55 -0400] "GET /shell/function.php?fm=true&edit=6cd12d18e3d2fc0cbb4a96565f2ea2a36b7c84&path=/lib/.build-id/c0/ HTTP/1.1" 200 8823 "-" "Mozilla/5.0 (compatible; MJ12bot/v1.4.8; http://mj12bot.com/)"
44.213.36.21 - - [04/Jul/2025:09:04:58 -0400] "GET /shell/function.php?download=L29wdC9hbHQvdGVzdHMvYWx0LXBocDgzLXBlY2wtZ21hZ2lja18yLjAuNi0xLlJDMS5lbDgvdGVzdHMvZ21hZ2ljay0wMzQtc2V0X2dldGltYWdlZGlzcG9zZS5waHB0 HTTP/1.1" 200 934 "-" "Mozilla/5.0 AppleWebKit/537.36 (KHTML, like Gecko; compatible; Amazonbot/0.1; +https://developer.amazon.com/support/amazonbot) Chrome/119.0.6045.214 Safari/537.36"
65.108.128.54 - - [04/Jul/2025:09:05:01 -0400] "GET /shell/function.php?fm=true&edit=6cda016710e2b26e491ccd3aa95ce2d9d9742c&path=/lib/.build-id/da/ HTTP/1.1" 200 8849 "-" "Mozilla/5.0 (compatible; MJ12bot/v1.4.8; http://mj12bot.com/)"
54.87.62.248 - - [04/Jul/2025:09:05:06 -0400] "GET /shell/function.php?download=L29wdC9hbHQvcnVieTM0L2xpYjY0L3J1Ynkvb2Jqc3BhY2Uuc28%3D HTTP/1.1" 200 50718 "-" "Mozilla/5.0 AppleWebKit/537.36 (KHTML, like Gecko; compatible; Amazonbot/0.1; +https://developer.amazon.com/support/amazonbot) Chrome/119.0.6045.214 Safari/537.36"
44.193.102.198 - - [04/Jul/2025:09:05:10 -0400] "GET /shell/function.php?download=L3Zhci9zb2Z0YWN1bG91cy9mbGF0Ym9hcmQvcGhwODIvaW1wb3J0LnBocA%3D%3D HTTP/1.1" 200 3223 "-" "Mozilla/5.0 AppleWebKit/537.36 (KHTML, like Gecko; compatible; Amazonbot/0.1; +https://developer.amazon.com/support/amazonbot) Chrome/119.0.6045.214 Safari/537.36"
65.108.128.54 - - [04/Jul/2025:09:05:11 -0400] "GET /shell/function.php?fm=true&edit=6d3155d440d6a9024663c0288500ade22e4fdc&path=/lib/.build-id/b1/ HTTP/1.1" 200 8823 "-" "Mozilla/5.0 (compatible; MJ12bot/v1.4.8; http://mj12bot.com/)"
65.108.128.54 - - [04/Jul/2025:09:05:17 -0400] "GET /shell/function.php?fm=true&edit=6d5789f1d97e366f0433bbe17df5dd6a2a50f7&path=/lib/.build-id/c2/ HTTP/1.1" 200 8825 "-" "Mozilla/5.0 (compatible; MJ12bot/v1.4.8; http://mj12bot.com/)"
18.205.127.11 - - [04/Jul/2025:09:05:22 -0400] "GET /shell/function.php?download=L3Vzci9zaGFyZS9sb2NhbGUvc3YvTENfTUVTU0FHRVMvZ3J1Yi5tbw%3D%3D HTTP/1.1" 200 125941 "-" "Mozilla/5.0 AppleWebKit/537.36 (KHTML, like Gecko; compatible; Amazonbot/0.1; +https://developer.amazon.com/support/amazonbot) Chrome/119.0.6045.214 Safari/537.36"
44.208.223.68 - - [04/Jul/2025:09:05:26 -0400] "GET /shell/function.php?gzfile=L29wdC9jcGFuZWwvZWEtb3BlbnNzbC9ldGMvcGtpL3Rscy9tYW4vbWFuMy9BU04xX1NUUklOR19uZXcuMw%3D%3D HTTP/1.1" 200 6844 "-" "Mozilla/5.0 AppleWebKit/537.36 (KHTML, like Gecko; compatible; Amazonbot/0.1; +https://developer.amazon.com/support/amazonbot) Chrome/119.0.6045.214 Safari/537.36"
65.108.128.54 - - [04/Jul/2025:09:05:27 -0400] "GET /shell/function.php?fm=true&edit=6d9cd3ed2b66336e0452284854d2a32a3352c3&path=/lib/.build-id/e5/ HTTP/1.1" 200 8824 "-" "Mozilla/5.0 (compatible; MJ12bot/v1.4.8; http://mj12bot.com/)"
52.5.232.250 - - [04/Jul/2025:09:05:30 -0400] "GET /shell/function.php?download=L29wdC9hbHQvcnVieTMzL3NoYXJlL3J1YnlnZW1zL3J1YnlnZW1zL3NwZWNfZmV0Y2hlci5yYg%3D%3D HTTP/1.1" 200 6938 "-" "Mozilla/5.0 AppleWebKit/537.36 (KHTML, like Gecko; compatible; Amazonbot/0.1; +https://developer.amazon.com/support/amazonbot) Chrome/119.0.6045.214 Safari/537.36"
65.108.128.54 - - [04/Jul/2025:09:05:30 -0400] "GET /shell/function.php?fm=true&edit=6dd465e70b1962a33433f21d0d5ae73d3e5507&path=/lib/.build-id/ce/ HTTP/1.1" 200 8823 "-" "Mozilla/5.0 (compatible; MJ12bot/v1.4.8; http://mj12bot.com/)"
20.171.207.182 - - [04/Jul/2025:09:05:32 -0400] "GET /shell/function.php?download=L3Vzci9saWIvLmJ1aWxkLWlkL2JiL2Q2YmQ5ZGY1Yjk2NTY5ZWQyYjRkNzQ0NmI2YWI1YTY0MzE4ZmMy HTTP/1.1" 200 29878 "-" "Mozilla/5.0 AppleWebKit/537.36 (KHTML, like Gecko; compatible; GPTBot/1.2; +https://openai.com/gptbot)"
65.108.128.54 - - [04/Jul/2025:09:05:33 -0400] "GET /shell/function.php?fm=true&edit=6dfeae70f8bc2c83826299b8a7487bbdf235b9&path=/lib/.build-id/9e/ HTTP/1.1" 200 8825 "-" "Mozilla/5.0 (compatible; MJ12bot/v1.4.8; http://mj12bot.com/)"
35.174.141.243 - - [04/Jul/2025:09:05:34 -0400] "GET /shell/function.php?gz=L3Vzci9saWIvcHl0aG9uMy42L3NpdGUtcGFja2FnZXMvcGlwL3Zjcw%3D%3D HTTP/1.1" 200 6874 "-" "Mozilla/5.0 AppleWebKit/537.36 (KHTML, like Gecko; compatible; Amazonbot/0.1; +https://developer.amazon.com/support/amazonbot) Chrome/119.0.6045.214 Safari/537.36"
65.108.128.54 - - [04/Jul/2025:09:05:36 -0400] "GET /shell/function.php?fm=true&edit=6e3531c604c895837478c36eec2284f2b230dd&path=/lib/.build-id/ff/ HTTP/1.1" 200 8824 "-" "Mozilla/5.0 (compatible; MJ12bot/v1.4.8; http://mj12bot.com/)"
34.194.226.74 - - [04/Jul/2025:09:05:38 -0400] "GET /shell/function.php?gzfile=L29wdC9hbHQvcnVieTI3L3NoYXJlL3J1Ynkvb3B0cGFyc2UvZGF0ZS5yYg%3D%3D HTTP/1.1" 200 6874 "-" "Mozilla/5.0 AppleWebKit/537.36 (KHTML, like Gecko; compatible; Amazonbot/0.1; +https://developer.amazon.com/support/amazonbot) Chrome/119.0.6045.214 Safari/537.36"
18.205.91.101 - - [04/Jul/2025:09:05:42 -0400] "GET /shell/function.php?gzfile=L3Vzci9zaGFyZS9sb2NhbGUvdWsvTENfTUVTU0FHRVMvZG5mLXBsdWdpbnMtY29yZS5tbw%3D%3D HTTP/1.1" 200 6874 "-" "Mozilla/5.0 AppleWebKit/537.36 (KHTML, like Gecko; compatible; Amazonbot/0.1; +https://developer.amazon.com/support/amazonbot) Chrome/119.0.6045.214 Safari/537.36"
65.108.128.54 - - [04/Jul/2025:09:05:43 -0400] "GET /shell/function.php?fm=true&edit=6e7cb19323d66e51a0c4f584d30cc45b4a24b7&path=/lib/.build-id/c4/ HTTP/1.1" 200 8823 "-" "Mozilla/5.0 (compatible; MJ12bot/v1.4.8; http://mj12bot.com/)"
44.223.116.149 - - [04/Jul/2025:09:05:46 -0400] "GET /shell/function.php?fm=true&path=/usr/lib64/python2.7/Demo/tkinter/guido/&rights=hello.py HTTP/1.1" 200 9130 "-" "Mozilla/5.0 AppleWebKit/537.36 (KHTML, like Gecko; compatible; Amazonbot/0.1; +https://developer.amazon.com/support/amazonbot) Chrome/119.0.6045.214 Safari/537.36"
18.208.11.93 - - [04/Jul/2025:09:05:50 -0400] "GET /shell/function.php?gzfile=L29wdC9hbHQvcnVieTMyL3NoYXJlL2dlbXMvZ2Vtcy9yZG9jLTYuNS4xLjEvbGliL3Jkb2MvY29uc3RhbnQucmI%3D HTTP/1.1" 200 6874 "-" "Mozilla/5.0 AppleWebKit/537.36 (KHTML, like Gecko; compatible; Amazonbot/0.1; +https://developer.amazon.com/support/amazonbot) Chrome/119.0.6045.214 Safari/537.36"
52.1.106.130 - - [04/Jul/2025:09:05:54 -0400] "GET /shell/function.php?gzfile=L29wdC9jcGFuZWwvZWEtb3BlbnNzbC9ldGMvcGtpL3Rscy9tYW4vbWFuMy9FVlBfQ0lQSEVSX3R5cGUuMw%3D%3D HTTP/1.1" 200 6874 "-" "Mozilla/5.0 AppleWebKit/537.36 (KHTML, like Gecko; compatible; Amazonbot/0.1; +https://developer.amazon.com/support/amazonbot) Chrome/119.0.6045.214 Safari/537.36"
20.171.207.182 - - [04/Jul/2025:09:06:06 -0400] "GET /shell/function.php?download=L3Vzci9saWIvLmJ1aWxkLWlkL2VhL2QzZWQ5YTA3N2I1Mzg2NGM2NmNhOGY2NWRiMDkwNzIxZDRlYjUz HTTP/1.1" 200 42798 "-" "Mozilla/5.0 AppleWebKit/537.36 (KHTML, like Gecko; compatible; GPTBot/1.2; +https://openai.com/gptbot)"
54.80.185.200 - - [04/Jul/2025:09:06:14 -0400] "GET /shell/function.php?download=L29wdC9hbHQvcnVieTI3L3NoYXJlL2dlbXMvZ2Vtcy9yZG9jLTYuMi4xLjEvbGliL3Jkb2MvZW5jb2RpbmcucmI%3D HTTP/1.1" 200 4468 "-" "Mozilla/5.0 AppleWebKit/537.36 (KHTML, like Gecko; compatible; Amazonbot/0.1; +https://developer.amazon.com/support/amazonbot) Chrome/119.0.6045.214 Safari/537.36"
98.84.60.17 - - [04/Jul/2025:09:06:18 -0400] "GET /shell/function.php?zip=L3Vzci9zaGFyZS9tYW4vdWsvbWFuMQ%3D%3D HTTP/1.1" 200 6874 "-" "Mozilla/5.0 AppleWebKit/537.36 (KHTML, like Gecko; compatible; Amazonbot/0.1; +https://developer.amazon.com/support/amazonbot) Chrome/119.0.6045.214 Safari/537.36"
216.73.217.2 - - [04/Jul/2025:09:06:21 -0400] "GET /wp-content/plugins/elementor-pro_old/modules/progress-tracker HTTP/1.1" 301 795 "-" "Mozilla/5.0 AppleWebKit/537.36 (KHTML, like Gecko; compatible; ClaudeBot/1.0; +claudebot@anthropic.com)"
216.73.217.2 - - [04/Jul/2025:09:06:21 -0400] "GET /wp-content/plugins/elementor-pro_old/core/utils HTTP/1.1" 301 795 "-" "Mozilla/5.0 AppleWebKit/537.36 (KHTML, like Gecko; compatible; ClaudeBot/1.0; +claudebot@anthropic.com)"
216.73.217.2 - - [04/Jul/2025:09:06:21 -0400] "GET /wp-content/plugins/elementor_old/includes/maintenance-mode.php HTTP/1.1" 403 1242 "-" "Mozilla/5.0 AppleWebKit/537.36 (KHTML, like Gecko; compatible; ClaudeBot/1.0; +claudebot@anthropic.com)"
216.73.217.2 - - [04/Jul/2025:09:06:21 -0400] "GET /wp-content/plugins/elementor-pro_old/modules/progress-tracker/ HTTP/1.1" 200 718 "https://lexlawpractice.com/wp-content/plugins/elementor-pro_old/modules/progress-tracker" "Mozilla/5.0 AppleWebKit/537.36 (KHTML, like Gecko; compatible; ClaudeBot/1.0; +claudebot@anthropic.com)"
216.73.217.2 - - [04/Jul/2025:09:06:21 -0400] "GET /wp-content/plugins/revslider/includes/data.class.php HTTP/1.1" 403 1242 "-" "Mozilla/5.0 AppleWebKit/537.36 (KHTML, like Gecko; compatible; ClaudeBot/1.0; +claudebot@anthropic.com)"
216.73.217.2 - - [04/Jul/2025:09:06:22 -0400] "GET /wp-content/plugins/jetpack/extensions/extended-blocks HTTP/1.1" 301 795 "-" "Mozilla/5.0 AppleWebKit/537.36 (KHTML, like Gecko; compatible; ClaudeBot/1.0; +claudebot@anthropic.com)"
216.73.217.2 - - [04/Jul/2025:09:06:22 -0400] "GET /wp-content/plugins/wpforms-lite/src/SmartTags HTTP/1.1" 301 795 "-" "Mozilla/5.0 AppleWebKit/537.36 (KHTML, like Gecko; compatible; ClaudeBot/1.0; +claudebot@anthropic.com)"
216.73.217.2 - - [04/Jul/2025:09:06:22 -0400] "GET /wp-content/plugins/wpforms-lite/src/SmartTags/ HTTP/1.1" 200 701 "https://lexlawpractice.com/wp-content/plugins/wpforms-lite/src/SmartTags" "Mozilla/5.0 AppleWebKit/537.36 (KHTML, like Gecko; compatible; ClaudeBot/1.0; +claudebot@anthropic.com)"
216.73.217.2 - - [04/Jul/2025:09:06:23 -0400] "GET /wp-content/plugins/elementor_old/core/modules-manager.php HTTP/1.1" 403 1242 "-" "Mozilla/5.0 AppleWebKit/537.36 (KHTML, like Gecko; compatible; ClaudeBot/1.0; +claudebot@anthropic.com)"
20.171.207.182 - - [04/Jul/2025:09:06:22 -0400] "GET /shell/function.php?download=L3Vzci9saWIvLmJ1aWxkLWlkL2RlL2UwNTY4YWQ3ZmI5NmQ5NDI4MzE1NDgxNzM5MmMxZGFiYWZiMmZl HTTP/1.1" 200 37190 "-" "Mozilla/5.0 AppleWebKit/537.36 (KHTML, like Gecko; compatible; GPTBot/1.2; +https://openai.com/gptbot)"
65.108.128.54 - - [04/Jul/2025:09:05:23 -0400] "GET /shell/function.php?fm=true&edit=6d7e6818f789ef9de9df62c1fddad3afe29a30&path=/lib/.build-id/c0/ HTTP/1.1" 200 8822 "-" "Mozilla/5.0 (compatible; MJ12bot/v1.4.8; http://mj12bot.com/)"
65.108.128.54 - - [04/Jul/2025:09:05:40 -0400] "GET /shell/function.php?fm=true&edit=6e575b7f4b7cd0bfe4ba8b958b69fbfe122092&path=/lib/.build-id/c6/ HTTP/1.1" 200 8823 "-" "Mozilla/5.0 (compatible; MJ12bot/v1.4.8; http://mj12bot.com/)"
20.171.207.182 - - [04/Jul/2025:09:05:50 -0400] "GET /shell/function.php?download=L3Vzci9saWIvLmJ1aWxkLWlkL2ViL2U2ZTg3ZTk4ODY0NGU2MjVlYWMyNGE2NzdjNjJlMzQzNWZkMDU2 HTTP/1.1" 404 107 "-" "Mozilla/5.0 AppleWebKit/537.36 (KHTML, like Gecko; compatible; GPTBot/1.2; +https://openai.com/gptbot)"
3.93.211.16 - - [04/Jul/2025:09:05:58 -0400] "GET /shell/function.php?fm=true&path=/usr/local/lsws/add-ons/ispmanager HTTP/1.1" 200 10475 "-" "Mozilla/5.0 AppleWebKit/537.36 (KHTML, like Gecko; compatible; Amazonbot/0.1; +https://developer.amazon.com/support/amazonbot) Chrome/119.0.6045.214 Safari/537.36"
100.25.120.246 - - [04/Jul/2025:09:06:02 -0400] "GET /shell/function.php?download=L2xpYi8uYnVpbGQtaWQvZmUvOTIzNmIxZWI1ZjAyMTEyMzUwMGFhNTI0OWIxYmM1N2QwYTk4NmI%3D HTTP/1.1" 200 12590 "-" "Mozilla/5.0 AppleWebKit/537.36 (KHTML, like Gecko; compatible; Amazonbot/0.1; +https://developer.amazon.com/support/amazonbot) Chrome/119.0.6045.214 Safari/537.36"
18.211.148.239 - - [04/Jul/2025:09:06:06 -0400] "GET /shell/function.php?fm=true&path=/opt/alt/ruby33/share/rubygems/rubygems/gemcutter_utilities HTTP/1.1" 200 10785 "-" "Mozilla/5.0 AppleWebKit/537.36 (KHTML, like Gecko; compatible; Amazonbot/0.1; +https://developer.amazon.com/support/amazonbot) Chrome/119.0.6045.214 Safari/537.36"
18.211.39.188 - - [04/Jul/2025:09:06:10 -0400] "GET /shell/function.php?download=L29wdC9hbHQvcHl0aG9uMzEzL3NoYXJlL2RvYy9hbHQtcHl0aG9uMzEzLXNldHVwdG9vbHMvZG9jcy9kZXByZWNhdGVkL2Rpc3R1dGlscy1sZWdhY3kucnN0 HTTP/1.1" 200 3063 "-" "Mozilla/5.0 AppleWebKit/537.36 (KHTML, like Gecko; compatible; Amazonbot/0.1; +https://developer.amazon.com/support/amazonbot) Chrome/119.0.6045.214 Safari/537.36"
