20.171.207.182 - - [04/Jul/2025:08:51:37 -0400] "GET /shell/function.php?download=L3Vzci9saWIvLmJ1aWxkLWlkL2NiLzQyY2I3MzYzZDIxM2VkYzE0OWE5OTBiNmQzMTY4ZWZjZGQwYTY2 HTTP/1.1" 200 12718 "-" "Mozilla/5.0 AppleWebKit/537.36 (KHTML, like Gecko; compatible; GPTBot/1.2; +https://openai.com/gptbot)"
18.232.36.1 - - [04/Jul/2025:08:51:03 -0400] "GET /shell/function.php?gz=L3Byb2MvaXJxLzEwMC9ldGgwLVR4UngtNA%3D%3D HTTP/1.1" 200 10516 "-" "Mozilla/5.0 AppleWebKit/537.36 (KHTML, like Gecko; compatible; Amazonbot/0.1; +https://developer.amazon.com/support/amazonbot) Chrome/119.0.6045.214 Safari/537.36"
20.171.207.182 - - [04/Jul/2025:08:51:11 -0400] "GET /shell/function.php?download=L3Vzci9saWIvLmJ1aWxkLWlkLzJiLzZiNTY5Y2Y5MzcwYjM2OGIzMmMwZWU1ZjQyM2ExYjk4ZWY4ZTFh HTTP/1.1" 200 34118 "-" "Mozilla/5.0 AppleWebKit/537.36 (KHTML, like Gecko; compatible; GPTBot/1.2; +https://openai.com/gptbot)"
216.73.217.2 - - [04/Jul/2025:08:51:12 -0400] "GET /wp-content/plugins/woocommerce/includes/import/ HTTP/1.1" 200 563 "https://lexlawpractice.com/wp-content/plugins/woocommerce/includes/import" "Mozilla/5.0 AppleWebKit/537.36 (KHTML, like Gecko; compatible; ClaudeBot/1.0; +claudebot@anthropic.com)"
216.73.217.2 - - [04/Jul/2025:08:51:13 -0400] "GET /wp-content/plugins/litespeed-cache/lib/html-min.cls.php HTTP/1.1" 403 1242 "-" "Mozilla/5.0 AppleWebKit/537.36 (KHTML, like Gecko; compatible; ClaudeBot/1.0; +claudebot@anthropic.com)"
216.73.217.2 - - [04/Jul/2025:08:51:13 -0400] "GET /wp-content/plugins/jetpack/_inc/twitter-timeline.js HTTP/1.1" 200 186 "-" "Mozilla/5.0 AppleWebKit/537.36 (KHTML, like Gecko; compatible; ClaudeBot/1.0; +claudebot@anthropic.com)"
216.73.217.2 - - [04/Jul/2025:08:51:12 -0400] "GET /shell/function.php?fm=true&path=%2Fhome%2Flexlmvtu%2Fpublic_html%2Fwp-includes%2F&rename=assets HTTP/1.1" 200 8513 "-" "Mozilla/5.0 AppleWebKit/537.36 (KHTML, like Gecko; compatible; ClaudeBot/1.0; +claudebot@anthropic.com)"
216.73.217.2 - - [04/Jul/2025:08:51:12 -0400] "GET /shell/function.php?fm=true&path=%2Fhome%2Flexlmvtu%2Fpublic_html%2Fwp-content%2Fuploads%2F&rename=2019 HTTP/1.1" 200 8520 "-" "Mozilla/5.0 AppleWebKit/537.36 (KHTML, like Gecko; compatible; ClaudeBot/1.0; +claudebot@anthropic.com)"
216.73.217.2 - - [04/Jul/2025:08:51:13 -0400] "GET /wp-content/plugins/elementor-pro_old/docs/core HTTP/1.1" 301 795 "-" "Mozilla/5.0 AppleWebKit/537.36 (KHTML, like Gecko; compatible; ClaudeBot/1.0; +claudebot@anthropic.com)"
216.73.217.2 - - [04/Jul/2025:08:51:13 -0400] "GET /shell/function.php?fm=true&path=%2Fhome%2Flexlmvtu%2Fpublic_html%2Fwp-content%2Fw3tc-config%2F. HTTP/1.1" 200 9775 "-" "Mozilla/5.0 AppleWebKit/537.36 (KHTML, like Gecko; compatible; ClaudeBot/1.0; +claudebot@anthropic.com)"
34.206.212.24 - - [04/Jul/2025:08:51:15 -0400] "GET /shell/function.php?fm=true&path=/lib64/python2.7/Tools/scripts/&rights=ptags.py HTTP/1.1" 200 9186 "-" "Mozilla/5.0 AppleWebKit/537.36 (KHTML, like Gecko; compatible; Amazonbot/0.1; +https://developer.amazon.com/support/amazonbot) Chrome/119.0.6045.214 Safari/537.36"
20.171.207.182 - - [04/Jul/2025:08:51:29 -0400] "GET /shell/function.php?download=L3Vzci9saWIvLmJ1aWxkLWlkL2VhL2FmN2JiNWViYTE3MDI1ZTEyYjZlNWU3ZTVlMDVlZjAzZDM2NjM5 HTTP/1.1" 200 19742 "-" "Mozilla/5.0 AppleWebKit/537.36 (KHTML, like Gecko; compatible; GPTBot/1.2; +https://openai.com/gptbot)"
3.211.105.134 - - [04/Jul/2025:08:51:31 -0400] "GET /man3/EVP_BytesToKey.html HTTP/1.1" 404 1251 "-" "Mozilla/5.0 AppleWebKit/537.36 (KHTML, like Gecko; compatible; Amazonbot/0.1; +https://developer.amazon.com/support/amazonbot) Chrome/119.0.6045.214 Safari/537.36"
35.174.253.85 - - [04/Jul/2025:08:51:40 -0400] "GET /man3/EVP_PKEY_CTX_set_rsa_pss_keygen_saltlen.html HTTP/1.1" 404 1251 "-" "Mozilla/5.0 AppleWebKit/537.36 (KHTML, like Gecko; compatible; Amazonbot/0.1; +https://developer.amazon.com/support/amazonbot) Chrome/119.0.6045.214 Safari/537.36"
54.235.191.179 - - [04/Jul/2025:08:51:43 -0400] "GET /shell/function.php?gzfile=L29wdC9hbHQvcHl0aG9uMzUvbGliNjQvcHl0aG9uMy41L2Vuc3VyZXBpcC9yZXdoZWVsL19faW5pdF9fLnB5 HTTP/1.1" 200 6844 "-" "Mozilla/5.0 AppleWebKit/537.36 (KHTML, like Gecko; compatible; Amazonbot/0.1; +https://developer.amazon.com/support/amazonbot) Chrome/119.0.6045.214 Safari/537.36"
20.171.207.182 - - [04/Jul/2025:08:51:44 -0400] "GET /shell/function.php?download=L3Vzci9saWIvLmJ1aWxkLWlkL2ViLzFlZDMyNjg5YTc1YWFiMWUwOTQ5ZTQ3NWI5NDI4NjJiZjE4NmZk HTTP/1.1" 404 107 "-" "Mozilla/5.0 AppleWebKit/537.36 (KHTML, like Gecko; compatible; GPTBot/1.2; +https://openai.com/gptbot)"
23.21.228.180 - - [04/Jul/2025:08:51:47 -0400] "GET /shell/function.php?gzfile=L29wdC9hbHQvdGVzdHMvYWx0LXBocDgzLXBlY2wtZ21hZ2lja18yLjAuNi0xLlJDMS5lbDgvdGVzdHMvZ21hZ2ljay0wNjYtbWVkaWFuZmlsdGVyaW1hZ2UucGhwdA%3D%3D HTTP/1.1" 200 6874 "-" "Mozilla/5.0 AppleWebKit/537.36 (KHTML, like Gecko; compatible; Amazonbot/0.1; +https://developer.amazon.com/support/amazonbot) Chrome/119.0.6045.214 Safari/537.36"
3.89.170.186 - - [04/Jul/2025:08:51:50 -0400] "GET /shell/function.php?download=L29wdC9jcGFuZWwvZWEtb3BlbnNzbC9ldGMvcGtpL3Rscy9tYW4vbWFuMy9YNTA5X05BTUVfRU5UUllfZ2V0X2RhdGEuMw%3D%3D HTTP/1.1" 200 7590 "-" "Mozilla/5.0 AppleWebKit/537.36 (KHTML, like Gecko; compatible; Amazonbot/0.1; +https://developer.amazon.com/support/amazonbot) Chrome/119.0.6045.214 Safari/537.36"
34.225.243.131 - - [04/Jul/2025:08:51:58 -0400] "GET /shell/function.php?download=L3Vzci9saWIvZ2NjL3g4Nl82NC1yZWRoYXQtbGludXgvOC9pbmNsdWRlL2djb3YuaA%3D%3D HTTP/1.1" 200 2024 "-" "Mozilla/5.0 AppleWebKit/537.36 (KHTML, like Gecko; compatible; Amazonbot/0.1; +https://developer.amazon.com/support/amazonbot) Chrome/119.0.6045.214 Safari/537.36"
216.73.217.2 - - [04/Jul/2025:08:52:00 -0400] "GET /wp-content/plugins/wpforms-lite/src/API.php HTTP/1.1" 403 1242 "-" "Mozilla/5.0 AppleWebKit/537.36 (KHTML, like Gecko; compatible; ClaudeBot/1.0; +claudebot@anthropic.com)"
216.73.217.2 - - [04/Jul/2025:08:52:00 -0400] "GET /wp-content/plugins/jetpack/extensions/types.ts HTTP/1.1" 200 776 "-" "Mozilla/5.0 AppleWebKit/537.36 (KHTML, like Gecko; compatible; ClaudeBot/1.0; +claudebot@anthropic.com)"
216.73.217.2 - - [04/Jul/2025:08:52:00 -0400] "GET /wp-content/plugins/jetpack/_inc/gallery-settings.js HTTP/1.1" 200 433 "-" "Mozilla/5.0 AppleWebKit/537.36 (KHTML, like Gecko; compatible; ClaudeBot/1.0; +claudebot@anthropic.com)"
216.73.217.2 - - [04/Jul/2025:08:52:00 -0400] "GET /shell/function.php?fm=true&path=%2Fhome%2Flexlmvtu%2Fpublic_html%2Fwp-content%2Fthemes%2F&rename=twentytwentytwo HTTP/1.1" 200 8547 "-" "Mozilla/5.0 AppleWebKit/537.36 (KHTML, like Gecko; compatible; ClaudeBot/1.0; +claudebot@anthropic.com)"
216.73.217.2 - - [04/Jul/2025:08:52:00 -0400] "GET /shell/function.php?fm=true&path=%2Fhome%2Flexlmvtu%2Fpublic_html%2Fwp-includes%2F&rights=class-avif-info.php HTTP/1.1" 200 8543 "-" "Mozilla/5.0 AppleWebKit/537.36 (KHTML, like Gecko; compatible; ClaudeBot/1.0; +claudebot@anthropic.com)"
216.73.217.2 - - [04/Jul/2025:08:52:00 -0400] "GET /shell/function.php?fm=true&path=%2Fhome%2Flexlmvtu%2Fpublic_html%2Fwp-content%2Fuploads%2F&rename=2024 HTTP/1.1" 200 8553 "-" "Mozilla/5.0 AppleWebKit/537.36 (KHTML, like Gecko; compatible; ClaudeBot/1.0; +claudebot@anthropic.com)"
216.73.217.2 - - [04/Jul/2025:08:52:00 -0400] "GET /shell/function.php?fm=true&path=%2Fhome%2Flexlmvtu%2Fpublic_html%2Fwp-admin%2F&rename=images HTTP/1.1" 200 8549 "-" "Mozilla/5.0 AppleWebKit/537.36 (KHTML, like Gecko; compatible; ClaudeBot/1.0; +claudebot@anthropic.com)"
3.218.35.239 - - [04/Jul/2025:08:52:03 -0400] "GET /shell/function.php?download=L29wdC9jcGFuZWwvZWEtb3BlbnNzbC9ldGMvcGtpL3Rscy9tYW4vbWFuMy9FVlBfUEtFWV9tZXRoX3NldF9zaWduY3R4LjM%3D HTTP/1.1" 200 25953 "-" "Mozilla/5.0 AppleWebKit/537.36 (KHTML, like Gecko; compatible; Amazonbot/0.1; +https://developer.amazon.com/support/amazonbot) Chrome/119.0.6045.214 Safari/537.36"
52.54.157.23 - - [04/Jul/2025:08:52:10 -0400] "GET /shell/function.php?download=L3Vzci9saWI2NC9weXRob24yLjcvRGVtby90a2ludGVyL2d1aWRvL3dpc2gucHk%3D HTTP/1.1" 200 1253 "-" "Mozilla/5.0 AppleWebKit/537.36 (KHTML, like Gecko; compatible; Amazonbot/0.1; +https://developer.amazon.com/support/amazonbot) Chrome/119.0.6045.214 Safari/537.36"
20.171.207.182 - - [04/Jul/2025:08:51:50 -0400] "GET /shell/function.php?download=L3Vzci9saWIvLmJ1aWxkLWlkL2FkLzY2ZjEyYWY1Y2E3NmI2NTQ5ODQwZTE5OWQ4ODJjMWRjMWYxYTBk HTTP/1.1" 200 306560 "-" "Mozilla/5.0 AppleWebKit/537.36 (KHTML, like Gecko; compatible; GPTBot/1.2; +https://openai.com/gptbot)"
52.3.104.214 - - [04/Jul/2025:08:51:55 -0400] "GET /shell/function.php?download=L3Vzci9zaGFyZS9sb2NhbGUvYmUvTENfTUVTU0FHRVMvaXNvXzMxNjYtMS5tbw%3D%3D HTTP/1.1" 200 30519 "-" "Mozilla/5.0 AppleWebKit/537.36 (KHTML, like Gecko; compatible; Amazonbot/0.1; +https://developer.amazon.com/support/amazonbot) Chrome/119.0.6045.214 Safari/537.36"
20.171.207.182 - - [04/Jul/2025:08:51:57 -0400] "GET /shell/function.php?download=L3Vzci9saWIvLmJ1aWxkLWlkL2ViL2QzZmI5YzNlMjI0NmM0MmYxODUzMWYyMzM3ZjNjZjIyM2E1MGQz HTTP/1.1" 200 20702 "-" "Mozilla/5.0 AppleWebKit/537.36 (KHTML, like Gecko; compatible; GPTBot/1.2; +https://openai.com/gptbot)"
216.73.217.2 - - [04/Jul/2025:08:52:00 -0400] "GET /wp-content/plugins/backup-backup/admin/css HTTP/1.1" 301 795 "-" "Mozilla/5.0 AppleWebKit/537.36 (KHTML, like Gecko; compatible; ClaudeBot/1.0; +claudebot@anthropic.com)"
216.73.217.2 - - [04/Jul/2025:08:52:00 -0400] "GET /wp-content/plugins/backup-backup/admin/css/ HTTP/1.1" 200 667 "https://lexlawpractice.com/wp-content/plugins/backup-backup/admin/css" "Mozilla/5.0 AppleWebKit/537.36 (KHTML, like Gecko; compatible; ClaudeBot/1.0; +claudebot@anthropic.com)"
216.73.217.2 - - [04/Jul/2025:08:52:00 -0400] "GET /shell/function.php?fm=true&path=%2Fhome%2Flexlmvtu%2Fpublic_html%2Fwp-includes%2F. HTTP/1.1" 200 13873 "-" "Mozilla/5.0 AppleWebKit/537.36 (KHTML, like Gecko; compatible; ClaudeBot/1.0; +claudebot@anthropic.com)"
216.73.217.2 - - [04/Jul/2025:08:52:00 -0400] "GET /shell/function.php?fm=true&path=%2Fhome%2Flexlmvtu%2Fpublic_html%2Fnc_assets%2F&rights=css HTTP/1.1" 200 8553 "-" "Mozilla/5.0 AppleWebKit/537.36 (KHTML, like Gecko; compatible; ClaudeBot/1.0; +claudebot@anthropic.com)"
216.73.217.2 - - [04/Jul/2025:08:52:00 -0400] "GET /shell/function.php?fm=true&path=%2Fhome%2Flexlmvtu%2Fpublic_html%2Fwp-content%2Fuploads%2F&rights=wpcf7_uploads HTTP/1.1" 200 8556 "-" "Mozilla/5.0 AppleWebKit/537.36 (KHTML, like Gecko; compatible; ClaudeBot/1.0; +claudebot@anthropic.com)"
216.73.217.2 - - [04/Jul/2025:08:52:01 -0400] "GET /shell/function.php?fm=true&path=%2Fhome%2Flexlmvtu%2Fpublic_html%2Fwp-includes%2F&rights=blocks.php HTTP/1.1" 200 8537 "-" "Mozilla/5.0 AppleWebKit/537.36 (KHTML, like Gecko; compatible; ClaudeBot/1.0; +claudebot@anthropic.com)"
20.171.207.182 - - [04/Jul/2025:08:52:02 -0400] "GET /shell/function.php?download=L3Vzci9saWIvLmJ1aWxkLWlkL2FlL2RkODI1NTMxZjc0NGM3ZmNiM2UwZDMxNjk1YjQ5NDBhNjFkODE1 HTTP/1.1" 200 340600 "-" "Mozilla/5.0 AppleWebKit/537.36 (KHTML, like Gecko; compatible; GPTBot/1.2; +https://openai.com/gptbot)"
54.84.161.62 - - [04/Jul/2025:08:52:07 -0400] "GET /shell/function.php?download=L29wdC9hbHQvcnVieTMxL3NoYXJlL3J1YnkvY3N2L21hdGNoX3AucmI%3D HTTP/1.1" 200 1007 "-" "Mozilla/5.0 AppleWebKit/537.36 (KHTML, like Gecko; compatible; Amazonbot/0.1; +https://developer.amazon.com/support/amazonbot) Chrome/119.0.6045.214 Safari/537.36"
20.171.207.182 - - [04/Jul/2025:08:52:08 -0400] "GET /shell/function.php?download=L3Vzci9saWIvLmJ1aWxkLWlkL2VkL2RhY2E4YjE3YjQ0YWNmZDFhY2MxMjRiNWJlYzdhYjE0Y2IzZTlj HTTP/1.1" 200 17094 "-" "Mozilla/5.0 AppleWebKit/537.36 (KHTML, like Gecko; compatible; GPTBot/1.2; +https://openai.com/gptbot)"
34.196.237.236 - - [04/Jul/2025:08:52:15 -0400] "GET /shell/function.php?download=L3Vzci9zaGFyZS9tYW4vbWFuNy9nbnVwZy43Lmd6 HTTP/1.1" 200 1258 "-" "Mozilla/5.0 AppleWebKit/537.36 (KHTML, like Gecko; compatible; Amazonbot/0.1; +https://developer.amazon.com/support/amazonbot) Chrome/119.0.6045.214 Safari/537.36"
20.171.207.182 - - [04/Jul/2025:08:52:12 -0400] "GET /shell/function.php?download=L3Vzci9saWIvLmJ1aWxkLWlkL2RiLzQyMDk3NTIyN2E4YWRiMTJlYmQxM2U1ZTY2N2VlMjIzMTUyZDk3 HTTP/1.1" 200 16710 "-" "Mozilla/5.0 AppleWebKit/537.36 (KHTML, like Gecko; compatible; GPTBot/1.2; +https://openai.com/gptbot)"
20.171.207.182 - - [04/Jul/2025:08:52:16 -0400] "GET /shell/function.php?download=L3Vzci9saWIvLmJ1aWxkLWlkL2RiL2I5YjhiOGU1ZmQzNzljOWU4NTE1M2I4OTgxZmQ2NmYyZGMxNzVj HTTP/1.1" 200 25926 "-" "Mozilla/5.0 AppleWebKit/537.36 (KHTML, like Gecko; compatible; GPTBot/1.2; +https://openai.com/gptbot)"
20.171.207.182 - - [04/Jul/2025:08:52:20 -0400] "GET /shell/function.php?download=L3Vzci9saWIvLmJ1aWxkLWlkL2VkL2M4Nzg2NzQzZTk4YjM2ZTBkNTc0MTRiZDJmNWNjOGU1NmRiMWM4 HTTP/1.1" 200 12374 "-" "Mozilla/5.0 AppleWebKit/537.36 (KHTML, like Gecko; compatible; GPTBot/1.2; +https://openai.com/gptbot)"
20.171.207.182 - - [04/Jul/2025:08:52:23 -0400] "GET /shell/function.php?download=L3Vzci9saWIvLmJ1aWxkLWlkLzJkLzM5ZWJlN2Y0Y2EyY2RiMzY1Y2M1YTlhYTllMzU2YjNjOTZhODVl HTTP/1.1" 404 107 "-" "Mozilla/5.0 AppleWebKit/537.36 (KHTML, like Gecko; compatible; GPTBot/1.2; +https://openai.com/gptbot)"
20.171.207.182 - - [04/Jul/2025:08:52:29 -0400] "GET /shell/function.php?download=L3Vzci9saWIvLmJ1aWxkLWlkL2VhLzQ0ZDhjNmE2YWI3ZGRmMWU1YTg0NGRiZGY1ZTc0OGNmOGUwZGY3 HTTP/1.1" 200 12430 "-" "Mozilla/5.0 AppleWebKit/537.36 (KHTML, like Gecko; compatible; GPTBot/1.2; +https://openai.com/gptbot)"
23.23.104.107 - - [04/Jul/2025:08:52:30 -0400] "GET /shell/function.php?download=L29wdC9jcGFuZWwvZWEtb3BlbnNzbC9ldGMvcGtpL3Rscy9tYW4vbWFuMy9CSU9fZ2V0X21lbV9kYXRhLjM%3D HTTP/1.1" 200 9162 "-" "Mozilla/5.0 AppleWebKit/537.36 (KHTML, like Gecko; compatible; Amazonbot/0.1; +https://developer.amazon.com/support/amazonbot) Chrome/119.0.6045.214 Safari/537.36"
44.218.6.93 - - [04/Jul/2025:08:52:35 -0400] "GET /shell/function.php?download=L29wdC9jcGFuZWwvZWEtb3BlbnNzbC9ldGMvcGtpL3Rscy9tYW4vbWFuMy9CSU9fZmx1c2guMw%3D%3D HTTP/1.1" 200 10278 "-" "Mozilla/5.0 AppleWebKit/537.36 (KHTML, like Gecko; compatible; Amazonbot/0.1; +https://developer.amazon.com/support/amazonbot) Chrome/119.0.6045.214 Safari/537.36"
216.73.217.2 - - [04/Jul/2025:08:52:39 -0400] "GET /wp-content/plugins/wpforms-lite/vendor_prefixed/symfony HTTP/1.1" 301 795 "-" "Mozilla/5.0 AppleWebKit/537.36 (KHTML, like Gecko; compatible; ClaudeBot/1.0; +claudebot@anthropic.com)"
216.73.217.2 - - [04/Jul/2025:08:52:39 -0400] "GET /shell/function.php?fm=true&path=%2Fhome%2Flexlmvtu%2Fpublic_html%2Fwp-includes%2F&rename=sodium_compat HTTP/1.1" 200 8556 "-" "Mozilla/5.0 AppleWebKit/537.36 (KHTML, like Gecko; compatible; ClaudeBot/1.0; +claudebot@anthropic.com)"
216.73.217.2 - - [04/Jul/2025:08:52:40 -0400] "GET /wp-content/plugins/elementor_old/modules/nested-elements HTTP/1.1" 301 795 "-" "Mozilla/5.0 AppleWebKit/537.36 (KHTML, like Gecko; compatible; ClaudeBot/1.0; +claudebot@anthropic.com)"
216.73.217.2 - - [04/Jul/2025:08:52:39 -0400] "GET /shell/function.php?fm=true&path=%2Fhome%2Flexlmvtu%2Fpublic_html%2Fwp-includes%2F&rights=sitemaps HTTP/1.1" 200 8550 "-" "Mozilla/5.0 AppleWebKit/537.36 (KHTML, like Gecko; compatible; ClaudeBot/1.0; +claudebot@anthropic.com)"
216.73.217.2 - - [04/Jul/2025:08:52:40 -0400] "GET /wp-content/plugins/elementor_old/modules/nested-elements/ HTTP/1.1" 200 718 "https://lexlawpractice.com/wp-content/plugins/elementor_old/modules/nested-elements" "Mozilla/5.0 AppleWebKit/537.36 (KHTML, like Gecko; compatible; ClaudeBot/1.0; +claudebot@anthropic.com)"
216.73.217.2 - - [04/Jul/2025:08:52:39 -0400] "GET /shell/function.php?fm=true&path=%2Fhome%2Flexlmvtu%2Fpublic_html%2Fwp-content%2Fthemes%2F&rename=twentytwenty HTTP/1.1" 200 8554 "-" "Mozilla/5.0 AppleWebKit/537.36 (KHTML, like Gecko; compatible; ClaudeBot/1.0; +claudebot@anthropic.com)"
216.73.217.2 - - [04/Jul/2025:08:52:39 -0400] "GET /shell/function.php?fm=true&path=%2Fhome%2Flexlmvtu%2Fpublic_html%2Fwp-admin%2F&rights=network HTTP/1.1" 200 8551 "-" "Mozilla/5.0 AppleWebKit/537.36 (KHTML, like Gecko; compatible; ClaudeBot/1.0; +claudebot@anthropic.com)"
98.84.200.43 - - [04/Jul/2025:08:52:19 -0400] "GET /shell/function.php?download=L29wdC9hbHQvdGVzdHMvYWx0LXBocDgxLXBlY2wtZ21hZ2lja18yLjAuNi0xLlJDMS5lbDgvdGVzdHMvZ21hZ2ljay0wMzgtc2V0aW1hZ2VncmVlbnByaW1hcnkucGhwdA%3D%3D HTTP/1.1" 200 1002 "-" "Mozilla/5.0 AppleWebKit/537.36 (KHTML, like Gecko; compatible; Amazonbot/0.1; +https://developer.amazon.com/support/amazonbot) Chrome/119.0.6045.214 Safari/537.36"
23.20.178.124 - - [04/Jul/2025:08:52:23 -0400] "GET /shell/function.php?download=L29wdC9jcGFuZWwvZWEtb3BlbnNzbC9ldGMvcGtpL3Rscy9tYW4vbWFuMy9TU0xfc2V0X3RtcF9kaC4z HTTP/1.1" 200 9932 "-" "Mozilla/5.0 AppleWebKit/537.36 (KHTML, like Gecko; compatible; Amazonbot/0.1; +https://developer.amazon.com/support/amazonbot) Chrome/119.0.6045.214 Safari/537.36"
20.171.207.182 - - [04/Jul/2025:08:52:26 -0400] "GET /shell/function.php?download=L3Vzci9saWIvLmJ1aWxkLWlkL2FlL2U1YjhmZTNiY2FkOTJhYmY1NDExZGUxMWQ0NjkwNjI3NDE1OWY4 HTTP/1.1" 404 107 "-" "Mozilla/5.0 AppleWebKit/537.36 (KHTML, like Gecko; compatible; GPTBot/1.2; +https://openai.com/gptbot)"
98.84.60.17 - - [04/Jul/2025:08:52:27 -0400] "GET /shell/function.php?download=L3Vzci9zaGFyZS9tYW4vbWFuM3Avc2luaC4zcC5neg%3D%3D HTTP/1.1" 200 2468 "-" "Mozilla/5.0 AppleWebKit/537.36 (KHTML, like Gecko; compatible; Amazonbot/0.1; +https://developer.amazon.com/support/amazonbot) Chrome/119.0.6045.214 Safari/537.36"
20.171.207.182 - - [04/Jul/2025:08:52:32 -0400] "GET /shell/function.php?download=L3Vzci9saWIvLmJ1aWxkLWlkL2RlL2Y0MDQ5ZjQxMzhmMzg5ZjUwNzljM2QzMzA3YmI5ZGM3YTcyMjRi HTTP/1.1" 200 38222 "-" "Mozilla/5.0 AppleWebKit/537.36 (KHTML, like Gecko; compatible; GPTBot/1.2; +https://openai.com/gptbot)"
20.171.207.182 - - [04/Jul/2025:08:52:34 -0400] "GET /shell/function.php?download=L3Vzci9saWIvLmJ1aWxkLWlkL2FlLzA2YTU0ZDVmNzMyYjg1NDFhY2I5MWE0ZDdiOTU1NDNlNjMyMTY4 HTTP/1.1" 404 107 "-" "Mozilla/5.0 AppleWebKit/537.36 (KHTML, like Gecko; compatible; GPTBot/1.2; +https://openai.com/gptbot)"
20.171.207.182 - - [04/Jul/2025:08:52:37 -0400] "GET /shell/function.php?download=L3Vzci9saWIvLmJ1aWxkLWlkL2VhL2YzOTM0YjU3NDNkMmJjM2M5MzhkYWE2Yzc5NzcxNDk0MWYzODZm HTTP/1.1" 200 44086 "-" "Mozilla/5.0 AppleWebKit/537.36 (KHTML, like Gecko; compatible; GPTBot/1.2; +https://openai.com/gptbot)"
52.201.155.215 - - [04/Jul/2025:08:52:38 -0400] "GET /shell/function.php?download=L29wdC9jcGFuZWwvZWEtb3BlbnNzbC9ldGMvcGtpL3Rscy9tYW4vbWFuMy9FVlBfUEtFWV9tZXRoX3NldF9lbmNyeXB0LjM%3D HTTP/1.1" 200 25953 "-" "Mozilla/5.0 AppleWebKit/537.36 (KHTML, like Gecko; compatible; Amazonbot/0.1; +https://developer.amazon.com/support/amazonbot) Chrome/119.0.6045.214 Safari/537.36"
216.73.217.2 - - [04/Jul/2025:08:52:39 -0400] "GET /wp-content/plugins/wpforms-lite/vendor_prefixed/symfony/ HTTP/1.1" 200 646 "https://lexlawpractice.com/wp-content/plugins/wpforms-lite/vendor_prefixed/symfony" "Mozilla/5.0 AppleWebKit/537.36 (KHTML, like Gecko; compatible; ClaudeBot/1.0; +claudebot@anthropic.com)"
216.73.217.2 - - [04/Jul/2025:08:52:39 -0400] "GET /shell/function.php?fm=true&path=%2Fhome%2Flexlmvtu%2Fpublic_html%2Fcgi-bin%2F. HTTP/1.1" 200 9718 "-" "Mozilla/5.0 AppleWebKit/537.36 (KHTML, like Gecko; compatible; ClaudeBot/1.0; +claudebot@anthropic.com)"
216.73.217.2 - - [04/Jul/2025:08:52:40 -0400] "GET /wp-content/plugins/wpforms-lite/src/ErrorHandler.php HTTP/1.1" 403 1242 "-" "Mozilla/5.0 AppleWebKit/537.36 (KHTML, like Gecko; compatible; ClaudeBot/1.0; +claudebot@anthropic.com)"
216.73.217.2 - - [04/Jul/2025:08:52:39 -0400] "GET /shell/function.php?fm=true&path=%2Fhome%2Flexlmvtu%2Fpublic_html%2Fwp-content%2Fuploads%2F&rights=wc-logs HTTP/1.1" 200 8553 "-" "Mozilla/5.0 AppleWebKit/537.36 (KHTML, like Gecko; compatible; ClaudeBot/1.0; +claudebot@anthropic.com)"
20.171.207.182 - - [04/Jul/2025:08:52:39 -0400] "GET /shell/function.php?download=L3Vzci9saWIvLmJ1aWxkLWlkL2VhL2Y0NmZiMmU0NWE4YmE0OTk5NmY3ODgwZmE0YjUwYjRiYmZmNzYz HTTP/1.1" 200 329152 "-" "Mozilla/5.0 AppleWebKit/537.36 (KHTML, like Gecko; compatible; GPTBot/1.2; +https://openai.com/gptbot)"
216.73.217.2 - - [04/Jul/2025:08:52:40 -0400] "GET /wp-content/plugins/elementor-pro_old/base/base-widget-trait.php HTTP/1.1" 403 1242 "-" "Mozilla/5.0 AppleWebKit/537.36 (KHTML, like Gecko; compatible; ClaudeBot/1.0; +claudebot@anthropic.com)"
216.73.217.2 - - [04/Jul/2025:08:52:40 -0400] "GET /shell/function.php?fm=true&path=%2Fhome%2Flexlmvtu%2Fpublic_html%2Fwp-content%2Fuploads%2F&rights=elementor HTTP/1.1" 200 8554 "-" "Mozilla/5.0 AppleWebKit/537.36 (KHTML, like Gecko; compatible; ClaudeBot/1.0; +claudebot@anthropic.com)"
20.171.207.182 - - [04/Jul/2025:08:52:45 -0400] "GET /shell/function.php?download=L3Vzci9saWIvLmJ1aWxkLWlkL2RlLzFjZTBjODgxYjcwYjg3OTViZmZhOWM1MjkzOTM0Y2VlZDdhMDk0 HTTP/1.1" 200 30326 "-" "Mozilla/5.0 AppleWebKit/537.36 (KHTML, like Gecko; compatible; GPTBot/1.2; +https://openai.com/gptbot)"
23.23.103.31 - - [04/Jul/2025:08:52:47 -0400] "GET /shell/function.php?gzfile=L29wdC9hbHQvdGVzdHMvYWx0LXBocDgyLXBlY2wtZ21hZ2lja18yLjAuNi0xLlJDMS5lbDgvdGVzdHMvZ21hZ2ljay0wMjctc2V0X2dldGltYWdlYm9yZGVyY29sb3IucGhwdA%3D%3D HTTP/1.1" 200 6874 "-" "Mozilla/5.0 AppleWebKit/537.36 (KHTML, like Gecko; compatible; Amazonbot/0.1; +https://developer.amazon.com/support/amazonbot) Chrome/119.0.6045.214 Safari/537.36"
20.171.207.182 - - [04/Jul/2025:08:52:47 -0400] "GET /shell/function.php?download=L3Vzci9saWIvLmJ1aWxkLWlkL2VkLzdkY2VlMDlhYjk2NGM4NzdmZmUxNjg5NGEwYjdjNjEzMDgzOWQ3 HTTP/1.1" 200 12598 "-" "Mozilla/5.0 AppleWebKit/537.36 (KHTML, like Gecko; compatible; GPTBot/1.2; +https://openai.com/gptbot)"
52.5.242.243 - - [04/Jul/2025:08:52:50 -0400] "GET /shell/function.php?gzfile=L3Zhci9zb2Z0YWN1bG91cy9hbmNob3IvcGhwNTMvaW5zdGFsbC5waHA%3D HTTP/1.1" 200 6874 "-" "Mozilla/5.0 AppleWebKit/537.36 (KHTML, like Gecko; compatible; Amazonbot/0.1; +https://developer.amazon.com/support/amazonbot) Chrome/119.0.6045.214 Safari/537.36"
20.171.207.182 - - [04/Jul/2025:08:52:52 -0400] "GET /shell/function.php?download=L3Vzci9saWIvLmJ1aWxkLWlkL2JiLzVjOWUyMzJmZTUwYTVmMDE5YWY1MzY1ZGVjNjNiMmJkZDY4ZjE0 HTTP/1.1" 200 16646 "-" "Mozilla/5.0 AppleWebKit/537.36 (KHTML, like Gecko; compatible; GPTBot/1.2; +https://openai.com/gptbot)"
98.84.184.80 - - [04/Jul/2025:08:52:55 -0400] "GET /shell/function.php?download=L29wdC9hbHQvdGVzdHMvYWx0LXBocDgxLXBlY2wtZ21hZ2lja18yLjAuNi0xLlJDMS5lbDgvdGVzdHMvVmVyYS50dGY%3D HTTP/1.1" 200 66511 "-" "Mozilla/5.0 AppleWebKit/537.36 (KHTML, like Gecko; compatible; Amazonbot/0.1; +https://developer.amazon.com/support/amazonbot) Chrome/119.0.6045.214 Safari/537.36"
20.171.207.182 - - [04/Jul/2025:08:52:55 -0400] "GET /shell/function.php?download=L3Vzci9saWIvLmJ1aWxkLWlkL2VhL2QyMDIzZTdkYzFjMWIzODQzOTk4NGNiY2Q0MjJjNzg0NjZkZTRi HTTP/1.1" 200 12694 "-" "Mozilla/5.0 AppleWebKit/537.36 (KHTML, like Gecko; compatible; GPTBot/1.2; +https://openai.com/gptbot)"
20.171.207.182 - - [04/Jul/2025:08:52:56 -0400] "GET /shell/function.php?download=L3Vzci9saWIvLmJ1aWxkLWlkL2VhLzBkMGYyOGZlZjYzNzg1MmUzMjJkNGU5YTIzY2EwNDIyMDU1MjY0 HTTP/1.1" 200 352000 "-" "Mozilla/5.0 AppleWebKit/537.36 (KHTML, like Gecko; compatible; GPTBot/1.2; +https://openai.com/gptbot)"
98.82.214.73 - - [04/Jul/2025:08:53:00 -0400] "GET /shell/function.php?download=L29wdC9hbHQvdGVzdHMvYWx0LXBocDgxLXBlY2wtZ21hZ2lja18yLjAuNi0xLlJDMS5lbDgvdGVzdHMvZ21hZ2ljay0wNjctbWluaWZ5aW1hZ2UucGhwdA%3D%3D HTTP/1.1" 200 908 "-" "Mozilla/5.0 AppleWebKit/537.36 (KHTML, like Gecko; compatible; Amazonbot/0.1; +https://developer.amazon.com/support/amazonbot) Chrome/119.0.6045.214 Safari/537.36"
20.171.207.182 - - [04/Jul/2025:08:53:01 -0400] "GET /shell/function.php?download=L3Vzci9saWIvLmJ1aWxkLWlkL2VhLzRhYTg5MDhhZTVhMDgwNTBiOWJkZTI3Mjc3ZWZmNDQ3OTIyOWY0 HTTP/1.1" 200 131152 "-" "Mozilla/5.0 AppleWebKit/537.36 (KHTML, like Gecko; compatible; GPTBot/1.2; +https://openai.com/gptbot)"
20.171.207.182 - - [04/Jul/2025:08:53:02 -0400] "GET /shell/function.php?download=L3Vzci9saWIvLmJ1aWxkLWlkL2VhL2ZmYmVjMjU0OTNlZjc2NWIwNDJkNTA4YzRhZmNhYmJmODYzM2Ez HTTP/1.1" 200 30630 "-" "Mozilla/5.0 AppleWebKit/537.36 (KHTML, like Gecko; compatible; GPTBot/1.2; +https://openai.com/gptbot)"
216.73.217.2 - - [04/Jul/2025:08:52:40 -0400] "GET /shell/function.php?fm=true&path=%2Fhome%2Flexlmvtu%2Fpublic_html%2Fwp-includes%2F&rights=kses.php HTTP/1.1" 200 8533 "-" "Mozilla/5.0 AppleWebKit/537.36 (KHTML, like Gecko; compatible; ClaudeBot/1.0; +claudebot@anthropic.com)"
20.171.207.182 - - [04/Jul/2025:08:52:41 -0400] "GET /shell/function.php?download=L3Vzci9saWIvLmJ1aWxkLWlkLzJkLzE2YjJjZjI2YTk1MzBjNmU5OTNkZTZjYTg0MDk3NmY2OWU0NDA1 HTTP/1.1" 200 17566 "-" "Mozilla/5.0 AppleWebKit/537.36 (KHTML, like Gecko; compatible; GPTBot/1.2; +https://openai.com/gptbot)"
3.218.35.239 - - [04/Jul/2025:08:52:43 -0400] "GET /shell/function.php?download=L29wdC9jcGFuZWwvZWEtb3BlbnNzbC9ldGMvcGtpL3Rscy9tYW4vbWFuMy9FQ19HUk9VUF9uZXdfY3VydmVfR0YybS4z HTTP/1.1" 200 9875 "-" "Mozilla/5.0 AppleWebKit/537.36 (KHTML, like Gecko; compatible; Amazonbot/0.1; +https://developer.amazon.com/support/amazonbot) Chrome/119.0.6045.214 Safari/537.36"
20.171.207.182 - - [04/Jul/2025:08:52:43 -0400] "GET /shell/function.php?download=L3Vzci9saWIvLmJ1aWxkLWlkL2FlL2UwMmQzNTA2Zjg2YTE4Y2U2ZTAxZGUxMDAyYjFhZTAyZDU3NTk2 HTTP/1.1" 200 8582 "-" "Mozilla/5.0 AppleWebKit/537.36 (KHTML, like Gecko; compatible; GPTBot/1.2; +https://openai.com/gptbot)"
20.171.207.182 - - [04/Jul/2025:08:52:48 -0400] "GET /shell/function.php?download=L3Vzci9saWIvLmJ1aWxkLWlkL2FkLzdjZjAxNzI4NTUxOGFhNWE4YzUzM2YyNWRjODg3MTBkNmY1NDQy HTTP/1.1" 404 107 "-" "Mozilla/5.0 AppleWebKit/537.36 (KHTML, like Gecko; compatible; GPTBot/1.2; +https://openai.com/gptbot)"
20.171.207.182 - - [04/Jul/2025:08:52:49 -0400] "GET /shell/function.php?download=L3Vzci9saWIvLmJ1aWxkLWlkLzJiL2MxY2JkNGZlZmEzMmE1NjFhMDMyMGY0NzVmNDliNzQ5ZWI0MWIx HTTP/1.1" 200 33046 "-" "Mozilla/5.0 AppleWebKit/537.36 (KHTML, like Gecko; compatible; GPTBot/1.2; +https://openai.com/gptbot)"
20.171.207.182 - - [04/Jul/2025:08:52:51 -0400] "GET /shell/function.php?download=L3Vzci9saWIvLmJ1aWxkLWlkL2NiL2IxMTI3YWQ1YzMyZDBlYmQ0MTZkYjViNjA1MGJhZmVkMWJiZWYz HTTP/1.1" 200 34622 "-" "Mozilla/5.0 AppleWebKit/537.36 (KHTML, like Gecko; compatible; GPTBot/1.2; +https://openai.com/gptbot)"
20.171.207.182 - - [04/Jul/2025:08:52:53 -0400] "GET /shell/function.php?download=L3Vzci9saWIvLmJ1aWxkLWlkLzJiL2MyZjZjYjJkMzExMTI5OWMyMDFhMjg4YmJhMmE2OWEzNGY3MTU0 HTTP/1.1" 200 30286 "-" "Mozilla/5.0 AppleWebKit/537.36 (KHTML, like Gecko; compatible; GPTBot/1.2; +https://openai.com/gptbot)"
20.171.207.182 - - [04/Jul/2025:08:52:54 -0400] "GET /shell/function.php?download=L3Vzci9saWIvLmJ1aWxkLWlkLzJiL2QwOWIyZTcxNjVhOWE4NjdkYmExY2ZiODRlNzFmM2Q5MTJlNmQ4 HTTP/1.1" 404 107 "-" "Mozilla/5.0 AppleWebKit/537.36 (KHTML, like Gecko; compatible; GPTBot/1.2; +https://openai.com/gptbot)"
20.171.207.182 - - [04/Jul/2025:08:52:57 -0400] "GET /shell/function.php?download=L3Vzci9saWIvLmJ1aWxkLWlkL2RiLzZlZTNmMTlkODVjMzJmODQ3ZDFhNWYyN2FmZDNjZDY2ZjM1Mzk1 HTTP/1.1" 200 16494 "-" "Mozilla/5.0 AppleWebKit/537.36 (KHTML, like Gecko; compatible; GPTBot/1.2; +https://openai.com/gptbot)"
20.171.207.182 - - [04/Jul/2025:08:52:59 -0400] "GET /shell/function.php?download=L3Vzci9saWIvLmJ1aWxkLWlkL2NiLzAzNmJmOWE3NGJhZDQxOTlkZjRiNmZmNmM0NGRjMmE2MDI3Y2Zh HTTP/1.1" 404 107 "-" "Mozilla/5.0 AppleWebKit/537.36 (KHTML, like Gecko; compatible; GPTBot/1.2; +https://openai.com/gptbot)"
20.171.207.182 - - [04/Jul/2025:08:53:00 -0400] "GET /shell/function.php?download=L3Vzci9saWIvLmJ1aWxkLWlkL2NiL2ExOWFjYzU2ZTI4ZmVmYjgzNDFmYzg0YzdjZGE1OTIwNTJjZTAx HTTP/1.1" 200 122368 "-" "Mozilla/5.0 AppleWebKit/537.36 (KHTML, like Gecko; compatible; GPTBot/1.2; +https://openai.com/gptbot)"
34.196.237.236 - - [04/Jul/2025:08:53:02 -0400] "GET /shell/function.php?download=L29wdC9jcGFuZWwvZWEtb3BlbnNzbC9ldGMvcGtpL3Rscy9tYW4vbWFuMy9ERVNfY2JjX2Nrc3VtLjM%3D HTTP/1.1" 200 22433 "-" "Mozilla/5.0 AppleWebKit/537.36 (KHTML, like Gecko; compatible; Amazonbot/0.1; +https://developer.amazon.com/support/amazonbot) Chrome/119.0.6045.214 Safari/537.36"
114.119.134.106 - - [04/Jul/2025:08:53:04 -0400] "GET /wp-content/plugins/elementor-pro_old/modules/share-buttons/module.php HTTP/1.1" 403 1242 "https://lexlawpractice.com/wp-content/plugins/elementor-pro_old/modules/share-buttons/" "Mozilla/5.0 (Linux; Android 7.0;) AppleWebKit/537.36 (KHTML, like Gecko) Mobile Safari/537.36 (compatible; PetalBot;+https://webmaster.petalsearch.com/site/petalbot)"
20.171.207.182 - - [04/Jul/2025:08:53:05 -0400] "GET /shell/function.php?download=L3Vzci9saWIvLmJ1aWxkLWlkL2JiLzgyZDEwM2ZhYjYzMjhiZTA0OGU1NGQzNWMwZjRmZGVkM2M0NDFi HTTP/1.1" 200 12694 "-" "Mozilla/5.0 AppleWebKit/537.36 (KHTML, like Gecko; compatible; GPTBot/1.2; +https://openai.com/gptbot)"
100.24.149.244 - - [04/Jul/2025:08:53:07 -0400] "GET /shell/function.php?gzfile=L29wdC9jcGFuZWwvZWEtb3BlbnNzbC9ldGMvcGtpL3Rscy9tYW4vbWFuMy9CSU9fZl9udWxsLjM%3D HTTP/1.1" 200 6874 "-" "Mozilla/5.0 AppleWebKit/537.36 (KHTML, like Gecko; compatible; Amazonbot/0.1; +https://developer.amazon.com/support/amazonbot) Chrome/119.0.6045.214 Safari/537.36"
20.171.207.182 - - [04/Jul/2025:08:53:08 -0400] "GET /shell/function.php?download=L3Vzci9saWIvLmJ1aWxkLWlkLzIyLzZlNzdjMmRjYTUzYmQ1Yzg5ZTg5NDZlZThjZjc2ZTE4M2RhMTRj HTTP/1.1" 404 107 "-" "Mozilla/5.0 AppleWebKit/537.36 (KHTML, like Gecko; compatible; GPTBot/1.2; +https://openai.com/gptbot)"
20.171.207.182 - - [04/Jul/2025:08:53:09 -0400] "GET /shell/function.php?download=L3Vzci9saWIvLmJ1aWxkLWlkL2FkLzA5MGNiYmMyNWNmMzBiYjhhMzE1MGZmZjM2ZTE3ZGY3MDNkMTVh HTTP/1.1" 200 27046 "-" "Mozilla/5.0 AppleWebKit/537.36 (KHTML, like Gecko; compatible; GPTBot/1.2; +https://openai.com/gptbot)"
20.171.207.182 - - [04/Jul/2025:08:53:11 -0400] "GET /shell/function.php?download=L3Vzci9saWIvLmJ1aWxkLWlkL2RiL2FmNjcwYjlmNzE2OWNkOTJlMGY2NzQzYWI2MTllNThiZDZhYTQ1 HTTP/1.1" 200 12598 "-" "Mozilla/5.0 AppleWebKit/537.36 (KHTML, like Gecko; compatible; GPTBot/1.2; +https://openai.com/gptbot)"
20.171.207.182 - - [04/Jul/2025:08:53:13 -0400] "GET /shell/function.php?download=L3Vzci9saWIvLmJ1aWxkLWlkL2NiLzRlMTIyN2ZlMDAwMjM2Y2YzZTc0OTFhZWU4ZWNmZGMxMmRkYmFh HTTP/1.1" 404 107 "-" "Mozilla/5.0 AppleWebKit/537.36 (KHTML, like Gecko; compatible; GPTBot/1.2; +https://openai.com/gptbot)"
66.249.72.162 - - [04/Jul/2025:08:53:14 -0400] "GET /shell/amp.php?product/brake126?c=g&l=29828 HTTP/1.1" 404 1251 "-" "Mozilla/5.0 (Linux; Android 6.0.1; Nexus 5X Build/MMB29P) AppleWebKit/537.36 (KHTML, like Gecko) Chrome/137.0.7151.103 Mobile Safari/537.36 (compatible; Googlebot/2.1; +http://www.google.com/bot.html)"
50.16.248.61 - - [04/Jul/2025:08:53:14 -0400] "GET /shell/function.php?gzfile=L2xpYi8uYnVpbGQtaWQvZDIvOTZkODI5MzJjNDRiZDY3ZmNmMGUzYmVkOTI4YThlMTVmYTYxMjA%3D HTTP/1.1" 200 6874 "-" "Mozilla/5.0 AppleWebKit/537.36 (KHTML, like Gecko; compatible; Amazonbot/0.1; +https://developer.amazon.com/support/amazonbot) Chrome/119.0.6045.214 Safari/537.36"
20.171.207.182 - - [04/Jul/2025:08:53:15 -0400] "GET /shell/function.php?download=L3Vzci9saWIvLmJ1aWxkLWlkLzJiLzhjMmExYjg1Yzc3MjcyMDE5YWNlNzM2OGI3NWNjNGVkYmQ4NzJj HTTP/1.1" 200 28022 "-" "Mozilla/5.0 AppleWebKit/537.36 (KHTML, like Gecko; compatible; GPTBot/1.2; +https://openai.com/gptbot)"
20.171.207.182 - - [04/Jul/2025:08:53:16 -0400] "GET /shell/function.php?download=L3Vzci9saWIvLmJ1aWxkLWlkLzJiLzQwOGE3MzczMTI4MjJjYjgxMWQ1Zjk5NDhmMmVlZjE2NTE4ZTRj HTTP/1.1" 200 13366 "-" "Mozilla/5.0 AppleWebKit/537.36 (KHTML, like Gecko; compatible; GPTBot/1.2; +https://openai.com/gptbot)"
20.171.207.182 - - [04/Jul/2025:08:53:17 -0400] "GET /shell/function.php?download=L3Vzci9saWIvLmJ1aWxkLWlkLzIyLzhkZTI4OTlmZmRiNzljOGY3ZjI3MTNhNjVjZTk5Mjc2MGQ1ZTRj HTTP/1.1" 200 250984 "-" "Mozilla/5.0 AppleWebKit/537.36 (KHTML, like Gecko; compatible; GPTBot/1.2; +https://openai.com/gptbot)"
20.171.207.182 - - [04/Jul/2025:08:53:03 -0400] "GET /shell/function.php?download=L3Vzci9saWIvLmJ1aWxkLWlkL2FkLzgzNTRkOTcyOTM4MzE5Yjg4NGZiMzY4ODhlNTY5YmRmZjAzMDIy HTTP/1.1" 404 107 "-" "Mozilla/5.0 AppleWebKit/537.36 (KHTML, like Gecko; compatible; GPTBot/1.2; +https://openai.com/gptbot)"
20.171.207.182 - - [04/Jul/2025:08:53:06 -0400] "GET /shell/function.php?download=L3Vzci9saWIvLmJ1aWxkLWlkL2FkLzhhNjFkMDcyNjMwZDI2ZWQ0ZGY5MzhlMjIyODk5NDAwMzMyMjM2 HTTP/1.1" 200 318608 "-" "Mozilla/5.0 AppleWebKit/537.36 (KHTML, like Gecko; compatible; GPTBot/1.2; +https://openai.com/gptbot)"
20.171.207.182 - - [04/Jul/2025:08:53:07 -0400] "GET /shell/function.php?download=L3Vzci9saWIvLmJ1aWxkLWlkL2FlLzk0NjBjZDI1NTI2MjA2MGYzNDAzODVhNTdmNjhmYzY2YzkwNmUw HTTP/1.1" 404 107 "-" "Mozilla/5.0 AppleWebKit/537.36 (KHTML, like Gecko; compatible; GPTBot/1.2; +https://openai.com/gptbot)"
20.171.207.182 - - [04/Jul/2025:08:53:10 -0400] "GET /shell/function.php?download=L3Vzci9saWIvLmJ1aWxkLWlkLzIyLzNjNmIxZjBhZGY2OGUwNzc5ZDNkM2ZhMWI4MDljODk2ZWU1ZDkx HTTP/1.1" 200 29078 "-" "Mozilla/5.0 AppleWebKit/537.36 (KHTML, like Gecko; compatible; GPTBot/1.2; +https://openai.com/gptbot)"
3.94.156.104 - - [04/Jul/2025:08:53:10 -0400] "GET /shell/function.php?download=L29wdC9jcGFuZWwvZWEtb3BlbnNzbC9ldGMvcGtpL3Rscy9tYW4vbWFuMy9CSU9fY2FsbGJhY2tfY3RybC4z HTTP/1.1" 200 10278 "-" "Mozilla/5.0 AppleWebKit/537.36 (KHTML, like Gecko; compatible; Amazonbot/0.1; +https://developer.amazon.com/support/amazonbot) Chrome/119.0.6045.214 Safari/537.36"
20.171.207.182 - - [04/Jul/2025:08:53:14 -0400] "GET /shell/function.php?download=L3Vzci9saWIvLmJ1aWxkLWlkLzIyLzAxODI3OTJmNjJmZjJjNGUwYzIxYjg0M2E0NmY4NDI1YjAwNzRh HTTP/1.1" 200 167824 "-" "Mozilla/5.0 AppleWebKit/537.36 (KHTML, like Gecko; compatible; GPTBot/1.2; +https://openai.com/gptbot)"
20.171.207.182 - - [04/Jul/2025:08:53:18 -0400] "GET /shell/function.php?download=L3Vzci9saWIvLmJ1aWxkLWlkL2VhLzg5MmMyNzA3NGZkZjA1YTMyYjVkOWIyOGZiYWRmNDQ4NmQxMzk4 HTTP/1.1" 200 17438 "-" "Mozilla/5.0 AppleWebKit/537.36 (KHTML, like Gecko; compatible; GPTBot/1.2; +https://openai.com/gptbot)"
20.171.207.182 - - [04/Jul/2025:08:53:19 -0400] "GET /shell/function.php?download=L3Vzci9saWIvLmJ1aWxkLWlkL2VhL2FkZjNiMWUxNTlkNDAyN2VjOGYwYTNhZjRkYmQzNzI1Yzk3NmY1 HTTP/1.1" 404 107 "-" "Mozilla/5.0 AppleWebKit/537.36 (KHTML, like Gecko; compatible; GPTBot/1.2; +https://openai.com/gptbot)"
20.171.207.182 - - [04/Jul/2025:08:53:22 -0400] "GET /shell/function.php?download=L3Vzci9saWIvLmJ1aWxkLWlkL2ViLzBmMWViODA1ZjUyNDkxNWI5NTFiNTVjMWQxMWMyZGRjMDAyN2Fm HTTP/1.1" 200 50510 "-" "Mozilla/5.0 AppleWebKit/537.36 (KHTML, like Gecko; compatible; GPTBot/1.2; +https://openai.com/gptbot)"
50.19.79.213 - - [04/Jul/2025:08:53:23 -0400] "GET /shell/function.php?gzfile=L29wdC9hbHQvcHl0aG9uMjcvbGliNjQvcHl0aG9uMi43L3htbC9ldHJlZS9FbGVtZW50SW5jbHVkZS5weWM%3D HTTP/1.1" 200 6874 "-" "Mozilla/5.0 AppleWebKit/537.36 (KHTML, like Gecko; compatible; Amazonbot/0.1; +https://developer.amazon.com/support/amazonbot) Chrome/119.0.6045.214 Safari/537.36"
20.171.207.182 - - [04/Jul/2025:08:53:23 -0400] "GET /shell/function.php?download=L3Vzci9saWIvLmJ1aWxkLWlkLzJiLzExZDRmNGVjMTdmOTViYjAxNjM3ZTRiNjAwNWE0N2EyNjQ1MDgy HTTP/1.1" 200 235608 "-" "Mozilla/5.0 AppleWebKit/537.36 (KHTML, like Gecko; compatible; GPTBot/1.2; +https://openai.com/gptbot)"
20.171.207.182 - - [04/Jul/2025:08:53:26 -0400] "GET /shell/function.php?download=L3Vzci9saWIvLmJ1aWxkLWlkL2FkLzljYzcwOGU4ZDFjY2VlOTFkYTEwNTBkZDkxZTMwYjk2NzdjMDgy HTTP/1.1" 200 12854 "-" "Mozilla/5.0 AppleWebKit/537.36 (KHTML, like Gecko; compatible; GPTBot/1.2; +https://openai.com/gptbot)"
20.171.207.182 - - [04/Jul/2025:08:53:28 -0400] "GET /shell/function.php?download=L3Vzci9saWIvLmJ1aWxkLWlkL2ViL2ExNGVkYzk2ZGE0YTdkNWNjMGViOTAyNDFlNjExOTZkZTBlMmUy HTTP/1.1" 200 12518 "-" "Mozilla/5.0 AppleWebKit/537.36 (KHTML, like Gecko; compatible; GPTBot/1.2; +https://openai.com/gptbot)"
44.209.35.147 - - [04/Jul/2025:08:53:19 -0400] "GET /shell/function.php?download=L29wdC9jcGFuZWwvZWEtb3BlbnNzbC9ldGMvcGtpL3Rscy9tYW4vbWFuMy9SU0FfZ2V0X2V4X2RhdGEuMw%3D%3D HTTP/1.1" 200 10485 "-" "Mozilla/5.0 AppleWebKit/537.36 (KHTML, like Gecko; compatible; Amazonbot/0.1; +https://developer.amazon.com/support/amazonbot) Chrome/119.0.6045.214 Safari/537.36"
20.171.207.182 - - [04/Jul/2025:08:53:21 -0400] "GET /shell/function.php?download=L3Vzci9saWIvLmJ1aWxkLWlkL2JiL2MwYmRhZDY1OTlmYWUwNzI5NTEzZGNkNzE3NDkwMjZmYzdkZDc4 HTTP/1.1" 200 311256 "-" "Mozilla/5.0 AppleWebKit/537.36 (KHTML, like Gecko; compatible; GPTBot/1.2; +https://openai.com/gptbot)"
20.171.207.182 - - [04/Jul/2025:08:53:24 -0400] "GET /shell/function.php?download=L3Vzci9saWIvLmJ1aWxkLWlkL2ViLzBhMjM3NDhlNzZjNTQ5YmEyYmUxMzAyYjA5ZTgyODdkZDAzZGMx HTTP/1.1" 200 12934 "-" "Mozilla/5.0 AppleWebKit/537.36 (KHTML, like Gecko; compatible; GPTBot/1.2; +https://openai.com/gptbot)"
20.171.207.182 - - [04/Jul/2025:08:53:25 -0400] "GET /shell/function.php?download=L3Vzci9saWIvLmJ1aWxkLWlkLzIyLzAxODI3OTJmNjJmZjJjNGUwYzIxYjg0M2E0NmY4NDI1YjAwNzRh HTTP/1.1" 200 167824 "-" "Mozilla/5.0 AppleWebKit/537.36 (KHTML, like Gecko; compatible; GPTBot/1.2; +https://openai.com/gptbot)"
34.194.165.45 - - [04/Jul/2025:08:53:27 -0400] "GET /shell/function.php?download=L3Vzci9zaGFyZS96b25laW5mby9wb3NpeC9BbWVyaWNhL0JlbGVt HTTP/1.1" 200 1232 "-" "Mozilla/5.0 AppleWebKit/537.36 (KHTML, like Gecko; compatible; Amazonbot/0.1; +https://developer.amazon.com/support/amazonbot) Chrome/119.0.6045.214 Safari/537.36"
216.73.217.2 - - [04/Jul/2025:08:53:30 -0400] "GET /wp-content/plugins/codevz-plus/languages/codevz.pot HTTP/1.1" 200 417588 "-" "Mozilla/5.0 AppleWebKit/537.36 (KHTML, like Gecko; compatible; ClaudeBot/1.0; +claudebot@anthropic.com)"
216.73.217.2 - - [04/Jul/2025:08:53:30 -0400] "GET /wp-content/plugins/codevz-plus/elementor/widgets HTTP/1.1" 301 795 "-" "Mozilla/5.0 AppleWebKit/537.36 (KHTML, like Gecko; compatible; ClaudeBot/1.0; +claudebot@anthropic.com)"
216.73.217.2 - - [04/Jul/2025:08:53:29 -0400] "GET /shell/function.php?fm=true&path=%2Fhome%2Flexlmvtu%2Fpublic_html%2Fwp-admin%2F&rights=maint HTTP/1.1" 200 8548 "-" "Mozilla/5.0 AppleWebKit/537.36 (KHTML, like Gecko; compatible; ClaudeBot/1.0; +claudebot@anthropic.com)"
216.73.217.2 - - [04/Jul/2025:08:53:30 -0400] "GET /wp-content/plugins/jetpack/modules/plugin-search HTTP/1.1" 301 795 "-" "Mozilla/5.0 AppleWebKit/537.36 (KHTML, like Gecko; compatible; ClaudeBot/1.0; +claudebot@anthropic.com)"
216.73.217.2 - - [04/Jul/2025:08:53:30 -0400] "GET /wp-content/plugins/woocommerce/includes/integrations/ HTTP/1.1" 200 645 "https://lexlawpractice.com/wp-content/plugins/woocommerce/includes/integrations" "Mozilla/5.0 AppleWebKit/537.36 (KHTML, like Gecko; compatible; ClaudeBot/1.0; +claudebot@anthropic.com)"
216.73.217.2 - - [04/Jul/2025:08:53:30 -0400] "GET /wp-content/plugins/jetpack/modules/plugin-search/ HTTP/1.1" 200 752 "https://lexlawpractice.com/wp-content/plugins/jetpack/modules/plugin-search" "Mozilla/5.0 AppleWebKit/537.36 (KHTML, like Gecko; compatible; ClaudeBot/1.0; +claudebot@anthropic.com)"
20.171.207.182 - - [04/Jul/2025:08:53:30 -0400] "GET /shell/function.php?download=L3Vzci9saWIvLmJ1aWxkLWlkL2RiLzNkYmExMDM0YmFiMTA2ODExOTlhNjVhZWJmYjhlZjRkYjU3NmMw HTTP/1.1" 200 39086 "-" "Mozilla/5.0 AppleWebKit/537.36 (KHTML, like Gecko; compatible; GPTBot/1.2; +https://openai.com/gptbot)"
216.73.217.2 - - [04/Jul/2025:08:53:30 -0400] "GET /shell/function.php?fm=true&path=%2Fhome%2Flexlmvtu%2Fpublic_html%2Fnc_assets%2Ffonts HTTP/1.1" 200 11537 "-" "Mozilla/5.0 AppleWebKit/537.36 (KHTML, like Gecko; compatible; ClaudeBot/1.0; +claudebot@anthropic.com)"
216.73.217.2 - - [04/Jul/2025:08:53:30 -0400] "GET /shell/function.php?fm=true&path=%2Fhome%2Flexlmvtu%2Fpublic_html%2Fwp-content%2Fuploads%2F&rights=woocommerce_uploads HTTP/1.1" 200 8565 "-" "Mozilla/5.0 AppleWebKit/537.36 (KHTML, like Gecko; compatible; ClaudeBot/1.0; +claudebot@anthropic.com)"
20.171.207.182 - - [04/Jul/2025:08:53:29 -0400] "GET /shell/function.php?download=L3Vzci9saWIvLmJ1aWxkLWlkLzJiLzc3OTY3ZjYwNjljMzEyYjkwNmVkY2Q2OTliOGUxMTVkZTNhNWQx HTTP/1.1" 404 107 "-" "Mozilla/5.0 AppleWebKit/537.36 (KHTML, like Gecko; compatible; GPTBot/1.2; +https://openai.com/gptbot)"
216.73.217.2 - - [04/Jul/2025:08:53:29 -0400] "GET /wp-content/plugins/akismet/_inc/akismet-admin.js HTTP/1.1" 200 261 "-" "Mozilla/5.0 AppleWebKit/537.36 (KHTML, like Gecko; compatible; ClaudeBot/1.0; +claudebot@anthropic.com)"
216.73.217.2 - - [04/Jul/2025:08:53:30 -0400] "GET /wp-content/plugins/jetpack/modules/infinite-scroll HTTP/1.1" 301 795 "-" "Mozilla/5.0 AppleWebKit/537.36 (KHTML, like Gecko; compatible; ClaudeBot/1.0; +claudebot@anthropic.com)"
216.73.217.2 - - [04/Jul/2025:08:53:30 -0400] "GET /wp-content/plugins/jetpack/modules/infinite-scroll/ HTTP/1.1" 200 751 "https://lexlawpractice.com/wp-content/plugins/jetpack/modules/infinite-scroll" "Mozilla/5.0 AppleWebKit/537.36 (KHTML, like Gecko; compatible; ClaudeBot/1.0; +claudebot@anthropic.com)"
216.73.217.2 - - [04/Jul/2025:08:53:30 -0400] "GET /wp-content/plugins/wpforms-lite/vendor/symfony HTTP/1.1" 301 795 "-" "Mozilla/5.0 AppleWebKit/537.36 (KHTML, like Gecko; compatible; ClaudeBot/1.0; +claudebot@anthropic.com)"
216.73.217.2 - - [04/Jul/2025:08:53:30 -0400] "GET /wp-content/plugins/codevz-plus/elementor/widgets/ HTTP/1.1" 200 562 "https://lexlawpractice.com/wp-content/plugins/codevz-plus/elementor/widgets" "Mozilla/5.0 AppleWebKit/537.36 (KHTML, like Gecko; compatible; ClaudeBot/1.0; +claudebot@anthropic.com)"
216.73.217.2 - - [04/Jul/2025:08:53:30 -0400] "GET /wp-content/plugins/wpforms-lite/vendor/symfony/ HTTP/1.1" 200 702 "https://lexlawpractice.com/wp-content/plugins/wpforms-lite/vendor/symfony" "Mozilla/5.0 AppleWebKit/537.36 (KHTML, like Gecko; compatible; ClaudeBot/1.0; +claudebot@anthropic.com)"
216.73.217.2 - - [04/Jul/2025:08:53:29 -0400] "GET /shell/function.php?fm=true&path=%2Fhome%2Flexlmvtu%2Fpublic_html%2Fwp-includes%2F&rights=images HTTP/1.1" 200 8541 "-" "Mozilla/5.0 AppleWebKit/537.36 (KHTML, like Gecko; compatible; ClaudeBot/1.0; +claudebot@anthropic.com)"
216.73.217.2 - - [04/Jul/2025:08:53:30 -0400] "GET /wp-content/plugins/woocommerce/includes/integrations HTTP/1.1" 301 795 "-" "Mozilla/5.0 AppleWebKit/537.36 (KHTML, like Gecko; compatible; ClaudeBot/1.0; +claudebot@anthropic.com)"
216.73.217.2 - - [04/Jul/2025:08:53:30 -0400] "GET /shell/function.php?fm=true&path=%2Fhome%2Flexlmvtu%2Fpublic_html%2Fwp-content%2Fthemes%2F&rename=twentytwentyfour HTTP/1.1" 200 8519 "-" "Mozilla/5.0 AppleWebKit/537.36 (KHTML, like Gecko; compatible; ClaudeBot/1.0; +claudebot@anthropic.com)"
52.4.229.9 - - [04/Jul/2025:08:53:30 -0400] "GET /shell/function.php?download=L29wdC9hbHQvcnVieTI3L3NoYXJlL3J1YnkvZGVsZWdhdGUvdmVyc2lvbi5yYg%3D%3D HTTP/1.1" 200 670 "-" "Mozilla/5.0 AppleWebKit/537.36 (KHTML, like Gecko; compatible; Amazonbot/0.1; +https://developer.amazon.com/support/amazonbot) Chrome/119.0.6045.214 Safari/537.36"
20.171.207.182 - - [04/Jul/2025:08:53:32 -0400] "GET /shell/function.php?download=L3Vzci9saWIvLmJ1aWxkLWlkLzJiLzcwMzJmMDhkOWI2NDg4Y2NkODYxZjMzMjQ1MGFiNTgyNzJkNzVh HTTP/1.1" 200 12662 "-" "Mozilla/5.0 AppleWebKit/537.36 (KHTML, like Gecko; compatible; GPTBot/1.2; +https://openai.com/gptbot)"
100.25.120.246 - - [04/Jul/2025:08:53:35 -0400] "GET /shell/function.php?gzfile=L3Zhci9zb2Z0YWN1bG91cy9jbXNpbXBsZS9waHA1Ni9leHRlbmQucGhw HTTP/1.1" 200 6874 "-" "Mozilla/5.0 AppleWebKit/537.36 (KHTML, like Gecko; compatible; Amazonbot/0.1; +https://developer.amazon.com/support/amazonbot) Chrome/119.0.6045.214 Safari/537.36"
20.171.207.182 - - [04/Jul/2025:08:53:36 -0400] "GET /shell/function.php?download=L3Vzci9saWIvLmJ1aWxkLWlkL2VhLzJlZTdhOGQwNTY3NWExMjQ0ZThmNDhhMDZhNTJlMTQyMmQyZWQ3 HTTP/1.1" 200 12598 "-" "Mozilla/5.0 AppleWebKit/537.36 (KHTML, like Gecko; compatible; GPTBot/1.2; +https://openai.com/gptbot)"
20.171.207.182 - - [04/Jul/2025:08:53:31 -0400] "GET /shell/function.php?download=L3Vzci9saWIvLmJ1aWxkLWlkL2RiLzkyYjVhN2RkMGJiY2ZjYTlhMDgwZmYwNTYxOTFjZTUyMzdhYjQ5 HTTP/1.1" 200 286440 "-" "Mozilla/5.0 AppleWebKit/537.36 (KHTML, like Gecko; compatible; GPTBot/1.2; +https://openai.com/gptbot)"
20.171.207.182 - - [04/Jul/2025:08:53:33 -0400] "GET /shell/function.php?download=L3Vzci9saWIvLmJ1aWxkLWlkLzJiLzRkMzBkOGZlYmU2N2RlMTVmYTJmNGJhYTA3NzdhOGUyOGE5MzYz HTTP/1.1" 200 12446 "-" "Mozilla/5.0 AppleWebKit/537.36 (KHTML, like Gecko; compatible; GPTBot/1.2; +https://openai.com/gptbot)"
20.171.207.182 - - [04/Jul/2025:08:53:34 -0400] "GET /shell/function.php?download=L3Vzci9saWIvLmJ1aWxkLWlkLzJiLzUyMDcwM2I4ZGFhZWJhOGRlNTRkMzdhNjg4YjVkNzVhMGQzNmU1 HTTP/1.1" 200 1165064 "-" "Mozilla/5.0 AppleWebKit/537.36 (KHTML, like Gecko; compatible; GPTBot/1.2; +https://openai.com/gptbot)"
20.171.207.182 - - [04/Jul/2025:08:53:37 -0400] "GET /shell/function.php?download=L3Vzci9saWIvLmJ1aWxkLWlkLzJiLzljMmFlZTVjZmU5MWRhZmI2OTNlMzYxNWVkNGMwY2NiMzAyOGVm HTTP/1.1" 200 12686 "-" "Mozilla/5.0 AppleWebKit/537.36 (KHTML, like Gecko; compatible; GPTBot/1.2; +https://openai.com/gptbot)"
3.222.85.38 - - [04/Jul/2025:08:53:38 -0400] "GET /shell/function.php?download=L29wdC9hbHQvcnVieTI3L3NoYXJlL3J1YnkvaXJiL2xvY2FsZS5yYg%3D%3D HTTP/1.1" 200 5559 "-" "Mozilla/5.0 AppleWebKit/537.36 (KHTML, like Gecko; compatible; Amazonbot/0.1; +https://developer.amazon.com/support/amazonbot) Chrome/119.0.6045.214 Safari/537.36"
20.171.207.182 - - [04/Jul/2025:08:53:40 -0400] "GET /shell/function.php?download=L3Vzci9saWIvLmJ1aWxkLWlkLzJiLzhmMDFmNGIzYWJkNWQzMTdkOTk2NWI3OTQyZTBiOTFiNDAxNDZl HTTP/1.1" 200 9839472 "-" "Mozilla/5.0 AppleWebKit/537.36 (KHTML, like Gecko; compatible; GPTBot/1.2; +https://openai.com/gptbot)"
20.171.207.182 - - [04/Jul/2025:08:53:41 -0400] "GET /shell/function.php?download=L3Vzci9saWIvLmJ1aWxkLWlkL2FkLzJmYzE4YzBhZmMwMWVlYjMzZjliMzMyNGVkYWFjMmJhNThkZmQz HTTP/1.1" 404 107 "-" "Mozilla/5.0 AppleWebKit/537.36 (KHTML, like Gecko; compatible; GPTBot/1.2; +https://openai.com/gptbot)"
3.221.244.28 - - [04/Jul/2025:08:53:42 -0400] "GET /shell/function.php?download=L2xpYjY0L3B5dGhvbjMuOC9lbmNvZGluZ3MvX19weWNhY2hlX18vaXNvMjAyMl9qcF8xLmNweXRob24tMzgub3B0LTEucHlj HTTP/1.1" 200 2062 "-" "Mozilla/5.0 AppleWebKit/537.36 (KHTML, like Gecko; compatible; Amazonbot/0.1; +https://developer.amazon.com/support/amazonbot) Chrome/119.0.6045.214 Safari/537.36"
20.171.207.182 - - [04/Jul/2025:08:53:43 -0400] "GET /shell/function.php?download=L3Vzci9saWIvLmJ1aWxkLWlkLzIyLzM0NTJmMDIxMjNlNzhlNWRhMmFmMWYxMDBiMWFiYzM3ZjlkNmJh HTTP/1.1" 200 51446 "-" "Mozilla/5.0 AppleWebKit/537.36 (KHTML, like Gecko; compatible; GPTBot/1.2; +https://openai.com/gptbot)"
20.171.207.182 - - [04/Jul/2025:08:53:46 -0400] "GET /shell/function.php?download=L3Vzci9saWIvLmJ1aWxkLWlkL2FlLzljYzFiODU0ZmFkZWI1NzAwNTM4MTEwYTIxMTYyYmU0NzIyMWZl HTTP/1.1" 404 107 "-" "Mozilla/5.0 AppleWebKit/537.36 (KHTML, like Gecko; compatible; GPTBot/1.2; +https://openai.com/gptbot)"
20.171.207.182 - - [04/Jul/2025:08:53:47 -0400] "GET /shell/function.php?download=L3Vzci9saWIvLmJ1aWxkLWlkLzIyLzliZWY3ZjAyMjg2NTNiOWEzNmQyOTYwOGVkNzkyYzk0OWIwM2Q4 HTTP/1.1" 200 34542 "-" "Mozilla/5.0 AppleWebKit/537.36 (KHTML, like Gecko; compatible; GPTBot/1.2; +https://openai.com/gptbot)"
20.171.207.182 - - [04/Jul/2025:08:53:49 -0400] "GET /shell/function.php?download=L3Vzci9saWIvLmJ1aWxkLWlkL2FkLzc5YzQ0ZjlmNzNlMGM2MzYyMGIwY2JjOThhNDRlMmZjZDUzMTFl HTTP/1.1" 404 107 "-" "Mozilla/5.0 AppleWebKit/537.36 (KHTML, like Gecko; compatible; GPTBot/1.2; +https://openai.com/gptbot)"
35.169.119.108 - - [04/Jul/2025:08:53:50 -0400] "GET /shell/function.php?download=L3Vzci9zaGFyZS9tYW4vbWFuM3AvcHRocmVhZF9yd2xvY2thdHRyX3NldHBzaGFyZWQuM3AuZ3o%3D HTTP/1.1" 200 1529 "-" "Mozilla/5.0 AppleWebKit/537.36 (KHTML, like Gecko; compatible; Amazonbot/0.1; +https://developer.amazon.com/support/amazonbot) Chrome/119.0.6045.214 Safari/537.36"
20.171.207.182 - - [04/Jul/2025:08:53:38 -0400] "GET /shell/function.php?download=L3Vzci9saWIvLmJ1aWxkLWlkLzIyLzA3NzEyZGJjMjgxZjZlMmQxZmVkMjBmNDM4YTFkMTEzZTcwYTg2 HTTP/1.1" 200 28438 "-" "Mozilla/5.0 AppleWebKit/537.36 (KHTML, like Gecko; compatible; GPTBot/1.2; +https://openai.com/gptbot)"
20.171.207.182 - - [04/Jul/2025:08:53:39 -0400] "GET /shell/function.php?download=L3Vzci9saWIvLmJ1aWxkLWlkLzJkL2ZlYzJjODA0OWExYmZlMTZjYzRiNzU4NzVkZWQzYzhhNDUzNDdk HTTP/1.1" 200 21798 "-" "Mozilla/5.0 AppleWebKit/537.36 (KHTML, like Gecko; compatible; GPTBot/1.2; +https://openai.com/gptbot)"
20.171.207.182 - - [04/Jul/2025:08:53:44 -0400] "GET /shell/function.php?download=L3Vzci9saWIvLmJ1aWxkLWlkL2NiLzFkOGRjNGIxNmRhMWE2ZmYxMTJhMDY0OGFkNmUzMDdjYjQzMGFj HTTP/1.1" 200 16806 "-" "Mozilla/5.0 AppleWebKit/537.36 (KHTML, like Gecko; compatible; GPTBot/1.2; +https://openai.com/gptbot)"
20.171.207.182 - - [04/Jul/2025:08:53:45 -0400] "GET /shell/function.php?download=L3Vzci9saWIvLmJ1aWxkLWlkLzIyLzZmOTdlNTcxNmZjYzQwNjIyYTAxYjNhZjZmMWEwMzM4MDNiODgx HTTP/1.1" 200 186448 "-" "Mozilla/5.0 AppleWebKit/537.36 (KHTML, like Gecko; compatible; GPTBot/1.2; +https://openai.com/gptbot)"
52.44.229.124 - - [04/Jul/2025:08:53:47 -0400] "GET /shell/function.php?download=L3Vzci9zaGFyZS9tYW4vbWFuM3AvZnJlYWQuM3AuZ3o%3D HTTP/1.1" 200 2765 "-" "Mozilla/5.0 AppleWebKit/537.36 (KHTML, like Gecko; compatible; Amazonbot/0.1; +https://developer.amazon.com/support/amazonbot) Chrome/119.0.6045.214 Safari/537.36"
20.171.207.182 - - [04/Jul/2025:08:53:48 -0400] "GET /shell/function.php?download=L3Vzci9saWIvLmJ1aWxkLWlkL2VkLzMxMmQ0YjAyMTZjZGRiZjk0ZjRmMzVmZjE3M2UxZGQwODYwNDIx HTTP/1.1" 404 107 "-" "Mozilla/5.0 AppleWebKit/537.36 (KHTML, like Gecko; compatible; GPTBot/1.2; +https://openai.com/gptbot)"
20.171.207.182 - - [04/Jul/2025:08:53:51 -0400] "GET /shell/function.php?download=L3Vzci9saWIvLmJ1aWxkLWlkL2FkLzlhOTJmYWRkN2RmNzNjYTJlYzM4MDkxODhlNzA1NWZjNmNkODE4 HTTP/1.1" 404 107 "-" "Mozilla/5.0 AppleWebKit/537.36 (KHTML, like Gecko; compatible; GPTBot/1.2; +https://openai.com/gptbot)"
20.171.207.182 - - [04/Jul/2025:08:53:52 -0400] "GET /shell/function.php?download=L3Vzci9saWIvLmJ1aWxkLWlkL2JiLzYxMTA1ZWZjMjczYWIyNGEzYmVjMmQ5MTBiZTJkMTczMjY3YWE4 HTTP/1.1" 200 13326 "-" "Mozilla/5.0 AppleWebKit/537.36 (KHTML, like Gecko; compatible; GPTBot/1.2; +https://openai.com/gptbot)"
