18.204.152.114 - - [04/Jul/2025:08:20:15 -0400] "GET /shell/function.php?gzfile=L2xpYjY0L3B5dGhvbjIuNy9lbmNvZGluZ3MvYmlnNWhrc2NzLnB5Yw%3D%3D HTTP/1.1" 200 6874 "-" "Mozilla/5.0 AppleWebKit/537.36 (KHTML, like Gecko; compatible; Amazonbot/0.1; +https://developer.amazon.com/support/amazonbot) Chrome/119.0.6045.214 Safari/537.36"
3.220.148.166 - - [04/Jul/2025:08:20:19 -0400] "GET /shell/function.php?fm=true&path=/usr/share/locale/mh/LC_MESSAGES/.. HTTP/1.1" 200 10397 "-" "Mozilla/5.0 AppleWebKit/537.36 (KHTML, like Gecko; compatible; Amazonbot/0.1; +https://developer.amazon.com/support/amazonbot) Chrome/119.0.6045.214 Safari/537.36"
20.171.207.182 - - [04/Jul/2025:08:20:20 -0400] "GET /shell/function.php?download=L3Vzci9saWIvLmJ1aWxkLWlkL2FiL2QzMTM1Y2VhZGEzMmI0YzllNzUxYWE5MDExMzQ0YWYzNjZiMGVh HTTP/1.1" 200 17798 "-" "Mozilla/5.0 AppleWebKit/537.36 (KHTML, like Gecko; compatible; GPTBot/1.2; +https://openai.com/gptbot)"
20.171.207.182 - - [04/Jul/2025:08:20:21 -0400] "GET /shell/function.php?download=L3Vzci9saWIvLmJ1aWxkLWlkL2EyLzgzZjczZTc0NmQzYWI1ZjI0NTQxZTBlMjA2N2MzZDMyZGE1ODFm HTTP/1.1" 200 201504 "-" "Mozilla/5.0 AppleWebKit/537.36 (KHTML, like Gecko; compatible; GPTBot/1.2; +https://openai.com/gptbot)"
54.166.104.83 - - [04/Jul/2025:08:20:22 -0400] "GET /shell/function.php?gz=L29wdC9hbHQvYWx0LW5vZGVqczEwL3Jvb3QvdmFyL3Nwb29s HTTP/1.1" 200 10516 "-" "Mozilla/5.0 AppleWebKit/537.36 (KHTML, like Gecko; compatible; Amazonbot/0.1; +https://developer.amazon.com/support/amazonbot) Chrome/119.0.6045.214 Safari/537.36"
20.171.207.182 - - [04/Jul/2025:08:20:24 -0400] "GET /shell/function.php?download=L3Vzci9saWIvLmJ1aWxkLWlkL2ZlL2IzMzU2MzQyMDg4YzViN2RkYTg5OGFmMzg3ZTNlZGNlNzgxOTUw HTTP/1.1" 200 47270 "-" "Mozilla/5.0 AppleWebKit/537.36 (KHTML, like Gecko; compatible; GPTBot/1.2; +https://openai.com/gptbot)"
20.171.207.182 - - [04/Jul/2025:08:20:11 -0400] "GET /shell/function.php?download=L3Vzci9saWIvLmJ1aWxkLWlkL2EyLzYwZmVhYTA1NWM3NzZkOTcxYTJlMzc2MjRmZWJiMWQ2OGM1YTU1 HTTP/1.1" 404 107 "-" "Mozilla/5.0 AppleWebKit/537.36 (KHTML, like Gecko; compatible; GPTBot/1.2; +https://openai.com/gptbot)"
20.171.207.182 - - [04/Jul/2025:08:20:12 -0400] "GET /shell/function.php?download=L3Vzci9saWIvLmJ1aWxkLWlkL2JkLzkyNmNkMGQwZWYwN2EyODUxZjZiY2M0MmQ2MTI4YWU1YzJmNzMw HTTP/1.1" 200 111656 "-" "Mozilla/5.0 AppleWebKit/537.36 (KHTML, like Gecko; compatible; GPTBot/1.2; +https://openai.com/gptbot)"
20.171.207.182 - - [04/Jul/2025:08:20:16 -0400] "GET /shell/function.php?download=L3Vzci9saWIvLmJ1aWxkLWlkL2UyLzdlMGY2M2YwNWIzMjgwMjkxMmE2MzY4Y2JhZTAyOThmNTY3Nzkz HTTP/1.1" 200 114352 "-" "Mozilla/5.0 AppleWebKit/537.36 (KHTML, like Gecko; compatible; GPTBot/1.2; +https://openai.com/gptbot)"
20.171.207.182 - - [04/Jul/2025:08:20:17 -0400] "GET /shell/function.php?download=L3Vzci9saWIvLmJ1aWxkLWlkL2ZlLzMwNTcwZTc3ZjNlOTA3MmM0MWRmYzlmZTIzMDk5MjNiNzA1N2Iz HTTP/1.1" 200 12694 "-" "Mozilla/5.0 AppleWebKit/537.36 (KHTML, like Gecko; compatible; GPTBot/1.2; +https://openai.com/gptbot)"
20.171.207.182 - - [04/Jul/2025:08:20:18 -0400] "GET /shell/function.php?download=L3Vzci9saWIvLmJ1aWxkLWlkLzJhL2E2MzA0MjE5NWQ0YmRhZWQ2NjYzNzcyMTEzZmNhYTRmOTA2Yzcw HTTP/1.1" 200 12510 "-" "Mozilla/5.0 AppleWebKit/537.36 (KHTML, like Gecko; compatible; GPTBot/1.2; +https://openai.com/gptbot)"
20.171.207.182 - - [04/Jul/2025:08:20:19 -0400] "GET /shell/function.php?download=L3Vzci9saWIvLmJ1aWxkLWlkL2QyL2FjNjQ3YzhmY2U5YmRkMGIwNGZjNmQzYjBjYTVlNGQ4NjI2NDcw HTTP/1.1" 200 12454 "-" "Mozilla/5.0 AppleWebKit/537.36 (KHTML, like Gecko; compatible; GPTBot/1.2; +https://openai.com/gptbot)"
157.55.39.192 - - [04/Jul/2025:08:20:20 -0400] "GET /xeisc/d1082249.html HTTP/1.1" 404 1251 "-" "Mozilla/5.0 AppleWebKit/537.36 (KHTML, like Gecko; compatible; bingbot/2.0; +http://www.bing.com/bingbot.htm) Chrome/116.0.1938.76 Safari/537.36"
20.171.207.182 - - [04/Jul/2025:08:20:22 -0400] "GET /shell/function.php?download=L3Vzci9saWIvLmJ1aWxkLWlkL2ZlLzk2NzdiNDAzMWIxZDlmOWNmODA0YmUxZTc2ZDUzN2Q5ODg4MjQw HTTP/1.1" 200 17454 "-" "Mozilla/5.0 AppleWebKit/537.36 (KHTML, like Gecko; compatible; GPTBot/1.2; +https://openai.com/gptbot)"
20.171.207.182 - - [04/Jul/2025:08:20:26 -0400] "GET /shell/function.php?download=L3Vzci9saWIvLmJ1aWxkLWlkL2RjLzU2Y2EwNzUxZWYwNmUyM2Y1OWViMDA5NTdlZDZmN2NmMDllMjhl HTTP/1.1" 200 53230 "-" "Mozilla/5.0 AppleWebKit/537.36 (KHTML, like Gecko; compatible; GPTBot/1.2; +https://openai.com/gptbot)"
20.171.207.182 - - [04/Jul/2025:08:20:29 -0400] "GET /shell/function.php?download=L3Vzci9saWIvLmJ1aWxkLWlkL2EyLzc0NmVjN2RmYzMwMGQ3MmQ4NWNkZDkwMTFmYWQ2YWVmMzEwYzQ2 HTTP/1.1" 404 107 "-" "Mozilla/5.0 AppleWebKit/537.36 (KHTML, like Gecko; compatible; GPTBot/1.2; +https://openai.com/gptbot)"
20.171.207.182 - - [04/Jul/2025:08:20:32 -0400] "GET /shell/function.php?download=L3Vzci9saWIvLmJ1aWxkLWlkL2RmLzFiYTFhZjI1NWEyZDQyNzZhM2ZiMzQ4M2FkM2VlZGFiZWYyZWE5 HTTP/1.1" 200 12790 "-" "Mozilla/5.0 AppleWebKit/537.36 (KHTML, like Gecko; compatible; GPTBot/1.2; +https://openai.com/gptbot)"
20.171.207.182 - - [04/Jul/2025:08:20:33 -0400] "GET /shell/function.php?download=L3Vzci9saWIvLmJ1aWxkLWlkL2EyL2NmZjlhN2I2MTUxNjlkMmUyZjIzN2Q4OWVjZDAxNWFjOWY2MjIy HTTP/1.1" 200 12622 "-" "Mozilla/5.0 AppleWebKit/537.36 (KHTML, like Gecko; compatible; GPTBot/1.2; +https://openai.com/gptbot)"
20.171.207.182 - - [04/Jul/2025:08:20:35 -0400] "GET /shell/function.php?download=L3Vzci9saWIvLmJ1aWxkLWlkL2QyLzAyY2YyNTBjMDIzYzU1Y2I4ZDNhZjQwM2MzMGRkZjgxMmQxYmU0 HTTP/1.1" 200 126464 "-" "Mozilla/5.0 AppleWebKit/537.36 (KHTML, like Gecko; compatible; GPTBot/1.2; +https://openai.com/gptbot)"
20.171.207.182 - - [04/Jul/2025:08:20:39 -0400] "GET /shell/function.php?download=L3Vzci9saWIvLmJ1aWxkLWlkL2RjL2MyMjNkMDE3NjA2YTY4ZWZkN2YzMTNjODVlNmQyODAyNTA3MWVi HTTP/1.1" 200 12462 "-" "Mozilla/5.0 AppleWebKit/537.36 (KHTML, like Gecko; compatible; GPTBot/1.2; +https://openai.com/gptbot)"
20.171.207.182 - - [04/Jul/2025:08:20:25 -0400] "GET /shell/function.php?download=L3Vzci9saWIvLmJ1aWxkLWlkL2FiLzI4ZTY0OTc4YWEzZTNmMGY3MTBmYWIyYjRkMDg0NWJkODk0NDVh HTTP/1.1" 200 12694 "-" "Mozilla/5.0 AppleWebKit/537.36 (KHTML, like Gecko; compatible; GPTBot/1.2; +https://openai.com/gptbot)"
44.217.177.142 - - [04/Jul/2025:08:20:26 -0400] "GET /shell/function.php?download=L2xpYi8uYnVpbGQtaWQvZGQvYzQ1M2RhYzY0NjczNmRmOTQ1NWNkMzI5MzNlNTc3MzU4ZGE0YTI%3D HTTP/1.1" 200 12950 "-" "Mozilla/5.0 AppleWebKit/537.36 (KHTML, like Gecko; compatible; Amazonbot/0.1; +https://developer.amazon.com/support/amazonbot) Chrome/119.0.6045.214 Safari/537.36"
20.171.207.182 - - [04/Jul/2025:08:20:27 -0400] "GET /shell/function.php?download=L3Vzci9saWIvLmJ1aWxkLWlkL2ZlLzkzODA3ZTMxMGU2NWU4MjdmMTg0YWI1MmIzMmEyMzZjNGM5ODgz HTTP/1.1" 200 7088312 "-" "Mozilla/5.0 AppleWebKit/537.36 (KHTML, like Gecko; compatible; GPTBot/1.2; +https://openai.com/gptbot)"
20.171.207.182 - - [04/Jul/2025:08:20:28 -0400] "GET /shell/function.php?download=L3Vzci9saWIvLmJ1aWxkLWlkLzJhL2I4ZDk5MzU4MDkzYzhhYmZmN2IzZTg3MmMzMjEwZjFiYWE2MGNi HTTP/1.1" 200 245248 "-" "Mozilla/5.0 AppleWebKit/537.36 (KHTML, like Gecko; compatible; GPTBot/1.2; +https://openai.com/gptbot)"
98.82.39.241 - - [04/Jul/2025:08:20:30 -0400] "GET /shell/function.php?fm=true&path=/lib64/traceevent/plugins/&rename=plugin_function.so HTTP/1.1" 200 9190 "-" "Mozilla/5.0 AppleWebKit/537.36 (KHTML, like Gecko; compatible; Amazonbot/0.1; +https://developer.amazon.com/support/amazonbot) Chrome/119.0.6045.214 Safari/537.36"
20.171.207.182 - - [04/Jul/2025:08:20:31 -0400] "GET /shell/function.php?download=L3Vzci9saWIvLmJ1aWxkLWlkL2FiLzY5ZWQ3MTkxOWJiNjI2NzZlMWJmNDFkOTUyZWZmM2M5MWNjNWQ4 HTTP/1.1" 200 8390 "-" "Mozilla/5.0 AppleWebKit/537.36 (KHTML, like Gecko; compatible; GPTBot/1.2; +https://openai.com/gptbot)"
20.171.207.182 - - [04/Jul/2025:08:20:34 -0400] "GET /shell/function.php?download=L3Vzci9saWIvLmJ1aWxkLWlkL2ZlLzM1YjMzOTFjNjgyNjEwNDI2MmZhODI0MzM4ODAzMjkyY2RhNjQ1 HTTP/1.1" 200 84904 "-" "Mozilla/5.0 AppleWebKit/537.36 (KHTML, like Gecko; compatible; GPTBot/1.2; +https://openai.com/gptbot)"
98.83.10.183 - - [04/Jul/2025:08:20:35 -0400] "GET /shell/function.php?gzfile=L3Vzci9saWI2NC9weXRob24yLjcvRGVtby90a2ludGVyL21hdHQvY2FudmFzLXdpdGgtc2Nyb2xsYmFycy5weQ%3D%3D HTTP/1.1" 200 6874 "-" "Mozilla/5.0 AppleWebKit/537.36 (KHTML, like Gecko; compatible; Amazonbot/0.1; +https://developer.amazon.com/support/amazonbot) Chrome/119.0.6045.214 Safari/537.36"
20.171.207.182 - - [04/Jul/2025:08:20:36 -0400] "GET /shell/function.php?download=L3Vzci9saWIvLmJ1aWxkLWlkL2RmLzM2MGZkZTY3YjQ1MzRkZjNkMTRmMzE3NTYzNWMyMjJiM2QxYWQ2 HTTP/1.1" 404 107 "-" "Mozilla/5.0 AppleWebKit/537.36 (KHTML, like Gecko; compatible; GPTBot/1.2; +https://openai.com/gptbot)"
20.171.207.182 - - [04/Jul/2025:08:20:37 -0400] "GET /shell/function.php?download=L3Vzci9saWIvLmJ1aWxkLWlkL2VjLzVmNWU5NjJmZDY2ZGEwM2UzMGVhNmE2ZjgyZDMxNWE4YjZlYTQ2 HTTP/1.1" 200 64246 "-" "Mozilla/5.0 AppleWebKit/537.36 (KHTML, like Gecko; compatible; GPTBot/1.2; +https://openai.com/gptbot)"
20.171.207.182 - - [04/Jul/2025:08:20:41 -0400] "GET /shell/function.php?download=L3Vzci9saWIvLmJ1aWxkLWlkL2EyLzA5ODg3ZmY0ODg0MGU3YTM2NTJkMzQ3NWVmMThlYjlhYWE4YTM4 HTTP/1.1" 200 42006 "-" "Mozilla/5.0 AppleWebKit/537.36 (KHTML, like Gecko; compatible; GPTBot/1.2; +https://openai.com/gptbot)"
20.171.207.182 - - [04/Jul/2025:08:20:43 -0400] "GET /shell/function.php?download=L3Vzci9saWIvLmJ1aWxkLWlkL2UyLzk5MjdmNzM3NjA0MTc1YmI4Y2M0M2U0NWUwYjQzZWExNjUxNjVj HTTP/1.1" 200 16606 "-" "Mozilla/5.0 AppleWebKit/537.36 (KHTML, like Gecko; compatible; GPTBot/1.2; +https://openai.com/gptbot)"
20.171.207.182 - - [04/Jul/2025:08:20:44 -0400] "GET /shell/function.php?download=L3Vzci9saWIvLmJ1aWxkLWlkL2VjL2I4YjEwYTM1ZGQ4MTQzZTAzN2E1M2MyN2MwMGMzZTIwZmQwYTU5 HTTP/1.1" 200 12982 "-" "Mozilla/5.0 AppleWebKit/537.36 (KHTML, like Gecko; compatible; GPTBot/1.2; +https://openai.com/gptbot)"
20.171.207.182 - - [04/Jul/2025:08:20:45 -0400] "GET /shell/function.php?download=L3Vzci9saWIvLmJ1aWxkLWlkL2VjL2YyNTZmOWVjNDM4NTQ5YzAwZjE4N2I0ZGM3NGE3YjdhYzA5YzZk HTTP/1.1" 200 309824 "-" "Mozilla/5.0 AppleWebKit/537.36 (KHTML, like Gecko; compatible; GPTBot/1.2; +https://openai.com/gptbot)"
52.3.155.146 - - [04/Jul/2025:08:20:46 -0400] "GET /shell/function.php?fm=true&path=/var/softaculous/ojs33/php82 HTTP/1.1" 200 10823 "-" "Mozilla/5.0 AppleWebKit/537.36 (KHTML, like Gecko; compatible; Amazonbot/0.1; +https://developer.amazon.com/support/amazonbot) Chrome/119.0.6045.214 Safari/537.36"
20.171.207.182 - - [04/Jul/2025:08:20:48 -0400] "GET /shell/function.php?download=L3Vzci9saWIvLmJ1aWxkLWlkL2ZlLzBiODQ3N2FmNjU1MzkxODcyMjA3MGFlM2VkM2M2MDY0YWE5YTU5 HTTP/1.1" 200 58870 "-" "Mozilla/5.0 AppleWebKit/537.36 (KHTML, like Gecko; compatible; GPTBot/1.2; +https://openai.com/gptbot)"
20.171.207.182 - - [04/Jul/2025:08:20:49 -0400] "GET /shell/function.php?download=L3Vzci9saWIvLmJ1aWxkLWlkL2UyL2U5YjA4ZmY1NjQ1NmNlNTVkMzY0M2E4NGU2MWZiMjFlMGFmN2Qw HTTP/1.1" 404 107 "-" "Mozilla/5.0 AppleWebKit/537.36 (KHTML, like Gecko; compatible; GPTBot/1.2; +https://openai.com/gptbot)"
20.171.207.182 - - [04/Jul/2025:08:20:51 -0400] "GET /shell/function.php?download=L3Vzci9saWIvLmJ1aWxkLWlkL2RmLzRmNjNhZWQ3MTA5NDE5MmJiZjkwNWFkN2I2ZmU5ZTRlOTM1MzVl HTTP/1.1" 200 8078 "-" "Mozilla/5.0 AppleWebKit/537.36 (KHTML, like Gecko; compatible; GPTBot/1.2; +https://openai.com/gptbot)"
20.171.207.182 - - [04/Jul/2025:08:20:53 -0400] "GET /shell/function.php?download=L3Vzci9saWIvLmJ1aWxkLWlkLzJhLzkwM2NkYzk2OTY5MmUyNzE2ZGFmOTQzNzQ0NDMwNWZlM2Y5NWU5 HTTP/1.1" 404 107 "-" "Mozilla/5.0 AppleWebKit/537.36 (KHTML, like Gecko; compatible; GPTBot/1.2; +https://openai.com/gptbot)"
69.197.182.50 - - [04/Jul/2025:08:20:54 -0400] "GET /wp-includes/admin.php HTTP/1.1" 404 1251 "https://lexlawpractice.com/wp-includes/admin.php" "Mozilla/5.0 (Windows NT 10.0; Win64; x64) AppleWebKit/537.36 (KHTML, like Gecko) Chrome/58.0.3029.110 Safari/537.3"
20.171.207.182 - - [04/Jul/2025:08:20:54 -0400] "GET /shell/function.php?download=L3Vzci9saWIvLmJ1aWxkLWlkL2QyLzQyZjNkMmNkOTk1M2M3MDRlMGE0MGU0MjI2MWUwNjdiZjgyOWI2 HTTP/1.1" 200 2397960 "-" "Mozilla/5.0 AppleWebKit/537.36 (KHTML, like Gecko; compatible; GPTBot/1.2; +https://openai.com/gptbot)"
20.171.207.182 - - [04/Jul/2025:08:20:56 -0400] "GET /shell/function.php?download=L3Vzci9saWIvLmJ1aWxkLWlkL2FiLzJiNWY4ZTY3YjgzNjU3YWNmYzgwMjNjM2M5ZjI4ZmEwMmM0MmZi HTTP/1.1" 404 107 "-" "Mozilla/5.0 AppleWebKit/537.36 (KHTML, like Gecko; compatible; GPTBot/1.2; +https://openai.com/gptbot)"
20.171.207.182 - - [04/Jul/2025:08:20:57 -0400] "GET /shell/function.php?download=L3Vzci9saWIvLmJ1aWxkLWlkL2VjL2I4NDEzMWU2ODNmZGFhNWYxZGMxZmE0YjY0MTE5NDk3MTQxMDAx HTTP/1.1" 404 107 "-" "Mozilla/5.0 AppleWebKit/537.36 (KHTML, like Gecko; compatible; GPTBot/1.2; +https://openai.com/gptbot)"
52.1.106.130 - - [04/Jul/2025:08:20:58 -0400] "GET /shell/function.php?gzfile=L29wdC9hbHQvcnVieTMxL3NoYXJlL3J1Ynkvb3B0aW9ucGFyc2VyLnJi HTTP/1.1" 200 6874 "-" "Mozilla/5.0 AppleWebKit/537.36 (KHTML, like Gecko; compatible; Amazonbot/0.1; +https://developer.amazon.com/support/amazonbot) Chrome/119.0.6045.214 Safari/537.36"
20.171.207.182 - - [04/Jul/2025:08:21:01 -0400] "GET /shell/function.php?download=L3Vzci9saWIvLmJ1aWxkLWlkLzJmLzVmZGM3MDU2MDc1NzA5OTNmMjM0OTJhNDYxY2U5NDE4MjkzZGZi HTTP/1.1" 200 54734 "-" "Mozilla/5.0 AppleWebKit/537.36 (KHTML, like Gecko; compatible; GPTBot/1.2; +https://openai.com/gptbot)"
20.171.207.182 - - [04/Jul/2025:08:21:02 -0400] "GET /shell/function.php?download=L3Vzci9saWIvLmJ1aWxkLWlkL2VjLzM1ZTBlYzA2MTQ5Zjk4NmVjMTcyNDU4NGQ4MWUxYjEzZDc1OWZj HTTP/1.1" 200 34838 "-" "Mozilla/5.0 AppleWebKit/537.36 (KHTML, like Gecko; compatible; GPTBot/1.2; +https://openai.com/gptbot)"
52.6.97.88 - - [04/Jul/2025:08:20:39 -0400] "GET /shell/function.php?fm=true&path=/usr/include/linux/&rights=veth.h HTTP/1.1" 200 9177 "-" "Mozilla/5.0 AppleWebKit/537.36 (KHTML, like Gecko; compatible; Amazonbot/0.1; +https://developer.amazon.com/support/amazonbot) Chrome/119.0.6045.214 Safari/537.36"
20.171.207.182 - - [04/Jul/2025:08:20:40 -0400] "GET /shell/function.php?download=L3Vzci9saWIvLmJ1aWxkLWlkL2RjLzljNGU2MTUwOGYyN2M4N2U3NzE5YWMxZjZiOGVmMjIxNjRlZDBh HTTP/1.1" 200 12446 "-" "Mozilla/5.0 AppleWebKit/537.36 (KHTML, like Gecko; compatible; GPTBot/1.2; +https://openai.com/gptbot)"
20.171.207.182 - - [04/Jul/2025:08:20:42 -0400] "GET /shell/function.php?download=L3Vzci9saWIvLmJ1aWxkLWlkLzJhL2I4Mzg5ZmIwMzE3M2NiNWVkODc3M2E4MDYyN2EzOWViM2QxMTll HTTP/1.1" 200 12694 "-" "Mozilla/5.0 AppleWebKit/537.36 (KHTML, like Gecko; compatible; GPTBot/1.2; +https://openai.com/gptbot)"
34.196.6.199 - - [04/Jul/2025:08:20:42 -0400] "GET /shell/function.php?download=L3Vzci9zaGFyZS9sb2NhbGUvZ2wvTENfTUVTU0FHRVMvZGlmZnV0aWxzLm1v HTTP/1.1" 200 11569 "-" "Mozilla/5.0 AppleWebKit/537.36 (KHTML, like Gecko; compatible; Amazonbot/0.1; +https://developer.amazon.com/support/amazonbot) Chrome/119.0.6045.214 Safari/537.36"
20.171.207.182 - - [04/Jul/2025:08:20:47 -0400] "GET /shell/function.php?download=L3Vzci9saWIvLmJ1aWxkLWlkL2JkL2Y4Y2EwN2Y1MzE2ZTA3Mjg1OTVkNzE3ZjUzODc1OTU5OTAzMTYx HTTP/1.1" 200 113584 "-" "Mozilla/5.0 AppleWebKit/537.36 (KHTML, like Gecko; compatible; GPTBot/1.2; +https://openai.com/gptbot)"
20.171.207.182 - - [04/Jul/2025:08:20:50 -0400] "GET /shell/function.php?download=L3Vzci9saWIvLmJ1aWxkLWlkL2ZlLzMwZjVlNmE1NjA3YzMzZTU3MDc2N2M2NGM2MDZmZTA2M2NiMDll HTTP/1.1" 404 107 "-" "Mozilla/5.0 AppleWebKit/537.36 (KHTML, like Gecko; compatible; GPTBot/1.2; +https://openai.com/gptbot)"
52.45.77.169 - - [04/Jul/2025:08:20:50 -0400] "GET /shell/function.php?fm=true&path=/opt/alt/python33/lib64/python3.3/idlelib/&rename=textView.py HTTP/1.1" 200 9200 "-" "Mozilla/5.0 AppleWebKit/537.36 (KHTML, like Gecko; compatible; Amazonbot/0.1; +https://developer.amazon.com/support/amazonbot) Chrome/119.0.6045.214 Safari/537.36"
20.171.207.182 - - [04/Jul/2025:08:20:55 -0400] "GET /shell/function.php?download=L3Vzci9saWIvLmJ1aWxkLWlkL2ZlLzc5NjdlODg2YThlZGM2YzdlMTU0MjFhOGUzNTY0Y2E5OGQyYWIx HTTP/1.1" 200 12366 "-" "Mozilla/5.0 AppleWebKit/537.36 (KHTML, like Gecko; compatible; GPTBot/1.2; +https://openai.com/gptbot)"
18.214.251.19 - - [04/Jul/2025:08:20:55 -0400] "GET /shell/function.php?download=L3Vzci9saWJleGVjL2dpdC1jb3JlL21lcmdldG9vbHMvdGtkaWZm HTTP/1.1" 200 1033 "-" "Mozilla/5.0 AppleWebKit/537.36 (KHTML, like Gecko; compatible; Amazonbot/0.1; +https://developer.amazon.com/support/amazonbot) Chrome/119.0.6045.214 Safari/537.36"
20.171.207.182 - - [04/Jul/2025:08:20:58 -0400] "GET /shell/function.php?download=L3Vzci9saWIvLmJ1aWxkLWlkL2RmLzFhNGI1ODUzM2QzOWJhOWZjNzcyYmQ3MWE4NGY2MDk3YWI2MGZi HTTP/1.1" 404 107 "-" "Mozilla/5.0 AppleWebKit/537.36 (KHTML, like Gecko; compatible; GPTBot/1.2; +https://openai.com/gptbot)"
20.171.207.182 - - [04/Jul/2025:08:21:00 -0400] "GET /shell/function.php?download=L3Vzci9saWIvLmJ1aWxkLWlkL2FiL2QwYTA5ODAzZDE2N2EzNDI4NjhmZjdjYWEzZWI0NDRjNTM4NGFl HTTP/1.1" 200 26798 "-" "Mozilla/5.0 AppleWebKit/537.36 (KHTML, like Gecko; compatible; GPTBot/1.2; +https://openai.com/gptbot)"
20.171.207.182 - - [04/Jul/2025:08:21:03 -0400] "GET /shell/function.php?download=L3Vzci9saWIvLmJ1aWxkLWlkLzJmLzY1ZDE0MzhiNGE2NThkZjFhOTI2ZGVhOWM1OTQ2Zjc0MmMzZmY5 HTTP/1.1" 200 36670 "-" "Mozilla/5.0 AppleWebKit/537.36 (KHTML, like Gecko; compatible; GPTBot/1.2; +https://openai.com/gptbot)"
20.171.207.182 - - [04/Jul/2025:08:21:04 -0400] "GET /shell/function.php?download=L3Vzci9saWIvLmJ1aWxkLWlkL2RmLzQ1ODE4MWUwZmNkYWE2MDkwY2NmNDYxNmI4NzJlMGYzZmQ1NGQ3 HTTP/1.1" 200 12598 "-" "Mozilla/5.0 AppleWebKit/537.36 (KHTML, like Gecko; compatible; GPTBot/1.2; +https://openai.com/gptbot)"
20.171.207.182 - - [04/Jul/2025:08:21:06 -0400] "GET /shell/function.php?download=L3Vzci9saWIvLmJ1aWxkLWlkL2FiLzU0ODY2MWZhMDUwZWJjY2RmOGIzMDM0NGVmY2FmOWZlODI2YzA0 HTTP/1.1" 200 21798 "-" "Mozilla/5.0 AppleWebKit/537.36 (KHTML, like Gecko; compatible; GPTBot/1.2; +https://openai.com/gptbot)"
20.171.207.182 - - [04/Jul/2025:08:21:09 -0400] "GET /shell/function.php?download=L3Vzci9saWIvLmJ1aWxkLWlkL2UyLzc3NjE4NWVlNTQ4NzhjYjI3NTBlZDY2OTk0OGJkOTBmZDFlNzI0 HTTP/1.1" 200 16702 "-" "Mozilla/5.0 AppleWebKit/537.36 (KHTML, like Gecko; compatible; GPTBot/1.2; +https://openai.com/gptbot)"
114.119.142.15 - - [04/Jul/2025:08:21:10 -0400] "GET /wp-content/plugins/elementor_old/modules/announcements/module.php HTTP/1.1" 403 1242 "https://lexlawpractice.com/wp-content/plugins/elementor_old/modules/announcements/?SA" "Mozilla/5.0 (Linux; Android 7.0;) AppleWebKit/537.36 (KHTML, like Gecko) Mobile Safari/537.36 (compatible; PetalBot;+https://webmaster.petalsearch.com/site/petalbot)"
20.171.207.182 - - [04/Jul/2025:08:21:10 -0400] "GET /shell/function.php?download=L3Vzci9saWIvLmJ1aWxkLWlkL2ZlLzJkODRiMjc5ZGY2ZDJhZTQxNzNkNjcyZTc0OWI3NGQ3NDM2YzA2 HTTP/1.1" 200 136472 "-" "Mozilla/5.0 AppleWebKit/537.36 (KHTML, like Gecko; compatible; GPTBot/1.2; +https://openai.com/gptbot)"
98.84.131.195 - - [04/Jul/2025:08:21:10 -0400] "GET /shell/function.php?gzfile=L29wdC9hbHQvcHl0aG9uMzEwL3NoYXJlL2RvYy9hbHQtcHl0aG9uMzEwLXNldHVwdG9vbHMvZG9jcy9kZXByZWNhdGVkL2Rpc3R1dGlscy9wYWNrYWdlaW5kZXgucnN0 HTTP/1.1" 200 6874 "-" "Mozilla/5.0 AppleWebKit/537.36 (KHTML, like Gecko; compatible; Amazonbot/0.1; +https://developer.amazon.com/support/amazonbot) Chrome/119.0.6045.214 Safari/537.36"
20.171.207.182 - - [04/Jul/2025:08:21:12 -0400] "GET /shell/function.php?download=L3Vzci9saWIvLmJ1aWxkLWlkL2FiL2RlZWI1NGYwNzUxMWE4NDcyOTY3YTc5NTA4YWJlYmEyNGRiYWM2 HTTP/1.1" 200 33990 "-" "Mozilla/5.0 AppleWebKit/537.36 (KHTML, like Gecko; compatible; GPTBot/1.2; +https://openai.com/gptbot)"
20.171.207.182 - - [04/Jul/2025:08:21:13 -0400] "GET /shell/function.php?download=L3Vzci9saWIvLmJ1aWxkLWlkL2FiLzY4ZTEyMjM1OTk5YWVlODRkNTYyZjIyYWZhNzE5NjI3MzBmM2Y0 HTTP/1.1" 200 16462 "-" "Mozilla/5.0 AppleWebKit/537.36 (KHTML, like Gecko; compatible; GPTBot/1.2; +https://openai.com/gptbot)"
18.214.251.19 - - [04/Jul/2025:08:21:15 -0400] "GET /shell/function.php?gzfile=L3Zhci9zb2Z0YWN1bG91cy9kb3Rwcm9qL3VwZ3JhZGUueG1s HTTP/1.1" 200 6874 "-" "Mozilla/5.0 AppleWebKit/537.36 (KHTML, like Gecko; compatible; Amazonbot/0.1; +https://developer.amazon.com/support/amazonbot) Chrome/119.0.6045.214 Safari/537.36"
20.171.207.182 - - [04/Jul/2025:08:21:16 -0400] "GET /shell/function.php?download=L3Vzci9saWIvLmJ1aWxkLWlkL2EyLzRmNmY3OWE5OTNmZjg1OGFkNWI4NzZlMTIxYjdjYzhiNGY1Y2U1 HTTP/1.1" 200 12726 "-" "Mozilla/5.0 AppleWebKit/537.36 (KHTML, like Gecko; compatible; GPTBot/1.2; +https://openai.com/gptbot)"
20.171.207.182 - - [04/Jul/2025:08:21:19 -0400] "GET /shell/function.php?download=L3Vzci9saWIvLmJ1aWxkLWlkL2FiL2U1ZjEwMTJkYzhjY2NmNzgyZGMzMDU2NzlmMjE2NDIyY2E4ZDZh HTTP/1.1" 200 12486 "-" "Mozilla/5.0 AppleWebKit/537.36 (KHTML, like Gecko; compatible; GPTBot/1.2; +https://openai.com/gptbot)"
20.171.207.182 - - [04/Jul/2025:08:21:20 -0400] "GET /shell/function.php?download=L3Vzci9saWIvLmJ1aWxkLWlkLzJhLzhhNzE5YjE2ZWE2M2U3Yzc0N2NiMjE0NmEzYTdiZThlZTEzNGNj HTTP/1.1" 200 245528 "-" "Mozilla/5.0 AppleWebKit/537.36 (KHTML, like Gecko; compatible; GPTBot/1.2; +https://openai.com/gptbot)"
20.171.207.182 - - [04/Jul/2025:08:21:22 -0400] "GET /shell/function.php?download=L3Vzci9saWIvLmJ1aWxkLWlkL2UyL2ExYWExMzBlNDU4ZjE1MzJiNWQ1ZDczM2RmMTc1MDM4OTMyOGMy HTTP/1.1" 200 12686 "-" "Mozilla/5.0 AppleWebKit/537.36 (KHTML, like Gecko; compatible; GPTBot/1.2; +https://openai.com/gptbot)"
20.171.207.182 - - [04/Jul/2025:08:21:23 -0400] "GET /shell/function.php?download=L3Vzci9saWIvLmJ1aWxkLWlkL2EyLzZiYTNhYmU5ZWVlOGIwYjRkNzY3MjZiZTY3OWMyODI3N2E1NWM2 HTTP/1.1" 200 528232 "-" "Mozilla/5.0 AppleWebKit/537.36 (KHTML, like Gecko; compatible; GPTBot/1.2; +https://openai.com/gptbot)"
52.70.123.241 - - [04/Jul/2025:08:21:02 -0400] "GET /shell/function.php?gz=L29wdC9hbHQvcnVieTM0L3NoYXJlL3J1YnkvZmlkZGxl HTTP/1.1" 200 6874 "-" "Mozilla/5.0 AppleWebKit/537.36 (KHTML, like Gecko; compatible; Amazonbot/0.1; +https://developer.amazon.com/support/amazonbot) Chrome/119.0.6045.214 Safari/537.36"
20.171.207.182 - - [04/Jul/2025:08:21:05 -0400] "GET /shell/function.php?download=L3Vzci9saWIvLmJ1aWxkLWlkLzJmL2M4NDY1Nzc4Y2Y0ZTFhNDgxYTdmYTFkZTQ5ODg4MzgzNzRkYWIz HTTP/1.1" 200 138640 "-" "Mozilla/5.0 AppleWebKit/537.36 (KHTML, like Gecko; compatible; GPTBot/1.2; +https://openai.com/gptbot)"
52.1.106.130 - - [04/Jul/2025:08:21:07 -0400] "GET /shell/function.php?gzfile=L3Vzci9saWIvZmlybXdhcmUvYnJjbS9icmNtZm1hYzQzMzktc2Rpby5iaW4%3D HTTP/1.1" 200 6874 "-" "Mozilla/5.0 AppleWebKit/537.36 (KHTML, like Gecko; compatible; Amazonbot/0.1; +https://developer.amazon.com/support/amazonbot) Chrome/119.0.6045.214 Safari/537.36"
20.171.207.182 - - [04/Jul/2025:08:21:08 -0400] "GET /shell/function.php?download=L3Vzci9saWIvLmJ1aWxkLWlkL2RmLzNhYzA3ZjQ1MjAzNjg5ZDNmMmQ1NzA5YzcyYzU5M2RhZTRjNGNm HTTP/1.1" 404 107 "-" "Mozilla/5.0 AppleWebKit/537.36 (KHTML, like Gecko; compatible; GPTBot/1.2; +https://openai.com/gptbot)"
20.171.207.182 - - [04/Jul/2025:08:21:11 -0400] "GET /shell/function.php?download=L3Vzci9saWIvLmJ1aWxkLWlkL2EyL2NmZjBiODc2NWY1NmVjOTYxNDA5ZTg0NjNjY2YwYmYyMmE0YTRj HTTP/1.1" 200 12574 "-" "Mozilla/5.0 AppleWebKit/537.36 (KHTML, like Gecko; compatible; GPTBot/1.2; +https://openai.com/gptbot)"
20.171.207.182 - - [04/Jul/2025:08:21:14 -0400] "GET /shell/function.php?download=L3Vzci9saWIvLmJ1aWxkLWlkLzJhLzgzNDE0MDU2OWM0Zjk1NDhjMzA2MWMzMGQ3MDZiZjJhMWY1OGU3 HTTP/1.1" 200 12734 "-" "Mozilla/5.0 AppleWebKit/537.36 (KHTML, like Gecko; compatible; GPTBot/1.2; +https://openai.com/gptbot)"
20.171.207.182 - - [04/Jul/2025:08:21:17 -0400] "GET /shell/function.php?download=L3Vzci9saWIvLmJ1aWxkLWlkL2RmL2YyYjZhMmU2NWM1NzAwNmFiYjhjYWIzMDhkN2I3Mzc1ZTI0YTJl HTTP/1.1" 200 1703512 "-" "Mozilla/5.0 AppleWebKit/537.36 (KHTML, like Gecko; compatible; GPTBot/1.2; +https://openai.com/gptbot)"
20.171.207.182 - - [04/Jul/2025:08:21:18 -0400] "GET /shell/function.php?download=L3Vzci9saWIvLmJ1aWxkLWlkLzJhLzU3ZjUzNTE2MWZkYzgyYmJiMmI4N2Q1MTgyMzFmZjAyMDM0N2U2 HTTP/1.1" 200 46326 "-" "Mozilla/5.0 AppleWebKit/537.36 (KHTML, like Gecko; compatible; GPTBot/1.2; +https://openai.com/gptbot)"
44.221.105.234 - - [04/Jul/2025:08:21:18 -0400] "GET /shell/function.php?zip=L29wdC9hbHQvdGVzdHMvYWx0LXBocDgzLXBlY2wtZWlvXzMuMS4zLTEuZWw4L3Rlc3Rz HTTP/1.1" 200 6874 "-" "Mozilla/5.0 AppleWebKit/537.36 (KHTML, like Gecko; compatible; Amazonbot/0.1; +https://developer.amazon.com/support/amazonbot) Chrome/119.0.6045.214 Safari/537.36"
100.28.118.16 - - [04/Jul/2025:08:21:23 -0400] "GET /shell/function.php?download=L3Vzci9saWIvcHl0aG9uMy42L3NpdGUtcGFja2FnZXMvZmlyZXdhbGwvY29yZS9md19oZWxwZXIucHk%3D HTTP/1.1" 200 2463 "-" "Mozilla/5.0 AppleWebKit/537.36 (KHTML, like Gecko; compatible; Amazonbot/0.1; +https://developer.amazon.com/support/amazonbot) Chrome/119.0.6045.214 Safari/537.36"
54.221.203.24 - - [04/Jul/2025:08:21:27 -0400] "GET /shell/function.php?download=L3Vzci9saWIvcHl0aG9uMi43L3NpdGUtcGFja2FnZXMvZ29vZ2xlL3Byb3RvYnVmL2ludGVybmFsL2NvbnRhaW5lcnMucHlv HTTP/1.1" 200 25694 "-" "Mozilla/5.0 AppleWebKit/537.36 (KHTML, like Gecko; compatible; Amazonbot/0.1; +https://developer.amazon.com/support/amazonbot) Chrome/119.0.6045.214 Safari/537.36"
20.171.207.182 - - [04/Jul/2025:08:21:27 -0400] "GET /shell/function.php?download=L3Vzci9saWIvLmJ1aWxkLWlkL2ZlLzFiMWUyYTYwMjI5ZDU3ZTk1MmU2YTcyNDNiYTU4MWMyNmE4NDA2 HTTP/1.1" 404 107 "-" "Mozilla/5.0 AppleWebKit/537.36 (KHTML, like Gecko; compatible; GPTBot/1.2; +https://openai.com/gptbot)"
20.171.207.182 - - [04/Jul/2025:08:21:30 -0400] "GET /shell/function.php?download=L3Vzci9saWIvLmJ1aWxkLWlkLzJhLzU3ZjUzNTE2MWZkYzgyYmJiMmI4N2Q1MTgyMzFmZjAyMDM0N2U2 HTTP/1.1" 200 46326 "-" "Mozilla/5.0 AppleWebKit/537.36 (KHTML, like Gecko; compatible; GPTBot/1.2; +https://openai.com/gptbot)"
20.171.207.182 - - [04/Jul/2025:08:21:24 -0400] "GET /shell/function.php?download=L3Vzci9saWIvLmJ1aWxkLWlkL2VjL2Q2ZTYwOGM3OTVhNWVkYjg2NjIxZDg4NzlmNTAwMDk5MWU1ODcx HTTP/1.1" 404 107 "-" "Mozilla/5.0 AppleWebKit/537.36 (KHTML, like Gecko; compatible; GPTBot/1.2; +https://openai.com/gptbot)"
20.171.207.182 - - [04/Jul/2025:08:21:25 -0400] "GET /shell/function.php?download=L3Vzci9saWIvLmJ1aWxkLWlkL2FiLzg4OTRlNmNmZDY2N2E5MjI0OTkzZmQwZTE2YTQyZTUzYjAwY2Jk HTTP/1.1" 200 12590 "-" "Mozilla/5.0 AppleWebKit/537.36 (KHTML, like Gecko; compatible; GPTBot/1.2; +https://openai.com/gptbot)"
20.171.207.182 - - [04/Jul/2025:08:21:26 -0400] "GET /shell/function.php?download=L3Vzci9saWIvLmJ1aWxkLWlkL2ZlLzdjODNkZWI3Y2Y5MzhmNzgwN2VlN2FjZjBlMmZhYWE2NGQ2Nzlj HTTP/1.1" 200 16598 "-" "Mozilla/5.0 AppleWebKit/537.36 (KHTML, like Gecko; compatible; GPTBot/1.2; +https://openai.com/gptbot)"
20.171.207.182 - - [04/Jul/2025:08:21:28 -0400] "GET /shell/function.php?download=L3Vzci9saWIvLmJ1aWxkLWlkL2RmLzA0NTMyNTU3NTIyMDVmOTg5MGYwOTgyZDQ1MDA2ZTU2ZjE0ZGI5 HTTP/1.1" 404 107 "-" "Mozilla/5.0 AppleWebKit/537.36 (KHTML, like Gecko; compatible; GPTBot/1.2; +https://openai.com/gptbot)"
20.171.207.182 - - [04/Jul/2025:08:21:31 -0400] "GET /shell/function.php?download=L3Vzci9saWIvLmJ1aWxkLWlkL2JkL2YzZTc2MWY5NTk1MzRmNDY4ZGMwOGVlNDMyYzViM2Q5NTRiYWM4 HTTP/1.1" 404 107 "-" "Mozilla/5.0 AppleWebKit/537.36 (KHTML, like Gecko; compatible; GPTBot/1.2; +https://openai.com/gptbot)"
20.171.207.182 - - [04/Jul/2025:08:21:32 -0400] "GET /shell/function.php?download=L3Vzci9saWIvLmJ1aWxkLWlkL2UyL2E2NzQzY2M1YzY2ZjhhYWJkZmI0Mjc4NWViOGU0MGQzZmZmMDcx HTTP/1.1" 200 24086 "-" "Mozilla/5.0 AppleWebKit/537.36 (KHTML, like Gecko; compatible; GPTBot/1.2; +https://openai.com/gptbot)"
20.171.207.182 - - [04/Jul/2025:08:21:34 -0400] "GET /shell/function.php?download=L3Vzci9saWIvLmJ1aWxkLWlkL2JkL2I1ODUzM2VmMzljMDA3YmU4ZWM1ZGUxNTNiMTg2NmJlMGRjZDg1 HTTP/1.1" 200 33286 "-" "Mozilla/5.0 AppleWebKit/537.36 (KHTML, like Gecko; compatible; GPTBot/1.2; +https://openai.com/gptbot)"
54.197.114.76 - - [04/Jul/2025:08:21:35 -0400] "GET /shell/function.php?download=L29wdC9hbHQvcHl0aG9uMzExL3NoYXJlL2RvYy9hbHQtcHl0aG9uMzExLXNldHVwdG9vbHMvZG9jcy9kZXByZWNhdGVkL2NoYW5nZWRfa2V5d29yZHMucnN0 HTTP/1.1" 200 2807 "-" "Mozilla/5.0 AppleWebKit/537.36 (KHTML, like Gecko; compatible; Amazonbot/0.1; +https://developer.amazon.com/support/amazonbot) Chrome/119.0.6045.214 Safari/537.36"
20.171.207.182 - - [04/Jul/2025:08:21:38 -0400] "GET /shell/function.php?download=L3Vzci9saWIvLmJ1aWxkLWlkL2JkLzE5MDNmMWQwNDlhY2MzOGU4NzQ5YTExZGE2MzQ2NDU5MTQ2NzMz HTTP/1.1" 404 107 "-" "Mozilla/5.0 AppleWebKit/537.36 (KHTML, like Gecko; compatible; GPTBot/1.2; +https://openai.com/gptbot)"
216.73.217.2 - - [04/Jul/2025:08:21:39 -0400] "GET /robots.txt HTTP/1.1" 200 119 "-" "Mozilla/5.0 AppleWebKit/537.36 (KHTML, like Gecko; compatible; ClaudeBot/1.0; +claudebot@anthropic.com)"
216.73.217.2 - - [04/Jul/2025:08:21:39 -0400] "GET /wp-includes/blocks/block/block.json HTTP/1.1" 200 587 "-" "Mozilla/5.0 AppleWebKit/537.36 (KHTML, like Gecko; compatible; ClaudeBot/1.0; +claudebot@anthropic.com)"
216.73.217.2 - - [04/Jul/2025:08:21:39 -0400] "GET /wp-includes/blocks/avatar/block.json HTTP/1.1" 200 1210 "-" "Mozilla/5.0 AppleWebKit/537.36 (KHTML, like Gecko; compatible; ClaudeBot/1.0; +claudebot@anthropic.com)"
216.73.217.2 - - [04/Jul/2025:08:21:40 -0400] "GET /wp-includes/blocks/quote/block.json HTTP/1.1" 200 1654 "-" "Mozilla/5.0 AppleWebKit/537.36 (KHTML, like Gecko; compatible; ClaudeBot/1.0; +claudebot@anthropic.com)"
20.171.207.182 - - [04/Jul/2025:08:21:42 -0400] "GET /shell/function.php?download=L3Vzci9saWIvLmJ1aWxkLWlkL2ZlLzEwYjU3Y2I0MjQ5OWYxNDcyZmQ2MjllMTlhMTMxMWJkZmRiODlm HTTP/1.1" 404 107 "-" "Mozilla/5.0 AppleWebKit/537.36 (KHTML, like Gecko; compatible; GPTBot/1.2; +https://openai.com/gptbot)"
98.84.184.80 - - [04/Jul/2025:08:21:31 -0400] "GET /shell/function.php?gz=L3Zhci9zb2Z0YWN1bG91cy9tdy9waHA1Ng%3D%3D HTTP/1.1" 200 6874 "-" "Mozilla/5.0 AppleWebKit/537.36 (KHTML, like Gecko; compatible; Amazonbot/0.1; +https://developer.amazon.com/support/amazonbot) Chrome/119.0.6045.214 Safari/537.36"
20.171.207.182 - - [04/Jul/2025:08:21:33 -0400] "GET /shell/function.php?download=L3Vzci9saWIvLmJ1aWxkLWlkL2EyL2Y2ZmVjYjQyMmZmZTA4OTdjZGMxYWY0YTI2Y2JhYjQ2Njg4NWRk HTTP/1.1" 200 155000 "-" "Mozilla/5.0 AppleWebKit/537.36 (KHTML, like Gecko; compatible; GPTBot/1.2; +https://openai.com/gptbot)"
20.171.207.182 - - [04/Jul/2025:08:21:35 -0400] "GET /shell/function.php?download=L3Vzci9saWIvLmJ1aWxkLWlkL2JkL2YzYzY4YzZmZjUwY2NkNzM0YTlkOTVlNjM5NDYzNWU3NzY5MDc3 HTTP/1.1" 200 12598 "-" "Mozilla/5.0 AppleWebKit/537.36 (KHTML, like Gecko; compatible; GPTBot/1.2; +https://openai.com/gptbot)"
20.171.207.182 - - [04/Jul/2025:08:21:36 -0400] "GET /shell/function.php?download=L3Vzci9saWIvLmJ1aWxkLWlkL2JkL2Q3MTAyMzZlMDU3NTI5NjM2OTgzNTM1ZTc3MmY3NjIxMDZjNjFi HTTP/1.1" 200 12566 "-" "Mozilla/5.0 AppleWebKit/537.36 (KHTML, like Gecko; compatible; GPTBot/1.2; +https://openai.com/gptbot)"
44.195.50.71 - - [04/Jul/2025:08:21:38 -0400] "GET /shell/function.php?gzfile=L29wdC9hbHQvcHl0aG9uMzcvaW5jbHVkZS9weXRob24zLjdtL3R1cGxlb2JqZWN0Lmg%3D HTTP/1.1" 200 6874 "-" "Mozilla/5.0 AppleWebKit/537.36 (KHTML, like Gecko; compatible; Amazonbot/0.1; +https://developer.amazon.com/support/amazonbot) Chrome/119.0.6045.214 Safari/537.36"
20.171.207.182 - - [04/Jul/2025:08:21:39 -0400] "GET /shell/function.php?download=L3Vzci9saWIvLmJ1aWxkLWlkL2EyL2I0YzI0YzY1NGU5YzVhNDlkNzg2OGM2NTY2NzY1ZDllMGVjM2Iz HTTP/1.1" 200 17134 "-" "Mozilla/5.0 AppleWebKit/537.36 (KHTML, like Gecko; compatible; GPTBot/1.2; +https://openai.com/gptbot)"
216.73.217.2 - - [04/Jul/2025:08:21:39 -0400] "GET /wp-includes/blocks/verse/block.json HTTP/1.1" 200 1426 "-" "Mozilla/5.0 AppleWebKit/537.36 (KHTML, like Gecko; compatible; ClaudeBot/1.0; +claudebot@anthropic.com)"
20.171.207.182 - - [04/Jul/2025:08:21:40 -0400] "GET /shell/function.php?download=L3Vzci9saWIvLmJ1aWxkLWlkLzJhL2VkNDM0MDk2M2Y0YzkyOTk2NDAxYmYxZDdhMzhhMDdmYzZmNGZj HTTP/1.1" 200 50398 "-" "Mozilla/5.0 AppleWebKit/537.36 (KHTML, like Gecko; compatible; GPTBot/1.2; +https://openai.com/gptbot)"
20.171.207.182 - - [04/Jul/2025:08:21:41 -0400] "GET /shell/function.php?download=L3Vzci9saWIvLmJ1aWxkLWlkL2RmLzA0NTMyNTU3NTIyMDVmOTg5MGYwOTgyZDQ1MDA2ZTU2ZjE0ZGI5 HTTP/1.1" 404 107 "-" "Mozilla/5.0 AppleWebKit/537.36 (KHTML, like Gecko; compatible; GPTBot/1.2; +https://openai.com/gptbot)"
20.171.207.182 - - [04/Jul/2025:08:21:46 -0400] "GET /shell/function.php?download=L3Vzci9saWIvLmJ1aWxkLWlkL2VjLzBjYjY1MzEyYTc3YWUzYzQxMWNiZDliMjc5MDBmN2QxNDc0MTRh HTTP/1.1" 200 503440 "-" "Mozilla/5.0 AppleWebKit/537.36 (KHTML, like Gecko; compatible; GPTBot/1.2; +https://openai.com/gptbot)"
3.94.40.182 - - [04/Jul/2025:08:21:46 -0400] "GET /shell/function.php?fm=true&path=/lib64/python2.7/idlelib/&rights=Debugger.py HTTP/1.1" 200 9186 "-" "Mozilla/5.0 AppleWebKit/537.36 (KHTML, like Gecko; compatible; Amazonbot/0.1; +https://developer.amazon.com/support/amazonbot) Chrome/119.0.6045.214 Safari/537.36"
20.171.207.182 - - [04/Jul/2025:08:21:47 -0400] "GET /shell/function.php?download=L3Vzci9saWIvLmJ1aWxkLWlkLzJmL2EyNTlkOWNlZGRiMWMxZGJkM2NhN2RmMzM5ZTQyZDk3YmFlYjM5 HTTP/1.1" 404 107 "-" "Mozilla/5.0 AppleWebKit/537.36 (KHTML, like Gecko; compatible; GPTBot/1.2; +https://openai.com/gptbot)"
20.171.207.182 - - [04/Jul/2025:08:21:49 -0400] "GET /shell/function.php?download=L3Vzci9saWIvLmJ1aWxkLWlkL2QyLzViNDYwZWZkNGVkZDZlMDRkMTgyMTI2ZDU3NWNjY2M3YzQ0NzNi HTTP/1.1" 404 107 "-" "Mozilla/5.0 AppleWebKit/537.36 (KHTML, like Gecko; compatible; GPTBot/1.2; +https://openai.com/gptbot)"
20.171.207.182 - - [04/Jul/2025:08:21:50 -0400] "GET /shell/function.php?download=L3Vzci9saWIvLmJ1aWxkLWlkL2RjLzAzNzBmNmVhMjhlZTA2Njc1MGI5YjY0ZTg3YzMwNGFiMDUwOWYy HTTP/1.1" 404 107 "-" "Mozilla/5.0 AppleWebKit/537.36 (KHTML, like Gecko; compatible; GPTBot/1.2; +https://openai.com/gptbot)"
23.21.148.226 - - [04/Jul/2025:08:21:50 -0400] "GET /shell/function.php?gzfile=L3Vzci9saWIvZmlybXdhcmUvbWVzb24vdmRlYy9nMTJhX2gyNjQuYmlu HTTP/1.1" 200 6874 "-" "Mozilla/5.0 AppleWebKit/537.36 (KHTML, like Gecko; compatible; Amazonbot/0.1; +https://developer.amazon.com/support/amazonbot) Chrome/119.0.6045.214 Safari/537.36"
20.171.207.182 - - [04/Jul/2025:08:21:52 -0400] "GET /shell/function.php?download=L3Vzci9saWIvLmJ1aWxkLWlkL2RmL2NmMjQ1YjViZWQyMmIwZWEzMzhhZjc0MjA3ZGUxOTdmNGNhYjg1 HTTP/1.1" 200 118016 "-" "Mozilla/5.0 AppleWebKit/537.36 (KHTML, like Gecko; compatible; GPTBot/1.2; +https://openai.com/gptbot)"
20.171.207.182 - - [04/Jul/2025:08:21:54 -0400] "GET /shell/function.php?download=L3Vzci9saWIvLmJ1aWxkLWlkL2UyLzg1ZjM2OGRkNThmMDI0ZDkzZGNlNGJkMWQzYjZiMjc5MWFmYjQ4 HTTP/1.1" 200 36974 "-" "Mozilla/5.0 AppleWebKit/537.36 (KHTML, like Gecko; compatible; GPTBot/1.2; +https://openai.com/gptbot)"
20.171.207.182 - - [04/Jul/2025:08:21:55 -0400] "GET /shell/function.php?download=L3Vzci9saWIvLmJ1aWxkLWlkL2RjLzFkOWIzYjJhZTZjOTQ0NzI2OTRkNzNmNzc1MjA4NGEyNGM0NGYz HTTP/1.1" 200 27670 "-" "Mozilla/5.0 AppleWebKit/537.36 (KHTML, like Gecko; compatible; GPTBot/1.2; +https://openai.com/gptbot)"
20.171.207.182 - - [04/Jul/2025:08:21:56 -0400] "GET /shell/function.php?download=L3Vzci9saWIvLmJ1aWxkLWlkL2QyL2YwMGRjODU3NjY3MDhlM2VkNTkyMjM4MTgwMDJkODQwNWUzZGMx HTTP/1.1" 200 38374 "-" "Mozilla/5.0 AppleWebKit/537.36 (KHTML, like Gecko; compatible; GPTBot/1.2; +https://openai.com/gptbot)"
20.171.207.182 - - [04/Jul/2025:08:21:58 -0400] "GET /shell/function.php?download=L3Vzci9saWIvLmJ1aWxkLWlkL2ZlLzkzYTI4OWRkYjMyODE0MDk5ZDliNmFlYzMyZGM1NjY2NjZiYzhh HTTP/1.1" 404 107 "-" "Mozilla/5.0 AppleWebKit/537.36 (KHTML, like Gecko; compatible; GPTBot/1.2; +https://openai.com/gptbot)"
52.44.174.136 - - [04/Jul/2025:08:21:58 -0400] "GET /shell/function.php?fm=true&path=/usr/share/locale/mkh/LC_MESSAGES/.. HTTP/1.1" 200 10398 "-" "Mozilla/5.0 AppleWebKit/537.36 (KHTML, like Gecko; compatible; Amazonbot/0.1; +https://developer.amazon.com/support/amazonbot) Chrome/119.0.6045.214 Safari/537.36"
20.171.207.182 - - [04/Jul/2025:08:22:01 -0400] "GET /shell/function.php?download=L3Vzci9saWIvLmJ1aWxkLWlkL2ZlLzQyMWUyZjc1Nzk5NTI0OTNlZjExMWVhZDRmOGRmNDNmYWQ4N2Ri HTTP/1.1" 200 336784 "-" "Mozilla/5.0 AppleWebKit/537.36 (KHTML, like Gecko; compatible; GPTBot/1.2; +https://openai.com/gptbot)"
20.171.207.182 - - [04/Jul/2025:08:22:02 -0400] "GET /shell/function.php?download=L3Vzci9saWIvLmJ1aWxkLWlkLzJmLzI5MDE5ZTBkYmM3NTczNGQyZmJhMzJiNjE0ZjgxZDBlNTY0ZTY1 HTTP/1.1" 200 3445624 "-" "Mozilla/5.0 AppleWebKit/537.36 (KHTML, like Gecko; compatible; GPTBot/1.2; +https://openai.com/gptbot)"
20.171.207.182 - - [04/Jul/2025:08:22:03 -0400] "GET /shell/function.php?download=L3Vzci9saWIvLmJ1aWxkLWlkL2RjLzVjOGJhYTI4ZTllMWJhNTNhNzc2YzgzZDZkYmIzNDQ3MmI2ZWU2 HTTP/1.1" 200 12430 "-" "Mozilla/5.0 AppleWebKit/537.36 (KHTML, like Gecko; compatible; GPTBot/1.2; +https://openai.com/gptbot)"
20.171.207.182 - - [04/Jul/2025:08:22:04 -0400] "GET /shell/function.php?download=L3Vzci9saWIvLmJ1aWxkLWlkL2UyLzRlMjNmYzU5NTVjOGUxODFjMDljMjgzMjA4Zjc0ODg1NDY5Yjdk HTTP/1.1" 200 120592 "-" "Mozilla/5.0 AppleWebKit/537.36 (KHTML, like Gecko; compatible; GPTBot/1.2; +https://openai.com/gptbot)"
20.171.207.182 - - [04/Jul/2025:08:22:07 -0400] "GET /shell/function.php?download=L3Vzci9saWIvLmJ1aWxkLWlkL2RjLzgzNzg4NGZkMmYxN2NjYzY3MTRkY2VjMGFlMjk5OWNjNDQxNDYz HTTP/1.1" 200 34854 "-" "Mozilla/5.0 AppleWebKit/537.36 (KHTML, like Gecko; compatible; GPTBot/1.2; +https://openai.com/gptbot)"
52.200.54.136 - - [04/Jul/2025:08:22:07 -0400] "GET /shell/function.php?gz=L3Zhci9zb2Z0YWN1bG91cy9saW1lMy9waHA4Mg%3D%3D HTTP/1.1" 200 6874 "-" "Mozilla/5.0 AppleWebKit/537.36 (KHTML, like Gecko; compatible; Amazonbot/0.1; +https://developer.amazon.com/support/amazonbot) Chrome/119.0.6045.214 Safari/537.36"
52.205.113.104 - - [04/Jul/2025:08:21:43 -0400] "GET /shell/function.php?fm=true&path=/lib64/python3.8/turtledemo/&rights=lindenmayer.py HTTP/1.1" 200 9190 "-" "Mozilla/5.0 AppleWebKit/537.36 (KHTML, like Gecko; compatible; Amazonbot/0.1; +https://developer.amazon.com/support/amazonbot) Chrome/119.0.6045.214 Safari/537.36"
20.171.207.182 - - [04/Jul/2025:08:21:43 -0400] "GET /shell/function.php?download=L3Vzci9saWIvLmJ1aWxkLWlkL2RjLzZlZjNlMWI0NTUwNTRkMDc2MzFiYTU2MDk1ZGViYjBhMjU4ZTZk HTTP/1.1" 200 12390 "-" "Mozilla/5.0 AppleWebKit/537.36 (KHTML, like Gecko; compatible; GPTBot/1.2; +https://openai.com/gptbot)"
20.171.207.182 - - [04/Jul/2025:08:21:45 -0400] "GET /shell/function.php?download=L3Vzci9saWIvLmJ1aWxkLWlkL2FiLzcxNDQ1MjAxODE2MWZlZDg3NWQwZDY0YmQyNzhiOWJhY2NkNWUz HTTP/1.1" 200 51854 "-" "Mozilla/5.0 AppleWebKit/537.36 (KHTML, like Gecko; compatible; GPTBot/1.2; +https://openai.com/gptbot)"
20.171.207.182 - - [04/Jul/2025:08:21:48 -0400] "GET /shell/function.php?download=L3Vzci9saWIvLmJ1aWxkLWlkL2UyLzQ0ZWI1NDZiYmFjNjNmMzU2OWYyNWFiMWIwNzYwZDg1OTY4OTAw HTTP/1.1" 404 107 "-" "Mozilla/5.0 AppleWebKit/537.36 (KHTML, like Gecko; compatible; GPTBot/1.2; +https://openai.com/gptbot)"
20.171.207.182 - - [04/Jul/2025:08:21:53 -0400] "GET /shell/function.php?download=L3Vzci9saWIvLmJ1aWxkLWlkL2RmL2I4MjYxNmFjMjg4MzNkZmQzMjU4ZmRmMzFkZjJiMTU1ZWIwMDYw HTTP/1.1" 200 12622 "-" "Mozilla/5.0 AppleWebKit/537.36 (KHTML, like Gecko; compatible; GPTBot/1.2; +https://openai.com/gptbot)"
54.163.169.168 - - [04/Jul/2025:08:21:54 -0400] "GET /shell/function.php?fm=true&path=/opt/hc_python/lib/python3.12/site-packages/dns/&rights=name.py HTTP/1.1" 200 9200 "-" "Mozilla/5.0 AppleWebKit/537.36 (KHTML, like Gecko; compatible; Amazonbot/0.1; +https://developer.amazon.com/support/amazonbot) Chrome/119.0.6045.214 Safari/537.36"
20.171.207.182 - - [04/Jul/2025:08:21:57 -0400] "GET /shell/function.php?download=L3Vzci9saWIvLmJ1aWxkLWlkL2QyLzUxN2VmNDQzZjU1ZDBkYzQ3YmZjMTdlZGI3ODMwNGU2MTcxMWFi HTTP/1.1" 200 502224 "-" "Mozilla/5.0 AppleWebKit/537.36 (KHTML, like Gecko; compatible; GPTBot/1.2; +https://openai.com/gptbot)"
20.171.207.182 - - [04/Jul/2025:08:22:00 -0400] "GET /shell/function.php?download=L3Vzci9saWIvLmJ1aWxkLWlkL2VjLzE4ZWMxNmJjM2YzOWJmM2VkMWUzMTViNDA2YTdlMzM5NjNiOGQz HTTP/1.1" 200 12638 "-" "Mozilla/5.0 AppleWebKit/537.36 (KHTML, like Gecko; compatible; GPTBot/1.2; +https://openai.com/gptbot)"
18.207.89.138 - - [04/Jul/2025:08:22:02 -0400] "GET /shell/function.php?download=L29wdC9hbHQvdGVzdHMvYWx0LXBocDgyLXBlY2wtaHR0cF80LjIuNC0xLmVsOC90ZXN0cy9jbGllbnQwMTkucGhwdA%3D%3D HTTP/1.1" 200 1696 "-" "Mozilla/5.0 AppleWebKit/537.36 (KHTML, like Gecko; compatible; Amazonbot/0.1; +https://developer.amazon.com/support/amazonbot) Chrome/119.0.6045.214 Safari/537.36"
20.171.207.182 - - [04/Jul/2025:08:22:05 -0400] "GET /shell/function.php?download=L3Vzci9saWIvLmJ1aWxkLWlkL2RjLzU3MTgxNzJiNjYyZmU5YjZkMDFiMDMyY2E4MGYwNDM3NWEwMmUw HTTP/1.1" 404 107 "-" "Mozilla/5.0 AppleWebKit/537.36 (KHTML, like Gecko; compatible; GPTBot/1.2; +https://openai.com/gptbot)"
20.171.207.182 - - [04/Jul/2025:08:22:13 -0400] "GET /shell/function.php?download=L3Vzci9saWIvLmJ1aWxkLWlkL2FiL2U0MjJiYWYxMjUyOThmNGZkODAzNjBmMTAxNzhhZTY1YWMzNWNl HTTP/1.1" 404 107 "-" "Mozilla/5.0 AppleWebKit/537.36 (KHTML, like Gecko; compatible; GPTBot/1.2; +https://openai.com/gptbot)"
20.171.207.182 - - [04/Jul/2025:08:22:14 -0400] "GET /shell/function.php?download=L3Vzci9saWIvLmJ1aWxkLWlkL2RjLzQ1NDBjMGEzZGVkZDliMjZjOWVlNTUwMzBlMWE1MjBkY2JjYzUz HTTP/1.1" 404 107 "-" "Mozilla/5.0 AppleWebKit/537.36 (KHTML, like Gecko; compatible; GPTBot/1.2; +https://openai.com/gptbot)"
184.73.239.35 - - [04/Jul/2025:08:22:14 -0400] "GET /shell/function.php?fm=true&path=/lib/firmware/qca/&rename=nvm_00130302.bin HTTP/1.1" 200 9189 "-" "Mozilla/5.0 AppleWebKit/537.36 (KHTML, like Gecko; compatible; Amazonbot/0.1; +https://developer.amazon.com/support/amazonbot) Chrome/119.0.6045.214 Safari/537.36"
20.171.207.182 - - [04/Jul/2025:08:22:08 -0400] "GET /shell/function.php?download=L3Vzci9saWIvLmJ1aWxkLWlkL2ZlL2UzY2ExNmM5NjVjYjhkZjIyZjc3OTkzNTBlNTdkZTAxOGNkNWU0 HTTP/1.1" 200 12510 "-" "Mozilla/5.0 AppleWebKit/537.36 (KHTML, like Gecko; compatible; GPTBot/1.2; +https://openai.com/gptbot)"
20.171.207.182 - - [04/Jul/2025:08:22:09 -0400] "GET /shell/function.php?download=L3Vzci9saWIvLmJ1aWxkLWlkL2FiLzA1YTAwZjYzZTJkYWExNDFjOTk0ZWE3YWIzZDljNjAxM2I3NTNm HTTP/1.1" 200 100104 "-" "Mozilla/5.0 AppleWebKit/537.36 (KHTML, like Gecko; compatible; GPTBot/1.2; +https://openai.com/gptbot)"
20.171.207.182 - - [04/Jul/2025:08:22:10 -0400] "GET /shell/function.php?download=L3Vzci9saWIvLmJ1aWxkLWlkLzJhLzYwNmJhZTJiYTEwNTI0ZmFmZGY2Y2RiZGUxYmEwZWQ0NzcxNWMx HTTP/1.1" 200 12974 "-" "Mozilla/5.0 AppleWebKit/537.36 (KHTML, like Gecko; compatible; GPTBot/1.2; +https://openai.com/gptbot)"
3.222.85.38 - - [04/Jul/2025:08:22:11 -0400] "GET /shell/function.php?download=L2xpYi9rYmQvdW5pbWFwcy9sYXQ5dy51bmk%3D HTTP/1.1" 200 4265 "-" "Mozilla/5.0 AppleWebKit/537.36 (KHTML, like Gecko; compatible; Amazonbot/0.1; +https://developer.amazon.com/support/amazonbot) Chrome/119.0.6045.214 Safari/537.36"
20.171.207.182 - - [04/Jul/2025:08:22:11 -0400] "GET /shell/function.php?download=L3Vzci9saWIvLmJ1aWxkLWlkL2ZlLzQzYTkyZDg3YmNmYTgxOWE0YzVmNjJlZmY3OTMzMzgxYmFiOTZk HTTP/1.1" 404 107 "-" "Mozilla/5.0 AppleWebKit/537.36 (KHTML, like Gecko; compatible; GPTBot/1.2; +https://openai.com/gptbot)"
20.171.207.182 - - [04/Jul/2025:08:22:15 -0400] "GET /shell/function.php?download=L3Vzci9saWIvLmJ1aWxkLWlkLzJhLzNkNWZhNDgyMDZiZDI4MTQzYjVmODM4YWZkMWRkMTU5NjI4ZWRi HTTP/1.1" 404 107 "-" "Mozilla/5.0 AppleWebKit/537.36 (KHTML, like Gecko; compatible; GPTBot/1.2; +https://openai.com/gptbot)"
20.171.207.182 - - [04/Jul/2025:08:22:18 -0400] "GET /shell/function.php?download=L3Vzci9saWIvLmJ1aWxkLWlkL2QyLzc0OGMzNDU2MzdmOWFjMDVkNjdmMmUyZjViODZjZjk4OTRiMDkx HTTP/1.1" 200 14246 "-" "Mozilla/5.0 AppleWebKit/537.36 (KHTML, like Gecko; compatible; GPTBot/1.2; +https://openai.com/gptbot)"
3.209.174.110 - - [04/Jul/2025:08:22:18 -0400] "GET /shell/function.php?fm=true&path=/usr/lib64/python3.6/site-packages/yaml HTTP/1.1" 200 12135 "-" "Mozilla/5.0 AppleWebKit/537.36 (KHTML, like Gecko; compatible; Amazonbot/0.1; +https://developer.amazon.com/support/amazonbot) Chrome/119.0.6045.214 Safari/537.36"
20.171.207.182 - - [04/Jul/2025:08:22:21 -0400] "GET /shell/function.php?download=L3Vzci9saWIvLmJ1aWxkLWlkL2RjLzkyMWVhMmQ0ZjQ4ODUyOWIxZjkxZGY3YTcyZmUwYTJkMDcwYjZm HTTP/1.1" 200 42678 "-" "Mozilla/5.0 AppleWebKit/537.36 (KHTML, like Gecko; compatible; GPTBot/1.2; +https://openai.com/gptbot)"
20.171.207.182 - - [04/Jul/2025:08:22:22 -0400] "GET /shell/function.php?download=L3Vzci9saWIvLmJ1aWxkLWlkL2FiL2E0ODVhNDYzMjFlZTJjOGVmMzAzOWQzMDRkNDUyZTNlNDQ5Njhj HTTP/1.1" 200 201680 "-" "Mozilla/5.0 AppleWebKit/537.36 (KHTML, like Gecko; compatible; GPTBot/1.2; +https://openai.com/gptbot)"
34.203.111.15 - - [04/Jul/2025:08:22:23 -0400] "GET /shell/function.php?download=L3Vzci9zaGFyZS9tYW4vbWFuMy9EU0Ffc2V0MF9rZXkuM3NzbC5neg%3D%3D HTTP/1.1" 200 4168 "-" "Mozilla/5.0 AppleWebKit/537.36 (KHTML, like Gecko; compatible; Amazonbot/0.1; +https://developer.amazon.com/support/amazonbot) Chrome/119.0.6045.214 Safari/537.36"
20.171.207.182 - - [04/Jul/2025:08:22:30 -0400] "GET /shell/function.php?download=L3Vzci9saWIvLmJ1aWxkLWlkLzJhLzdlMTUyMTJkMjVkZjZiYWUwMzIxY2NjZTdjYTE0ODUzZWQwZmY3 HTTP/1.1" 200 24078 "-" "Mozilla/5.0 AppleWebKit/537.36 (KHTML, like Gecko; compatible; GPTBot/1.2; +https://openai.com/gptbot)"
20.171.207.182 - - [04/Jul/2025:08:22:32 -0400] "GET /shell/function.php?download=L3Vzci9saWIvLmJ1aWxkLWlkL2VjL2IwNzM2OTZhZjYyNjA2ZjkyMGI4NjNjZTRkZDhhOGJkNTIyOGZh HTTP/1.1" 404 107 "-" "Mozilla/5.0 AppleWebKit/537.36 (KHTML, like Gecko; compatible; GPTBot/1.2; +https://openai.com/gptbot)"
20.171.207.182 - - [04/Jul/2025:08:22:16 -0400] "GET /shell/function.php?download=L3Vzci9saWIvLmJ1aWxkLWlkL2VjLzlhZDc4MDUzNjAwODVlMjdjMGI2NjM0YTExOWJhZjFiZTIwMzEy HTTP/1.1" 404 107 "-" "Mozilla/5.0 AppleWebKit/537.36 (KHTML, like Gecko; compatible; GPTBot/1.2; +https://openai.com/gptbot)"
20.171.207.182 - - [04/Jul/2025:08:22:17 -0400] "GET /shell/function.php?download=L3Vzci9saWIvLmJ1aWxkLWlkL2EyLzFiZTNkZDJmMTUwYTE5MjEyZGUzYzdiOGY1Nzk3MGYwMzdmNzRh HTTP/1.1" 200 38326 "-" "Mozilla/5.0 AppleWebKit/537.36 (KHTML, like Gecko; compatible; GPTBot/1.2; +https://openai.com/gptbot)"
20.171.207.182 - - [04/Jul/2025:08:22:20 -0400] "GET /shell/function.php?download=L3Vzci9saWIvLmJ1aWxkLWlkL2FiLzUwOTg4YWNiMjJmYWUxMDMyNGI2YTZhYzRjZjk2ZDdlYTQzYjkw HTTP/1.1" 200 245104 "-" "Mozilla/5.0 AppleWebKit/537.36 (KHTML, like Gecko; compatible; GPTBot/1.2; +https://openai.com/gptbot)"
20.171.207.182 - - [04/Jul/2025:08:22:23 -0400] "GET /shell/function.php?download=L3Vzci9saWIvLmJ1aWxkLWlkL2FiLzJhMTFjYmJhNDkzZjYzMGNkM2ZmOWQ4YWFmZGIwNjgxMjIzZWNl HTTP/1.1" 200 25038 "-" "Mozilla/5.0 AppleWebKit/537.36 (KHTML, like Gecko; compatible; GPTBot/1.2; +https://openai.com/gptbot)"
20.171.207.182 - - [04/Jul/2025:08:22:24 -0400] "GET /shell/function.php?download=L3Vzci9saWIvLmJ1aWxkLWlkLzJhLzhhYTMyNTZjNjcxNzBiYmMyMzdkNTNjMmJjMTA0ZTViZWIzOWQ2 HTTP/1.1" 200 16926 "-" "Mozilla/5.0 AppleWebKit/537.36 (KHTML, like Gecko; compatible; GPTBot/1.2; +https://openai.com/gptbot)"
20.171.207.182 - - [04/Jul/2025:08:22:25 -0400] "GET /shell/function.php?download=L3Vzci9saWIvLmJ1aWxkLWlkL2RmLzQ5MjQzNTNiNThlZjdjNTMzNmQxMWZiMTZlYTVmMjllZGI3Njlm HTTP/1.1" 404 107 "-" "Mozilla/5.0 AppleWebKit/537.36 (KHTML, like Gecko; compatible; GPTBot/1.2; +https://openai.com/gptbot)"
20.171.207.182 - - [04/Jul/2025:08:22:27 -0400] "GET /shell/function.php?download=L3Vzci9saWIvLmJ1aWxkLWlkL2JkLzZmNmViMGY5YjVkMDNiYzlmZTFkYTYxMjVhMmU3MmYyNWJhYmFh HTTP/1.1" 200 567848 "-" "Mozilla/5.0 AppleWebKit/537.36 (KHTML, like Gecko; compatible; GPTBot/1.2; +https://openai.com/gptbot)"
54.197.82.195 - - [04/Jul/2025:08:22:27 -0400] "GET /shell/function.php?fm=true&path=/usr/share/locale/csb/LC_MESSAGES HTTP/1.1" 200 10694 "-" "Mozilla/5.0 AppleWebKit/537.36 (KHTML, like Gecko; compatible; Amazonbot/0.1; +https://developer.amazon.com/support/amazonbot) Chrome/119.0.6045.214 Safari/537.36"
20.171.207.182 - - [04/Jul/2025:08:22:28 -0400] "GET /shell/function.php?download=L3Vzci9saWIvLmJ1aWxkLWlkLzJmLzBiMGEzODMzNjBiODQyMzUyMjc5NTEyNzk2MTUzNGJkYjA2MGUy HTTP/1.1" 404 107 "-" "Mozilla/5.0 AppleWebKit/537.36 (KHTML, like Gecko; compatible; GPTBot/1.2; +https://openai.com/gptbot)"
20.171.207.182 - - [04/Jul/2025:08:22:29 -0400] "GET /shell/function.php?download=L3Vzci9saWIvLmJ1aWxkLWlkLzJmLzBiMTIxYjEwZDFkYWIxZDEzZGRlYzlmYzQzYjhhOTU4ZWZlODZl HTTP/1.1" 200 12694 "-" "Mozilla/5.0 AppleWebKit/537.36 (KHTML, like Gecko; compatible; GPTBot/1.2; +https://openai.com/gptbot)"
54.166.104.83 - - [04/Jul/2025:08:22:30 -0400] "GET /shell/function.php?gzfile=L29wdC9hbHQvb3BlbnNzbC9zaGFyZS9tYW4vbWFuMy9TU0xfQ1RYX3NldDFfY2hhaW4uM3NzbA%3D%3D HTTP/1.1" 200 6874 "-" "Mozilla/5.0 AppleWebKit/537.36 (KHTML, like Gecko; compatible; Amazonbot/0.1; +https://developer.amazon.com/support/amazonbot) Chrome/119.0.6045.214 Safari/537.36"
20.171.207.182 - - [04/Jul/2025:08:22:31 -0400] "GET /shell/function.php?download=L3Vzci9saWIvLmJ1aWxkLWlkL2UyLzgyNmYyZWNjMzg0MDEyODA1NmI3NDczNDgwZDdhMTlkM2NlMzFm HTTP/1.1" 200 12486 "-" "Mozilla/5.0 AppleWebKit/537.36 (KHTML, like Gecko; compatible; GPTBot/1.2; +https://openai.com/gptbot)"
20.171.207.182 - - [04/Jul/2025:08:22:35 -0400] "GET /shell/function.php?download=L3Vzci9saWIvLmJ1aWxkLWlkL2QyLzdmMjI5MjRmNjlhMDIyOTllNTMzZDNjZTI4MzJlY2FlYWYxOTM1 HTTP/1.1" 200 1686 "-" "Mozilla/5.0 AppleWebKit/537.36 (KHTML, like Gecko; compatible; GPTBot/1.2; +https://openai.com/gptbot)"
20.171.207.182 - - [04/Jul/2025:08:22:36 -0400] "GET /shell/function.php?download=L3Vzci9saWIvLmJ1aWxkLWlkL2RmLzRlMTQ5MWE3NDE0YzExNGVlNmJkYjlhOGRmZGZmOGVmMjdjMGY0 HTTP/1.1" 200 25134 "-" "Mozilla/5.0 AppleWebKit/537.36 (KHTML, like Gecko; compatible; GPTBot/1.2; +https://openai.com/gptbot)"
20.171.207.182 - - [04/Jul/2025:08:22:37 -0400] "GET /shell/function.php?download=L3Vzci9saWIvLmJ1aWxkLWlkL2QyLzdjMWI0YmJmYjU0ZWRiNWEzOGY0YjJlMDkwNDkyMzkxZmRiZWY0 HTTP/1.1" 404 107 "-" "Mozilla/5.0 AppleWebKit/537.36 (KHTML, like Gecko; compatible; GPTBot/1.2; +https://openai.com/gptbot)"
20.171.207.182 - - [04/Jul/2025:08:22:39 -0400] "GET /shell/function.php?download=L3Vzci9saWIvLmJ1aWxkLWlkL2FiL2M5N2VmNDRlZjlkOTkwYjdmNjRlNzczNzJhMDI2YWQwZWYyZDQy HTTP/1.1" 404 107 "-" "Mozilla/5.0 AppleWebKit/537.36 (KHTML, like Gecko; compatible; GPTBot/1.2; +https://openai.com/gptbot)"
