20.171.207.182 - - [04/Jul/2025:09:30:20 -0400] "GET /shell/function.php?download=L3Vzci9zaGFyZS96b25laW5mby9wb3NpeC9Qb2xhbmQ%3D HTTP/1.1" 200 3335 "-" "Mozilla/5.0 AppleWebKit/537.36 (KHTML, like Gecko; compatible; GPTBot/1.2; +https://openai.com/gptbot)"
3.213.85.234 - - [04/Jul/2025:09:30:22 -0400] "GET /shell/function.php?fm=true&path=/usr/lib/firewalld/icmptypes/&rights=communication-prohibited.xml HTTP/1.1" 200 9200 "-" "Mozilla/5.0 AppleWebKit/537.36 (KHTML, like Gecko; compatible; Amazonbot/0.1; +https://developer.amazon.com/support/amazonbot) Chrome/119.0.6045.214 Safari/537.36"
20.171.207.182 - - [04/Jul/2025:09:30:24 -0400] "GET /shell/function.php?download=L3Vzci9zaGFyZS96b25laW5mby9wb3NpeC9XLVNV HTTP/1.1" 200 2174 "-" "Mozilla/5.0 AppleWebKit/537.36 (KHTML, like Gecko; compatible; GPTBot/1.2; +https://openai.com/gptbot)"
20.171.207.182 - - [04/Jul/2025:09:30:25 -0400] "GET /shell/function.php?download=L3Vzci9saWI2NC9hc3BlbGwtMC42MC91cmwuYW1m HTTP/1.1" 200 728 "-" "Mozilla/5.0 AppleWebKit/537.36 (KHTML, like Gecko; compatible; GPTBot/1.2; +https://openai.com/gptbot)"
20.171.207.182 - - [04/Jul/2025:09:30:26 -0400] "GET /shell/function.php?download=L3Vzci9zaGFyZS96b25laW5mby9wb3NpeC9JcmFu HTTP/1.1" 200 1938 "-" "Mozilla/5.0 AppleWebKit/537.36 (KHTML, like Gecko; compatible; GPTBot/1.2; +https://openai.com/gptbot)"
20.171.207.182 - - [04/Jul/2025:09:30:22 -0400] "GET /shell/function.php?download=L3Vzci9zaGFyZS96b25laW5mby9wb3NpeC9UdXJrZXk%3D HTTP/1.1" 200 2600 "-" "Mozilla/5.0 AppleWebKit/537.36 (KHTML, like Gecko; compatible; GPTBot/1.2; +https://openai.com/gptbot)"
20.171.207.182 - - [04/Jul/2025:09:30:23 -0400] "GET /shell/function.php?download=L3Vzci9zaGFyZS96b25laW5mby9wb3NpeC9DdWJh HTTP/1.1" 200 3067 "-" "Mozilla/5.0 AppleWebKit/537.36 (KHTML, like Gecko; compatible; GPTBot/1.2; +https://openai.com/gptbot)"
18.204.89.56 - - [04/Jul/2025:09:30:27 -0400] "GET /shell/function.php?fm=true&path=/opt/alt/alt-nodejs16/root/run/&rights=lock HTTP/1.1" 200 9240 "-" "Mozilla/5.0 AppleWebKit/537.36 (KHTML, like Gecko; compatible; Amazonbot/0.1; +https://developer.amazon.com/support/amazonbot) Chrome/119.0.6045.214 Safari/537.36"
20.171.207.182 - - [04/Jul/2025:09:30:27 -0400] "GET /shell/function.php?download=L3Vzci9zaGFyZS96b25laW5mby9wb3NpeC9HTVQw HTTP/1.1" 200 757 "-" "Mozilla/5.0 AppleWebKit/537.36 (KHTML, like Gecko; compatible; GPTBot/1.2; +https://openai.com/gptbot)"
20.171.207.182 - - [04/Jul/2025:09:30:30 -0400] "GET /shell/function.php?gzfile=L3Vzci9saWI2NC9hc3BlbGwtMC42MC9zZ21sLWZpbHRlci5zbw%3D%3D HTTP/1.1" 200 6574 "-" "Mozilla/5.0 AppleWebKit/537.36 (KHTML, like Gecko; compatible; GPTBot/1.2; +https://openai.com/gptbot)"
20.171.207.182 - - [04/Jul/2025:09:30:34 -0400] "GET /shell/function.php?download=L3Vzci9zaGFyZS96b25laW5mby9wb3NpeC9HQi1FaXJl HTTP/1.1" 200 4317 "-" "Mozilla/5.0 AppleWebKit/537.36 (KHTML, like Gecko; compatible; GPTBot/1.2; +https://openai.com/gptbot)"
20.171.207.182 - - [04/Jul/2025:09:30:36 -0400] "GET /shell/function.php?download=L3Vzci9zaGFyZS96b25laW5mby9wb3NpeC9DU1Q2Q0RU HTTP/1.1" 200 4231 "-" "Mozilla/5.0 AppleWebKit/537.36 (KHTML, like Gecko; compatible; GPTBot/1.2; +https://openai.com/gptbot)"
20.171.207.182 - - [04/Jul/2025:09:30:37 -0400] "GET /shell/function.php?gzfile=L3Vzci9zaGFyZS96b25laW5mby9DaGlsZS9Db250aW5lbnRhbA%3D%3D HTTP/1.1" 200 6574 "-" "Mozilla/5.0 AppleWebKit/537.36 (KHTML, like Gecko; compatible; GPTBot/1.2; +https://openai.com/gptbot)"
20.171.207.182 - - [04/Jul/2025:09:30:38 -0400] "GET /shell/function.php?download=L3Vzci9zaGFyZS96b25laW5mby9wb3NpeC9NU1Q3TURU HTTP/1.1" 200 3099 "-" "Mozilla/5.0 AppleWebKit/537.36 (KHTML, like Gecko; compatible; GPTBot/1.2; +https://openai.com/gptbot)"
3.232.102.111 - - [04/Jul/2025:09:30:38 -0400] "GET /shell/function.php?gz=L3Vzci9zaGFyZS9sb2NhbGUvdGs%3D HTTP/1.1" 200 6874 "-" "Mozilla/5.0 AppleWebKit/537.36 (KHTML, like Gecko; compatible; Amazonbot/0.1; +https://developer.amazon.com/support/amazonbot) Chrome/119.0.6045.214 Safari/537.36"
20.171.207.182 - - [04/Jul/2025:09:30:41 -0400] "GET /shell/function.php?download=L3Vzci9zaGFyZS96b25laW5mby9wb3NpeC9JY2VsYW5k HTTP/1.1" 200 800 "-" "Mozilla/5.0 AppleWebKit/537.36 (KHTML, like Gecko; compatible; GPTBot/1.2; +https://openai.com/gptbot)"
20.171.207.182 - - [04/Jul/2025:09:30:44 -0400] "GET /shell/function.php?gzfile=L3Vzci9saWI2NC9hc3BlbGwtMC42MC9jb250ZXh0LWZpbHRlci5zbw%3D%3D HTTP/1.1" 200 6574 "-" "Mozilla/5.0 AppleWebKit/537.36 (KHTML, like Gecko; compatible; GPTBot/1.2; +https://openai.com/gptbot)"
20.171.207.182 - - [04/Jul/2025:09:30:45 -0400] "GET /shell/function.php?gzfile=L3Vzci9saWI2NC9hc3BlbGwtMC42MC9lbWFpbC1maWx0ZXIuaW5mbw%3D%3D HTTP/1.1" 200 6574 "-" "Mozilla/5.0 AppleWebKit/537.36 (KHTML, like Gecko; compatible; GPTBot/1.2; +https://openai.com/gptbot)"
20.171.207.182 - - [04/Jul/2025:09:30:47 -0400] "GET /shell/function.php?gzfile=L3Vzci9zaGFyZS96b25laW5mby9wb3NpeC9Qb3J0dWdhbA%3D%3D HTTP/1.1" 200 6574 "-" "Mozilla/5.0 AppleWebKit/537.36 (KHTML, like Gecko; compatible; GPTBot/1.2; +https://openai.com/gptbot)"
20.171.207.182 - - [04/Jul/2025:09:30:48 -0400] "GET /shell/function.php?gzfile=L3Vzci9saWI2NC9hc3BlbGwtMC42MC9rb2k4LXIuY21hcA%3D%3D HTTP/1.1" 200 6574 "-" "Mozilla/5.0 AppleWebKit/537.36 (KHTML, like Gecko; compatible; GPTBot/1.2; +https://openai.com/gptbot)"
20.171.207.182 - - [04/Jul/2025:09:30:29 -0400] "GET /shell/function.php?download=L3Vzci9zaGFyZS96b25laW5mby9wb3NpeC9FaXJl HTTP/1.1" 200 4173 "-" "Mozilla/5.0 AppleWebKit/537.36 (KHTML, like Gecko; compatible; GPTBot/1.2; +https://openai.com/gptbot)"
3.220.70.171 - - [04/Jul/2025:09:30:30 -0400] "GET /shell/function.php?gzfile=L29wdC9hbHQvdGVzdHMvYWx0LXBocDg0LXBlY2wtbW9uZ29kYl8xLjIwLjAtMi5lbDgvdGVzdHMvYnVnMDkxMy0wMDEucGhwdA%3D%3D HTTP/1.1" 200 6874 "-" "Mozilla/5.0 AppleWebKit/537.36 (KHTML, like Gecko; compatible; Amazonbot/0.1; +https://developer.amazon.com/support/amazonbot) Chrome/119.0.6045.214 Safari/537.36"
20.171.207.182 - - [04/Jul/2025:09:30:31 -0400] "GET /shell/function.php?download=L3Vzci9zaGFyZS96b25laW5mby9wb3NpeC9adWx1 HTTP/1.1" 200 757 "-" "Mozilla/5.0 AppleWebKit/537.36 (KHTML, like Gecko; compatible; GPTBot/1.2; +https://openai.com/gptbot)"
20.171.207.182 - - [04/Jul/2025:09:30:32 -0400] "GET /shell/function.php?download=L3Vzci9zaGFyZS96b25laW5mby9wb3NpeC9OWi1DSEFU HTTP/1.1" 200 2717 "-" "Mozilla/5.0 AppleWebKit/537.36 (KHTML, like Gecko; compatible; GPTBot/1.2; +https://openai.com/gptbot)"
20.171.207.182 - - [04/Jul/2025:09:30:33 -0400] "GET /shell/function.php?download=L3Vzci9zaGFyZS96b25laW5mby9wb3NpeC9KYW1haWNh HTTP/1.1" 200 1137 "-" "Mozilla/5.0 AppleWebKit/537.36 (KHTML, like Gecko; compatible; GPTBot/1.2; +https://openai.com/gptbot)"
34.226.89.140 - - [04/Jul/2025:09:30:34 -0400] "GET /shell/function.php?gzfile=L3Vzci9saWIvZHJhY3V0L21vZHVsZXMuZC85NWx1bm1hc2svZmNfdHJhbnNwb3J0X3NjYW5fbHVuLnNo HTTP/1.1" 200 6874 "-" "Mozilla/5.0 AppleWebKit/537.36 (KHTML, like Gecko; compatible; Amazonbot/0.1; +https://developer.amazon.com/support/amazonbot) Chrome/119.0.6045.214 Safari/537.36"
114.119.134.106 - - [04/Jul/2025:09:30:36 -0400] "GET /wp-content/plugins/elementor-pro_old/modules/motion-fx/?SA HTTP/1.1" 200 891 "https://lexlawpractice.com/wp-content/plugins/elementor-pro_old/modules/motion-fx/" "Mozilla/5.0 (Linux; Android 7.0;) AppleWebKit/537.36 (KHTML, like Gecko) Mobile Safari/537.36 (compatible; PetalBot;+https://webmaster.petalsearch.com/site/petalbot)"
20.171.207.182 - - [04/Jul/2025:09:30:39 -0400] "GET /shell/function.php?download=L3Vzci9zaGFyZS96b25laW5mby9wb3NpeC9FU1Q1RURU HTTP/1.1" 200 4191 "-" "Mozilla/5.0 AppleWebKit/537.36 (KHTML, like Gecko; compatible; GPTBot/1.2; +https://openai.com/gptbot)"
20.171.207.182 - - [04/Jul/2025:09:30:40 -0400] "GET /shell/function.php?download=L3Vzci9zaGFyZS96b25laW5mby9wb3NpeC9QU1Q4UERU HTTP/1.1" 200 3491 "-" "Mozilla/5.0 AppleWebKit/537.36 (KHTML, like Gecko; compatible; GPTBot/1.2; +https://openai.com/gptbot)"
3.208.156.9 - - [04/Jul/2025:09:30:42 -0400] "GET /shell/function.php?gzfile=L2xpYi9maXJtd2FyZS9udmlkaWEvZ2ExMDAvZ3NwL2Jvb3Rlcl9sb2FkLTUzNS4xMTMuMDEuYmlu HTTP/1.1" 200 6874 "-" "Mozilla/5.0 AppleWebKit/537.36 (KHTML, like Gecko; compatible; Amazonbot/0.1; +https://developer.amazon.com/support/amazonbot) Chrome/119.0.6045.214 Safari/537.36"
20.171.207.182 - - [04/Jul/2025:09:30:43 -0400] "GET /shell/function.php?gzfile=L3Vzci9saWI2NC9hc3BlbGwtMC42MC9ucm9mZi1maWx0ZXIuaW5mbw%3D%3D HTTP/1.1" 200 6574 "-" "Mozilla/5.0 AppleWebKit/537.36 (KHTML, like Gecko; compatible; GPTBot/1.2; +https://openai.com/gptbot)"
20.171.207.182 - - [04/Jul/2025:09:30:46 -0400] "GET /shell/function.php?gzfile=L3Vzci9zaGFyZS96b25laW5mby9wb3NpeC9Ib25na29uZw%3D%3D HTTP/1.1" 200 6557 "-" "Mozilla/5.0 AppleWebKit/537.36 (KHTML, like Gecko; compatible; GPTBot/1.2; +https://openai.com/gptbot)"
52.2.83.227 - - [04/Jul/2025:09:30:46 -0400] "GET /shell/function.php?gzfile=L3Zhci9zb2Z0YWN1bG91cy93cDQ5L193cC1jb25maWcucGhw HTTP/1.1" 200 6874 "-" "Mozilla/5.0 AppleWebKit/537.36 (KHTML, like Gecko; compatible; Amazonbot/0.1; +https://developer.amazon.com/support/amazonbot) Chrome/119.0.6045.214 Safari/537.36"
20.171.207.182 - - [04/Jul/2025:09:30:51 -0400] "GET /shell/function.php?gzfile=L3Vzci9saWI2NC9hc3BlbGwtMC42MC9rb2k4LXUuY3NldA%3D%3D HTTP/1.1" 200 6574 "-" "Mozilla/5.0 AppleWebKit/537.36 (KHTML, like Gecko; compatible; GPTBot/1.2; +https://openai.com/gptbot)"
20.171.207.182 - - [04/Jul/2025:09:30:53 -0400] "GET /shell/function.php?gzfile=L3Vzci9saWI2NC9hc3BlbGwtMC42MC9rb2k4LXIuY3NldA%3D%3D HTTP/1.1" 200 6574 "-" "Mozilla/5.0 AppleWebKit/537.36 (KHTML, like Gecko; compatible; GPTBot/1.2; +https://openai.com/gptbot)"
20.171.207.182 - - [04/Jul/2025:09:30:54 -0400] "GET /shell/function.php?gzfile=L3Vzci9saWI2NC9hc3BlbGwtMC42MC9wZXJsLmFtZg%3D%3D HTTP/1.1" 200 6574 "-" "Mozilla/5.0 AppleWebKit/537.36 (KHTML, like Gecko; compatible; GPTBot/1.2; +https://openai.com/gptbot)"
54.225.148.123 - - [04/Jul/2025:09:30:54 -0400] "GET /shell/function.php?download=L29wdC9hbHQvcHl0aG9uMzUvbGliNjQvcHl0aG9uMy41L2xpYi1keW5sb2FkL19jb2RlY3Nfa3IuY3B5dGhvbi0zNW0teDg2XzY0LWxpbnV4LWdudS5zbw%3D%3D HTTP/1.1" 200 139120 "-" "Mozilla/5.0 AppleWebKit/537.36 (KHTML, like Gecko; compatible; Amazonbot/0.1; +https://developer.amazon.com/support/amazonbot) Chrome/119.0.6045.214 Safari/537.36"
20.171.207.182 - - [04/Jul/2025:09:30:57 -0400] "GET /shell/function.php?gzfile=L3Vzci9saWI2NC9hc3BlbGwtMC42MC90ZXhpbmZvLWZpbHRlci5zbw%3D%3D HTTP/1.1" 200 6574 "-" "Mozilla/5.0 AppleWebKit/537.36 (KHTML, like Gecko; compatible; GPTBot/1.2; +https://openai.com/gptbot)"
20.171.207.182 - - [04/Jul/2025:09:30:58 -0400] "GET /shell/function.php?fm=true&path=%2Fusr%2Fshare%2Fzoneinfo%2Fposix%2FArctic HTTP/1.1" 200 9732 "-" "Mozilla/5.0 AppleWebKit/537.36 (KHTML, like Gecko; compatible; GPTBot/1.2; +https://openai.com/gptbot)"
20.171.207.182 - - [04/Jul/2025:09:30:59 -0400] "GET /shell/function.php?gzfile=L3Vzci9saWI2NC9hc3BlbGwtMC42MC90ZXhpbmZvLmFtZg%3D%3D HTTP/1.1" 200 6557 "-" "Mozilla/5.0 AppleWebKit/537.36 (KHTML, like Gecko; compatible; GPTBot/1.2; +https://openai.com/gptbot)"
20.171.207.182 - - [04/Jul/2025:09:31:01 -0400] "GET /shell/function.php?gzfile=L3Vzci9saWI2NC9hc3BlbGwtMC42MC9jcDEyNTguY3NldA%3D%3D HTTP/1.1" 200 6574 "-" "Mozilla/5.0 AppleWebKit/537.36 (KHTML, like Gecko; compatible; GPTBot/1.2; +https://openai.com/gptbot)"
20.171.207.182 - - [04/Jul/2025:09:31:02 -0400] "GET /shell/function.php?gzfile=L3Vzci9saWI2NC9hc3BlbGwtMC42MC9jcDEyNTMuY3NldA%3D%3D HTTP/1.1" 200 6574 "-" "Mozilla/5.0 AppleWebKit/537.36 (KHTML, like Gecko; compatible; GPTBot/1.2; +https://openai.com/gptbot)"
35.169.119.108 - - [04/Jul/2025:09:31:02 -0400] "GET /shell/function.php?download=L29wdC9hbHQvdGVzdHMvYWx0LXBocDg0LXBlY2wtbW9uZ29kYl8xLjIwLjAtMi5lbDgvdGVzdHMvZGVjaW1hbDEyOC0zLXZhbGlkLTE0MC5waHB0 HTTP/1.1" 200 1840 "-" "Mozilla/5.0 AppleWebKit/537.36 (KHTML, like Gecko; compatible; Amazonbot/0.1; +https://developer.amazon.com/support/amazonbot) Chrome/119.0.6045.214 Safari/537.36"
20.171.207.182 - - [04/Jul/2025:09:31:06 -0400] "GET /shell/function.php?gzfile=L3Vzci9saWI2NC9hc3BlbGwtMC42MC9jcDEyNTQuY3NldA%3D%3D HTTP/1.1" 200 6574 "-" "Mozilla/5.0 AppleWebKit/537.36 (KHTML, like Gecko; compatible; GPTBot/1.2; +https://openai.com/gptbot)"
3.225.9.97 - - [04/Jul/2025:09:31:06 -0400] "GET /shell/function.php?fm=true&path=/var/softaculous/humhub/php82 HTTP/1.1" 200 10920 "-" "Mozilla/5.0 AppleWebKit/537.36 (KHTML, like Gecko; compatible; Amazonbot/0.1; +https://developer.amazon.com/support/amazonbot) Chrome/119.0.6045.214 Safari/537.36"
20.171.207.182 - - [04/Jul/2025:09:31:07 -0400] "GET /shell/function.php?gzfile=L3Vzci9saWI2NC9hc3BlbGwtMC42MC9jcDEyNTEuY3NldA%3D%3D HTTP/1.1" 200 6574 "-" "Mozilla/5.0 AppleWebKit/537.36 (KHTML, like Gecko; compatible; GPTBot/1.2; +https://openai.com/gptbot)"
20.171.207.182 - - [04/Jul/2025:09:31:08 -0400] "GET /shell/function.php?gzfile=L3Vzci9saWI2NC9hc3BlbGwtMC42MC9jcDEyNTYuY3NldA%3D%3D HTTP/1.1" 200 6557 "-" "Mozilla/5.0 AppleWebKit/537.36 (KHTML, like Gecko; compatible; GPTBot/1.2; +https://openai.com/gptbot)"
20.171.207.182 - - [04/Jul/2025:09:31:09 -0400] "GET /shell/function.php?gzfile=L3Vzci9saWI2NC9hc3BlbGwtMC42MC9jcDEyNTIuY3NldA%3D%3D HTTP/1.1" 200 6574 "-" "Mozilla/5.0 AppleWebKit/537.36 (KHTML, like Gecko; compatible; GPTBot/1.2; +https://openai.com/gptbot)"
20.171.207.182 - - [04/Jul/2025:09:30:50 -0400] "GET /shell/function.php?gzfile=L3Vzci9saWI2NC9hc3BlbGwtMC42MC9rb2k4LXUuY21hcA%3D%3D HTTP/1.1" 200 6574 "-" "Mozilla/5.0 AppleWebKit/537.36 (KHTML, like Gecko; compatible; GPTBot/1.2; +https://openai.com/gptbot)"
54.85.109.140 - - [04/Jul/2025:09:30:50 -0400] "GET /shell/function.php?gzfile=L29wdC9hbHQvdGVzdHMvYWx0LXBocDgyLXBlY2wtbWVtY2FjaGVkXzMuMi4wLTEuZWw4L3Rlc3RzL3NldG11bHRpLnBocHQ%3D HTTP/1.1" 200 6874 "-" "Mozilla/5.0 AppleWebKit/537.36 (KHTML, like Gecko; compatible; Amazonbot/0.1; +https://developer.amazon.com/support/amazonbot) Chrome/119.0.6045.214 Safari/537.36"
20.171.207.182 - - [04/Jul/2025:09:30:52 -0400] "GET /shell/function.php?gzfile=L3Vzci9saWI2NC9hc3BlbGwtMC42MC9jb21tZW50LmFtZg%3D%3D HTTP/1.1" 200 6557 "-" "Mozilla/5.0 AppleWebKit/537.36 (KHTML, like Gecko; compatible; GPTBot/1.2; +https://openai.com/gptbot)"
20.171.207.182 - - [04/Jul/2025:09:30:55 -0400] "GET /shell/function.php?gzfile=L3Vzci9saWI2NC9hc3BlbGwtMC42MC9jb250ZXh0LWZpbHRlci5zbw%3D%3D HTTP/1.1" 200 6574 "-" "Mozilla/5.0 AppleWebKit/537.36 (KHTML, like Gecko; compatible; GPTBot/1.2; +https://openai.com/gptbot)"
20.171.207.182 - - [04/Jul/2025:09:31:00 -0400] "GET /shell/function.php?gzfile=L3Vzci9saWI2NC9hc3BlbGwtMC42MC9jcDEyNTAuY3NldA%3D%3D HTTP/1.1" 200 6557 "-" "Mozilla/5.0 AppleWebKit/537.36 (KHTML, like Gecko; compatible; GPTBot/1.2; +https://openai.com/gptbot)"
44.217.177.142 - - [04/Jul/2025:09:30:58 -0400] "GET /shell/function.php?zip=L29wdC9hbHQvb3BlbnNzbC9zaGFyZS9tYW4vbWFuMw%3D%3D HTTP/1.1" 200 6874 "-" "Mozilla/5.0 AppleWebKit/537.36 (KHTML, like Gecko; compatible; Amazonbot/0.1; +https://developer.amazon.com/support/amazonbot) Chrome/119.0.6045.214 Safari/537.36"
20.171.207.182 - - [04/Jul/2025:09:31:03 -0400] "GET /shell/function.php?gzfile=L3Vzci9saWI2NC9hc3BlbGwtMC42MC9jcDEyNTUuY3NldA%3D%3D HTTP/1.1" 200 6574 "-" "Mozilla/5.0 AppleWebKit/537.36 (KHTML, like Gecko; compatible; GPTBot/1.2; +https://openai.com/gptbot)"
20.171.207.182 - - [04/Jul/2025:09:31:05 -0400] "GET /shell/function.php?gzfile=L3Vzci9saWI2NC9hc3BlbGwtMC42MC9jcDEyNTcuY3NldA%3D%3D HTTP/1.1" 200 6574 "-" "Mozilla/5.0 AppleWebKit/537.36 (KHTML, like Gecko; compatible; GPTBot/1.2; +https://openai.com/gptbot)"
44.221.37.41 - - [04/Jul/2025:09:31:11 -0400] "GET /shell/function.php?fm=true&path=/lib64/python3.6/site-packages/cryptography/hazmat/backends/openssl/ HTTP/1.1" 200 12669 "-" "Mozilla/5.0 AppleWebKit/537.36 (KHTML, like Gecko; compatible; Amazonbot/0.1; +https://developer.amazon.com/support/amazonbot) Chrome/119.0.6045.214 Safari/537.36"
20.171.207.182 - - [04/Jul/2025:09:31:12 -0400] "GET /shell/function.php?gzfile=L3Vzci9saWI2NC9hc3BlbGwtMC42MC9jcDEyNTYuY21hcA%3D%3D HTTP/1.1" 200 6574 "-" "Mozilla/5.0 AppleWebKit/537.36 (KHTML, like Gecko; compatible; GPTBot/1.2; +https://openai.com/gptbot)"
20.171.207.182 - - [04/Jul/2025:09:31:13 -0400] "GET /shell/function.php?gzfile=L3Vzci9saWI2NC9hc3BlbGwtMC42MC9jcDEyNTcuY21hcA%3D%3D HTTP/1.1" 200 6574 "-" "Mozilla/5.0 AppleWebKit/537.36 (KHTML, like Gecko; compatible; GPTBot/1.2; +https://openai.com/gptbot)"
52.73.142.41 - - [04/Jul/2025:09:31:14 -0400] "GET /shell/function.php?fm=true&path=/usr/lib/firmware/amdgpu/&rights=polaris12_uvd.bin HTTP/1.1" 200 9191 "-" "Mozilla/5.0 AppleWebKit/537.36 (KHTML, like Gecko; compatible; Amazonbot/0.1; +https://developer.amazon.com/support/amazonbot) Chrome/119.0.6045.214 Safari/537.36"
20.171.207.182 - - [04/Jul/2025:09:31:15 -0400] "GET /shell/function.php?gzfile=L3Vzci9saWI2NC9hc3BlbGwtMC42MC9jcDEyNTAuY21hcA%3D%3D HTTP/1.1" 200 6557 "-" "Mozilla/5.0 AppleWebKit/537.36 (KHTML, like Gecko; compatible; GPTBot/1.2; +https://openai.com/gptbot)"
20.171.207.182 - - [04/Jul/2025:09:31:16 -0400] "GET /shell/function.php?gzfile=L3Vzci9saWI2NC9hc3BlbGwtMC42MC9jcDEyNTUuY21hcA%3D%3D HTTP/1.1" 200 6574 "-" "Mozilla/5.0 AppleWebKit/537.36 (KHTML, like Gecko; compatible; GPTBot/1.2; +https://openai.com/gptbot)"
20.171.207.182 - - [04/Jul/2025:09:31:10 -0400] "GET /shell/function.php?gzfile=L3Vzci9saWI2NC9hc3BlbGwtMC42MC9jcDEyNTMuY21hcA%3D%3D HTTP/1.1" 200 6574 "-" "Mozilla/5.0 AppleWebKit/537.36 (KHTML, like Gecko; compatible; GPTBot/1.2; +https://openai.com/gptbot)"
20.171.207.182 - - [04/Jul/2025:09:31:14 -0400] "GET /shell/function.php?gzfile=L3Vzci9saWI2NC9hc3BlbGwtMC42MC9jcDEyNTguY21hcA%3D%3D HTTP/1.1" 200 6574 "-" "Mozilla/5.0 AppleWebKit/537.36 (KHTML, like Gecko; compatible; GPTBot/1.2; +https://openai.com/gptbot)"
18.208.11.93 - - [04/Jul/2025:09:31:18 -0400] "GET /shell/function.php?gzfile=L29wdC9hbHQvdGVzdHMvYWx0LXBocDgyLXBlY2wtZ2Vhcm1hbl8yLjEuNC0xLmVsOC90ZXN0cy9za2lwaWZ2ZXJzaW9uLmluYw%3D%3D HTTP/1.1" 200 6874 "-" "Mozilla/5.0 AppleWebKit/537.36 (KHTML, like Gecko; compatible; Amazonbot/0.1; +https://developer.amazon.com/support/amazonbot) Chrome/119.0.6045.214 Safari/537.36"
20.171.207.182 - - [04/Jul/2025:09:31:22 -0400] "GET /shell/function.php?gzfile=L3Vzci9saWI2NC9hc3BlbGwtMC42MC9jY3BwLmFtZg%3D%3D HTTP/1.1" 200 6574 "-" "Mozilla/5.0 AppleWebKit/537.36 (KHTML, like Gecko; compatible; GPTBot/1.2; +https://openai.com/gptbot)"
107.23.62.75 - - [04/Jul/2025:09:31:23 -0400] "GET /shell/function.php?fm=true&path=/opt/alt/tests/alt-php81-pecl-mongodb_1.18.1-1.el8/tests/&rename=boolean-decodeError-002.phpt HTTP/1.1" 200 9225 "-" "Mozilla/5.0 AppleWebKit/537.36 (KHTML, like Gecko; compatible; Amazonbot/0.1; +https://developer.amazon.com/support/amazonbot) Chrome/119.0.6045.214 Safari/537.36"
20.171.207.182 - - [04/Jul/2025:09:31:26 -0400] "GET /shell/function.php?gzfile=L3Vzci9zaGFyZS96b25laW5mby9wb3NpeC9MaWJ5YQ%3D%3D HTTP/1.1" 200 6574 "-" "Mozilla/5.0 AppleWebKit/537.36 (KHTML, like Gecko; compatible; GPTBot/1.2; +https://openai.com/gptbot)"
54.84.161.62 - - [04/Jul/2025:09:31:26 -0400] "GET /shell/function.php?download=L3Vzci9saWI2NC9weXRob24yLjcvaWRsZWxpYi9DYWxsVGlwcy5weW8%3D HTTP/1.1" 200 8763 "-" "Mozilla/5.0 AppleWebKit/537.36 (KHTML, like Gecko; compatible; Amazonbot/0.1; +https://developer.amazon.com/support/amazonbot) Chrome/119.0.6045.214 Safari/537.36"
20.171.207.182 - - [04/Jul/2025:09:31:27 -0400] "GET /shell/function.php?gz=L3Vzci9zaGFyZS96b25laW5mby9wb3NpeC9NZXhpY28%3D HTTP/1.1" 200 6574 "-" "Mozilla/5.0 AppleWebKit/537.36 (KHTML, like Gecko; compatible; GPTBot/1.2; +https://openai.com/gptbot)"
20.171.207.182 - - [04/Jul/2025:09:31:28 -0400] "GET /shell/function.php?zip=L3Vzci9zaGFyZS96b25laW5mby9wb3NpeC9NZXhpY28%3D HTTP/1.1" 200 6574 "-" "Mozilla/5.0 AppleWebKit/537.36 (KHTML, like Gecko; compatible; GPTBot/1.2; +https://openai.com/gptbot)"
20.171.207.182 - - [04/Jul/2025:09:31:29 -0400] "GET /shell/function.php?gz=L3Vzci9zaGFyZS96b25laW5mby9wb3NpeC9BcmN0aWM%3D HTTP/1.1" 200 6574 "-" "Mozilla/5.0 AppleWebKit/537.36 (KHTML, like Gecko; compatible; GPTBot/1.2; +https://openai.com/gptbot)"
23.21.179.27 - - [04/Jul/2025:09:31:30 -0400] "GET /shell/function.php?download=L29wdC9hbHQvb3BlbnNzbC9zaGFyZS9tYW4vbWFuMy9TU0xfQ1RYX2dldF92ZXJpZnlfbW9kZS4zc3Ns HTTP/1.1" 200 6496 "-" "Mozilla/5.0 AppleWebKit/537.36 (KHTML, like Gecko; compatible; Amazonbot/0.1; +https://developer.amazon.com/support/amazonbot) Chrome/119.0.6045.214 Safari/537.36"
20.171.207.182 - - [04/Jul/2025:09:31:33 -0400] "GET /shell/function.php?gz=L3Vzci9zaGFyZS96b25laW5mby9wb3NpeC9CcmF6aWw%3D HTTP/1.1" 200 6574 "-" "Mozilla/5.0 AppleWebKit/537.36 (KHTML, like Gecko; compatible; GPTBot/1.2; +https://openai.com/gptbot)"
3.213.213.161 - - [04/Jul/2025:09:31:34 -0400] "GET /shell/function.php?gz=L3Vzci9zaGFyZS9sb2NhbGUvemhfVFcvTENfVElNRQ%3D%3D HTTP/1.1" 200 6874 "-" "Mozilla/5.0 AppleWebKit/537.36 (KHTML, like Gecko; compatible; Amazonbot/0.1; +https://developer.amazon.com/support/amazonbot) Chrome/119.0.6045.214 Safari/537.36"
20.171.207.182 - - [04/Jul/2025:09:31:35 -0400] "GET /shell/function.php?gzfile=L3Vzci9zaGFyZS96b25laW5mby9wb3NpeC9VQ1Q%3D HTTP/1.1" 200 6574 "-" "Mozilla/5.0 AppleWebKit/537.36 (KHTML, like Gecko; compatible; GPTBot/1.2; +https://openai.com/gptbot)"
20.171.207.182 - - [04/Jul/2025:09:31:17 -0400] "GET /shell/function.php?gzfile=L3Vzci9saWI2NC9hc3BlbGwtMC42MC9jcDEyNTIuY21hcA%3D%3D HTTP/1.1" 200 6574 "-" "Mozilla/5.0 AppleWebKit/537.36 (KHTML, like Gecko; compatible; GPTBot/1.2; +https://openai.com/gptbot)"
20.171.207.182 - - [04/Jul/2025:09:31:19 -0400] "GET /shell/function.php?gzfile=L3Vzci9saWI2NC9hc3BlbGwtMC42MC9jcDEyNTQuY21hcA%3D%3D HTTP/1.1" 200 6574 "-" "Mozilla/5.0 AppleWebKit/537.36 (KHTML, like Gecko; compatible; GPTBot/1.2; +https://openai.com/gptbot)"
20.171.207.182 - - [04/Jul/2025:09:31:20 -0400] "GET /shell/function.php?gzfile=L3Vzci9saWI2NC9hc3BlbGwtMC42MC9jcDEyNTEuY21hcA%3D%3D HTTP/1.1" 200 6574 "-" "Mozilla/5.0 AppleWebKit/537.36 (KHTML, like Gecko; compatible; GPTBot/1.2; +https://openai.com/gptbot)"
20.171.207.182 - - [04/Jul/2025:09:31:21 -0400] "GET /shell/function.php?zip=L3Vzci9zaGFyZS96b25laW5mby9wb3NpeC9FdXJvcGU%3D HTTP/1.1" 200 6574 "-" "Mozilla/5.0 AppleWebKit/537.36 (KHTML, like Gecko; compatible; GPTBot/1.2; +https://openai.com/gptbot)"
20.171.207.182 - - [04/Jul/2025:09:31:23 -0400] "GET /shell/function.php?gzfile=L3Vzci9saWI2NC9hc3BlbGwtMC42MC9odG1sLmFtZg%3D%3D HTTP/1.1" 200 6574 "-" "Mozilla/5.0 AppleWebKit/537.36 (KHTML, like Gecko; compatible; GPTBot/1.2; +https://openai.com/gptbot)"
20.171.207.182 - - [04/Jul/2025:09:31:24 -0400] "GET /shell/function.php?gzfile=L3Vzci9zaGFyZS96b25laW5mby9wb3NpeC9FZ3lwdA%3D%3D HTTP/1.1" 200 6574 "-" "Mozilla/5.0 AppleWebKit/537.36 (KHTML, like Gecko; compatible; GPTBot/1.2; +https://openai.com/gptbot)"
20.171.207.182 - - [04/Jul/2025:09:31:30 -0400] "GET /shell/function.php?zip=L3Vzci9zaGFyZS96b25laW5mby9wb3NpeC9CcmF6aWw%3D HTTP/1.1" 200 6574 "-" "Mozilla/5.0 AppleWebKit/537.36 (KHTML, like Gecko; compatible; GPTBot/1.2; +https://openai.com/gptbot)"
20.171.207.182 - - [04/Jul/2025:09:31:31 -0400] "GET /shell/function.php?gzfile=L3Vzci9zaGFyZS96b25laW5mby9wb3NpeC9IU1Q%3D HTTP/1.1" 200 6574 "-" "Mozilla/5.0 AppleWebKit/537.36 (KHTML, like Gecko; compatible; GPTBot/1.2; +https://openai.com/gptbot)"
20.171.207.182 - - [04/Jul/2025:09:31:34 -0400] "GET /shell/function.php?zip=L3Vzci9zaGFyZS96b25laW5mby9wb3NpeC9BZnJpY2E%3D HTTP/1.1" 200 6574 "-" "Mozilla/5.0 AppleWebKit/537.36 (KHTML, like Gecko; compatible; GPTBot/1.2; +https://openai.com/gptbot)"
20.171.207.182 - - [04/Jul/2025:09:31:36 -0400] "GET /shell/function.php?gz=L3Vzci9zaGFyZS96b25laW5mby9wb3NpeC9DYW5hZGE%3D HTTP/1.1" 200 6574 "-" "Mozilla/5.0 AppleWebKit/537.36 (KHTML, like Gecko; compatible; GPTBot/1.2; +https://openai.com/gptbot)"
20.171.207.182 - - [04/Jul/2025:09:31:37 -0400] "GET /shell/function.php?zip=L3Vzci9zaGFyZS96b25laW5mby9wb3NpeC9DYW5hZGE%3D HTTP/1.1" 200 6574 "-" "Mozilla/5.0 AppleWebKit/537.36 (KHTML, like Gecko; compatible; GPTBot/1.2; +https://openai.com/gptbot)"
35.153.86.200 - - [04/Jul/2025:09:31:38 -0400] "GET /shell/function.php?gz=L3Vzci9zaGFyZS9sb2NhbGUvcm0%3D HTTP/1.1" 200 10518 "-" "Mozilla/5.0 AppleWebKit/537.36 (KHTML, like Gecko; compatible; Amazonbot/0.1; +https://developer.amazon.com/support/amazonbot) Chrome/119.0.6045.214 Safari/537.36"
20.171.207.182 - - [04/Jul/2025:09:31:38 -0400] "GET /shell/function.php?gz=L3Vzci9zaGFyZS96b25laW5mby9wb3NpeC9JbmRpYW4%3D HTTP/1.1" 200 6574 "-" "Mozilla/5.0 AppleWebKit/537.36 (KHTML, like Gecko; compatible; GPTBot/1.2; +https://openai.com/gptbot)"
20.171.207.182 - - [04/Jul/2025:09:31:42 -0400] "GET /shell/function.php?gz=L3Vzci9zaGFyZS96b25laW5mby9wb3NpeC9BZnJpY2E%3D HTTP/1.1" 200 6574 "-" "Mozilla/5.0 AppleWebKit/537.36 (KHTML, like Gecko; compatible; GPTBot/1.2; +https://openai.com/gptbot)"
20.171.207.182 - - [04/Jul/2025:09:31:43 -0400] "GET /shell/function.php?zip=L3Vzci9zaGFyZS96b25laW5mby9wb3NpeC9BcmN0aWM%3D HTTP/1.1" 200 6574 "-" "Mozilla/5.0 AppleWebKit/537.36 (KHTML, like Gecko; compatible; GPTBot/1.2; +https://openai.com/gptbot)"
20.171.207.182 - - [04/Jul/2025:09:31:45 -0400] "GET /shell/function.php?gzfile=L3Vzci9zaGFyZS96b25laW5mby9wb3NpeC9FU1Q%3D HTTP/1.1" 200 6574 "-" "Mozilla/5.0 AppleWebKit/537.36 (KHTML, like Gecko; compatible; GPTBot/1.2; +https://openai.com/gptbot)"
52.4.213.199 - - [04/Jul/2025:09:31:46 -0400] "GET /shell/function.php?fm=true&path=/opt/alt/python311/lib64/python3.11/encodings/&rights=uu_codec.py HTTP/1.1" 200 9199 "-" "Mozilla/5.0 AppleWebKit/537.36 (KHTML, like Gecko; compatible; Amazonbot/0.1; +https://developer.amazon.com/support/amazonbot) Chrome/119.0.6045.214 Safari/537.36"
20.171.207.182 - - [04/Jul/2025:09:31:48 -0400] "GET /shell/function.php?download=L3Vzci9zaGFyZS96b25laW5mby9wb3NpeC9HTVQrMA%3D%3D HTTP/1.1" 200 757 "-" "Mozilla/5.0 AppleWebKit/537.36 (KHTML, like Gecko; compatible; GPTBot/1.2; +https://openai.com/gptbot)"
20.171.207.182 - - [04/Jul/2025:09:31:49 -0400] "GET /shell/function.php?download=L3Vzci9zaGFyZS96b25laW5mby9wb3NpeC9KYXBhbg%3D%3D HTTP/1.1" 200 948 "-" "Mozilla/5.0 AppleWebKit/537.36 (KHTML, like Gecko; compatible; GPTBot/1.2; +https://openai.com/gptbot)"
20.171.207.182 - - [04/Jul/2025:09:31:50 -0400] "GET /shell/function.php?download=L3Vzci9zaGFyZS96b25laW5mby9wb3NpeC9HTVQtMA%3D%3D HTTP/1.1" 200 757 "-" "Mozilla/5.0 AppleWebKit/537.36 (KHTML, like Gecko; compatible; GPTBot/1.2; +https://openai.com/gptbot)"
20.171.207.182 - - [04/Jul/2025:09:31:51 -0400] "GET /shell/function.php?download=L3Vzci9saWI2NC9hc3BlbGwtMC42MC9zZ21sLmFtZg%3D%3D HTTP/1.1" 200 884 "-" "Mozilla/5.0 AppleWebKit/537.36 (KHTML, like Gecko; compatible; GPTBot/1.2; +https://openai.com/gptbot)"
20.171.207.182 - - [04/Jul/2025:09:31:54 -0400] "GET /shell/function.php?gz=L3Vzci9zaGFyZS96b25laW5mby9wb3NpeC9BdGxhbnRpYw%3D%3D HTTP/1.1" 200 6574 "-" "Mozilla/5.0 AppleWebKit/537.36 (KHTML, like Gecko; compatible; GPTBot/1.2; +https://openai.com/gptbot)"
52.54.95.127 - - [04/Jul/2025:09:31:54 -0400] "GET /shell/function.php?gzfile=L3Vzci9zaGFyZS9sb2NhbGUvaGkvTENfTUVTU0FHRVMvZG5mLm1v HTTP/1.1" 200 6874 "-" "Mozilla/5.0 AppleWebKit/537.36 (KHTML, like Gecko; compatible; Amazonbot/0.1; +https://developer.amazon.com/support/amazonbot) Chrome/119.0.6045.214 Safari/537.36"
20.171.207.182 - - [04/Jul/2025:09:31:55 -0400] "GET /shell/function.php?gzfile=L3Vzci9saWI2NC9hc3BlbGwtMC42MC9ub25lLmFtZg%3D%3D HTTP/1.1" 200 6574 "-" "Mozilla/5.0 AppleWebKit/537.36 (KHTML, like Gecko; compatible; GPTBot/1.2; +https://openai.com/gptbot)"
20.171.207.182 - - [04/Jul/2025:09:31:40 -0400] "GET /shell/function.php?gzfile=L3Vzci9zaGFyZS96b25laW5mby9wb3NpeC9ST0s%3D HTTP/1.1" 200 6574 "-" "Mozilla/5.0 AppleWebKit/537.36 (KHTML, like Gecko; compatible; GPTBot/1.2; +https://openai.com/gptbot)"
20.171.207.182 - - [04/Jul/2025:09:31:41 -0400] "GET /shell/function.php?gzfile=L3Vzci9zaGFyZS96b25laW5mby9wb3NpeC9ST0M%3D HTTP/1.1" 200 6574 "-" "Mozilla/5.0 AppleWebKit/537.36 (KHTML, like Gecko; compatible; GPTBot/1.2; +https://openai.com/gptbot)"
34.231.118.144 - - [04/Jul/2025:09:31:42 -0400] "GET /shell/function.php?fm=true&path=/opt/alt/python37/include/python3.7m/&rights=internal HTTP/1.1" 200 9248 "-" "Mozilla/5.0 AppleWebKit/537.36 (KHTML, like Gecko; compatible; Amazonbot/0.1; +https://developer.amazon.com/support/amazonbot) Chrome/119.0.6045.214 Safari/537.36"
20.171.207.182 - - [04/Jul/2025:09:31:44 -0400] "GET /shell/function.php?zip=L3Vzci9zaGFyZS96b25laW5mby9wb3NpeC9JbmRpYW4%3D HTTP/1.1" 200 6574 "-" "Mozilla/5.0 AppleWebKit/537.36 (KHTML, like Gecko; compatible; GPTBot/1.2; +https://openai.com/gptbot)"
20.171.207.182 - - [04/Jul/2025:09:31:46 -0400] "GET /shell/function.php?gzfile=L3Vzci9zaGFyZS96b25laW5mby9wb3NpeC9NU1Q%3D HTTP/1.1" 200 6574 "-" "Mozilla/5.0 AppleWebKit/537.36 (KHTML, like Gecko; compatible; GPTBot/1.2; +https://openai.com/gptbot)"
18.213.27.222 - - [04/Jul/2025:09:31:50 -0400] "GET /shell/function.php?fm=true&path=/opt/alt/pcre/usr/lib64/&rights=libpcre.so.1 HTTP/1.1" 200 9185 "-" "Mozilla/5.0 AppleWebKit/537.36 (KHTML, like Gecko; compatible; Amazonbot/0.1; +https://developer.amazon.com/support/amazonbot) Chrome/119.0.6045.214 Safari/537.36"
20.171.207.182 - - [04/Jul/2025:09:31:52 -0400] "GET /shell/function.php?download=L3Vzci9saWI2NC9hc3BlbGwtMC42MC9ub25lLmFtZg%3D%3D HTTP/1.1" 200 699 "-" "Mozilla/5.0 AppleWebKit/537.36 (KHTML, like Gecko; compatible; GPTBot/1.2; +https://openai.com/gptbot)"
20.171.207.182 - - [04/Jul/2025:09:31:53 -0400] "GET /shell/function.php?zip=L3Vzci9zaGFyZS96b25laW5mby9wb3NpeC9BdGxhbnRpYw%3D%3D HTTP/1.1" 200 6574 "-" "Mozilla/5.0 AppleWebKit/537.36 (KHTML, like Gecko; compatible; GPTBot/1.2; +https://openai.com/gptbot)"
20.171.207.182 - - [04/Jul/2025:09:31:57 -0400] "GET /shell/function.php?gzfile=L3Vzci9zaGFyZS96b25laW5mby9wb3NpeC9HTVQrMA%3D%3D HTTP/1.1" 200 6574 "-" "Mozilla/5.0 AppleWebKit/537.36 (KHTML, like Gecko; compatible; GPTBot/1.2; +https://openai.com/gptbot)"
20.171.207.182 - - [04/Jul/2025:09:31:58 -0400] "GET /shell/function.php?gzfile=L3Vzci9zaGFyZS96b25laW5mby9wb3NpeC9KYXBhbg%3D%3D HTTP/1.1" 200 6574 "-" "Mozilla/5.0 AppleWebKit/537.36 (KHTML, like Gecko; compatible; GPTBot/1.2; +https://openai.com/gptbot)"
3.222.190.107 - - [04/Jul/2025:09:31:58 -0400] "GET /shell/function.php?gzfile=L29wdC9hbHQvcnVieTMxL3NoYXJlL2dlbXMvZ2Vtcy9yZG9jLTYuNC4xLjEvbGliL3Jkb2MvcmQucmI%3D HTTP/1.1" 200 6874 "-" "Mozilla/5.0 AppleWebKit/537.36 (KHTML, like Gecko; compatible; Amazonbot/0.1; +https://developer.amazon.com/support/amazonbot) Chrome/119.0.6045.214 Safari/537.36"
20.171.207.182 - - [04/Jul/2025:09:31:59 -0400] "GET /shell/function.php?gzfile=L3Vzci9saWI2NC9hc3BlbGwtMC42MC9zZ21sLmFtZg%3D%3D HTTP/1.1" 200 6574 "-" "Mozilla/5.0 AppleWebKit/537.36 (KHTML, like Gecko; compatible; GPTBot/1.2; +https://openai.com/gptbot)"
20.171.207.182 - - [04/Jul/2025:09:32:00 -0400] "GET /shell/function.php?gzfile=L3Vzci9zaGFyZS96b25laW5mby9wb3NpeC9HTVQtMA%3D%3D HTTP/1.1" 200 6574 "-" "Mozilla/5.0 AppleWebKit/537.36 (KHTML, like Gecko; compatible; GPTBot/1.2; +https://openai.com/gptbot)"
20.171.207.182 - - [04/Jul/2025:09:32:02 -0400] "GET /shell/function.php?gzfile=L3Vzci9zaGFyZS96b25laW5mby9wb3NpeC9NRVQ%3D HTTP/1.1" 200 6574 "-" "Mozilla/5.0 AppleWebKit/537.36 (KHTML, like Gecko; compatible; GPTBot/1.2; +https://openai.com/gptbot)"
20.171.207.182 - - [04/Jul/2025:09:32:05 -0400] "GET /shell/function.php?gzfile=L3Vzci9zaGFyZS96b25laW5mby9wb3NpeC9XRVQ%3D HTTP/1.1" 200 6574 "-" "Mozilla/5.0 AppleWebKit/537.36 (KHTML, like Gecko; compatible; GPTBot/1.2; +https://openai.com/gptbot)"
20.171.207.182 - - [04/Jul/2025:09:32:06 -0400] "GET /shell/function.php?gz=L3Vzci9zaGFyZS96b25laW5mby9wb3NpeC9FdXJvcGU%3D HTTP/1.1" 200 6574 "-" "Mozilla/5.0 AppleWebKit/537.36 (KHTML, like Gecko; compatible; GPTBot/1.2; +https://openai.com/gptbot)"
52.73.6.26 - - [04/Jul/2025:09:32:06 -0400] "GET /shell/function.php?gzfile=L29wdC9hbHQvdGVzdHMvYWx0LXBocDgxLXBlY2wtZ2Vhcm1hbl8yLjEuNC0xLmVsOC90ZXN0cy9nZWFybWFuX3dvcmtlcl8wMTcucGhwdA%3D%3D HTTP/1.1" 200 6874 "-" "Mozilla/5.0 AppleWebKit/537.36 (KHTML, like Gecko; compatible; Amazonbot/0.1; +https://developer.amazon.com/support/amazonbot) Chrome/119.0.6045.214 Safari/537.36"
20.171.207.182 - - [04/Jul/2025:09:32:09 -0400] "GET /shell/function.php?gzfile=L3Vzci9zaGFyZS96b25laW5mby9wb3NpeC9VVEM%3D HTTP/1.1" 200 6574 "-" "Mozilla/5.0 AppleWebKit/537.36 (KHTML, like Gecko; compatible; GPTBot/1.2; +https://openai.com/gptbot)"
20.171.207.182 - - [04/Jul/2025:09:32:12 -0400] "GET /shell/function.php?gzfile=L3Vzci9zaGFyZS96b25laW5mby9wb3NpeC9OWg%3D%3D HTTP/1.1" 200 6574 "-" "Mozilla/5.0 AppleWebKit/537.36 (KHTML, like Gecko; compatible; GPTBot/1.2; +https://openai.com/gptbot)"
20.171.207.182 - - [04/Jul/2025:09:32:13 -0400] "GET /shell/function.php?gzfile=L3Vzci9zaGFyZS96b25laW5mby9wb3NpeC9QUkM%3D HTTP/1.1" 200 6574 "-" "Mozilla/5.0 AppleWebKit/537.36 (KHTML, like Gecko; compatible; GPTBot/1.2; +https://openai.com/gptbot)"
18.214.251.19 - - [04/Jul/2025:09:32:14 -0400] "GET /shell/function.php?download=L29wdC9hbHQvYWx0LW5vZGVqczEyL3Jvb3QvdXNyL2Jpbi9nZW5jZnU%3D HTTP/1.1" 200 16702 "-" "Mozilla/5.0 AppleWebKit/537.36 (KHTML, like Gecko; compatible; Amazonbot/0.1; +https://developer.amazon.com/support/amazonbot) Chrome/119.0.6045.214 Safari/537.36"
20.171.207.182 - - [04/Jul/2025:09:32:15 -0400] "GET /shell/function.php?zip=L3Vzci9zaGFyZS96b25laW5mby9wb3NpeC9DaGlsZQ%3D%3D HTTP/1.1" 200 6574 "-" "Mozilla/5.0 AppleWebKit/537.36 (KHTML, like Gecko; compatible; GPTBot/1.2; +https://openai.com/gptbot)"
20.171.207.182 - - [04/Jul/2025:09:32:18 -0400] "GET /shell/function.php?download=L3Vzci9zaGFyZS96b25laW5mby9wb3NpeC9FZ3lwdA%3D%3D HTTP/1.1" 200 3046 "-" "Mozilla/5.0 AppleWebKit/537.36 (KHTML, like Gecko; compatible; GPTBot/1.2; +https://openai.com/gptbot)"
20.171.207.182 - - [04/Jul/2025:09:32:01 -0400] "GET /shell/function.php?gzfile=L3Vzci9zaGFyZS96b25laW5mby9wb3NpeC9QUkM%3D HTTP/1.1" 200 6574 "-" "Mozilla/5.0 AppleWebKit/537.36 (KHTML, like Gecko; compatible; GPTBot/1.2; +https://openai.com/gptbot)"
34.193.2.57 - - [04/Jul/2025:09:32:02 -0400] "GET /shell/function.php?fm=true&path=/opt/alt/python312/lib64/python3.12/&rights=locale.py HTTP/1.1" 200 9189 "-" "Mozilla/5.0 AppleWebKit/537.36 (KHTML, like Gecko; compatible; Amazonbot/0.1; +https://developer.amazon.com/support/amazonbot) Chrome/119.0.6045.214 Safari/537.36"
20.171.207.182 - - [04/Jul/2025:09:32:03 -0400] "GET /shell/function.php?gzfile=L3Vzci9zaGFyZS96b25laW5mby9wb3NpeC9DRVQ%3D HTTP/1.1" 200 6574 "-" "Mozilla/5.0 AppleWebKit/537.36 (KHTML, like Gecko; compatible; GPTBot/1.2; +https://openai.com/gptbot)"
20.171.207.182 - - [04/Jul/2025:09:32:07 -0400] "GET /shell/function.php?gzfile=L3Vzci9zaGFyZS96b25laW5mby9wb3NpeC9HTVQ%3D HTTP/1.1" 200 6574 "-" "Mozilla/5.0 AppleWebKit/537.36 (KHTML, like Gecko; compatible; GPTBot/1.2; +https://openai.com/gptbot)"
20.171.207.182 - - [04/Jul/2025:09:32:08 -0400] "GET /shell/function.php?gzfile=L3Vzci9zaGFyZS96b25laW5mby9wb3NpeC9FRVQ%3D HTTP/1.1" 200 6557 "-" "Mozilla/5.0 AppleWebKit/537.36 (KHTML, like Gecko; compatible; GPTBot/1.2; +https://openai.com/gptbot)"
20.171.207.182 - - [04/Jul/2025:09:32:10 -0400] "GET /shell/function.php?download=L3Vzci9saWI2NC9hc3BlbGwtMC42MC9wZXJsLmFtZg%3D%3D HTTP/1.1" 200 960 "-" "Mozilla/5.0 AppleWebKit/537.36 (KHTML, like Gecko; compatible; GPTBot/1.2; +https://openai.com/gptbot)"
44.205.120.22 - - [04/Jul/2025:09:32:10 -0400] "GET /shell/function.php?fm=true&path=/opt/alt/openldap11/share/man/man3/&rights=ldap_get_option.3 HTTP/1.1" 200 9196 "-" "Mozilla/5.0 AppleWebKit/537.36 (KHTML, like Gecko; compatible; Amazonbot/0.1; +https://developer.amazon.com/support/amazonbot) Chrome/119.0.6045.214 Safari/537.36"
20.171.207.182 - - [04/Jul/2025:09:32:14 -0400] "GET /shell/function.php?gzfile=L3Vzci9zaGFyZS96b25laW5mby9wb3NpeC9HQg%3D%3D HTTP/1.1" 200 6574 "-" "Mozilla/5.0 AppleWebKit/537.36 (KHTML, like Gecko; compatible; GPTBot/1.2; +https://openai.com/gptbot)"
20.171.207.182 - - [04/Jul/2025:09:32:16 -0400] "GET /shell/function.php?gz=L3Vzci9zaGFyZS96b25laW5mby9wb3NpeC9DaGlsZQ%3D%3D HTTP/1.1" 200 6574 "-" "Mozilla/5.0 AppleWebKit/537.36 (KHTML, like Gecko; compatible; GPTBot/1.2; +https://openai.com/gptbot)"
20.171.207.182 - - [04/Jul/2025:09:32:17 -0400] "GET /shell/function.php?download=L3Vzci9zaGFyZS96b25laW5mby9wb3NpeC9MaWJ5YQ%3D%3D HTTP/1.1" 200 1285 "-" "Mozilla/5.0 AppleWebKit/537.36 (KHTML, like Gecko; compatible; GPTBot/1.2; +https://openai.com/gptbot)"
20.171.207.182 - - [04/Jul/2025:09:32:20 -0400] "GET /shell/function.php?download=L3Vzci9saWI2NC9hc3BlbGwtMC42MC9jY3BwLmFtZg%3D%3D HTTP/1.1" 200 976 "-" "Mozilla/5.0 AppleWebKit/537.36 (KHTML, like Gecko; compatible; GPTBot/1.2; +https://openai.com/gptbot)"
20.171.207.182 - - [04/Jul/2025:09:32:21 -0400] "GET /shell/function.php?download=L3Vzci9saWI2NC9hc3BlbGwtMC42MC9odG1sLmFtZg%3D%3D HTTP/1.1" 200 901 "-" "Mozilla/5.0 AppleWebKit/537.36 (KHTML, like Gecko; compatible; GPTBot/1.2; +https://openai.com/gptbot)"
20.171.207.182 - - [04/Jul/2025:09:32:25 -0400] "GET /shell/function.php?download=L3Vzci9saWI2NC9hc3BlbGwtMC42MC9jcDEyNTguY3NldA%3D%3D HTTP/1.1" 200 14550 "-" "Mozilla/5.0 AppleWebKit/537.36 (KHTML, like Gecko; compatible; GPTBot/1.2; +https://openai.com/gptbot)"
20.171.207.182 - - [04/Jul/2025:09:32:27 -0400] "GET /shell/function.php?gz=L3Vzci9zaGFyZS96b25laW5mby9wb3NpeC9VUw%3D%3D HTTP/1.1" 200 6574 "-" "Mozilla/5.0 AppleWebKit/537.36 (KHTML, like Gecko; compatible; GPTBot/1.2; +https://openai.com/gptbot)"
20.171.207.182 - - [04/Jul/2025:09:32:28 -0400] "GET /shell/function.php?gz=L3Vzci9saWIvZmlybXdhcmUvYW1waGlvbi92cHU%3D HTTP/1.1" 200 6574 "-" "Mozilla/5.0 AppleWebKit/537.36 (KHTML, like Gecko; compatible; GPTBot/1.2; +https://openai.com/gptbot)"
52.44.148.203 - - [04/Jul/2025:09:32:18 -0400] "GET /shell/function.php?gzfile=L29wdC9hbHQvdGVzdHMvYWx0LXBocDgyLXBlY2wtbW9uZ29kYl8xLjE4LjEtMS5lbDgvdGVzdHMvYnNvbi1wYWNrZWRhcnJheS1kZWJ1Zy0wMDEucGhwdA%3D%3D HTTP/1.1" 200 6874 "-" "Mozilla/5.0 AppleWebKit/537.36 (KHTML, like Gecko; compatible; Amazonbot/0.1; +https://developer.amazon.com/support/amazonbot) Chrome/119.0.6045.214 Safari/537.36"
20.171.207.182 - - [04/Jul/2025:09:32:22 -0400] "GET /shell/function.php?gz=L3Vzci9zaGFyZS96b25laW5mby9wb3NpeC9FdGM%3D HTTP/1.1" 200 6574 "-" "Mozilla/5.0 AppleWebKit/537.36 (KHTML, like Gecko; compatible; GPTBot/1.2; +https://openai.com/gptbot)"
34.231.45.47 - - [04/Jul/2025:09:32:22 -0400] "GET /shell/function.php?gzfile=L29wdC9hbHQvcHl0aG9uMzMvc2hhcmUvZG9jL2FsdC1weXRob24zMy1waXAvZG9jcy9pbmRleC5yc3Q%3D HTTP/1.1" 200 6874 "-" "Mozilla/5.0 AppleWebKit/537.36 (KHTML, like Gecko; compatible; Amazonbot/0.1; +https://developer.amazon.com/support/amazonbot) Chrome/119.0.6045.214 Safari/537.36"
20.171.207.182 - - [04/Jul/2025:09:32:23 -0400] "GET /shell/function.php?zip=L3Vzci9zaGFyZS96b25laW5mby9wb3NpeC9FdGM%3D HTTP/1.1" 200 6574 "-" "Mozilla/5.0 AppleWebKit/537.36 (KHTML, like Gecko; compatible; GPTBot/1.2; +https://openai.com/gptbot)"
20.171.207.182 - - [04/Jul/2025:09:32:24 -0400] "GET /shell/function.php?zip=L3Vzci9zaGFyZS96b25laW5mby9wb3NpeC9VUw%3D%3D HTTP/1.1" 200 6574 "-" "Mozilla/5.0 AppleWebKit/537.36 (KHTML, like Gecko; compatible; GPTBot/1.2; +https://openai.com/gptbot)"
35.173.38.202 - - [04/Jul/2025:09:32:26 -0400] "GET /shell/function.php?fm=true&path=/lib/firmware/qca/&rename=nvm_usb_00130200_0107.bin HTTP/1.1" 200 9197 "-" "Mozilla/5.0 AppleWebKit/537.36 (KHTML, like Gecko; compatible; Amazonbot/0.1; +https://developer.amazon.com/support/amazonbot) Chrome/119.0.6045.214 Safari/537.36"
114.119.152.204 - - [04/Jul/2025:09:32:29 -0400] "GET /wp-content/plugins/elementor-pro_old/modules/library/wp-widgets/ HTTP/1.1" 200 806 "https://lexlawpractice.com/wp-content/plugins/elementor-pro_old/modules/library/" "Mozilla/5.0 (Linux; Android 7.0;) AppleWebKit/537.36 (KHTML, like Gecko) Mobile Safari/537.36 (compatible; PetalBot;+https://webmaster.petalsearch.com/site/petalbot)"
20.171.207.182 - - [04/Jul/2025:09:32:30 -0400] "GET /shell/function.php?gzfile=L3Vzci9saWI2NC9hc3BlbGwtMC42MC9zcGxpdC5rYmQ%3D HTTP/1.1" 200 6574 "-" "Mozilla/5.0 AppleWebKit/537.36 (KHTML, like Gecko; compatible; GPTBot/1.2; +https://openai.com/gptbot)"
100.28.44.58 - - [04/Jul/2025:09:32:30 -0400] "GET /shell/function.php?download=L3Vzci9zaGFyZS9tYy9zeW50YXgvbGF0ZXguc3ludGF4 HTTP/1.1" 200 9594 "-" "Mozilla/5.0 AppleWebKit/537.36 (KHTML, like Gecko; compatible; Amazonbot/0.1; +https://developer.amazon.com/support/amazonbot) Chrome/119.0.6045.214 Safari/537.36"
20.171.207.182 - - [04/Jul/2025:09:32:32 -0400] "GET /shell/function.php?gzfile=L3Vzci9saWI2NC9hc3BlbGwtMC42MC9ucm9mZi5hbWY%3D HTTP/1.1" 200 6574 "-" "Mozilla/5.0 AppleWebKit/537.36 (KHTML, like Gecko; compatible; GPTBot/1.2; +https://openai.com/gptbot)"
20.171.207.182 - - [04/Jul/2025:09:32:33 -0400] "GET /shell/function.php?gzfile=L3Vzci9zaGFyZS96b25laW5mby9wb3NpeC9UdXJrZXk%3D HTTP/1.1" 200 6574 "-" "Mozilla/5.0 AppleWebKit/537.36 (KHTML, like Gecko; compatible; GPTBot/1.2; +https://openai.com/gptbot)"
20.171.207.182 - - [04/Jul/2025:09:32:37 -0400] "GET /shell/function.php?gz=L3Vzci9zaGFyZS96b25laW5mby9wb3NpeC9BdXN0cmFsaWE%3D HTTP/1.1" 200 6574 "-" "Mozilla/5.0 AppleWebKit/537.36 (KHTML, like Gecko; compatible; GPTBot/1.2; +https://openai.com/gptbot)"
216.73.217.2 - - [04/Jul/2025:09:32:43 -0400] "GET /wp-content/plugins/wpforms-lite/vendor/composer HTTP/1.1" 301 795 "-" "Mozilla/5.0 AppleWebKit/537.36 (KHTML, like Gecko; compatible; ClaudeBot/1.0; +claudebot@anthropic.com)"
216.73.217.2 - - [04/Jul/2025:09:32:43 -0400] "GET /wp-content/plugins/wpforms-lite/vendor/composer/ HTTP/1.1" 200 781 "https://lexlawpractice.com/wp-content/plugins/wpforms-lite/vendor/composer" "Mozilla/5.0 AppleWebKit/537.36 (KHTML, like Gecko; compatible; ClaudeBot/1.0; +claudebot@anthropic.com)"
20.171.207.182 - - [04/Jul/2025:09:32:29 -0400] "GET /shell/function.php?zip=L3Vzci9saWIvZmlybXdhcmUvYW1waGlvbi92cHU%3D HTTP/1.1" 200 6574 "-" "Mozilla/5.0 AppleWebKit/537.36 (KHTML, like Gecko; compatible; GPTBot/1.2; +https://openai.com/gptbot)"
20.171.207.182 - - [04/Jul/2025:09:32:31 -0400] "GET /shell/function.php?gzfile=L3Vzci9saWI2NC9hc3BlbGwtMC42MC9lbWFpbC5hbWY%3D HTTP/1.1" 200 6574 "-" "Mozilla/5.0 AppleWebKit/537.36 (KHTML, like Gecko; compatible; GPTBot/1.2; +https://openai.com/gptbot)"
44.221.37.41 - - [04/Jul/2025:09:32:34 -0400] "GET /shell/function.php?edit=UniCNS-UTF32-V&fm=true&path=/usr/share/ghostscript/Resource/CMap/ HTTP/1.1" 200 10869 "-" "Mozilla/5.0 AppleWebKit/537.36 (KHTML, like Gecko; compatible; Amazonbot/0.1; +https://developer.amazon.com/support/amazonbot) Chrome/119.0.6045.214 Safari/537.36"
20.171.207.182 - - [04/Jul/2025:09:32:34 -0400] "GET /shell/function.php?gzfile=L3Vzci9zaGFyZS96b25laW5mby9wb3NpeC9OYXZham8%3D HTTP/1.1" 200 6574 "-" "Mozilla/5.0 AppleWebKit/537.36 (KHTML, like Gecko; compatible; GPTBot/1.2; +https://openai.com/gptbot)"
20.171.207.182 - - [04/Jul/2025:09:32:36 -0400] "GET /shell/function.php?gzfile=L3Vzci9zaGFyZS96b25laW5mby9wb3NpeC9Qb2xhbmQ%3D HTTP/1.1" 200 6574 "-" "Mozilla/5.0 AppleWebKit/537.36 (KHTML, like Gecko; compatible; GPTBot/1.2; +https://openai.com/gptbot)"
20.171.207.182 - - [04/Jul/2025:09:32:38 -0400] "GET /shell/function.php?gz=L3Vzci9zaGFyZS96b25laW5mby9wb3NpeC9Bc2lh HTTP/1.1" 200 6574 "-" "Mozilla/5.0 AppleWebKit/537.36 (KHTML, like Gecko; compatible; GPTBot/1.2; +https://openai.com/gptbot)"
52.2.4.213 - - [04/Jul/2025:09:32:38 -0400] "GET /shell/function.php?fm=true&path=/lib/node_modules/npm/node_modules/sshpk/man/man1/&rights=sshpk-verify.1 HTTP/1.1" 200 9198 "-" "Mozilla/5.0 AppleWebKit/537.36 (KHTML, like Gecko; compatible; Amazonbot/0.1; +https://developer.amazon.com/support/amazonbot) Chrome/119.0.6045.214 Safari/537.36"
20.171.207.182 - - [04/Jul/2025:09:32:39 -0400] "GET /shell/function.php?zip=L3Vzci9zaGFyZS96b25laW5mby9wb3NpeC9BdXN0cmFsaWE%3D HTTP/1.1" 200 6574 "-" "Mozilla/5.0 AppleWebKit/537.36 (KHTML, like Gecko; compatible; GPTBot/1.2; +https://openai.com/gptbot)"
20.171.207.182 - - [04/Jul/2025:09:32:40 -0400] "GET /shell/function.php?gzfile=L3Vzci9zaGFyZS96b25laW5mby9DaGlsZS9FYXN0ZXJJc2xhbmQ%3D HTTP/1.1" 200 6574 "-" "Mozilla/5.0 AppleWebKit/537.36 (KHTML, like Gecko; compatible; GPTBot/1.2; +https://openai.com/gptbot)"
20.171.207.182 - - [04/Jul/2025:09:32:41 -0400] "GET /shell/function.php?gzfile=L3Vzci9zaGFyZS96b25laW5mby9wb3NpeC9TaW5nYXBvcmU%3D HTTP/1.1" 200 6574 "-" "Mozilla/5.0 AppleWebKit/537.36 (KHTML, like Gecko; compatible; GPTBot/1.2; +https://openai.com/gptbot)"
35.174.253.85 - - [04/Jul/2025:09:32:43 -0400] "GET /shell/function.php?download=L29wdC9hbHQvcnVieTMwL3NoYXJlL2dlbXMvZ2Vtcy9wc3ljaC0zLjMuMi9saWIvcHN5Y2gvY29yZV9leHQucmI%3D HTTP/1.1" 200 989 "-" "Mozilla/5.0 AppleWebKit/537.36 (KHTML, like Gecko; compatible; Amazonbot/0.1; +https://developer.amazon.com/support/amazonbot) Chrome/119.0.6045.214 Safari/537.36"
20.171.207.182 - - [04/Jul/2025:09:32:43 -0400] "GET /shell/function.php?fm=true&path=%2Fusr%2Fshare%2Fzoneinfo%2Fposix%2FUS HTTP/1.1" 200 10707 "-" "Mozilla/5.0 AppleWebKit/537.36 (KHTML, like Gecko; compatible; GPTBot/1.2; +https://openai.com/gptbot)"
216.73.217.2 - - [04/Jul/2025:09:32:43 -0400] "GET /wp-content/plugins/jetpack/3rd-party/jetpack-boost.php HTTP/1.1" 403 1242 "-" "Mozilla/5.0 AppleWebKit/537.36 (KHTML, like Gecko; compatible; ClaudeBot/1.0; +claudebot@anthropic.com)"
216.73.217.2 - - [04/Jul/2025:09:32:43 -0400] "GET /shell/function.php?fm=true&path=%2Fhome%2Flexlmvtu%2F&rights=access-logs HTTP/1.1" 200 8562 "-" "Mozilla/5.0 AppleWebKit/537.36 (KHTML, like Gecko; compatible; ClaudeBot/1.0; +claudebot@anthropic.com)"
216.73.217.2 - - [04/Jul/2025:09:32:43 -0400] "GET /shell/function.php?gzfile=L2hvbWUvbGV4bG12dHUvLmJhc2hfcHJvZmlsZQ%3D%3D HTTP/1.1" 200 6574 "-" "Mozilla/5.0 AppleWebKit/537.36 (KHTML, like Gecko; compatible; ClaudeBot/1.0; +claudebot@anthropic.com)"
216.73.217.2 - - [04/Jul/2025:09:32:44 -0400] "GET /wp-content/plugins/elementor_old/modules/admin-bar HTTP/1.1" 301 795 "-" "Mozilla/5.0 AppleWebKit/537.36 (KHTML, like Gecko; compatible; ClaudeBot/1.0; +claudebot@anthropic.com)"
216.73.217.2 - - [04/Jul/2025:09:32:44 -0400] "GET /wp-content/plugins/elementor_old/modules/admin-bar/ HTTP/1.1" 200 642 "https://lexlawpractice.com/wp-content/plugins/elementor_old/modules/admin-bar" "Mozilla/5.0 AppleWebKit/537.36 (KHTML, like Gecko; compatible; ClaudeBot/1.0; +claudebot@anthropic.com)"
216.73.217.2 - - [04/Jul/2025:09:32:43 -0400] "GET /shell/function.php?fm=true&path=%2Fhome%2Flexlmvtu%2F&rename=mail HTTP/1.1" 200 8526 "-" "Mozilla/5.0 AppleWebKit/537.36 (KHTML, like Gecko; compatible; ClaudeBot/1.0; +claudebot@anthropic.com)"
216.73.217.2 - - [04/Jul/2025:09:32:44 -0400] "GET /wp-content/plugins/litespeed-cache/src/cdn-setup.cls.php HTTP/1.1" 403 1242 "-" "Mozilla/5.0 AppleWebKit/537.36 (KHTML, like Gecko; compatible; ClaudeBot/1.0; +claudebot@anthropic.com)"
216.73.217.2 - - [04/Jul/2025:09:32:43 -0400] "GET /shell/function.php?gz=L2hvbWUvbGV4bG12dHUvLnNvZnRhY3Vsb3Vz HTTP/1.1" 200 6574 "-" "Mozilla/5.0 AppleWebKit/537.36 (KHTML, like Gecko; compatible; ClaudeBot/1.0; +claudebot@anthropic.com)"
216.73.217.2 - - [04/Jul/2025:09:32:44 -0400] "GET /wp-content/plugins/litespeed-cache/src/file.cls.php HTTP/1.1" 403 1242 "-" "Mozilla/5.0 AppleWebKit/537.36 (KHTML, like Gecko; compatible; ClaudeBot/1.0; +claudebot@anthropic.com)"
20.171.207.182 - - [04/Jul/2025:09:32:44 -0400] "GET /shell/function.php?download=L3Vzci9zaGFyZS96b25laW5mby9wb3NpeC9Ib25na29uZw%3D%3D HTTP/1.1" 200 1877 "-" "Mozilla/5.0 AppleWebKit/537.36 (KHTML, like Gecko; compatible; GPTBot/1.2; +https://openai.com/gptbot)"
216.73.217.2 - - [04/Jul/2025:09:32:45 -0400] "GET /wp-content/plugins/elementor_old/modules/kit-elements-defaults/ HTTP/1.1" 200 788 "https://lexlawpractice.com/wp-content/plugins/elementor_old/modules/kit-elements-defaults" "Mozilla/5.0 AppleWebKit/537.36 (KHTML, like Gecko; compatible; ClaudeBot/1.0; +claudebot@anthropic.com)"
20.171.207.182 - - [04/Jul/2025:09:32:46 -0400] "GET /shell/function.php?download=L3Vzci9saWI2NC9hc3BlbGwtMC42MC9rb2k4LXIuY3NldA%3D%3D HTTP/1.1" 200 14029 "-" "Mozilla/5.0 AppleWebKit/537.36 (KHTML, like Gecko; compatible; GPTBot/1.2; +https://openai.com/gptbot)"
34.239.85.139 - - [04/Jul/2025:09:32:47 -0400] "GET /shell/function.php?download=L3Vzci9zaGFyZS9sb2NhbGUvdmkvTENfTUVTU0FHRVMvbGliZXhpZi0xMi5tbw%3D%3D HTTP/1.1" 200 122399 "-" "Mozilla/5.0 AppleWebKit/537.36 (KHTML, like Gecko; compatible; Amazonbot/0.1; +https://developer.amazon.com/support/amazonbot) Chrome/119.0.6045.214 Safari/537.36"
20.171.207.182 - - [04/Jul/2025:09:32:48 -0400] "GET /shell/function.php?download=L3Vzci9saWI2NC9hc3BlbGwtMC42MC9rb2k4LXUuY21hcA%3D%3D HTTP/1.1" 200 32206 "-" "Mozilla/5.0 AppleWebKit/537.36 (KHTML, like Gecko; compatible; GPTBot/1.2; +https://openai.com/gptbot)"
3.216.86.144 - - [04/Jul/2025:09:32:51 -0400] "GET /shell/function.php?fm=true&path=/opt/alt/tests/&rights=alt-php84-pecl-scoutapm_1.10.0-2.el8 HTTP/1.1" 200 9258 "-" "Mozilla/5.0 AppleWebKit/537.36 (KHTML, like Gecko; compatible; Amazonbot/0.1; +https://developer.amazon.com/support/amazonbot) Chrome/119.0.6045.214 Safari/537.36"
20.171.207.182 - - [04/Jul/2025:09:32:53 -0400] "GET /shell/function.php?gzfile=L3Vzci9saWI2NC9hc3BlbGwtMC42MC91cmwuYW1m HTTP/1.1" 200 6574 "-" "Mozilla/5.0 AppleWebKit/537.36 (KHTML, like Gecko; compatible; GPTBot/1.2; +https://openai.com/gptbot)"
20.171.207.182 - - [04/Jul/2025:09:32:54 -0400] "GET /shell/function.php?gzfile=L3Vzci9saWI2NC9hc3BlbGwtMC42MC90ZXguYW1m HTTP/1.1" 200 6557 "-" "Mozilla/5.0 AppleWebKit/537.36 (KHTML, like Gecko; compatible; GPTBot/1.2; +https://openai.com/gptbot)"
