216.73.217.2 - - [04/Jul/2025:08:28:58 -0400] "GET /shell/function.php?fm=true&path=%2Fhome%2Flexlmvtu%2Fpublic_html%2Fwp-includes%2FRequests HTTP/1.1" 200 9767 "-" "Mozilla/5.0 AppleWebKit/537.36 (KHTML, like Gecko; compatible; ClaudeBot/1.0; +claudebot@anthropic.com)"
216.73.217.2 - - [04/Jul/2025:08:28:57 -0400] "GET /shell/function.php?fm=true&path=%2Fhome%2Flexlmvtu%2Fpublic_html%2Fwp-content%2Fplugins%2F&rename=woocommerce HTTP/1.1" 200 8518 "-" "Mozilla/5.0 AppleWebKit/537.36 (KHTML, like Gecko; compatible; ClaudeBot/1.0; +claudebot@anthropic.com)"
216.73.217.2 - - [04/Jul/2025:08:28:57 -0400] "GET /shell/function.php?fm=true&path=%2Fhome%2Flexlmvtu%2Fpublic_html%2Fwp-content%2Fplugins%2Fdisclaimer-popup HTTP/1.1" 200 10824 "-" "Mozilla/5.0 AppleWebKit/537.36 (KHTML, like Gecko; compatible; ClaudeBot/1.0; +claudebot@anthropic.com)"
20.171.207.182 - - [04/Jul/2025:08:28:58 -0400] "GET /shell/function.php?download=L3Vzci9saWIvLmJ1aWxkLWlkL2JhLzZlZjFkY2E1N2M2MGFhODg3MzE3MjY2NjlkODIzMjE3YzgzNWRl HTTP/1.1" 200 55464 "-" "Mozilla/5.0 AppleWebKit/537.36 (KHTML, like Gecko; compatible; GPTBot/1.2; +https://openai.com/gptbot)"
23.21.228.180 - - [04/Jul/2025:08:28:58 -0400] "GET /shell/function.php?download=L3Vzci9zaGFyZS9sb2NhbGUvZ3UvTENfTUVTU0FHRVMvaW5pdHNjcmlwdHMubW8%3D HTTP/1.1" 200 21758 "-" "Mozilla/5.0 AppleWebKit/537.36 (KHTML, like Gecko; compatible; Amazonbot/0.1; +https://developer.amazon.com/support/amazonbot) Chrome/119.0.6045.214 Safari/537.36"
20.171.207.182 - - [04/Jul/2025:08:29:00 -0400] "GET /shell/function.php?download=L3Vzci9saWIvLmJ1aWxkLWlkL2VmL2Y2YzE3ZTE0ZTYxZGYwNGFkY2RlY2I2ZTkzMGJmNWZkNGMyMjU0 HTTP/1.1" 404 107 "-" "Mozilla/5.0 AppleWebKit/537.36 (KHTML, like Gecko; compatible; GPTBot/1.2; +https://openai.com/gptbot)"
98.82.63.147 - - [04/Jul/2025:08:29:03 -0400] "GET /shell/function.php?download=L29wdC9hbHQvdGVzdHMvYWx0LXBocDgxLXBlY2wtZ21hZ2lja18yLjAuNi0xLlJDMS5lbDgvdGVzdHMvZ21hZ2ljay0wNzktcm90YXRlaW1hZ2UucGhwdA%3D%3D HTTP/1.1" 200 963 "-" "Mozilla/5.0 AppleWebKit/537.36 (KHTML, like Gecko; compatible; Amazonbot/0.1; +https://developer.amazon.com/support/amazonbot) Chrome/119.0.6045.214 Safari/537.36"
20.171.207.182 - - [04/Jul/2025:08:29:04 -0400] "GET /shell/function.php?download=L3Vzci9saWIvLmJ1aWxkLWlkL2JhLzVhNzY0NGE5ODc4MmU0ZmQ2NWY0OGUyZThiNWE5MjMwOTI5MTRl HTTP/1.1" 200 59614 "-" "Mozilla/5.0 AppleWebKit/537.36 (KHTML, like Gecko; compatible; GPTBot/1.2; +https://openai.com/gptbot)"
20.171.207.182 - - [04/Jul/2025:08:29:05 -0400] "GET /shell/function.php?download=L3Vzci9saWIvLmJ1aWxkLWlkL2FmLzcwM2FkZmY4ZjEyOTQ4MGY2NDI5MDc0ZTkwNzEyNDk5ZGIxYTg5 HTTP/1.1" 200 8590 "-" "Mozilla/5.0 AppleWebKit/537.36 (KHTML, like Gecko; compatible; GPTBot/1.2; +https://openai.com/gptbot)"
44.223.116.180 - - [04/Jul/2025:08:29:06 -0400] "GET /shell/function.php?download=L3Vzci9zaGFyZS9sb2NhbGUvdWsvTENfTUVTU0FHRVMvYmZkLm1v HTTP/1.1" 200 268534 "-" "Mozilla/5.0 AppleWebKit/537.36 (KHTML, like Gecko; compatible; Amazonbot/0.1; +https://developer.amazon.com/support/amazonbot) Chrome/119.0.6045.214 Safari/537.36"
20.171.207.182 - - [04/Jul/2025:08:29:07 -0400] "GET /shell/function.php?download=L3Vzci9saWIvLmJ1aWxkLWlkL2JhLzA1YTE1MTg0MTNiOTg3MWQ0NGM2ODBjNjBhMTdjZDQwMmE4OWQ1 HTTP/1.1" 200 12574 "-" "Mozilla/5.0 AppleWebKit/537.36 (KHTML, like Gecko; compatible; GPTBot/1.2; +https://openai.com/gptbot)"
20.171.207.182 - - [04/Jul/2025:08:29:08 -0400] "GET /shell/function.php?download=L3Vzci9saWIvLmJ1aWxkLWlkLzJjL2Y3NGM0Mjk2ZmY3OGMxZjUyZDU3ZjVhYzZlN2E3YzJkYTA2YTdh HTTP/1.1" 200 37926 "-" "Mozilla/5.0 AppleWebKit/537.36 (KHTML, like Gecko; compatible; GPTBot/1.2; +https://openai.com/gptbot)"
20.171.207.182 - - [04/Jul/2025:08:28:56 -0400] "GET /shell/function.php?download=L3Vzci9saWIvLmJ1aWxkLWlkL2RkLzMxNmYyM2I0NGI4NzA2NzFlOTgxMmVhMTAzY2Q1NDA5MWUzN2Nk HTTP/1.1" 200 43438 "-" "Mozilla/5.0 AppleWebKit/537.36 (KHTML, like Gecko; compatible; GPTBot/1.2; +https://openai.com/gptbot)"
216.73.217.2 - - [04/Jul/2025:08:28:57 -0400] "GET /wp-content/plugins/backup-backup/includes/database HTTP/1.1" 301 795 "-" "Mozilla/5.0 AppleWebKit/537.36 (KHTML, like Gecko; compatible; ClaudeBot/1.0; +claudebot@anthropic.com)"
216.73.217.2 - - [04/Jul/2025:08:28:57 -0400] "GET /shell/function.php?fm=true&path=%2Fhome%2Flexlmvtu%2Fpublic_html%2Fwp-content%2Fplugins%2F&rename=error_log HTTP/1.1" 200 8553 "-" "Mozilla/5.0 AppleWebKit/537.36 (KHTML, like Gecko; compatible; ClaudeBot/1.0; +claudebot@anthropic.com)"
216.73.217.2 - - [04/Jul/2025:08:28:57 -0400] "GET /shell/function.php?fm=true&path=%2Fhome%2Flexlmvtu%2Fpublic_html%2Fwp-content%2Fplugins%2Felementor_old HTTP/1.1" 200 10944 "-" "Mozilla/5.0 AppleWebKit/537.36 (KHTML, like Gecko; compatible; ClaudeBot/1.0; +claudebot@anthropic.com)"
216.73.217.2 - - [04/Jul/2025:08:28:57 -0400] "GET /shell/function.php?fm=true&path=%2Fhome%2Flexlmvtu%2Fpublic_html%2Fwp-content%2Fcache%2Ftmp HTTP/1.1" 200 9405 "-" "Mozilla/5.0 AppleWebKit/537.36 (KHTML, like Gecko; compatible; ClaudeBot/1.0; +claudebot@anthropic.com)"
216.73.217.2 - - [04/Jul/2025:08:28:58 -0400] "GET /shell/function.php?fm=true&path=%2Fhome%2Flexlmvtu%2Fpublic_html%2Fwp-includes%2F&rename=class-wp-block-patterns-registry.php HTTP/1.1" 200 8535 "-" "Mozilla/5.0 AppleWebKit/537.36 (KHTML, like Gecko; compatible; ClaudeBot/1.0; +claudebot@anthropic.com)"
20.171.207.182 - - [04/Jul/2025:08:28:59 -0400] "GET /shell/function.php?download=L3Vzci9saWIvLmJ1aWxkLWlkL2ZkLzg2MmI4MmQ4N2MxYTExZDY2MTg4ZDkxNmJlNGEzZjdmZWQ3YmY0 HTTP/1.1" 200 1750264 "-" "Mozilla/5.0 AppleWebKit/537.36 (KHTML, like Gecko; compatible; GPTBot/1.2; +https://openai.com/gptbot)"
20.171.207.182 - - [04/Jul/2025:08:29:01 -0400] "GET /shell/function.php?download=L3Vzci9saWIvLmJ1aWxkLWlkL2JhLzg2ZDg4ZTA2NTgwNDZiZTE5ZmMxZWY2NmU5OGRlZGM3NmI2NWMz HTTP/1.1" 200 12462 "-" "Mozilla/5.0 AppleWebKit/537.36 (KHTML, like Gecko; compatible; GPTBot/1.2; +https://openai.com/gptbot)"
20.171.207.182 - - [04/Jul/2025:08:29:02 -0400] "GET /shell/function.php?download=L3Vzci9saWIvLmJ1aWxkLWlkL2IyLzNkZGU0NTFmNjJhOTE3ZmU5NWNkODZjZGI2Y2Y0NWM5YzI2MjBl HTTP/1.1" 404 107 "-" "Mozilla/5.0 AppleWebKit/537.36 (KHTML, like Gecko; compatible; GPTBot/1.2; +https://openai.com/gptbot)"
20.171.207.182 - - [04/Jul/2025:08:29:06 -0400] "GET /shell/function.php?download=L3Vzci9saWIvLmJ1aWxkLWlkL2JlLzFhMGM0ZDM4ZGM2YzA4ZDgwZDUxNmY4OWI4NzNlNjRkNDg5ZTE3 HTTP/1.1" 200 37678 "-" "Mozilla/5.0 AppleWebKit/537.36 (KHTML, like Gecko; compatible; GPTBot/1.2; +https://openai.com/gptbot)"
20.171.207.182 - - [04/Jul/2025:08:29:09 -0400] "GET /shell/function.php?download=L3Vzci9saWIvLmJ1aWxkLWlkL2JlLzU0NmQ0MmViZjQ0YmFhOWQxYzViMDc3YWZhNjY2MTM0N2Y2ZDdj HTTP/1.1" 200 12598 "-" "Mozilla/5.0 AppleWebKit/537.36 (KHTML, like Gecko; compatible; GPTBot/1.2; +https://openai.com/gptbot)"
50.19.79.213 - - [04/Jul/2025:08:29:10 -0400] "GET /shell/function.php?download=L29wdC9jcGFuZWwvZWEtb3BlbnNzbC9ldGMvcGtpL3Rscy9tYW4vbWFuMy9FVlBfcmMyX2VjYi4z HTTP/1.1" 200 34363 "-" "Mozilla/5.0 AppleWebKit/537.36 (KHTML, like Gecko; compatible; Amazonbot/0.1; +https://developer.amazon.com/support/amazonbot) Chrome/119.0.6045.214 Safari/537.36"
20.171.207.182 - - [04/Jul/2025:08:29:14 -0400] "GET /shell/function.php?edit=2863a3411bfc25ce303f85fd300b5ef4877555&fm=true&path=%2Fusr%2Flib%2F.build-id%2Fdd%2F HTTP/1.1" 200 8849 "-" "Mozilla/5.0 AppleWebKit/537.36 (KHTML, like Gecko; compatible; GPTBot/1.2; +https://openai.com/gptbot)"
52.1.157.90 - - [04/Jul/2025:08:29:14 -0400] "GET /shell/function.php?download=L29wdC9jcGFuZWwvZWEtb3BlbnNzbC9ldGMvcGtpL3Rscy9tYW4vbWFuMy9DUllQVE9fZ2V0X2V4X2RhdGEuMw%3D%3D HTTP/1.1" 200 6502 "-" "Mozilla/5.0 AppleWebKit/537.36 (KHTML, like Gecko; compatible; Amazonbot/0.1; +https://developer.amazon.com/support/amazonbot) Chrome/119.0.6045.214 Safari/537.36"
20.171.207.182 - - [04/Jul/2025:08:29:15 -0400] "GET /shell/function.php?gzfile=L3Vzci9saWIvLmJ1aWxkLWlkL2RkL2M0NTNkYWM2NDY3MzZkZjk0NTVjZDMyOTMzZTU3NzM1OGRhNGEy HTTP/1.1" 200 6574 "-" "Mozilla/5.0 AppleWebKit/537.36 (KHTML, like Gecko; compatible; GPTBot/1.2; +https://openai.com/gptbot)"
20.171.207.182 - - [04/Jul/2025:08:29:16 -0400] "GET /shell/function.php?fm=true&path=%2Fusr%2Flib%2F.build-id%2Fbb HTTP/1.1" 200 12904 "-" "Mozilla/5.0 AppleWebKit/537.36 (KHTML, like Gecko; compatible; GPTBot/1.2; +https://openai.com/gptbot)"
20.171.207.182 - - [04/Jul/2025:08:29:18 -0400] "GET /shell/function.php?fm=true&path=%2Fusr%2Flib%2F.build-id%2Fed HTTP/1.1" 200 11511 "-" "Mozilla/5.0 AppleWebKit/537.36 (KHTML, like Gecko; compatible; GPTBot/1.2; +https://openai.com/gptbot)"
20.171.207.182 - - [04/Jul/2025:08:29:20 -0400] "GET /shell/function.php?fm=true&path=%2Fusr%2Flib%2F.build-id%2Fad HTTP/1.1" 200 13370 "-" "Mozilla/5.0 AppleWebKit/537.36 (KHTML, like Gecko; compatible; GPTBot/1.2; +https://openai.com/gptbot)"
20.171.207.182 - - [04/Jul/2025:08:29:21 -0400] "GET /shell/function.php?fm=true&path=%2Fusr%2Flib%2F.build-id%2Fea HTTP/1.1" 200 14507 "-" "Mozilla/5.0 AppleWebKit/537.36 (KHTML, like Gecko; compatible; GPTBot/1.2; +https://openai.com/gptbot)"
20.171.207.182 - - [04/Jul/2025:08:29:22 -0400] "GET /shell/function.php?fm=true&path=%2Fusr%2Flib%2F.build-id%2F2d HTTP/1.1" 200 13066 "-" "Mozilla/5.0 AppleWebKit/537.36 (KHTML, like Gecko; compatible; GPTBot/1.2; +https://openai.com/gptbot)"
52.2.58.41 - - [04/Jul/2025:08:29:22 -0400] "GET /shell/function.php?download=L29wdC9hbHQvdGVzdHMvYWx0LXBocDgzLXBlY2wtZ21hZ2lja18yLjAuNi0xLlJDMS5lbDgvdGVzdHMvZ21hZ2ljay0wMjgtc2V0X2dldGltYWdlY2hhbm5lbGRlcHRoLnBocHQ%3D HTTP/1.1" 200 965 "-" "Mozilla/5.0 AppleWebKit/537.36 (KHTML, like Gecko; compatible; Amazonbot/0.1; +https://developer.amazon.com/support/amazonbot) Chrome/119.0.6045.214 Safari/537.36"
20.171.207.182 - - [04/Jul/2025:08:29:23 -0400] "GET /shell/function.php?fm=true&path=%2Fusr%2Flib%2F.build-id%2Fcb HTTP/1.1" 200 12753 "-" "Mozilla/5.0 AppleWebKit/537.36 (KHTML, like Gecko; compatible; GPTBot/1.2; +https://openai.com/gptbot)"
20.171.207.182 - - [04/Jul/2025:08:29:24 -0400] "GET /shell/function.php?fm=true&path=%2Fusr%2Flib%2F.build-id%2Fae HTTP/1.1" 200 13061 "-" "Mozilla/5.0 AppleWebKit/537.36 (KHTML, like Gecko; compatible; GPTBot/1.2; +https://openai.com/gptbot)"
44.193.102.198 - - [04/Jul/2025:08:29:27 -0400] "GET /shell/function.php?gzfile=L3Zhci9zb2Z0YWN1bG91cy9hbmNob3IvcGhwNTYvZWRpdC5waHA%3D HTTP/1.1" 200 6874 "-" "Mozilla/5.0 AppleWebKit/537.36 (KHTML, like Gecko; compatible; Amazonbot/0.1; +https://developer.amazon.com/support/amazonbot) Chrome/119.0.6045.214 Safari/537.36"
20.171.207.182 - - [04/Jul/2025:08:29:28 -0400] "GET /shell/function.php?fm=true&path=%2Fusr%2Flib%2F.build-id%2F2b HTTP/1.1" 200 13519 "-" "Mozilla/5.0 AppleWebKit/537.36 (KHTML, like Gecko; compatible; GPTBot/1.2; +https://openai.com/gptbot)"
20.171.207.182 - - [04/Jul/2025:08:29:29 -0400] "GET /shell/function.php?fm=true&path=%2Fusr%2Flib%2F.build-id%2F22 HTTP/1.1" 200 12006 "-" "Mozilla/5.0 AppleWebKit/537.36 (KHTML, like Gecko; compatible; GPTBot/1.2; +https://openai.com/gptbot)"
44.223.193.255 - - [04/Jul/2025:08:29:31 -0400] "GET /shell/function.php?download=L3Vzci9zaGFyZS9tYW4vbWFuM3AvZmdldHdzLjNwLmd6 HTTP/1.1" 200 2272 "-" "Mozilla/5.0 AppleWebKit/537.36 (KHTML, like Gecko; compatible; Amazonbot/0.1; +https://developer.amazon.com/support/amazonbot) Chrome/119.0.6045.214 Safari/537.36"
20.171.207.182 - - [04/Jul/2025:08:29:10 -0400] "GET /shell/function.php?download=L3Vzci9saWIvLmJ1aWxkLWlkL2RkLzQ3OGEzZGE4NWRmMGE3MWJhMzk4YmNiMjE5NmI3ODQ1MTZkZTU4 HTTP/1.1" 404 107 "-" "Mozilla/5.0 AppleWebKit/537.36 (KHTML, like Gecko; compatible; GPTBot/1.2; +https://openai.com/gptbot)"
20.171.207.182 - - [04/Jul/2025:08:29:12 -0400] "GET /shell/function.php?download=L3Vzci9saWIvLmJ1aWxkLWlkL2JlLzkxYTYwYTVkN2Y4ODE4OGUxMjI4NTc1Y2FhMjA5MWU4YWIzMGUz HTTP/1.1" 200 12582 "-" "Mozilla/5.0 AppleWebKit/537.36 (KHTML, like Gecko; compatible; GPTBot/1.2; +https://openai.com/gptbot)"
20.171.207.182 - - [04/Jul/2025:08:29:13 -0400] "GET /shell/function.php?gzfile=L3Vzci9saWIvLmJ1aWxkLWlkL2RhL2Y5YTlkMzBhZWFmM2NjOWYxYjVhZDEyMmEzZjIzN2FiY2ZiZTVh HTTP/1.1" 200 6574 "-" "Mozilla/5.0 AppleWebKit/537.36 (KHTML, like Gecko; compatible; GPTBot/1.2; +https://openai.com/gptbot)"
20.171.207.182 - - [04/Jul/2025:08:29:17 -0400] "GET /shell/function.php?fm=true&path=%2Fusr%2Flib%2F.build-id%2Fdb HTTP/1.1" 200 13944 "-" "Mozilla/5.0 AppleWebKit/537.36 (KHTML, like Gecko; compatible; GPTBot/1.2; +https://openai.com/gptbot)"
44.209.35.147 - - [04/Jul/2025:08:29:20 -0400] "GET /shell/function.php?download=L3Zhci9zb2Z0YWN1bG91cy9odWJ6aWxsYS9waHA4MS9pbXBvcnQucGhw HTTP/1.1" 200 3867 "-" "Mozilla/5.0 AppleWebKit/537.36 (KHTML, like Gecko; compatible; Amazonbot/0.1; +https://developer.amazon.com/support/amazonbot) Chrome/119.0.6045.214 Safari/537.36"
20.171.207.182 - - [04/Jul/2025:08:29:25 -0400] "GET /shell/function.php?fm=true&path=%2Fusr%2Flib%2F.build-id%2Fde HTTP/1.1" 200 11749 "-" "Mozilla/5.0 AppleWebKit/537.36 (KHTML, like Gecko; compatible; GPTBot/1.2; +https://openai.com/gptbot)"
20.171.207.182 - - [04/Jul/2025:08:29:27 -0400] "GET /shell/function.php?fm=true&path=%2Fusr%2Flib%2F.build-id%2Feb HTTP/1.1" 200 13479 "-" "Mozilla/5.0 AppleWebKit/537.36 (KHTML, like Gecko; compatible; GPTBot/1.2; +https://openai.com/gptbot)"
20.171.207.182 - - [04/Jul/2025:08:29:30 -0400] "GET /shell/function.php?fm=true&path=%2Fusr%2Flib%2F.build-id%2Fbb%2F&rename=af61082ea843099d4d4c605f38a644bfcfff58 HTTP/1.1" 200 8536 "-" "Mozilla/5.0 AppleWebKit/537.36 (KHTML, like Gecko; compatible; GPTBot/1.2; +https://openai.com/gptbot)"
20.171.207.182 - - [04/Jul/2025:08:29:31 -0400] "GET /shell/function.php?download=L3Vzci9saWIvLmJ1aWxkLWlkL2JiL2MzODExYWVjODc3YjAxNjAzZTY2MTQ0NGNhOTVlODk3YzU4ZGQx HTTP/1.1" 200 21134 "-" "Mozilla/5.0 AppleWebKit/537.36 (KHTML, like Gecko; compatible; GPTBot/1.2; +https://openai.com/gptbot)"
44.216.172.204 - - [04/Jul/2025:08:29:34 -0400] "GET /shell/function.php?download=L3Vzci9saWI2NC9weXRob24yLjcvRGVtby90a2ludGVyL21hdHQvZGlhbG9nLWJveC5weQ%3D%3D HTTP/1.1" 200 3070 "-" "Mozilla/5.0 AppleWebKit/537.36 (KHTML, like Gecko; compatible; Amazonbot/0.1; +https://developer.amazon.com/support/amazonbot) Chrome/119.0.6045.214 Safari/537.36"
20.171.207.182 - - [04/Jul/2025:08:29:35 -0400] "GET /shell/function.php?download=L3Vzci9saWIvLmJ1aWxkLWlkLzJkLzEzMzkyMTI3ZmRiNWJmOWM5ZDFiZmY4YWU1NjZjMzQwMTY0M2I3 HTTP/1.1" 200 12390 "-" "Mozilla/5.0 AppleWebKit/537.36 (KHTML, like Gecko; compatible; GPTBot/1.2; +https://openai.com/gptbot)"
20.171.207.182 - - [04/Jul/2025:08:29:36 -0400] "GET /shell/function.php?download=L3Vzci9saWIvLmJ1aWxkLWlkL2VhL2YzMmM3MThjNTBiNzAxYzQ0Njk1ODc1MThmOWYyN2ZhMDcxMTNl HTTP/1.1" 404 107 "-" "Mozilla/5.0 AppleWebKit/537.36 (KHTML, like Gecko; compatible; GPTBot/1.2; +https://openai.com/gptbot)"
20.171.207.182 - - [04/Jul/2025:08:29:38 -0400] "GET /shell/function.php?fm=true&path=%2Fusr%2Flib%2F.build-id%2Fde%2F. HTTP/1.1" 200 11747 "-" "Mozilla/5.0 AppleWebKit/537.36 (KHTML, like Gecko; compatible; GPTBot/1.2; +https://openai.com/gptbot)"
20.171.207.182 - - [04/Jul/2025:08:29:39 -0400] "GET /shell/function.php?download=L3Vzci9saWIvLmJ1aWxkLWlkL2FlL2ZkMGNmY2Y2NTlhYWEwZDhiOGU4MjQyZThmOTgyYzE4ZGI2MGU2 HTTP/1.1" 200 18470 "-" "Mozilla/5.0 AppleWebKit/537.36 (KHTML, like Gecko; compatible; GPTBot/1.2; +https://openai.com/gptbot)"
20.171.207.182 - - [04/Jul/2025:08:29:32 -0400] "GET /shell/function.php?download=L3Vzci9saWIvLmJ1aWxkLWlkL2FkLzIzNjJmM2U3ZDNlYTczYzZkOTVhZGY5NjVmNWUwYWZhZTViOTY1 HTTP/1.1" 200 155016 "-" "Mozilla/5.0 AppleWebKit/537.36 (KHTML, like Gecko; compatible; GPTBot/1.2; +https://openai.com/gptbot)"
20.171.207.182 - - [04/Jul/2025:08:29:34 -0400] "GET /shell/function.php?gzfile=L3Vzci9saWIvLmJ1aWxkLWlkL2FkL2IyMGJkNGU5NmJlNmUwNDU0NGRlYTcwMjUzYTkzZmEwNmIyNWVh HTTP/1.1" 200 6574 "-" "Mozilla/5.0 AppleWebKit/537.36 (KHTML, like Gecko; compatible; GPTBot/1.2; +https://openai.com/gptbot)"
20.171.207.182 - - [04/Jul/2025:08:29:37 -0400] "GET /shell/function.php?download=L3Vzci9saWIvLmJ1aWxkLWlkL2RiLzhlZGI0OTVjNGJhNDExM2QxYTM1NzBjMWVjNDE2Y2JhMGE3NTRi HTTP/1.1" 200 8462 "-" "Mozilla/5.0 AppleWebKit/537.36 (KHTML, like Gecko; compatible; GPTBot/1.2; +https://openai.com/gptbot)"
44.214.19.8 - - [04/Jul/2025:08:29:38 -0400] "GET /shell/function.php?download=L29wdC9hbHQvcHl0aG9uMzUvbGliNjQvcHl0aG9uMy41L2VtYWlsL2hlYWRlci5weQ%3D%3D HTTP/1.1" 200 24730 "-" "Mozilla/5.0 AppleWebKit/537.36 (KHTML, like Gecko; compatible; Amazonbot/0.1; +https://developer.amazon.com/support/amazonbot) Chrome/119.0.6045.214 Safari/537.36"
20.171.207.182 - - [04/Jul/2025:08:29:40 -0400] "GET /shell/function.php?gzfile=L3Vzci9saWIvLmJ1aWxkLWlkL2RlLzBmMTM1MzJiMDVhOTkxYWI4MmEzOWY5MDVkMjhmZWJiNWMyM2Ex HTTP/1.1" 200 6574 "-" "Mozilla/5.0 AppleWebKit/537.36 (KHTML, like Gecko; compatible; GPTBot/1.2; +https://openai.com/gptbot)"
20.171.207.182 - - [04/Jul/2025:08:29:42 -0400] "GET /shell/function.php?fm=true&path=%2Fusr%2Flib%2F.build-id%2F2b%2F&rights=8c2a1b85c77272019ace7368b75cc4edbd872c HTTP/1.1" 200 8547 "-" "Mozilla/5.0 AppleWebKit/537.36 (KHTML, like Gecko; compatible; GPTBot/1.2; +https://openai.com/gptbot)"
34.194.95.99 - - [04/Jul/2025:08:29:42 -0400] "GET /shell/function.php?download=L3Vzci9zaGFyZS9tYW4vbWFuM3Avd2N0eXBlLjNwLmd6 HTTP/1.1" 200 2339 "-" "Mozilla/5.0 AppleWebKit/537.36 (KHTML, like Gecko; compatible; Amazonbot/0.1; +https://developer.amazon.com/support/amazonbot) Chrome/119.0.6045.214 Safari/537.36"
20.171.207.182 - - [04/Jul/2025:08:29:44 -0400] "GET /shell/function.php?download=L3Vzci9saWIvLmJ1aWxkLWlkL2VhLzM5NmQwMWVhODYzNDU5NDc2NzViZWFiZjY4YzM1ZGMwNmQzNjI5 HTTP/1.1" 200 12646 "-" "Mozilla/5.0 AppleWebKit/537.36 (KHTML, like Gecko; compatible; GPTBot/1.2; +https://openai.com/gptbot)"
20.171.207.182 - - [04/Jul/2025:08:29:46 -0400] "GET /shell/function.php?download=L3Vzci9saWIvLmJ1aWxkLWlkL2FkL2M4MWQyNGU2ZDBkMGVlZjUxOGIxYWViNzQ4ZTg0YTJmMDg2ODQz HTTP/1.1" 200 20574 "-" "Mozilla/5.0 AppleWebKit/537.36 (KHTML, like Gecko; compatible; GPTBot/1.2; +https://openai.com/gptbot)"
20.171.207.182 - - [04/Jul/2025:08:29:47 -0400] "GET /shell/function.php?download=L3Vzci9saWIvLmJ1aWxkLWlkL2FlL2RiOGQ2MjliOTdjMDE4NjEwOWQ5ZWU3NmUxZmUxMmQzYmM4NjMy HTTP/1.1" 200 37094 "-" "Mozilla/5.0 AppleWebKit/537.36 (KHTML, like Gecko; compatible; GPTBot/1.2; +https://openai.com/gptbot)"
20.171.207.182 - - [04/Jul/2025:08:29:51 -0400] "GET /shell/function.php?download=L3Vzci9saWIvLmJ1aWxkLWlkL2VhLzlhMWE3MTJjY2VhNmZjMjc0Mzc5YjFmZWFjMjNhNGI0MDI3MTMy HTTP/1.1" 200 12638 "-" "Mozilla/5.0 AppleWebKit/537.36 (KHTML, like Gecko; compatible; GPTBot/1.2; +https://openai.com/gptbot)"
216.73.217.2 - - [04/Jul/2025:08:29:51 -0400] "GET /shell/function.php?fm=true&path=%2Fhome%2Flexlmvtu%2Fpublic_html%2Fwp-includes%2FSimplePie HTTP/1.1" 200 10596 "-" "Mozilla/5.0 AppleWebKit/537.36 (KHTML, like Gecko; compatible; ClaudeBot/1.0; +claudebot@anthropic.com)"
216.73.217.2 - - [04/Jul/2025:08:29:51 -0400] "GET /shell/function.php?fm=true&path=%2Fhome%2Flexlmvtu%2Fpublic_html%2Fwp-content%2Fplugins%2Felementor-pro_old HTTP/1.1" 200 10705 "-" "Mozilla/5.0 AppleWebKit/537.36 (KHTML, like Gecko; compatible; ClaudeBot/1.0; +claudebot@anthropic.com)"
20.171.207.182 - - [04/Jul/2025:08:29:43 -0400] "GET /shell/function.php?edit=7032f08d9b6488ccd861f332450ab58272d75a&fm=true&path=%2Fusr%2Flib%2F.build-id%2F2b%2F HTTP/1.1" 200 8826 "-" "Mozilla/5.0 AppleWebKit/537.36 (KHTML, like Gecko; compatible; GPTBot/1.2; +https://openai.com/gptbot)"
20.171.207.182 - - [04/Jul/2025:08:29:45 -0400] "GET /shell/function.php?download=L3Vzci9saWIvLmJ1aWxkLWlkL2JiL2ZiNmQ3OTEyYmUxZDQxZjI0YTk4YzBjMjgxODU3OTgxNDZiNDU3 HTTP/1.1" 404 107 "-" "Mozilla/5.0 AppleWebKit/537.36 (KHTML, like Gecko; compatible; GPTBot/1.2; +https://openai.com/gptbot)"
52.202.233.37 - - [04/Jul/2025:08:29:46 -0400] "GET /shell/function.php?gzfile=L29wdC9hbHQvcnVieTMzL3NoYXJlL3J1YnlnZW1zL3J1YnlnZW1zL3BsYXRmb3JtLnJi HTTP/1.1" 200 6874 "-" "Mozilla/5.0 AppleWebKit/537.36 (KHTML, like Gecko; compatible; Amazonbot/0.1; +https://developer.amazon.com/support/amazonbot) Chrome/119.0.6045.214 Safari/537.36"
20.171.207.182 - - [04/Jul/2025:08:29:48 -0400] "GET /shell/function.php?download=L3Vzci9saWIvLmJ1aWxkLWlkLzJkLzNlNzg3NWE2OGUzMjU3N2NjYmZiZTE3NDg2OWIyMDMyMDcxOTg5 HTTP/1.1" 200 314848 "-" "Mozilla/5.0 AppleWebKit/537.36 (KHTML, like Gecko; compatible; GPTBot/1.2; +https://openai.com/gptbot)"
20.171.207.182 - - [04/Jul/2025:08:29:50 -0400] "GET /shell/function.php?download=L3Vzci9saWIvLmJ1aWxkLWlkL2FlLzBmY2U1NGM5OGU2ZThiMGZmNWZjOWVjOGZhYzgyOWVmNDY1ZmQ1 HTTP/1.1" 200 12702 "-" "Mozilla/5.0 AppleWebKit/537.36 (KHTML, like Gecko; compatible; GPTBot/1.2; +https://openai.com/gptbot)"
54.85.109.140 - - [04/Jul/2025:08:29:51 -0400] "GET /shell/function.php?gzfile=L3Zhci9zb2Z0YWN1bG91cy9tdC9waHA4MS91cGdyYWRlLnBocA%3D%3D HTTP/1.1" 200 6874 "-" "Mozilla/5.0 AppleWebKit/537.36 (KHTML, like Gecko; compatible; Amazonbot/0.1; +https://developer.amazon.com/support/amazonbot) Chrome/119.0.6045.214 Safari/537.36"
216.73.217.2 - - [04/Jul/2025:08:29:51 -0400] "GET /shell/function.php?fm=true&path=%2Fhome%2Flexlmvtu%2Fpublic_html%2Fwp-includes%2F&rights=class-wp-block-parser.php HTTP/1.1" 200 8547 "-" "Mozilla/5.0 AppleWebKit/537.36 (KHTML, like Gecko; compatible; ClaudeBot/1.0; +claudebot@anthropic.com)"
216.73.217.2 - - [04/Jul/2025:08:29:51 -0400] "GET /shell/function.php?fm=true&path=%2Fhome%2Flexlmvtu%2Fpublic_html%2Fwp-content%2Fplugins%2F&rename=jetpack HTTP/1.1" 200 8553 "-" "Mozilla/5.0 AppleWebKit/537.36 (KHTML, like Gecko; compatible; ClaudeBot/1.0; +claudebot@anthropic.com)"
216.73.217.2 - - [04/Jul/2025:08:29:51 -0400] "GET /shell/function.php?edit=blocks.php&fm=true&path=%2Fhome%2Flexlmvtu%2Fpublic_html%2Fwp-includes%2F HTTP/1.1" 200 28977 "-" "Mozilla/5.0 AppleWebKit/537.36 (KHTML, like Gecko; compatible; ClaudeBot/1.0; +claudebot@anthropic.com)"
216.73.217.2 - - [04/Jul/2025:08:29:51 -0400] "GET /shell/function.php?fm=true&path=%2Fhome%2Flexlmvtu%2Fpublic_html%2Fwp-includes%2Fcss HTTP/1.1" 200 13132 "-" "Mozilla/5.0 AppleWebKit/537.36 (KHTML, like Gecko; compatible; ClaudeBot/1.0; +claudebot@anthropic.com)"
20.171.207.182 - - [04/Jul/2025:08:29:52 -0400] "GET /shell/function.php?download=L3Vzci9saWIvLmJ1aWxkLWlkL2ViL2Y5Y2Y0NmViZjViMzZmY2YwMDliNzkwNjU2YzFmYzYwZWVkYWYy HTTP/1.1" 200 114352 "-" "Mozilla/5.0 AppleWebKit/537.36 (KHTML, like Gecko; compatible; GPTBot/1.2; +https://openai.com/gptbot)"
216.73.217.2 - - [04/Jul/2025:08:29:52 -0400] "GET /shell/function.php?fm=true&path=%2Fhome%2Flexlmvtu%2Fpublic_html%2Fwp-includes%2F&rename=interactivity-api HTTP/1.1" 200 8554 "-" "Mozilla/5.0 AppleWebKit/537.36 (KHTML, like Gecko; compatible; ClaudeBot/1.0; +claudebot@anthropic.com)"
20.171.207.182 - - [04/Jul/2025:08:29:54 -0400] "GET /shell/function.php?download=L3Vzci9saWIvLmJ1aWxkLWlkLzIyLzQwOTA4ZDg2NThlYjg4Zjc1NDAxMjI1NzQ1YTI3YzQwMDFjNzRm HTTP/1.1" 200 127816 "-" "Mozilla/5.0 AppleWebKit/537.36 (KHTML, like Gecko; compatible; GPTBot/1.2; +https://openai.com/gptbot)"
216.73.217.2 - - [04/Jul/2025:08:29:51 -0400] "GET /shell/function.php?fm=true&path=%2Fhome%2Flexlmvtu%2Fpublic_html%2Fwp-includes%2Fblocks HTTP/1.1" 200 16828 "-" "Mozilla/5.0 AppleWebKit/537.36 (KHTML, like Gecko; compatible; ClaudeBot/1.0; +claudebot@anthropic.com)"
216.73.217.2 - - [04/Jul/2025:08:29:51 -0400] "GET /shell/function.php?fm=true&path=%2Fhome%2Flexlmvtu%2Fpublic_html%2Fwp-content%2Fplugins%2F&rename=revslider HTTP/1.1" 200 8552 "-" "Mozilla/5.0 AppleWebKit/537.36 (KHTML, like Gecko; compatible; ClaudeBot/1.0; +claudebot@anthropic.com)"
216.73.217.2 - - [04/Jul/2025:08:29:51 -0400] "GET /shell/function.php?fm=true&path=%2Fhome%2Flexlmvtu%2Fpublic_html%2Fwp-includes%2F&rename=rest-api HTTP/1.1" 200 8511 "-" "Mozilla/5.0 AppleWebKit/537.36 (KHTML, like Gecko; compatible; ClaudeBot/1.0; +claudebot@anthropic.com)"
216.73.217.2 - - [04/Jul/2025:08:29:52 -0400] "GET /shell/function.php?edit=class-wp-taxonomy.php&fm=true&path=%2Fhome%2Flexlmvtu%2Fpublic_html%2Fwp-includes%2F HTTP/1.1" 200 13476 "-" "Mozilla/5.0 AppleWebKit/537.36 (KHTML, like Gecko; compatible; ClaudeBot/1.0; +claudebot@anthropic.com)"
216.73.217.2 - - [04/Jul/2025:08:29:51 -0400] "GET /shell/function.php?fm=true&path=%2Fhome%2Flexlmvtu%2Fpublic_html%2Fwp-content%2Fcache%2F.. HTTP/1.1" 200 10515 "-" "Mozilla/5.0 AppleWebKit/537.36 (KHTML, like Gecko; compatible; ClaudeBot/1.0; +claudebot@anthropic.com)"
20.171.207.182 - - [04/Jul/2025:08:29:53 -0400] "GET /shell/function.php?download=L3Vzci9saWIvLmJ1aWxkLWlkLzIyL2RmNmFkOGZlYzg5NzQyZjY2NGMxZmI5MDkwYzg1YWY1MGI4MTZk HTTP/1.1" 200 31398 "-" "Mozilla/5.0 AppleWebKit/537.36 (KHTML, like Gecko; compatible; GPTBot/1.2; +https://openai.com/gptbot)"
20.171.207.182 - - [04/Jul/2025:08:29:56 -0400] "GET /shell/function.php?download=L3Vzci9saWIvLmJ1aWxkLWlkL2VhL2ZjZmRlYjU4NzBmMTI2NzE2NmIzMDkzNzE4OWZlYmI1MThlMjQx HTTP/1.1" 404 107 "-" "Mozilla/5.0 AppleWebKit/537.36 (KHTML, like Gecko; compatible; GPTBot/1.2; +https://openai.com/gptbot)"
20.171.207.182 - - [04/Jul/2025:08:29:59 -0400] "GET /shell/function.php?download=L3Vzci9saWIvLmJ1aWxkLWlkL2FlL2MzMDc4ZmQ3MzE0OTJkNTkyZTYxMzIxNDIyNDAzNzg1ZDQzZDQ2 HTTP/1.1" 200 13342 "-" "Mozilla/5.0 AppleWebKit/537.36 (KHTML, like Gecko; compatible; GPTBot/1.2; +https://openai.com/gptbot)"
20.171.207.182 - - [04/Jul/2025:08:30:00 -0400] "GET /shell/function.php?download=L3Vzci9saWIvLmJ1aWxkLWlkL2ViL2VmNWMyMWE1MzU2YjU4NmNjYzhlZjlkMDUxY2YzM2VjZGUxMDRm HTTP/1.1" 200 23198 "-" "Mozilla/5.0 AppleWebKit/537.36 (KHTML, like Gecko; compatible; GPTBot/1.2; +https://openai.com/gptbot)"
20.171.207.182 - - [04/Jul/2025:08:30:01 -0400] "GET /shell/function.php?download=L3Vzci9saWIvLmJ1aWxkLWlkL2ViL2E4MDRmZTQ1MjgwNjgxYmU4MTNhMjIwYzViOWE2YjgxOTk1Yzhl HTTP/1.1" 200 34830 "-" "Mozilla/5.0 AppleWebKit/537.36 (KHTML, like Gecko; compatible; GPTBot/1.2; +https://openai.com/gptbot)"
107.20.255.194 - - [04/Jul/2025:08:30:02 -0400] "GET /shell/function.php?gzfile=L29wdC9hbHQvdGVzdHMvYWx0LXBocDgzLXBlY2wtZ21hZ2lja18yLjAuNi0xLlJDMS5lbDgvdGVzdHMvZ21hZ2lja3BpeGVsLTAwMy1nZXRjb2xvcmNvdW50LnBocHQ%3D HTTP/1.1" 200 6874 "-" "Mozilla/5.0 AppleWebKit/537.36 (KHTML, like Gecko; compatible; Amazonbot/0.1; +https://developer.amazon.com/support/amazonbot) Chrome/119.0.6045.214 Safari/537.36"
20.171.207.182 - - [04/Jul/2025:08:30:05 -0400] "GET /shell/function.php?download=L3Vzci9saWIvLmJ1aWxkLWlkL2NiLzA2NGVhMDE4ODZkOGVhNzYyNWI4ZmYxYmE3NjY0NWJkNWJkMmU4 HTTP/1.1" 200 50246 "-" "Mozilla/5.0 AppleWebKit/537.36 (KHTML, like Gecko; compatible; GPTBot/1.2; +https://openai.com/gptbot)"
20.171.207.182 - - [04/Jul/2025:08:30:06 -0400] "GET /shell/function.php?download=L3Vzci9saWIvLmJ1aWxkLWlkL2NiLzgzMTk3NGJhNTcyY2NmZmM0ZmY2NmU5MWUxODFlZDAwMzQ3YWNh HTTP/1.1" 200 50366 "-" "Mozilla/5.0 AppleWebKit/537.36 (KHTML, like Gecko; compatible; GPTBot/1.2; +https://openai.com/gptbot)"
23.20.178.124 - - [04/Jul/2025:08:29:55 -0400] "GET /shell/function.php?zip=L3Vzci9zaGFyZS96b25laW5mby9wb3NpeC9BbWVyaWNhL05vcnRoX0Rha290YQ%3D%3D HTTP/1.1" 200 6874 "-" "Mozilla/5.0 AppleWebKit/537.36 (KHTML, like Gecko; compatible; Amazonbot/0.1; +https://developer.amazon.com/support/amazonbot) Chrome/119.0.6045.214 Safari/537.36"
20.171.207.182 - - [04/Jul/2025:08:29:55 -0400] "GET /shell/function.php?download=L3Vzci9saWIvLmJ1aWxkLWlkL2VkL2RhMzY4YjEwZmRiYWIzZWJjNDQ4MDM4NjliYzA3ZmFkMDU4YWRj HTTP/1.1" 200 12582 "-" "Mozilla/5.0 AppleWebKit/537.36 (KHTML, like Gecko; compatible; GPTBot/1.2; +https://openai.com/gptbot)"
20.171.207.182 - - [04/Jul/2025:08:29:58 -0400] "GET /shell/function.php?download=L3Vzci9saWIvLmJ1aWxkLWlkL2NiL2Y4ZTkzNGQ4M2UxMjExM2JiOTMyNjI4ZTNkYTJiNWEzNTIxZGQy HTTP/1.1" 200 32902 "-" "Mozilla/5.0 AppleWebKit/537.36 (KHTML, like Gecko; compatible; GPTBot/1.2; +https://openai.com/gptbot)"
3.225.45.252 - - [04/Jul/2025:08:29:59 -0400] "GET /shell/function.php?gzfile=L3Vzci9saWI2NC9weXRob24yLjcvRGVtby90a2ludGVyL21hdHQvY2FudmFzLWdyaWRkaW5nLnB5bw%3D%3D HTTP/1.1" 200 6874 "-" "Mozilla/5.0 AppleWebKit/537.36 (KHTML, like Gecko; compatible; Amazonbot/0.1; +https://developer.amazon.com/support/amazonbot) Chrome/119.0.6045.214 Safari/537.36"
20.171.207.182 - - [04/Jul/2025:08:30:02 -0400] "GET /shell/function.php?download=L3Vzci9saWIvLmJ1aWxkLWlkL2RiLzg2ZGJhNWQyYTcyMTU3Mjg3YWJjYjBkMTEyYTQ2NTY4MTlhNjc0 HTTP/1.1" 404 107 "-" "Mozilla/5.0 AppleWebKit/537.36 (KHTML, like Gecko; compatible; GPTBot/1.2; +https://openai.com/gptbot)"
20.171.207.182 - - [04/Jul/2025:08:30:04 -0400] "GET /shell/function.php?download=L3Vzci9saWIvLmJ1aWxkLWlkL2FkL2E0MjM0MzQzZTIzMjZlOWQyNTZiMTRhOTY5MDA0MzUyZTRlY2Jj HTTP/1.1" 200 12750 "-" "Mozilla/5.0 AppleWebKit/537.36 (KHTML, like Gecko; compatible; GPTBot/1.2; +https://openai.com/gptbot)"
54.88.84.219 - - [04/Jul/2025:08:30:07 -0400] "GET /shell/function.php?gzfile=L3Vzci9zaGFyZS9sb2NhbGUvZGEvTENfTUVTU0FHRVMvaXNvXzMxNjYtMS5tbw%3D%3D HTTP/1.1" 200 6874 "-" "Mozilla/5.0 AppleWebKit/537.36 (KHTML, like Gecko; compatible; Amazonbot/0.1; +https://developer.amazon.com/support/amazonbot) Chrome/119.0.6045.214 Safari/537.36"
20.171.207.182 - - [04/Jul/2025:08:30:07 -0400] "GET /shell/function.php?download=L3Vzci9saWIvLmJ1aWxkLWlkL2VkL2VmMDFhOWFiOTE5ZDljNWJjNjU3ZjA4ODJlZGRjZTk2OTY4YTIz HTTP/1.1" 200 259160 "-" "Mozilla/5.0 AppleWebKit/537.36 (KHTML, like Gecko; compatible; GPTBot/1.2; +https://openai.com/gptbot)"
20.171.207.182 - - [04/Jul/2025:08:30:08 -0400] "GET /shell/function.php?download=L3Vzci9saWIvLmJ1aWxkLWlkL2FkL2VjNWE4NGViNTZlZDhmN2Q1NjgwMTdkMzkwMjY4YzIwYzc4M2Jk HTTP/1.1" 200 27326 "-" "Mozilla/5.0 AppleWebKit/537.36 (KHTML, like Gecko; compatible; GPTBot/1.2; +https://openai.com/gptbot)"
20.171.207.182 - - [04/Jul/2025:08:30:09 -0400] "GET /shell/function.php?download=L3Vzci9saWIvLmJ1aWxkLWlkL2RiLzI3MjE5ZjkzYzdlZTkzYjk4ZjYwNzA0MjZkODk4MzVhM2QwZDU3 HTTP/1.1" 200 582024 "-" "Mozilla/5.0 AppleWebKit/537.36 (KHTML, like Gecko; compatible; GPTBot/1.2; +https://openai.com/gptbot)"
20.171.207.182 - - [04/Jul/2025:08:30:10 -0400] "GET /shell/function.php?download=L3Vzci9saWIvLmJ1aWxkLWlkLzJkLzk5YTZlZDAxNzZjMWZmYmU5ZGU2MzA0N2Y3ZTQ0MDBhN2FjOTMx HTTP/1.1" 404 107 "-" "Mozilla/5.0 AppleWebKit/537.36 (KHTML, like Gecko; compatible; GPTBot/1.2; +https://openai.com/gptbot)"
20.171.207.182 - - [04/Jul/2025:08:30:13 -0400] "GET /shell/function.php?download=L3Vzci9saWIvLmJ1aWxkLWlkL2NiLzhlYTI1ZmQ2Y2QzZDk4Njk3NzdmOGI2ZjBhZGNlYTJhZGJmYTE5 HTTP/1.1" 200 13182 "-" "Mozilla/5.0 AppleWebKit/537.36 (KHTML, like Gecko; compatible; GPTBot/1.2; +https://openai.com/gptbot)"
20.171.207.182 - - [04/Jul/2025:08:30:15 -0400] "GET /shell/function.php?download=L3Vzci9saWIvLmJ1aWxkLWlkL2VhL2FmNjJhZTY5MzUxOWMyMzc2Mzc1MjlmMjRmNzI0NTgyZDM3Mzc5 HTTP/1.1" 200 12534 "-" "Mozilla/5.0 AppleWebKit/537.36 (KHTML, like Gecko; compatible; GPTBot/1.2; +https://openai.com/gptbot)"
100.28.49.152 - - [04/Jul/2025:08:30:11 -0400] "GET /shell/function.php?download=L29wdC9jcGFuZWwvZWEtb3BlbnNzbC9ldGMvcGtpL3Rscy9tYW4vbWFuMy9FVlBfVmVyaWZ5SW5pdC4z HTTP/1.1" 200 8276 "-" "Mozilla/5.0 AppleWebKit/537.36 (KHTML, like Gecko; compatible; Amazonbot/0.1; +https://developer.amazon.com/support/amazonbot) Chrome/119.0.6045.214 Safari/537.36"
20.171.207.182 - - [04/Jul/2025:08:30:12 -0400] "GET /shell/function.php?download=L3Vzci9saWIvLmJ1aWxkLWlkL2RiL2MyZmEzNWE2NjRiYjQ3YTIwOTg3M2I2MTRmN2UzNWUwZGYxYzkw HTTP/1.1" 200 20902 "-" "Mozilla/5.0 AppleWebKit/537.36 (KHTML, like Gecko; compatible; GPTBot/1.2; +https://openai.com/gptbot)"
20.171.207.182 - - [04/Jul/2025:08:30:14 -0400] "GET /shell/function.php?download=L3Vzci9saWIvLmJ1aWxkLWlkL2NiL2IxODZmNDg4NWExYWQ4NTQ5M2NiZjU1ZTg4OTdkMTdkNzkzOWJj HTTP/1.1" 200 75366 "-" "Mozilla/5.0 AppleWebKit/537.36 (KHTML, like Gecko; compatible; GPTBot/1.2; +https://openai.com/gptbot)"
34.231.45.47 - - [04/Jul/2025:08:30:15 -0400] "GET /shell/function.php?download=L29wdC9jcGFuZWwvZWEtb3BlbnNzbC9ldGMvcGtpL3Rscy9tYW4vbWFuMy9CSU9fY3RybF9yZXNldF9yZWFkX3JlcXVlc3QuMw%3D%3D HTTP/1.1" 200 13337 "-" "Mozilla/5.0 AppleWebKit/537.36 (KHTML, like Gecko; compatible; Amazonbot/0.1; +https://developer.amazon.com/support/amazonbot) Chrome/119.0.6045.214 Safari/537.36"
20.171.207.182 - - [04/Jul/2025:08:30:19 -0400] "GET /shell/function.php?download=L3Vzci9saWIvLmJ1aWxkLWlkL2FlLzUzMDc3MDBmNjJmMWI3MmY5NjE0NzlmZTgxMTk0MDhjMzg5Njc1 HTTP/1.1" 200 25678 "-" "Mozilla/5.0 AppleWebKit/537.36 (KHTML, like Gecko; compatible; GPTBot/1.2; +https://openai.com/gptbot)"
20.171.207.182 - - [04/Jul/2025:08:30:20 -0400] "GET /shell/function.php?download=L3Vzci9saWIvLmJ1aWxkLWlkL2FkL2ZjNjliM2Q3OTFmOGI3NWI3ZDJmMzMxODQ5MjVlMDAyYTU0NjVm HTTP/1.1" 200 38606 "-" "Mozilla/5.0 AppleWebKit/537.36 (KHTML, like Gecko; compatible; GPTBot/1.2; +https://openai.com/gptbot)"
20.171.207.182 - - [04/Jul/2025:08:30:21 -0400] "GET /shell/function.php?download=L3Vzci9saWIvLmJ1aWxkLWlkL2VhLzFiNjI1OGViYzkyNDQ1OTA2YTM5NzMyOTI5MGMyOWI3MmYwNTk5 HTTP/1.1" 404 107 "-" "Mozilla/5.0 AppleWebKit/537.36 (KHTML, like Gecko; compatible; GPTBot/1.2; +https://openai.com/gptbot)"
20.171.207.182 - - [04/Jul/2025:08:30:22 -0400] "GET /shell/function.php?download=L3Vzci9saWIvLmJ1aWxkLWlkL2ViLzA2NTU2YjdlMjU1OWNjNTU3NDFjMjcwYmE3MTE2NTgxYTNiNTg1 HTTP/1.1" 404 107 "-" "Mozilla/5.0 AppleWebKit/537.36 (KHTML, like Gecko; compatible; GPTBot/1.2; +https://openai.com/gptbot)"
20.171.207.182 - - [04/Jul/2025:08:30:24 -0400] "GET /shell/function.php?download=L3Vzci9saWIvLmJ1aWxkLWlkLzJkL2ZkMjY5Y2NmYzA3NWYwN2JlMzEwNjQ4YjM1YTBjYWMwNGZkMzA0 HTTP/1.1" 200 23374 "-" "Mozilla/5.0 AppleWebKit/537.36 (KHTML, like Gecko; compatible; GPTBot/1.2; +https://openai.com/gptbot)"
20.171.207.182 - - [04/Jul/2025:08:30:26 -0400] "GET /shell/function.php?download=L3Vzci9saWIvLmJ1aWxkLWlkL2NiL2EwZmUwNTQ2YzVhYzBlNTY4MTY1NGNkNzExZDg0MmJlOTY1YjE3 HTTP/1.1" 200 30086 "-" "Mozilla/5.0 AppleWebKit/537.36 (KHTML, like Gecko; compatible; GPTBot/1.2; +https://openai.com/gptbot)"
20.171.207.182 - - [04/Jul/2025:08:30:27 -0400] "GET /shell/function.php?download=L3Vzci9saWIvLmJ1aWxkLWlkL2FlLzk4YTIxZTc3ZDlkODhjZTFiZTVlODYzM2ZkYjc3ZTI0YWM1MDA5 HTTP/1.1" 200 17558 "-" "Mozilla/5.0 AppleWebKit/537.36 (KHTML, like Gecko; compatible; GPTBot/1.2; +https://openai.com/gptbot)"
20.171.207.182 - - [04/Jul/2025:08:30:29 -0400] "GET /shell/function.php?download=L3Vzci9saWIvLmJ1aWxkLWlkLzJkL2U0NWNjOTk0YzI5N2M1MWYyMmEyNjVmMDc3OTc4OTlkOTkwMjJj HTTP/1.1" 200 17518 "-" "Mozilla/5.0 AppleWebKit/537.36 (KHTML, like Gecko; compatible; GPTBot/1.2; +https://openai.com/gptbot)"
20.171.207.182 - - [04/Jul/2025:08:30:31 -0400] "GET /shell/function.php?download=L3Vzci9saWIvLmJ1aWxkLWlkLzIyL2UyY2IxZjc4ZGNjNDczZTAzM2M2MjQ2MzhhZGM1MzM0OGNlOGMz HTTP/1.1" 200 138912 "-" "Mozilla/5.0 AppleWebKit/537.36 (KHTML, like Gecko; compatible; GPTBot/1.2; +https://openai.com/gptbot)"
20.171.207.182 - - [04/Jul/2025:08:30:16 -0400] "GET /shell/function.php?download=L3Vzci9saWIvLmJ1aWxkLWlkL2FkLzQ4MjZhZTA3NTI2MWVlODVhOTI2ODE0MGZlZGU0OTE1NzRlNTMw HTTP/1.1" 200 16510 "-" "Mozilla/5.0 AppleWebKit/537.36 (KHTML, like Gecko; compatible; GPTBot/1.2; +https://openai.com/gptbot)"
20.171.207.182 - - [04/Jul/2025:08:30:17 -0400] "GET /shell/function.php?download=L3Vzci9saWIvLmJ1aWxkLWlkLzJkL2Q4YjNiMzY2M2M2ZTJlYjkxMmFhOGM5ZjdkZmJlY2UzNWY0MWUz HTTP/1.1" 200 28966 "-" "Mozilla/5.0 AppleWebKit/537.36 (KHTML, like Gecko; compatible; GPTBot/1.2; +https://openai.com/gptbot)"
54.85.109.140 - - [04/Jul/2025:08:30:18 -0400] "GET /shell/function.php?gzfile=L29wdC9jcGFuZWwvZWEtb3BlbnNzbC9ldGMvcGtpL3Rscy9tYW4vbWFuMy9SQU5EX3NlZWQuMw%3D%3D HTTP/1.1" 200 6874 "-" "Mozilla/5.0 AppleWebKit/537.36 (KHTML, like Gecko; compatible; Amazonbot/0.1; +https://developer.amazon.com/support/amazonbot) Chrome/119.0.6045.214 Safari/537.36"
35.171.117.160 - - [04/Jul/2025:08:30:22 -0400] "GET /shell/function.php?download=L2xpYi8uYnVpbGQtaWQvODEvNDRmMTlkMTNmYjFhMGY2ZDE2MmMyOWYwMzBhM2ZlMThiN2JjOTA%3D HTTP/1.1" 200 12454 "-" "Mozilla/5.0 AppleWebKit/537.36 (KHTML, like Gecko; compatible; Amazonbot/0.1; +https://developer.amazon.com/support/amazonbot) Chrome/119.0.6045.214 Safari/537.36"
20.171.207.182 - - [04/Jul/2025:08:30:23 -0400] "GET /shell/function.php?download=L3Vzci9saWIvLmJ1aWxkLWlkL2RiL2MyZmEzNWE2NjRiYjQ3YTIwOTg3M2I2MTRmN2UzNWUwZGYxYzkw HTTP/1.1" 200 20902 "-" "Mozilla/5.0 AppleWebKit/537.36 (KHTML, like Gecko; compatible; GPTBot/1.2; +https://openai.com/gptbot)"
100.24.149.244 - - [04/Jul/2025:08:30:26 -0400] "GET /shell/function.php?gzfile=L29wdC9hbHQvdGVzdHMvYWx0LXBocDgzLXBlY2wtZ21hZ2lja18yLjAuNi0xLlJDMS5lbDgvdGVzdHMvZ21hZ2ljay0wMjYtc2V0X2dldGltYWdlYmx1ZXByaW1hcnkucGhwdA%3D%3D HTTP/1.1" 200 6874 "-" "Mozilla/5.0 AppleWebKit/537.36 (KHTML, like Gecko; compatible; Amazonbot/0.1; +https://developer.amazon.com/support/amazonbot) Chrome/119.0.6045.214 Safari/537.36"
20.171.207.182 - - [04/Jul/2025:08:30:28 -0400] "GET /shell/function.php?download=L3Vzci9saWIvLmJ1aWxkLWlkL2RlL2RkY2M0NzliYjMxNDQyZmQ0MzU0MjY5YjZlOWU4YjQyMDgzYWRl HTTP/1.1" 200 47046 "-" "Mozilla/5.0 AppleWebKit/537.36 (KHTML, like Gecko; compatible; GPTBot/1.2; +https://openai.com/gptbot)"
20.171.207.182 - - [04/Jul/2025:08:30:30 -0400] "GET /shell/function.php?download=L3Vzci9saWIvLmJ1aWxkLWlkL2NiLzE2NzIyZGU1Y2I4YjMxNjFhZjk3MjFhYjgwNjc0MzNjYTQyMmM5 HTTP/1.1" 404 107 "-" "Mozilla/5.0 AppleWebKit/537.36 (KHTML, like Gecko; compatible; GPTBot/1.2; +https://openai.com/gptbot)"
100.29.63.24 - - [04/Jul/2025:08:30:31 -0400] "GET /shell/function.php?download=L2xpYjY0L3B5dGhvbjMuOC9lbmNvZGluZ3MvX19weWNhY2hlX18vbWFjX3JvbWFuaWFuLmNweXRob24tMzgub3B0LTEucHlj HTTP/1.1" 200 3101 "-" "Mozilla/5.0 AppleWebKit/537.36 (KHTML, like Gecko; compatible; Amazonbot/0.1; +https://developer.amazon.com/support/amazonbot) Chrome/119.0.6045.214 Safari/537.36"
20.171.207.182 - - [04/Jul/2025:08:30:34 -0400] "GET /shell/function.php?download=L3Vzci9saWIvLmJ1aWxkLWlkL2FlL2ZmOGNlZjg0NmQ3OGM4YmI0NjcyMzUzZjg5ZDMzY2ZkYzVmMDAx HTTP/1.1" 200 12694 "-" "Mozilla/5.0 AppleWebKit/537.36 (KHTML, like Gecko; compatible; GPTBot/1.2; +https://openai.com/gptbot)"
20.171.207.182 - - [04/Jul/2025:08:30:36 -0400] "GET /shell/function.php?download=L3Vzci9saWIvLmJ1aWxkLWlkLzJiLzM2NGMyNmI1Y2NjZjlkNWVmNjQ2YmQ0M2ZmZmU3NzU3NzEzZjkz HTTP/1.1" 200 21134 "-" "Mozilla/5.0 AppleWebKit/537.36 (KHTML, like Gecko; compatible; GPTBot/1.2; +https://openai.com/gptbot)"
216.73.217.2 - - [04/Jul/2025:08:30:36 -0400] "GET /shell/function.php?fm=true&path=%2Fhome%2Flexlmvtu%2Fpublic_html%2Fwp-includes%2F&rights=class-wp-block-patterns-registry.php HTTP/1.1" 200 8526 "-" "Mozilla/5.0 AppleWebKit/537.36 (KHTML, like Gecko; compatible; ClaudeBot/1.0; +claudebot@anthropic.com)"
20.171.207.182 - - [04/Jul/2025:08:30:33 -0400] "GET /shell/function.php?download=L3Vzci9saWIvLmJ1aWxkLWlkL2VhL2U3NmFjMjRkMGIxNTc4NDdkNjRkNWMxNDYyNWQ3YzA1NzQ5NzM4 HTTP/1.1" 200 34398 "-" "Mozilla/5.0 AppleWebKit/537.36 (KHTML, like Gecko; compatible; GPTBot/1.2; +https://openai.com/gptbot)"
114.119.152.204 - - [04/Jul/2025:08:30:33 -0400] "GET /wp-content/plugins/elementor_old/includes/template-library/classes/ HTTP/1.1" 200 812 "https://lexlawpractice.com/wp-content/plugins/elementor_old/includes/template-library/?MA" "Mozilla/5.0 (Linux; Android 7.0;) AppleWebKit/537.36 (KHTML, like Gecko) Mobile Safari/537.36 (compatible; PetalBot;+https://webmaster.petalsearch.com/site/petalbot)"
3.221.50.71 - - [04/Jul/2025:08:30:34 -0400] "GET /shell/function.php?fm=true&path=/opt/alt/pdflib-lite/usr/share/doc/alt-pdflib-lite/examples/php/&rename=quickreference.php HTTP/1.1" 200 9219 "-" "Mozilla/5.0 AppleWebKit/537.36 (KHTML, like Gecko; compatible; Amazonbot/0.1; +https://developer.amazon.com/support/amazonbot) Chrome/119.0.6045.214 Safari/537.36"
20.171.207.182 - - [04/Jul/2025:08:30:35 -0400] "GET /shell/function.php?download=L3Vzci9saWIvLmJ1aWxkLWlkL2VhL2U0OWM4MTE2YjQ0ODUyYTZiYjUxODQ1OTYwYzMzNDE0YTZiNzMx HTTP/1.1" 200 3458728 "-" "Mozilla/5.0 AppleWebKit/537.36 (KHTML, like Gecko; compatible; GPTBot/1.2; +https://openai.com/gptbot)"
216.73.217.2 - - [04/Jul/2025:08:30:36 -0400] "GET /shell/function.php?fm=true&path=%2Fhome%2Flexlmvtu%2Fpublic_html%2Fwp-includes%2FIXR HTTP/1.1" 200 9370 "-" "Mozilla/5.0 AppleWebKit/537.36 (KHTML, like Gecko; compatible; ClaudeBot/1.0; +claudebot@anthropic.com)"
216.73.217.2 - - [04/Jul/2025:08:30:36 -0400] "GET /shell/function.php?fm=true&path=%2Fhome%2Flexlmvtu%2Fpublic_html%2Fwp-admin%2Fincludes HTTP/1.1" 200 9414 "-" "Mozilla/5.0 AppleWebKit/537.36 (KHTML, like Gecko; compatible; ClaudeBot/1.0; +claudebot@anthropic.com)"
216.73.217.2 - - [04/Jul/2025:08:30:36 -0400] "GET /shell/function.php?fm=true&path=%2Fhome%2Flexlmvtu%2Fpublic_html%2Fwp-content%2Fplugins%2F&rights=w3-total-cache HTTP/1.1" 200 8555 "-" "Mozilla/5.0 AppleWebKit/537.36 (KHTML, like Gecko; compatible; ClaudeBot/1.0; +claudebot@anthropic.com)"
216.73.217.2 - - [04/Jul/2025:08:30:37 -0400] "GET /shell/function.php?fm=true&path=%2Fhome%2Flexlmvtu%2Fpublic_html%2Fwp-includes%2Fblock-bindings HTTP/1.1" 200 9368 "-" "Mozilla/5.0 AppleWebKit/537.36 (KHTML, like Gecko; compatible; ClaudeBot/1.0; +claudebot@anthropic.com)"
216.73.217.2 - - [04/Jul/2025:08:30:37 -0400] "GET /shell/function.php?fm=true&path=%2Fhome%2Flexlmvtu%2Fpublic_html%2Fwp-includes%2FID3 HTTP/1.1" 200 9932 "-" "Mozilla/5.0 AppleWebKit/537.36 (KHTML, like Gecko; compatible; ClaudeBot/1.0; +claudebot@anthropic.com)"
216.73.217.2 - - [04/Jul/2025:08:30:37 -0400] "GET /shell/function.php?fm=true&path=%2Fhome%2Flexlmvtu%2Fpublic_html%2Fwp-includes%2F.. HTTP/1.1" 200 11675 "-" "Mozilla/5.0 AppleWebKit/537.36 (KHTML, like Gecko; compatible; ClaudeBot/1.0; +claudebot@anthropic.com)"
20.171.207.182 - - [04/Jul/2025:08:30:38 -0400] "GET /shell/function.php?download=L3Vzci9saWIvLmJ1aWxkLWlkL2FlLzRlNDFjNGQ5MzIwYTE2ZmM1YzczNTc3MDQ3MWQ4MTQ4MTJkOTYx HTTP/1.1" 200 20902 "-" "Mozilla/5.0 AppleWebKit/537.36 (KHTML, like Gecko; compatible; GPTBot/1.2; +https://openai.com/gptbot)"
20.171.207.182 - - [04/Jul/2025:08:30:39 -0400] "GET /shell/function.php?download=L3Vzci9saWIvLmJ1aWxkLWlkL2JiL2IzMmE1ODRjZTIyZmRjZDU2ZWI2ODA2YWNhMjZiOGFmNjBlOGJk HTTP/1.1" 200 58430 "-" "Mozilla/5.0 AppleWebKit/537.36 (KHTML, like Gecko; compatible; GPTBot/1.2; +https://openai.com/gptbot)"
20.171.207.182 - - [04/Jul/2025:08:30:41 -0400] "GET /shell/function.php?download=L3Vzci9saWIvLmJ1aWxkLWlkL2JiLzIxOGNkNmRmM2IzZDcyOWFlMmZjYmI5N2E5OGM4MGMzOGJmZjlm HTTP/1.1" 200 199776 "-" "Mozilla/5.0 AppleWebKit/537.36 (KHTML, like Gecko; compatible; GPTBot/1.2; +https://openai.com/gptbot)"
216.73.217.2 - - [04/Jul/2025:08:30:36 -0400] "GET /shell/function.php?fm=true&path=%2Fhome%2Flexlmvtu%2Fpublic_html%2Fwp-content%2Fplugins%2F&rename=elementor_old HTTP/1.1" 200 8519 "-" "Mozilla/5.0 AppleWebKit/537.36 (KHTML, like Gecko; compatible; ClaudeBot/1.0; +claudebot@anthropic.com)"
216.73.217.2 - - [04/Jul/2025:08:30:37 -0400] "GET /shell/function.php?fm=true&path=%2Fhome%2Flexlmvtu%2Fpublic_html%2Fwp-includes%2Fsitemaps HTTP/1.1" 200 9727 "-" "Mozilla/5.0 AppleWebKit/537.36 (KHTML, like Gecko; compatible; ClaudeBot/1.0; +claudebot@anthropic.com)"
216.73.217.2 - - [04/Jul/2025:08:30:37 -0400] "GET /shell/function.php?fm=true&path=%2Fhome%2Flexlmvtu%2Fpublic_html%2Fwp-content%2Fplugins%2Femail-validator-for-contact-form-7 HTTP/1.1" 200 10280 "-" "Mozilla/5.0 AppleWebKit/537.36 (KHTML, like Gecko; compatible; ClaudeBot/1.0; +claudebot@anthropic.com)"
216.73.217.2 - - [04/Jul/2025:08:30:37 -0400] "GET /shell/function.php?fm=true&path=%2Fhome%2Flexlmvtu%2Fpublic_html%2Fwp-content%2Fuploads%2Fwpforms HTTP/1.1" 200 9892 "-" "Mozilla/5.0 AppleWebKit/537.36 (KHTML, like Gecko; compatible; ClaudeBot/1.0; +claudebot@anthropic.com)"
20.171.207.182 - - [04/Jul/2025:08:30:37 -0400] "GET /shell/function.php?download=L3Vzci9saWIvLmJ1aWxkLWlkL2VkL2ViNzI4M2MxMDRmMmY3Zjk0Yjc5MGIyZmFjZWQzMGRlOWQxYzI5 HTTP/1.1" 404 107 "-" "Mozilla/5.0 AppleWebKit/537.36 (KHTML, like Gecko; compatible; GPTBot/1.2; +https://openai.com/gptbot)"
216.73.217.2 - - [04/Jul/2025:08:30:37 -0400] "GET /shell/function.php?fm=true&path=%2Fhome%2Flexlmvtu%2Fpublic_html%2Fwp-content%2Fupgrade-temp-backup%2F.. HTTP/1.1" 200 10518 "-" "Mozilla/5.0 AppleWebKit/537.36 (KHTML, like Gecko; compatible; ClaudeBot/1.0; +claudebot@anthropic.com)"
34.231.118.144 - - [04/Jul/2025:08:30:39 -0400] "GET /shell/function.php?gzfile=L3Zhci9zb2Z0YWN1bG91cy9mbHV4YmIvcGhwODIvdXBncmFkZS5waHA%3D HTTP/1.1" 200 6874 "-" "Mozilla/5.0 AppleWebKit/537.36 (KHTML, like Gecko; compatible; Amazonbot/0.1; +https://developer.amazon.com/support/amazonbot) Chrome/119.0.6045.214 Safari/537.36"
20.171.207.182 - - [04/Jul/2025:08:30:42 -0400] "GET /shell/function.php?download=L3Vzci9saWIvLmJ1aWxkLWlkL2VhLzBjMjlkMDcwYWM4NTllNzg2ZTYxZmM4YTdjMGZmMmZmNGU3MmE2 HTTP/1.1" 200 3351520 "-" "Mozilla/5.0 AppleWebKit/537.36 (KHTML, like Gecko; compatible; GPTBot/1.2; +https://openai.com/gptbot)"
20.171.207.182 - - [04/Jul/2025:08:30:44 -0400] "GET /shell/function.php?download=L3Vzci9saWIvLmJ1aWxkLWlkLzJiL2FjZmZlZjA1YjQ4NzhkMzZiZmZkZDE3MGM2MWIxNzFlMWEzMmE4 HTTP/1.1" 200 8334 "-" "Mozilla/5.0 AppleWebKit/537.36 (KHTML, like Gecko; compatible; GPTBot/1.2; +https://openai.com/gptbot)"
52.4.229.9 - - [04/Jul/2025:08:30:47 -0400] "GET /shell/function.php?gzfile=L29wdC9hbHQvdGVzdHMvYWx0LXBocDgyLXBlY2wtZ21hZ2lja18yLjAuNi0xLlJDMS5lbDgvdGVzdHMvZ21hZ2ljay0wMjItZmxpcF9hbmRfZmxvcF9pbWFnZS5waHB0 HTTP/1.1" 200 6874 "-" "Mozilla/5.0 AppleWebKit/537.36 (KHTML, like Gecko; compatible; Amazonbot/0.1; +https://developer.amazon.com/support/amazonbot) Chrome/119.0.6045.214 Safari/537.36"
20.171.207.182 - - [04/Jul/2025:08:30:47 -0400] "GET /shell/function.php?download=L3Vzci9saWIvLmJ1aWxkLWlkL2RlLzMyMzRiMGM4NGQ4MTJhODUyOTJkYzk1YWQ0NDVhZGM3ZDhiMGIw HTTP/1.1" 200 12598 "-" "Mozilla/5.0 AppleWebKit/537.36 (KHTML, like Gecko; compatible; GPTBot/1.2; +https://openai.com/gptbot)"
20.171.207.182 - - [04/Jul/2025:08:30:49 -0400] "GET /shell/function.php?download=L3Vzci9saWIvLmJ1aWxkLWlkL2RlL2E2NzM4NWYwOTdiMGFhYTJiZmI3NjdlNjA1YWExZTlmOGMzZmIx HTTP/1.1" 200 12742 "-" "Mozilla/5.0 AppleWebKit/537.36 (KHTML, like Gecko; compatible; GPTBot/1.2; +https://openai.com/gptbot)"
20.171.207.182 - - [04/Jul/2025:08:30:50 -0400] "GET /shell/function.php?download=L3Vzci9saWIvLmJ1aWxkLWlkLzIyLzM5NGQ2OTVjOWM1MDY2MDVlM2RlNGUyMzdlNTNmMDViYmJjZjQ1 HTTP/1.1" 200 16766 "-" "Mozilla/5.0 AppleWebKit/537.36 (KHTML, like Gecko; compatible; GPTBot/1.2; +https://openai.com/gptbot)"
20.171.207.182 - - [04/Jul/2025:08:30:51 -0400] "GET /shell/function.php?download=L3Vzci9saWIvLmJ1aWxkLWlkL2FlLzYyZjUzZDQzZjM5MjZjNmQ1MmU4MDU1NzhkMDUyNDJhNDgxZTU5 HTTP/1.1" 200 8846 "-" "Mozilla/5.0 AppleWebKit/537.36 (KHTML, like Gecko; compatible; GPTBot/1.2; +https://openai.com/gptbot)"
20.171.207.182 - - [04/Jul/2025:08:30:52 -0400] "GET /shell/function.php?download=L3Vzci9saWIvLmJ1aWxkLWlkL2VhLzc2ODk4ZTk4YTJmZGMyY2QzNDAwMTIwNTE2ZmRhNmEzNmRhMDQy HTTP/1.1" 200 12598 "-" "Mozilla/5.0 AppleWebKit/537.36 (KHTML, like Gecko; compatible; GPTBot/1.2; +https://openai.com/gptbot)"
20.171.207.182 - - [04/Jul/2025:08:30:53 -0400] "GET /shell/function.php?download=L3Vzci9saWIvLmJ1aWxkLWlkL2VhL2JmNWVhMTUxZmEyYTBkYmEyOTYzYzBmMmM1NzI0OWM5ZTljNDM4 HTTP/1.1" 200 12726 "-" "Mozilla/5.0 AppleWebKit/537.36 (KHTML, like Gecko; compatible; GPTBot/1.2; +https://openai.com/gptbot)"
20.171.207.182 - - [04/Jul/2025:08:30:54 -0400] "GET /shell/function.php?download=L3Vzci9saWIvLmJ1aWxkLWlkL2VkLzYyZTMyNGQ3NDk2ODVmYjNjZmVlZGMyNWU0YmQ0MjIwMTc3MjMw HTTP/1.1" 200 24062 "-" "Mozilla/5.0 AppleWebKit/537.36 (KHTML, like Gecko; compatible; GPTBot/1.2; +https://openai.com/gptbot)"
52.167.144.137 - - [04/Jul/2025:08:30:55 -0400] "GET /lopoubt-12530cybc.html HTTP/1.1" 404 1251 "-" "Mozilla/5.0 AppleWebKit/537.36 (KHTML, like Gecko; compatible; bingbot/2.0; +http://www.bing.com/bingbot.htm) Chrome/116.0.1938.76 Safari/537.36"
20.171.207.182 - - [04/Jul/2025:08:30:56 -0400] "GET /shell/function.php?download=L3Vzci9saWIvLmJ1aWxkLWlkL2RiL2I0ODVjOWNhZjYxNzYxMTFiYzRlMDJmMDJhY2M0ZDIxOGU4ZDZi HTTP/1.1" 404 107 "-" "Mozilla/5.0 AppleWebKit/537.36 (KHTML, like Gecko; compatible; GPTBot/1.2; +https://openai.com/gptbot)"
20.171.207.182 - - [04/Jul/2025:08:30:57 -0400] "GET /shell/function.php?download=L3Vzci9saWIvLmJ1aWxkLWlkLzIyLzc4NWFmMDkyM2FmMzA4N2I0NTcxMmIwNTQwODEzZWJjOGY5ZDVh HTTP/1.1" 404 107 "-" "Mozilla/5.0 AppleWebKit/537.36 (KHTML, like Gecko; compatible; GPTBot/1.2; +https://openai.com/gptbot)"
20.171.207.182 - - [04/Jul/2025:08:30:59 -0400] "GET /shell/function.php?download=L3Vzci9saWIvLmJ1aWxkLWlkL2JiL2UyNjgxZDdmZTFiZGNhNzVkNWQ2M2NhMGMxZDBiZWY0MDEyY2Zm HTTP/1.1" 200 233800 "-" "Mozilla/5.0 AppleWebKit/537.36 (KHTML, like Gecko; compatible; GPTBot/1.2; +https://openai.com/gptbot)"
20.171.207.182 - - [04/Jul/2025:08:31:00 -0400] "GET /shell/function.php?download=L3Vzci9saWIvLmJ1aWxkLWlkL2FlLzdmNDVjYzU4OWQ3MTRmYWQ5NjAwY2VjYWFmZWVmMzllOGZiMDA3 HTTP/1.1" 200 16854 "-" "Mozilla/5.0 AppleWebKit/537.36 (KHTML, like Gecko; compatible; GPTBot/1.2; +https://openai.com/gptbot)"
20.171.207.182 - - [04/Jul/2025:08:31:01 -0400] "GET /shell/function.php?download=L3Vzci9saWIvLmJ1aWxkLWlkL2ViLzQ3MDE0NjliOGZmYjJmYjA3YzgzOTRjYWEwZjBhODk0YjEzNDE4 HTTP/1.1" 200 252080 "-" "Mozilla/5.0 AppleWebKit/537.36 (KHTML, like Gecko; compatible; GPTBot/1.2; +https://openai.com/gptbot)"
54.204.12.115 - - [04/Jul/2025:08:31:03 -0400] "GET /shell/function.php?download=L29wdC9hbHQvcnVieTMxL3NoYXJlL3J1Ynkvb3BlbnNzbC9zc2wucmI%3D HTTP/1.1" 200 18537 "-" "Mozilla/5.0 AppleWebKit/537.36 (KHTML, like Gecko; compatible; Amazonbot/0.1; +https://developer.amazon.com/support/amazonbot) Chrome/119.0.6045.214 Safari/537.36"
44.218.170.184 - - [04/Jul/2025:08:31:07 -0400] "GET /shell/function.php?download=L3Vzci9zaGFyZS9tYW4vbWFuNy9wdGhyZWFkcy43Lmd6 HTTP/1.1" 200 7894 "-" "Mozilla/5.0 AppleWebKit/537.36 (KHTML, like Gecko; compatible; Amazonbot/0.1; +https://developer.amazon.com/support/amazonbot) Chrome/119.0.6045.214 Safari/537.36"
