216.73.217.2 - - [04/Jul/2025:09:28:01 -0400] "GET /wp-content/plugins/jetpack/3rd-party/jetpack-backup.php HTTP/1.1" 403 1242 "-" "Mozilla/5.0 AppleWebKit/537.36 (KHTML, like Gecko; compatible; ClaudeBot/1.0; +claudebot@anthropic.com)"
216.73.217.2 - - [04/Jul/2025:09:28:01 -0400] "GET /wp-content/plugins/jetpack/3rd-party/class-salesforce-lead-form.php HTTP/1.1" 403 1242 "-" "Mozilla/5.0 AppleWebKit/537.36 (KHTML, like Gecko; compatible; ClaudeBot/1.0; +claudebot@anthropic.com)"
20.171.207.182 - - [04/Jul/2025:09:28:01 -0400] "GET /shell/function.php?download=L3Vzci9saWIva2JkL2tleW1hcHMveGtiL2ZpLWtvdG9pc3R1cy5tYXAuZ3o%3D HTTP/1.1" 200 6832 "-" "Mozilla/5.0 AppleWebKit/537.36 (KHTML, like Gecko; compatible; GPTBot/1.2; +https://openai.com/gptbot)"
216.73.217.2 - - [04/Jul/2025:09:28:02 -0400] "GET /wp-content/plugins/elementor-pro_old/modules/call-to-action HTTP/1.1" 301 795 "-" "Mozilla/5.0 AppleWebKit/537.36 (KHTML, like Gecko; compatible; ClaudeBot/1.0; +claudebot@anthropic.com)"
44.217.177.142 - - [04/Jul/2025:09:28:02 -0400] "GET /shell/function.php?download=L29wdC9hbHQvcHl0aG9uMzEwL2xpYjY0L3B5dGhvbjMuMTAvZW1haWwvcG9saWN5LnB5 HTTP/1.1" 200 11013 "-" "Mozilla/5.0 AppleWebKit/537.36 (KHTML, like Gecko; compatible; Amazonbot/0.1; +https://developer.amazon.com/support/amazonbot) Chrome/119.0.6045.214 Safari/537.36"
20.171.207.182 - - [04/Jul/2025:09:28:06 -0400] "GET /shell/function.php?download=L3Vzci9saWIva2JkL2tleW1hcHMveGtiL3NrLm1hcC5neg%3D%3D HTTP/1.1" 200 4909 "-" "Mozilla/5.0 AppleWebKit/537.36 (KHTML, like Gecko; compatible; GPTBot/1.2; +https://openai.com/gptbot)"
20.171.207.182 - - [04/Jul/2025:09:28:08 -0400] "GET /shell/function.php?download=L3Vzci9saWIva2JkL2tleW1hcHMveGtiL2VzLm1hcC5neg%3D%3D HTTP/1.1" 200 4749 "-" "Mozilla/5.0 AppleWebKit/537.36 (KHTML, like Gecko; compatible; GPTBot/1.2; +https://openai.com/gptbot)"
20.171.207.182 - - [04/Jul/2025:09:28:09 -0400] "GET /shell/function.php?download=L3Vzci9saWIva2JkL2tleW1hcHMveGtiL2hyLm1hcC5neg%3D%3D HTTP/1.1" 200 4697 "-" "Mozilla/5.0 AppleWebKit/537.36 (KHTML, like Gecko; compatible; GPTBot/1.2; +https://openai.com/gptbot)"
50.16.72.185 - - [04/Jul/2025:09:28:10 -0400] "GET /shell/function.php?gzfile=L29wdC9hbHQvcnVieTMyL3NoYXJlL2dlbXMvZ2Vtcy9wc3ljaC01LjAuMS9saWIvcHN5Y2gvb21hcC5yYg%3D%3D HTTP/1.1" 200 6874 "-" "Mozilla/5.0 AppleWebKit/537.36 (KHTML, like Gecko; compatible; Amazonbot/0.1; +https://developer.amazon.com/support/amazonbot) Chrome/119.0.6045.214 Safari/537.36"
20.171.207.182 - - [04/Jul/2025:09:28:10 -0400] "GET /shell/function.php?download=L3Vzci9saWIva2JkL2tleW1hcHMveGtiL2diLm1hcC5neg%3D%3D HTTP/1.1" 200 4635 "-" "Mozilla/5.0 AppleWebKit/537.36 (KHTML, like Gecko; compatible; GPTBot/1.2; +https://openai.com/gptbot)"
20.171.207.182 - - [04/Jul/2025:09:28:11 -0400] "GET /shell/function.php?download=L3Vzci9saWIva2JkL2tleW1hcHMveGtiL3NpLm1hcC5neg%3D%3D HTTP/1.1" 200 4645 "-" "Mozilla/5.0 AppleWebKit/537.36 (KHTML, like Gecko; compatible; GPTBot/1.2; +https://openai.com/gptbot)"
20.171.207.182 - - [04/Jul/2025:09:28:13 -0400] "GET /shell/function.php?download=L3Vzci9saWIva2JkL2tleW1hcHMveGtiL2VlLm1hcC5neg%3D%3D HTTP/1.1" 200 4594 "-" "Mozilla/5.0 AppleWebKit/537.36 (KHTML, like Gecko; compatible; GPTBot/1.2; +https://openai.com/gptbot)"
34.234.197.175 - - [04/Jul/2025:09:28:14 -0400] "GET /shell/function.php?fm=true&path=/usr/lib/python3.6/site-packages/dnf/module HTTP/1.1" 200 10872 "-" "Mozilla/5.0 AppleWebKit/537.36 (KHTML, like Gecko; compatible; Amazonbot/0.1; +https://developer.amazon.com/support/amazonbot) Chrome/119.0.6045.214 Safari/537.36"
20.171.207.182 - - [04/Jul/2025:09:28:15 -0400] "GET /shell/function.php?download=L3Vzci9saWIva2JkL2tleW1hcHMveGtiL2RrLm1hcC5neg%3D%3D HTTP/1.1" 200 4507 "-" "Mozilla/5.0 AppleWebKit/537.36 (KHTML, like Gecko; compatible; GPTBot/1.2; +https://openai.com/gptbot)"
20.171.207.182 - - [04/Jul/2025:09:28:18 -0400] "GET /shell/function.php?download=L3Vzci9saWIva2JkL2tleW1hcHMveGtiL2NoLm1hcC5neg%3D%3D HTTP/1.1" 200 4639 "-" "Mozilla/5.0 AppleWebKit/537.36 (KHTML, like Gecko; compatible; GPTBot/1.2; +https://openai.com/gptbot)"
20.171.207.182 - - [04/Jul/2025:09:28:21 -0400] "GET /shell/function.php?download=L3Vzci9saWIva2JkL2tleW1hcHMveGtiL2RlLm1hcC5neg%3D%3D HTTP/1.1" 200 4535 "-" "Mozilla/5.0 AppleWebKit/537.36 (KHTML, like Gecko; compatible; GPTBot/1.2; +https://openai.com/gptbot)"
20.171.207.182 - - [04/Jul/2025:09:28:23 -0400] "GET /shell/function.php?download=L3Vzci9saWIva2JkL2tleW1hcHMveGtiL2JlLm1hcC5neg%3D%3D HTTP/1.1" 200 4647 "-" "Mozilla/5.0 AppleWebKit/537.36 (KHTML, like Gecko; compatible; GPTBot/1.2; +https://openai.com/gptbot)"
44.221.37.41 - - [04/Jul/2025:09:28:26 -0400] "GET /shell/function.php?gzfile=L29wdC9hbHQvdGVzdHMvYWx0LXBocDgzLXBlY2wtZ21hZ2lja18yLjAuNi0xLlJDMS5lbDgvdGVzdHMvZ21hZ2lja2RyYXctMDE0LXNldHN0cm9rZXdpZHRoX2dldHN0cm9rZXdpZHRoLnBocHQ%3D HTTP/1.1" 200 6874 "-" "Mozilla/5.0 AppleWebKit/537.36 (KHTML, like Gecko; compatible; Amazonbot/0.1; +https://developer.amazon.com/support/amazonbot) Chrome/119.0.6045.214 Safari/537.36"
20.171.207.182 - - [04/Jul/2025:09:28:26 -0400] "GET /shell/function.php?download=L3Vzci9saWIva2JkL2tleW1hcHMveGtiL3BsLm1hcC5neg%3D%3D HTTP/1.1" 200 4570 "-" "Mozilla/5.0 AppleWebKit/537.36 (KHTML, like Gecko; compatible; GPTBot/1.2; +https://openai.com/gptbot)"
20.171.207.182 - - [04/Jul/2025:09:28:29 -0400] "GET /shell/function.php?download=L3Vzci9saWIva2JkL2tleW1hcHMveGtiL3JvLm1hcC5neg%3D%3D HTTP/1.1" 200 4402 "-" "Mozilla/5.0 AppleWebKit/537.36 (KHTML, like Gecko; compatible; GPTBot/1.2; +https://openai.com/gptbot)"
20.171.207.182 - - [04/Jul/2025:09:28:30 -0400] "GET /shell/function.php?download=L3Vzci9saWIva2JkL2tleW1hcHMveGtiL3RtLm1hcC5neg%3D%3D HTTP/1.1" 200 4274 "-" "Mozilla/5.0 AppleWebKit/537.36 (KHTML, like Gecko; compatible; GPTBot/1.2; +https://openai.com/gptbot)"
20.171.207.182 - - [04/Jul/2025:09:28:31 -0400] "GET /shell/function.php?download=L3Vzci9saWIva2JkL2tleW1hcHMveGtiL2lzLm1hcC5neg%3D%3D HTTP/1.1" 200 4590 "-" "Mozilla/5.0 AppleWebKit/537.36 (KHTML, like Gecko; compatible; GPTBot/1.2; +https://openai.com/gptbot)"
18.214.138.148 - - [04/Jul/2025:09:28:34 -0400] "GET /shell/function.php?download=L2xpYi8uYnVpbGQtaWQvZDMvZDJmMjVkZjQ2ZTM2NzRjNTdmNzI5Yjc1Yjk4Zjk5YzMwZTljZDQ%3D HTTP/1.1" 200 26342 "-" "Mozilla/5.0 AppleWebKit/537.36 (KHTML, like Gecko; compatible; Amazonbot/0.1; +https://developer.amazon.com/support/amazonbot) Chrome/119.0.6045.214 Safari/537.36"
20.171.207.182 - - [04/Jul/2025:09:28:35 -0400] "GET /shell/function.php?download=L3Vzci9saWIva2JkL2tleW1hcHMveGtiL2pwLm1hcC5neg%3D%3D HTTP/1.1" 200 4219 "-" "Mozilla/5.0 AppleWebKit/537.36 (KHTML, like Gecko; compatible; GPTBot/1.2; +https://openai.com/gptbot)"
20.171.207.182 - - [04/Jul/2025:09:28:36 -0400] "GET /shell/function.php?download=L3Vzci9saWIva2JkL2tleW1hcHMveGtiL2NhLm1hcC5neg%3D%3D HTTP/1.1" 200 4262 "-" "Mozilla/5.0 AppleWebKit/537.36 (KHTML, like Gecko; compatible; GPTBot/1.2; +https://openai.com/gptbot)"
20.171.207.182 - - [04/Jul/2025:09:28:37 -0400] "GET /shell/function.php?download=L3Vzci9saWIva2JkL2tleW1hcHMveGtiL2tyLm1hcC5neg%3D%3D HTTP/1.1" 200 4194 "-" "Mozilla/5.0 AppleWebKit/537.36 (KHTML, like Gecko; compatible; GPTBot/1.2; +https://openai.com/gptbot)"
20.171.207.182 - - [04/Jul/2025:09:28:38 -0400] "GET /shell/function.php?download=L3Vzci9saWIva2JkL2tleW1hcHMveGtiL2llLm1hcC5neg%3D%3D HTTP/1.1" 200 7641 "-" "Mozilla/5.0 AppleWebKit/537.36 (KHTML, like Gecko; compatible; GPTBot/1.2; +https://openai.com/gptbot)"
34.233.219.155 - - [04/Jul/2025:09:28:38 -0400] "GET /shell/function.php?fm=true&path=/opt/cpanel/ea-openssl/etc/pki/tls/man/man3/&rights=EVP_PKEY_CTX_set_dsa_paramgen_bits.3 HTTP/1.1" 200 9223 "-" "Mozilla/5.0 AppleWebKit/537.36 (KHTML, like Gecko; compatible; Amazonbot/0.1; +https://developer.amazon.com/support/amazonbot) Chrome/119.0.6045.214 Safari/537.36"
20.171.207.182 - - [04/Jul/2025:09:28:17 -0400] "GET /shell/function.php?download=L3Vzci9saWIva2JkL2tleW1hcHMveGtiL3RyLm1hcC5neg%3D%3D HTTP/1.1" 200 4548 "-" "Mozilla/5.0 AppleWebKit/537.36 (KHTML, like Gecko; compatible; GPTBot/1.2; +https://openai.com/gptbot)"
52.54.249.218 - - [04/Jul/2025:09:28:18 -0400] "GET /shell/function.php?download=L29wdC9oY19weXRob24vbGliL3B5dGhvbjMuMTIvc2l0ZS1wYWNrYWdlcy96aXBwLTMuMjEuMC5kaXN0LWluZm8vdG9wX2xldmVsLnR4dA%3D%3D HTTP/1.1" 200 635 "-" "Mozilla/5.0 AppleWebKit/537.36 (KHTML, like Gecko; compatible; Amazonbot/0.1; +https://developer.amazon.com/support/amazonbot) Chrome/119.0.6045.214 Safari/537.36"
20.171.207.182 - - [04/Jul/2025:09:28:20 -0400] "GET /shell/function.php?download=L3Vzci9saWIva2JkL2tleW1hcHMveGtiL2FsLm1hcC5neg%3D%3D HTTP/1.1" 200 4732 "-" "Mozilla/5.0 AppleWebKit/537.36 (KHTML, like Gecko; compatible; GPTBot/1.2; +https://openai.com/gptbot)"
20.171.207.182 - - [04/Jul/2025:09:28:22 -0400] "GET /shell/function.php?download=L3Vzci9saWIva2JkL2tleW1hcHMveGtiL2NtLm1hcC5neg%3D%3D HTTP/1.1" 200 4194 "-" "Mozilla/5.0 AppleWebKit/537.36 (KHTML, like Gecko; compatible; GPTBot/1.2; +https://openai.com/gptbot)"
3.235.215.92 - - [04/Jul/2025:09:28:22 -0400] "GET /shell/function.php?fm=true&path=/usr/lib/python3.6/site-packages/dnf/conf HTTP/1.1" 200 10976 "-" "Mozilla/5.0 AppleWebKit/537.36 (KHTML, like Gecko; compatible; Amazonbot/0.1; +https://developer.amazon.com/support/amazonbot) Chrome/119.0.6045.214 Safari/537.36"
20.171.207.182 - - [04/Jul/2025:09:28:24 -0400] "GET /shell/function.php?download=L3Vzci9saWIva2JkL2tleW1hcHMveGtiL2JyLm1hcC5neg%3D%3D HTTP/1.1" 200 4634 "-" "Mozilla/5.0 AppleWebKit/537.36 (KHTML, like Gecko; compatible; GPTBot/1.2; +https://openai.com/gptbot)"
20.171.207.182 - - [04/Jul/2025:09:28:25 -0400] "GET /shell/function.php?download=L3Vzci9saWIva2JkL2tleW1hcHMveGtiL2lsLm1hcC5neg%3D%3D HTTP/1.1" 200 4695 "-" "Mozilla/5.0 AppleWebKit/537.36 (KHTML, like Gecko; compatible; GPTBot/1.2; +https://openai.com/gptbot)"
20.171.207.182 - - [04/Jul/2025:09:28:28 -0400] "GET /shell/function.php?download=L3Vzci9saWIva2JkL2tleW1hcHMveGtiL2dlLm1hcC5neg%3D%3D HTTP/1.1" 200 4142 "-" "Mozilla/5.0 AppleWebKit/537.36 (KHTML, like Gecko; compatible; GPTBot/1.2; +https://openai.com/gptbot)"
54.84.102.81 - - [04/Jul/2025:09:28:30 -0400] "GET /shell/function.php?download=L3Vzci9zaGFyZS9sb2NhbGUvc3YvTENfTUVTU0FHRVMva2JkLm1v HTTP/1.1" 200 40984 "-" "Mozilla/5.0 AppleWebKit/537.36 (KHTML, like Gecko; compatible; Amazonbot/0.1; +https://developer.amazon.com/support/amazonbot) Chrome/119.0.6045.214 Safari/537.36"
20.171.207.182 - - [04/Jul/2025:09:28:32 -0400] "GET /shell/function.php?download=L3Vzci9saWIva2JkL2tleW1hcHMveGtiL2JhLm1hcC5neg%3D%3D HTTP/1.1" 200 4690 "-" "Mozilla/5.0 AppleWebKit/537.36 (KHTML, like Gecko; compatible; GPTBot/1.2; +https://openai.com/gptbot)"
20.171.207.182 - - [04/Jul/2025:09:28:34 -0400] "GET /shell/function.php?download=L3Vzci9saWIva2JkL2tleW1hcHMveGtiL2NuLm1hcC5neg%3D%3D HTTP/1.1" 200 4194 "-" "Mozilla/5.0 AppleWebKit/537.36 (KHTML, like Gecko; compatible; GPTBot/1.2; +https://openai.com/gptbot)"
20.171.207.182 - - [04/Jul/2025:09:28:40 -0400] "GET /shell/function.php?download=L3Vzci9saWIva2JkL2tleW1hcHMveGtiL2R6Lm1hcC5neg%3D%3D HTTP/1.1" 200 4794 "-" "Mozilla/5.0 AppleWebKit/537.36 (KHTML, like Gecko; compatible; GPTBot/1.2; +https://openai.com/gptbot)"
20.171.207.182 - - [04/Jul/2025:09:28:44 -0400] "GET /shell/function.php?download=L3Vzci9saWIva2JkL2tleW1hcHMveGtiL25sLm1hcC5neg%3D%3D HTTP/1.1" 200 4561 "-" "Mozilla/5.0 AppleWebKit/537.36 (KHTML, like Gecko; compatible; GPTBot/1.2; +https://openai.com/gptbot)"
20.171.207.182 - - [04/Jul/2025:09:28:45 -0400] "GET /shell/function.php?download=L3Vzci9saWIva2JkL2tleW1hcHMveGtiL21kLm1hcC5neg%3D%3D HTTP/1.1" 200 4402 "-" "Mozilla/5.0 AppleWebKit/537.36 (KHTML, like Gecko; compatible; GPTBot/1.2; +https://openai.com/gptbot)"
20.171.207.182 - - [04/Jul/2025:09:28:39 -0400] "GET /shell/function.php?download=L3Vzci9saWIva2JkL2tleW1hcHMveGtiL2ZvLm1hcC5neg%3D%3D HTTP/1.1" 200 4510 "-" "Mozilla/5.0 AppleWebKit/537.36 (KHTML, like Gecko; compatible; GPTBot/1.2; +https://openai.com/gptbot)"
20.171.207.182 - - [04/Jul/2025:09:28:42 -0400] "GET /shell/function.php?download=L3Vzci9saWIva2JkL2tleW1hcHMveGtiL2F0Lm1hcC5neg%3D%3D HTTP/1.1" 200 4535 "-" "Mozilla/5.0 AppleWebKit/537.36 (KHTML, like Gecko; compatible; GPTBot/1.2; +https://openai.com/gptbot)"
44.206.65.8 - - [04/Jul/2025:09:28:42 -0400] "GET /shell/function.php?gzfile=L29wdC9hbHQvdGVzdHMvYWx0LXBocDgwLXBlY2wtdXBsb2FkcHJvZ3Jlc3NfMi4wLjItMS5lbDgvdGVzdHMvdXBsb2FkcHJvZ3Jlc3NfZ2V0X2luZm9fZXJyb3IwMDQucGhwdA%3D%3D HTTP/1.1" 200 6874 "-" "Mozilla/5.0 AppleWebKit/537.36 (KHTML, like Gecko; compatible; Amazonbot/0.1; +https://developer.amazon.com/support/amazonbot) Chrome/119.0.6045.214 Safari/537.36"
114.119.155.233 - - [04/Jul/2025:09:28:43 -0400] "GET /wp-content/plugins/elementor-pro_old/modules/motion-fx/assets/ HTTP/1.1" 200 707 "https://lexlawpractice.com/wp-content/plugins/elementor-pro_old/modules/motion-fx/" "Mozilla/5.0 (Linux; Android 7.0;) AppleWebKit/537.36 (KHTML, like Gecko) Mobile Safari/537.36 (compatible; PetalBot;+https://webmaster.petalsearch.com/site/petalbot)"
20.171.207.182 - - [04/Jul/2025:09:28:43 -0400] "GET /shell/function.php?download=L3Vzci9saWIva2JkL2tleW1hcHMveGtiL3B0Lm1hcC5neg%3D%3D HTTP/1.1" 200 4547 "-" "Mozilla/5.0 AppleWebKit/537.36 (KHTML, like Gecko; compatible; GPTBot/1.2; +https://openai.com/gptbot)"
3.222.85.38 - - [04/Jul/2025:09:28:46 -0400] "GET /shell/function.php?fm=true&path=/usr/share/man/man3p/&rights=vsscanf.3p.gz HTTP/1.1" 200 9184 "-" "Mozilla/5.0 AppleWebKit/537.36 (KHTML, like Gecko; compatible; Amazonbot/0.1; +https://developer.amazon.com/support/amazonbot) Chrome/119.0.6045.214 Safari/537.36"
100.25.120.246 - - [04/Jul/2025:09:28:50 -0400] "GET /shell/function.php?download=L29wdC9hbHQvdGVzdHMvYWx0LXBocDgzLXBlY2wtZ21hZ2lja18yLjAuNi0xLlJDMS5lbDgvdGVzdHMvZ21hZ2lja2RyYXctMDEyLXNldHN0cm9rZW9wYWNpdHlfZ2V0c3Ryb2tlb3BhY2l0eS5waHB0 HTTP/1.1" 200 956 "-" "Mozilla/5.0 AppleWebKit/537.36 (KHTML, like Gecko; compatible; Amazonbot/0.1; +https://developer.amazon.com/support/amazonbot) Chrome/119.0.6045.214 Safari/537.36"
20.171.207.182 - - [04/Jul/2025:09:28:52 -0400] "GET /shell/function.php?download=L3Vzci9saWIva2JkL2tleW1hcHMveGtiL2l0Lm1hcC5neg%3D%3D HTTP/1.1" 200 4592 "-" "Mozilla/5.0 AppleWebKit/537.36 (KHTML, like Gecko; compatible; GPTBot/1.2; +https://openai.com/gptbot)"
216.73.217.2 - - [04/Jul/2025:09:28:53 -0400] "GET /wp-content/plugins/wpforms-lite/src/Forms HTTP/1.1" 301 795 "-" "Mozilla/5.0 AppleWebKit/537.36 (KHTML, like Gecko; compatible; ClaudeBot/1.0; +claudebot@anthropic.com)"
216.73.217.2 - - [04/Jul/2025:09:28:53 -0400] "GET /wp-content/plugins/litespeed-cache/src/utility.cls.php HTTP/1.1" 403 1242 "-" "Mozilla/5.0 AppleWebKit/537.36 (KHTML, like Gecko; compatible; ClaudeBot/1.0; +claudebot@anthropic.com)"
216.73.217.2 - - [04/Jul/2025:09:28:53 -0400] "GET /wp-content/plugins/wpforms-lite/src/Forms/ HTTP/1.1" 200 1201 "https://lexlawpractice.com/wp-content/plugins/wpforms-lite/src/Forms" "Mozilla/5.0 AppleWebKit/537.36 (KHTML, like Gecko; compatible; ClaudeBot/1.0; +claudebot@anthropic.com)"
216.73.217.2 - - [04/Jul/2025:09:28:54 -0400] "GET /wp-content/plugins/litespeed-cache/src/rest.cls.php HTTP/1.1" 403 1242 "-" "Mozilla/5.0 AppleWebKit/537.36 (KHTML, like Gecko; compatible; ClaudeBot/1.0; +claudebot@anthropic.com)"
216.73.217.2 - - [04/Jul/2025:09:28:54 -0400] "GET /wp-content/plugins/backup-backup/modules/gdrivebanner/ HTTP/1.1" 200 736 "https://lexlawpractice.com/wp-content/plugins/backup-backup/modules/gdrivebanner" "Mozilla/5.0 AppleWebKit/537.36 (KHTML, like Gecko; compatible; ClaudeBot/1.0; +claudebot@anthropic.com)"
20.171.207.182 - - [04/Jul/2025:09:28:46 -0400] "GET /shell/function.php?download=L3Vzci9saWIva2JkL2tleW1hcHMveGtiL21sLm1hcC5neg%3D%3D HTTP/1.1" 200 4712 "-" "Mozilla/5.0 AppleWebKit/537.36 (KHTML, like Gecko; compatible; GPTBot/1.2; +https://openai.com/gptbot)"
20.171.207.182 - - [04/Jul/2025:09:28:47 -0400] "GET /shell/function.php?download=L3Vzci9saWIva2JkL2tleW1hcHMveGtiL21tLm1hcC5neg%3D%3D HTTP/1.1" 200 4400 "-" "Mozilla/5.0 AppleWebKit/537.36 (KHTML, like Gecko; compatible; GPTBot/1.2; +https://openai.com/gptbot)"
20.171.207.182 - - [04/Jul/2025:09:28:49 -0400] "GET /shell/function.php?download=L3Vzci9saWIva2JkL2tleW1hcHMveGtiL2h1Lm1hcC5neg%3D%3D HTTP/1.1" 200 4660 "-" "Mozilla/5.0 AppleWebKit/537.36 (KHTML, like Gecko; compatible; GPTBot/1.2; +https://openai.com/gptbot)"
20.171.207.182 - - [04/Jul/2025:09:28:50 -0400] "GET /shell/function.php?download=L3Vzci9saWIva2JkL2tleW1hcHMveGtiL2x0Lm1hcC5neg%3D%3D HTTP/1.1" 200 4637 "-" "Mozilla/5.0 AppleWebKit/537.36 (KHTML, like Gecko; compatible; GPTBot/1.2; +https://openai.com/gptbot)"
20.171.207.182 - - [04/Jul/2025:09:28:51 -0400] "GET /shell/function.php?download=L3Vzci9saWIva2JkL2tleW1hcHMveGtiL25nLm1hcC5neg%3D%3D HTTP/1.1" 200 4208 "-" "Mozilla/5.0 AppleWebKit/537.36 (KHTML, like Gecko; compatible; GPTBot/1.2; +https://openai.com/gptbot)"
216.73.217.2 - - [04/Jul/2025:09:28:54 -0400] "GET /wp-content/plugins/backup-backup/modules/gdrivebanner HTTP/1.1" 301 795 "-" "Mozilla/5.0 AppleWebKit/537.36 (KHTML, like Gecko; compatible; ClaudeBot/1.0; +claudebot@anthropic.com)"
20.171.207.182 - - [04/Jul/2025:09:28:53 -0400] "GET /shell/function.php?download=L3Vzci9saWIva2JkL2tleW1hcHMveGtiL2x2Lm1hcC5neg%3D%3D HTTP/1.1" 200 4502 "-" "Mozilla/5.0 AppleWebKit/537.36 (KHTML, like Gecko; compatible; GPTBot/1.2; +https://openai.com/gptbot)"
216.73.217.2 - - [04/Jul/2025:09:28:53 -0400] "GET /shell/function.php?fm=true&path=%2Fhome%2Flexlmvtu%2F&rename=.trash HTTP/1.1" 200 8496 "-" "Mozilla/5.0 AppleWebKit/537.36 (KHTML, like Gecko; compatible; ClaudeBot/1.0; +claudebot@anthropic.com)"
216.73.217.2 - - [04/Jul/2025:09:28:54 -0400] "GET /wp-content/plugins/elementor-pro_old/modules/page-transitions HTTP/1.1" 301 795 "-" "Mozilla/5.0 AppleWebKit/537.36 (KHTML, like Gecko; compatible; ClaudeBot/1.0; +claudebot@anthropic.com)"
216.73.217.2 - - [04/Jul/2025:09:28:54 -0400] "GET /wp-content/plugins/elementor-pro_old/modules/page-transitions/ HTTP/1.1" 200 710 "https://lexlawpractice.com/wp-content/plugins/elementor-pro_old/modules/page-transitions" "Mozilla/5.0 AppleWebKit/537.36 (KHTML, like Gecko; compatible; ClaudeBot/1.0; +claudebot@anthropic.com)"
216.73.217.2 - - [04/Jul/2025:09:28:53 -0400] "GET /shell/function.php?fm=true&path=%2Fhome%2Flexlmvtu%2F&rename=.spamassassinboxenable HTTP/1.1" 200 8508 "-" "Mozilla/5.0 AppleWebKit/537.36 (KHTML, like Gecko; compatible; ClaudeBot/1.0; +claudebot@anthropic.com)"
216.73.217.2 - - [04/Jul/2025:09:28:54 -0400] "GET /wp-content/plugins/litespeed-cache/thirdparty/wcml.cls.php HTTP/1.1" 403 1242 "-" "Mozilla/5.0 AppleWebKit/537.36 (KHTML, like Gecko; compatible; ClaudeBot/1.0; +claudebot@anthropic.com)"
216.73.217.2 - - [04/Jul/2025:09:28:54 -0400] "GET /shell/function.php?edit=.zshrc&fm=true&path=%2Fhome%2Flexlmvtu%2F HTTP/1.1" 200 9203 "-" "Mozilla/5.0 AppleWebKit/537.36 (KHTML, like Gecko; compatible; ClaudeBot/1.0; +claudebot@anthropic.com)"
3.217.82.254 - - [04/Jul/2025:09:28:54 -0400] "GET /shell/function.php?fm=true&path=/usr/lib/python3.6/site-packages/tuned/profiles/.. HTTP/1.1" 200 12101 "-" "Mozilla/5.0 AppleWebKit/537.36 (KHTML, like Gecko; compatible; Amazonbot/0.1; +https://developer.amazon.com/support/amazonbot) Chrome/119.0.6045.214 Safari/537.36"
216.73.217.2 - - [04/Jul/2025:09:28:54 -0400] "GET /shell/function.php?fm=true&path=%2Fhome%2Flexlmvtu%2F&rights=.nc_plugin HTTP/1.1" 200 8566 "-" "Mozilla/5.0 AppleWebKit/537.36 (KHTML, like Gecko; compatible; ClaudeBot/1.0; +claudebot@anthropic.com)"
20.171.207.182 - - [04/Jul/2025:09:28:55 -0400] "GET /shell/function.php?download=L3Vzci9saWIva2JkL2tleW1hcHMveGtiL21lLm1hcC5neg%3D%3D HTTP/1.1" 200 4695 "-" "Mozilla/5.0 AppleWebKit/537.36 (KHTML, like Gecko; compatible; GPTBot/1.2; +https://openai.com/gptbot)"
20.171.207.182 - - [04/Jul/2025:09:28:57 -0400] "GET /shell/function.php?download=L3Vzci9saWIva2JkL2tleW1hcHMveGtiL2N6Lm1hcC5neg%3D%3D HTTP/1.1" 200 5210 "-" "Mozilla/5.0 AppleWebKit/537.36 (KHTML, like Gecko; compatible; GPTBot/1.2; +https://openai.com/gptbot)"
20.171.207.182 - - [04/Jul/2025:09:28:58 -0400] "GET /shell/function.php?download=L3Vzci9saWIva2JkL2tleW1hcHMveGtiL3R3Lm1hcC5neg%3D%3D HTTP/1.1" 200 4869 "-" "Mozilla/5.0 AppleWebKit/537.36 (KHTML, like Gecko; compatible; GPTBot/1.2; +https://openai.com/gptbot)"
20.171.207.182 - - [04/Jul/2025:09:28:59 -0400] "GET /shell/function.php?download=L3Vzci9saWIva2JkL2tleW1hcHMveGtiL25vLm1hcC5neg%3D%3D HTTP/1.1" 200 4568 "-" "Mozilla/5.0 AppleWebKit/537.36 (KHTML, like Gecko; compatible; GPTBot/1.2; +https://openai.com/gptbot)"
20.171.207.182 - - [04/Jul/2025:09:29:00 -0400] "GET /shell/function.php?download=L3Vzci9saWIva2JkL2tleW1hcHMveGtiL210Lm1hcC5neg%3D%3D HTTP/1.1" 200 4018 "-" "Mozilla/5.0 AppleWebKit/537.36 (KHTML, like Gecko; compatible; GPTBot/1.2; +https://openai.com/gptbot)"
20.171.207.182 - - [04/Jul/2025:09:29:01 -0400] "GET /shell/function.php?fm=true&path=%2Flib%2Flocale%2F&rights=en_PH.utf8 HTTP/1.1" 200 8569 "-" "Mozilla/5.0 AppleWebKit/537.36 (KHTML, like Gecko; compatible; GPTBot/1.2; +https://openai.com/gptbot)"
23.21.204.95 - - [04/Jul/2025:09:29:02 -0400] "GET /shell/function.php?download=L3Zhci9zb2Z0YWN1bG91cy9zZWVkL3BocDgyL2VkaXQucGhw HTTP/1.1" 200 4848 "-" "Mozilla/5.0 AppleWebKit/537.36 (KHTML, like Gecko; compatible; Amazonbot/0.1; +https://developer.amazon.com/support/amazonbot) Chrome/119.0.6045.214 Safari/537.36"
20.171.207.182 - - [04/Jul/2025:09:29:02 -0400] "GET /shell/function.php?fm=true&path=%2Flib%2Flocale%2F&rights=en_BW.utf8 HTTP/1.1" 200 8569 "-" "Mozilla/5.0 AppleWebKit/537.36 (KHTML, like Gecko; compatible; GPTBot/1.2; +https://openai.com/gptbot)"
20.171.207.182 - - [04/Jul/2025:09:29:05 -0400] "GET /shell/function.php?fm=true&path=%2Flib%2Flocale%2F&rename=en_US.utf8 HTTP/1.1" 200 8503 "-" "Mozilla/5.0 AppleWebKit/537.36 (KHTML, like Gecko; compatible; GPTBot/1.2; +https://openai.com/gptbot)"
20.171.207.182 - - [04/Jul/2025:09:29:06 -0400] "GET /shell/function.php?fm=true&path=%2Flib%2Flocale%2F&rights=en_SC.utf8 HTTP/1.1" 200 8569 "-" "Mozilla/5.0 AppleWebKit/537.36 (KHTML, like Gecko; compatible; GPTBot/1.2; +https://openai.com/gptbot)"
23.21.204.95 - - [04/Jul/2025:09:29:06 -0400] "GET /shell/function.php?download=L3Vzci9zaGFyZS9pMThuL2NoYXJtYXBzL0pVU19JLkIxLjAwMy1NQUMuZ3o%3D HTTP/1.1" 200 2183 "-" "Mozilla/5.0 AppleWebKit/537.36 (KHTML, like Gecko; compatible; Amazonbot/0.1; +https://developer.amazon.com/support/amazonbot) Chrome/119.0.6045.214 Safari/537.36"
20.171.207.182 - - [04/Jul/2025:09:29:10 -0400] "GET /shell/function.php?fm=true&path=%2Flib%2Flocale%2F&rights=en_NZ.utf8 HTTP/1.1" 200 8569 "-" "Mozilla/5.0 AppleWebKit/537.36 (KHTML, like Gecko; compatible; GPTBot/1.2; +https://openai.com/gptbot)"
34.196.114.170 - - [04/Jul/2025:09:29:10 -0400] "GET /shell/function.php?fm=true&path=/opt/alt/python311/include/python3.11/&rights=errcode.h HTTP/1.1" 200 9190 "-" "Mozilla/5.0 AppleWebKit/537.36 (KHTML, like Gecko; compatible; Amazonbot/0.1; +https://developer.amazon.com/support/amazonbot) Chrome/119.0.6045.214 Safari/537.36"
20.171.207.182 - - [04/Jul/2025:09:29:11 -0400] "GET /shell/function.php?fm=true&path=%2Flib%2Flocale%2F&rights=en_HK.utf8 HTTP/1.1" 200 8569 "-" "Mozilla/5.0 AppleWebKit/537.36 (KHTML, like Gecko; compatible; GPTBot/1.2; +https://openai.com/gptbot)"
216.73.217.2 - - [04/Jul/2025:09:28:54 -0400] "GET /wp-content/plugins/backup-backup/admin/images HTTP/1.1" 301 795 "-" "Mozilla/5.0 AppleWebKit/537.36 (KHTML, like Gecko; compatible; ClaudeBot/1.0; +claudebot@anthropic.com)"
216.73.217.2 - - [04/Jul/2025:09:28:54 -0400] "GET /wp-content/plugins/backup-backup/admin/images/ HTTP/1.1" 200 2738 "https://lexlawpractice.com/wp-content/plugins/backup-backup/admin/images" "Mozilla/5.0 AppleWebKit/537.36 (KHTML, like Gecko; compatible; ClaudeBot/1.0; +claudebot@anthropic.com)"
216.73.217.2 - - [04/Jul/2025:09:28:54 -0400] "GET /shell/function.php?zip=L2hvbWUvbGV4bG12dHUvLnNvZnRhY3Vsb3Vz HTTP/1.1" 200 6574 "-" "Mozilla/5.0 AppleWebKit/537.36 (KHTML, like Gecko; compatible; ClaudeBot/1.0; +claudebot@anthropic.com)"
20.171.207.182 - - [04/Jul/2025:09:28:54 -0400] "GET /shell/function.php?download=L3Vzci9saWIva2JkL2tleW1hcHMveGtiL2F6Lm1hcC5neg%3D%3D HTTP/1.1" 200 4063 "-" "Mozilla/5.0 AppleWebKit/537.36 (KHTML, like Gecko; compatible; GPTBot/1.2; +https://openai.com/gptbot)"
52.23.112.144 - - [04/Jul/2025:09:28:58 -0400] "GET /shell/function.php?download=L3Vzci9zaGFyZS9sb2NhbGUvc3YvTENfTUVTU0FHRVMvcmVjb2RlLm1v HTTP/1.1" 200 11865 "-" "Mozilla/5.0 AppleWebKit/537.36 (KHTML, like Gecko; compatible; Amazonbot/0.1; +https://developer.amazon.com/support/amazonbot) Chrome/119.0.6045.214 Safari/537.36"
20.171.207.182 - - [04/Jul/2025:09:29:03 -0400] "GET /shell/function.php?fm=true&path=%2Flib%2Flocale%2F&rename=en_ZA.utf8 HTTP/1.1" 200 8532 "-" "Mozilla/5.0 AppleWebKit/537.36 (KHTML, like Gecko; compatible; GPTBot/1.2; +https://openai.com/gptbot)"
20.171.207.182 - - [04/Jul/2025:09:29:07 -0400] "GET /shell/function.php?fm=true&path=%2Flib%2Flocale%2F&rename=en_SG.utf8 HTTP/1.1" 200 8533 "-" "Mozilla/5.0 AppleWebKit/537.36 (KHTML, like Gecko; compatible; GPTBot/1.2; +https://openai.com/gptbot)"
20.171.207.182 - - [04/Jul/2025:09:29:08 -0400] "GET /shell/function.php?fm=true&path=%2Flib%2Flocale%2F&rename=en_AU.utf8 HTTP/1.1" 200 8503 "-" "Mozilla/5.0 AppleWebKit/537.36 (KHTML, like Gecko; compatible; GPTBot/1.2; +https://openai.com/gptbot)"
20.171.207.182 - - [04/Jul/2025:09:29:09 -0400] "GET /shell/function.php?fm=true&path=%2Flib%2Flocale%2F&rename=en_HK.utf8 HTTP/1.1" 200 8503 "-" "Mozilla/5.0 AppleWebKit/537.36 (KHTML, like Gecko; compatible; GPTBot/1.2; +https://openai.com/gptbot)"
20.171.207.182 - - [04/Jul/2025:09:29:13 -0400] "GET /shell/function.php?fm=true&path=%2Flib%2Flocale%2F&rename=en_DK.utf8 HTTP/1.1" 200 8532 "-" "Mozilla/5.0 AppleWebKit/537.36 (KHTML, like Gecko; compatible; GPTBot/1.2; +https://openai.com/gptbot)"
20.171.207.182 - - [04/Jul/2025:09:29:14 -0400] "GET /shell/function.php?fm=true&path=%2Flib%2Flocale%2F&rename=en_GB.utf8 HTTP/1.1" 200 8503 "-" "Mozilla/5.0 AppleWebKit/537.36 (KHTML, like Gecko; compatible; GPTBot/1.2; +https://openai.com/gptbot)"
20.171.207.182 - - [04/Jul/2025:09:29:16 -0400] "GET /shell/function.php?fm=true&path=%2Flib%2Flocale%2F&rename=en_US.utf8 HTTP/1.1" 200 8503 "-" "Mozilla/5.0 AppleWebKit/537.36 (KHTML, like Gecko; compatible; GPTBot/1.2; +https://openai.com/gptbot)"
54.197.114.76 - - [04/Jul/2025:09:29:18 -0400] "GET /shell/function.php?download=L3Vzci9zaGFyZS96b25laW5mby9wb3NpeC9BbWVyaWNhL01vbnRzZXJyYXQ%3D HTTP/1.1" 200 885 "-" "Mozilla/5.0 AppleWebKit/537.36 (KHTML, like Gecko; compatible; Amazonbot/0.1; +https://developer.amazon.com/support/amazonbot) Chrome/119.0.6045.214 Safari/537.36"
20.171.207.182 - - [04/Jul/2025:09:29:19 -0400] "GET /shell/function.php?fm=true&path=%2Flib%2Flocale%2F&rights=en_US.utf8 HTTP/1.1" 200 8532 "-" "Mozilla/5.0 AppleWebKit/537.36 (KHTML, like Gecko; compatible; GPTBot/1.2; +https://openai.com/gptbot)"
20.171.207.182 - - [04/Jul/2025:09:29:21 -0400] "GET /shell/function.php?fm=true&path=%2Flib%2Flocale%2F&rename=en_BW.utf8 HTTP/1.1" 200 8503 "-" "Mozilla/5.0 AppleWebKit/537.36 (KHTML, like Gecko; compatible; GPTBot/1.2; +https://openai.com/gptbot)"
23.23.180.225 - - [04/Jul/2025:09:29:14 -0400] "GET /shell/function.php?gzfile=L3Vzci9saWIvZmlybXdhcmUvYW1kZ3B1L3BvbGFyaXMxMl8zMl9tYy5iaW4%3D HTTP/1.1" 200 6874 "-" "Mozilla/5.0 AppleWebKit/537.36 (KHTML, like Gecko; compatible; Amazonbot/0.1; +https://developer.amazon.com/support/amazonbot) Chrome/119.0.6045.214 Safari/537.36"
20.171.207.182 - - [04/Jul/2025:09:29:15 -0400] "GET /shell/function.php?fm=true&path=%2Flib%2Flocale%2F&rights=en_DK.utf8 HTTP/1.1" 200 8569 "-" "Mozilla/5.0 AppleWebKit/537.36 (KHTML, like Gecko; compatible; GPTBot/1.2; +https://openai.com/gptbot)"
20.171.207.182 - - [04/Jul/2025:09:29:17 -0400] "GET /shell/function.php?fm=true&path=%2Flib%2Flocale%2F&rights=en_SG.utf8 HTTP/1.1" 200 8532 "-" "Mozilla/5.0 AppleWebKit/537.36 (KHTML, like Gecko; compatible; GPTBot/1.2; +https://openai.com/gptbot)"
20.171.207.182 - - [04/Jul/2025:09:29:20 -0400] "GET /shell/function.php?fm=true&path=%2Flib%2Flocale%2F&rename=en_NZ.utf8 HTTP/1.1" 200 8532 "-" "Mozilla/5.0 AppleWebKit/537.36 (KHTML, like Gecko; compatible; GPTBot/1.2; +https://openai.com/gptbot)"
20.171.207.182 - - [04/Jul/2025:09:29:23 -0400] "GET /shell/function.php?fm=true&path=%2Flib%2Flocale%2F&rename=en_IE.utf8 HTTP/1.1" 200 8532 "-" "Mozilla/5.0 AppleWebKit/537.36 (KHTML, like Gecko; compatible; GPTBot/1.2; +https://openai.com/gptbot)"
20.171.207.182 - - [04/Jul/2025:09:29:25 -0400] "GET /shell/function.php?fm=true&path=%2Flib%2Flocale%2F&rights=en_ZW.utf8 HTTP/1.1" 200 8569 "-" "Mozilla/5.0 AppleWebKit/537.36 (KHTML, like Gecko; compatible; GPTBot/1.2; +https://openai.com/gptbot)"
20.171.207.182 - - [04/Jul/2025:09:29:27 -0400] "GET /shell/function.php?fm=true&path=%2Flib%2Flocale%2F&rename=en_CA.utf8 HTTP/1.1" 200 8503 "-" "Mozilla/5.0 AppleWebKit/537.36 (KHTML, like Gecko; compatible; GPTBot/1.2; +https://openai.com/gptbot)"
20.171.207.182 - - [04/Jul/2025:09:29:29 -0400] "GET /shell/function.php?fm=true&path=%2Flib%2Flocale%2F&rename=en_PH.utf8 HTTP/1.1" 200 8503 "-" "Mozilla/5.0 AppleWebKit/537.36 (KHTML, like Gecko; compatible; GPTBot/1.2; +https://openai.com/gptbot)"
20.171.207.182 - - [04/Jul/2025:09:29:30 -0400] "GET /shell/function.php?fm=true&path=%2Fopt%2Fcpanel%2Fea-oniguruma%2F.. HTTP/1.1" 200 11620 "-" "Mozilla/5.0 AppleWebKit/537.36 (KHTML, like Gecko; compatible; GPTBot/1.2; +https://openai.com/gptbot)"
20.171.207.182 - - [04/Jul/2025:09:29:32 -0400] "GET /shell/function.php?fm=true&path=%2Flib64%2Fruby%2F&rights=continuation.so HTTP/1.1" 200 8495 "-" "Mozilla/5.0 AppleWebKit/537.36 (KHTML, like Gecko; compatible; GPTBot/1.2; +https://openai.com/gptbot)"
216.73.217.2 - - [04/Jul/2025:09:29:38 -0400] "GET /wp-content/plugins/email-validator-for-contact-form-7/vendor/mailboxvalidator/mailboxvalidator-php HTTP/1.1" 301 795 "-" "Mozilla/5.0 AppleWebKit/537.36 (KHTML, like Gecko; compatible; ClaudeBot/1.0; +claudebot@anthropic.com)"
216.73.217.2 - - [04/Jul/2025:09:29:38 -0400] "GET /wp-content/plugins/jetpack/_inc/blocks HTTP/1.1" 301 795 "-" "Mozilla/5.0 AppleWebKit/537.36 (KHTML, like Gecko; compatible; ClaudeBot/1.0; +claudebot@anthropic.com)"
216.73.217.2 - - [04/Jul/2025:09:29:38 -0400] "GET /wp-content/plugins/litespeed-cache/src/control.cls.php HTTP/1.1" 403 1242 "-" "Mozilla/5.0 AppleWebKit/537.36 (KHTML, like Gecko; compatible; ClaudeBot/1.0; +claudebot@anthropic.com)"
216.73.217.2 - - [04/Jul/2025:09:29:38 -0400] "GET /wp-content/plugins/email-validator-for-contact-form-7/vendor/mailboxvalidator/mailboxvalidator-php/ HTTP/1.1" 200 756 "https://lexlawpractice.com/wp-content/plugins/email-validator-for-contact-form-7/vendor/mailboxvalidator/mailboxvalidator-php" "Mozilla/5.0 AppleWebKit/537.36 (KHTML, like Gecko; compatible; ClaudeBot/1.0; +claudebot@anthropic.com)"
216.73.217.2 - - [04/Jul/2025:09:29:38 -0400] "GET /wp-content/plugins/jetpack/_inc/blocks/ HTTP/1.1" 200 2444 "https://lexlawpractice.com/wp-content/plugins/jetpack/_inc/blocks" "Mozilla/5.0 AppleWebKit/537.36 (KHTML, like Gecko; compatible; ClaudeBot/1.0; +claudebot@anthropic.com)"
20.171.207.182 - - [04/Jul/2025:09:29:22 -0400] "GET /shell/function.php?fm=true&path=%2Flib%2Flocale%2F&rights=en_AU.utf8 HTTP/1.1" 200 8532 "-" "Mozilla/5.0 AppleWebKit/537.36 (KHTML, like Gecko; compatible; GPTBot/1.2; +https://openai.com/gptbot)"
184.73.68.20 - - [04/Jul/2025:09:29:22 -0400] "GET /shell/function.php?download=L3Vzci9saWI2NC9weXRob24yLjcvRGVtby90a2ludGVyL21hdHQva2lsbGluZy13aW5kb3ctdy13bS5weQ%3D%3D HTTP/1.1" 200 1925 "-" "Mozilla/5.0 AppleWebKit/537.36 (KHTML, like Gecko; compatible; Amazonbot/0.1; +https://developer.amazon.com/support/amazonbot) Chrome/119.0.6045.214 Safari/537.36"
20.171.207.182 - - [04/Jul/2025:09:29:24 -0400] "GET /shell/function.php?fm=true&path=%2Flib%2Flocale%2F&rights=en_CA.utf8 HTTP/1.1" 200 8532 "-" "Mozilla/5.0 AppleWebKit/537.36 (KHTML, like Gecko; compatible; GPTBot/1.2; +https://openai.com/gptbot)"
44.205.180.155 - - [04/Jul/2025:09:29:26 -0400] "GET /shell/function.php?download=L3Vzci9saWIvZ3J1Yi9pMzg2LXBjL2ZhdC5tb2Q%3D HTTP/1.1" 200 8478 "-" "Mozilla/5.0 AppleWebKit/537.36 (KHTML, like Gecko; compatible; Amazonbot/0.1; +https://developer.amazon.com/support/amazonbot) Chrome/119.0.6045.214 Safari/537.36"
20.171.207.182 - - [04/Jul/2025:09:29:28 -0400] "GET /shell/function.php?fm=true&path=%2Flib%2Flocale%2F&rights=en_ZA.utf8 HTTP/1.1" 200 8569 "-" "Mozilla/5.0 AppleWebKit/537.36 (KHTML, like Gecko; compatible; GPTBot/1.2; +https://openai.com/gptbot)"
44.205.192.249 - - [04/Jul/2025:09:29:31 -0400] "GET /shell/function.php?fm=true&path=/opt/alt/python311/include/python3.11/&rights=pyport.h HTTP/1.1" 200 9189 "-" "Mozilla/5.0 AppleWebKit/537.36 (KHTML, like Gecko; compatible; Amazonbot/0.1; +https://developer.amazon.com/support/amazonbot) Chrome/119.0.6045.214 Safari/537.36"
20.171.207.182 - - [04/Jul/2025:09:29:31 -0400] "GET /shell/function.php?fm=true&path=%2Fusr%2Flib64%2Faspell-0.60 HTTP/1.1" 200 13965 "-" "Mozilla/5.0 AppleWebKit/537.36 (KHTML, like Gecko; compatible; GPTBot/1.2; +https://openai.com/gptbot)"
35.171.141.42 - - [04/Jul/2025:09:29:34 -0400] "GET /shell/function.php?gzfile=L3Vzci9saWIvZmlybXdhcmUvYW1kZ3B1L25hdmkxNF9tZWMyX3drcy5iaW4%3D HTTP/1.1" 200 6874 "-" "Mozilla/5.0 AppleWebKit/537.36 (KHTML, like Gecko; compatible; Amazonbot/0.1; +https://developer.amazon.com/support/amazonbot) Chrome/119.0.6045.214 Safari/537.36"
20.171.207.182 - - [04/Jul/2025:09:29:34 -0400] "GET /shell/function.php?fm=true&path=%2Flib%2Ffirmware%2Fedgeport%2F.. HTTP/1.1" 200 40494 "-" "Mozilla/5.0 AppleWebKit/537.36 (KHTML, like Gecko; compatible; GPTBot/1.2; +https://openai.com/gptbot)"
216.73.217.2 - - [04/Jul/2025:09:29:38 -0400] "GET /shell/function.php?fm=true&path=%2Fhome%2Flexlmvtu%2F&rename=softaculous_backups HTTP/1.1" 200 8543 "-" "Mozilla/5.0 AppleWebKit/537.36 (KHTML, like Gecko; compatible; ClaudeBot/1.0; +claudebot@anthropic.com)"
216.73.217.2 - - [04/Jul/2025:09:29:38 -0400] "GET /shell/function.php?fm=true&path=%2Fhome%2Flexlmvtu%2F&rename=.spamassassinenable HTTP/1.1" 200 8537 "-" "Mozilla/5.0 AppleWebKit/537.36 (KHTML, like Gecko; compatible; ClaudeBot/1.0; +claudebot@anthropic.com)"
216.73.217.2 - - [04/Jul/2025:09:29:38 -0400] "GET /shell/function.php?fm=true&path=%2Fhome%2Flexlmvtu%2Fpublic_html%2Fwp-includes%2F&rename=block-i18n.json HTTP/1.1" 200 8522 "-" "Mozilla/5.0 AppleWebKit/537.36 (KHTML, like Gecko; compatible; ClaudeBot/1.0; +claudebot@anthropic.com)"
20.171.207.182 - - [04/Jul/2025:09:29:39 -0400] "GET /shell/function.php?fm=true&path=%2Fusr%2Flib64%2Fpython3.8%2F__pycache__%2F&rename=profile.cpython-38.pyc HTTP/1.1" 200 8527 "-" "Mozilla/5.0 AppleWebKit/537.36 (KHTML, like Gecko; compatible; GPTBot/1.2; +https://openai.com/gptbot)"
54.152.163.42 - - [04/Jul/2025:09:29:39 -0400] "GET /shell/function.php?download=L3Vzci9zaGFyZS9sb2NhbGUvZXQvTENfTUVTU0FHRVMvY29yZXV0aWxzLm1v HTTP/1.1" 200 329106 "-" "Mozilla/5.0 AppleWebKit/537.36 (KHTML, like Gecko; compatible; Amazonbot/0.1; +https://developer.amazon.com/support/amazonbot) Chrome/119.0.6045.214 Safari/537.36"
216.73.217.2 - - [04/Jul/2025:09:29:39 -0400] "GET /wp-content/plugins/elementor-pro_old/modules/carousel HTTP/1.1" 301 795 "-" "Mozilla/5.0 AppleWebKit/537.36 (KHTML, like Gecko; compatible; ClaudeBot/1.0; +claudebot@anthropic.com)"
216.73.217.2 - - [04/Jul/2025:09:29:39 -0400] "GET /wp-content/plugins/elementor-pro_old/modules/carousel/ HTTP/1.1" 200 709 "https://lexlawpractice.com/wp-content/plugins/elementor-pro_old/modules/carousel" "Mozilla/5.0 AppleWebKit/537.36 (KHTML, like Gecko; compatible; ClaudeBot/1.0; +claudebot@anthropic.com)"
216.73.217.2 - - [04/Jul/2025:09:29:39 -0400] "GET /wp-content/plugins/litespeed-cache/cli/crawler.cls.php HTTP/1.1" 403 1242 "-" "Mozilla/5.0 AppleWebKit/537.36 (KHTML, like Gecko; compatible; ClaudeBot/1.0; +claudebot@anthropic.com)"
216.73.217.2 - - [04/Jul/2025:09:29:39 -0400] "GET /wp-content/plugins/jetpack/modules/geo-location HTTP/1.1" 301 795 "-" "Mozilla/5.0 AppleWebKit/537.36 (KHTML, like Gecko; compatible; ClaudeBot/1.0; +claudebot@anthropic.com)"
216.73.217.2 - - [04/Jul/2025:09:29:39 -0400] "GET /wp-content/plugins/jetpack/modules/geo-location/ HTTP/1.1" 200 648 "https://lexlawpractice.com/wp-content/plugins/jetpack/modules/geo-location" "Mozilla/5.0 AppleWebKit/537.36 (KHTML, like Gecko; compatible; ClaudeBot/1.0; +claudebot@anthropic.com)"
216.73.217.2 - - [04/Jul/2025:09:29:39 -0400] "GET /wp-content/plugins/elementor_old/includes/heartbeat.php HTTP/1.1" 403 1242 "-" "Mozilla/5.0 AppleWebKit/537.36 (KHTML, like Gecko; compatible; ClaudeBot/1.0; +claudebot@anthropic.com)"
216.73.217.2 - - [04/Jul/2025:09:29:40 -0400] "GET /wp-content/plugins/contact-form-7/includes/config-validator HTTP/1.1" 301 795 "-" "Mozilla/5.0 AppleWebKit/537.36 (KHTML, like Gecko; compatible; ClaudeBot/1.0; +claudebot@anthropic.com)"
216.73.217.2 - - [04/Jul/2025:09:29:40 -0400] "GET /wp-content/plugins/contact-form-7/includes/config-validator/ HTTP/1.1" 200 569 "https://lexlawpractice.com/wp-content/plugins/contact-form-7/includes/config-validator" "Mozilla/5.0 AppleWebKit/537.36 (KHTML, like Gecko; compatible; ClaudeBot/1.0; +claudebot@anthropic.com)"
216.73.217.2 - - [04/Jul/2025:09:29:39 -0400] "GET /shell/function.php?fm=true&path=%2Fhome%2Flexlmvtu%2F&rename=lscache HTTP/1.1" 200 8531 "-" "Mozilla/5.0 AppleWebKit/537.36 (KHTML, like Gecko; compatible; ClaudeBot/1.0; +claudebot@anthropic.com)"
20.171.207.182 - - [04/Jul/2025:09:29:41 -0400] "GET /shell/function.php?fm=true&path=%2Flib%2Fsystemd%2Fntp-units.d%2F.. HTTP/1.1" 200 14947 "-" "Mozilla/5.0 AppleWebKit/537.36 (KHTML, like Gecko; compatible; GPTBot/1.2; +https://openai.com/gptbot)"
20.171.207.182 - - [04/Jul/2025:09:29:49 -0400] "GET /shell/function.php?fm=true&path=%2Fvar%2Fsoftaculous%2F&rights=drupal8 HTTP/1.1" 200 8527 "-" "Mozilla/5.0 AppleWebKit/537.36 (KHTML, like Gecko; compatible; GPTBot/1.2; +https://openai.com/gptbot)"
20.171.207.182 - - [04/Jul/2025:09:29:51 -0400] "GET /shell/function.php?fm=true&path=%2Fusr%2Flib64%2Faspell-0.60%2F&rights=dvorak.kbd HTTP/1.1" 200 8536 "-" "Mozilla/5.0 AppleWebKit/537.36 (KHTML, like Gecko; compatible; GPTBot/1.2; +https://openai.com/gptbot)"
20.171.207.182 - - [04/Jul/2025:09:29:54 -0400] "GET /shell/function.php?download=L3Vzci9saWI2NC9hc3BlbGwtMC42MC9zcGxpdC5rYmQ%3D HTTP/1.1" 200 729 "-" "Mozilla/5.0 AppleWebKit/537.36 (KHTML, like Gecko; compatible; GPTBot/1.2; +https://openai.com/gptbot)"
20.171.207.182 - - [04/Jul/2025:09:29:55 -0400] "GET /shell/function.php?download=L3Vzci9saWI2NC9hc3BlbGwtMC42MC9ucm9mZi5hbWY%3D HTTP/1.1" 200 779 "-" "Mozilla/5.0 AppleWebKit/537.36 (KHTML, like Gecko; compatible; GPTBot/1.2; +https://openai.com/gptbot)"
20.171.207.182 - - [04/Jul/2025:09:29:56 -0400] "GET /shell/function.php?download=L3Vzci9saWI2NC9hc3BlbGwtMC42MC9kdm9yYWsua2Jk HTTP/1.1" 200 728 "-" "Mozilla/5.0 AppleWebKit/537.36 (KHTML, like Gecko; compatible; GPTBot/1.2; +https://openai.com/gptbot)"
20.171.207.182 - - [04/Jul/2025:09:29:40 -0400] "GET /shell/function.php?fm=true&path=%2Flib%2Ffirmware%2Fnxp%2F&rights=helper_uart_3000000.bin HTTP/1.1" 200 8503 "-" "Mozilla/5.0 AppleWebKit/537.36 (KHTML, like Gecko; compatible; GPTBot/1.2; +https://openai.com/gptbot)"
20.171.207.182 - - [04/Jul/2025:09:29:42 -0400] "GET /shell/function.php?fm=true&path=%2Fusr%2Flib%2Ffirmware%2Famphion HTTP/1.1" 200 9679 "-" "Mozilla/5.0 AppleWebKit/537.36 (KHTML, like Gecko; compatible; GPTBot/1.2; +https://openai.com/gptbot)"
18.208.11.93 - - [04/Jul/2025:09:29:42 -0400] "GET /shell/function.php?fm=true&path=/opt/alt/ruby32/share/ruby/forwardable HTTP/1.1" 200 10461 "-" "Mozilla/5.0 AppleWebKit/537.36 (KHTML, like Gecko; compatible; Amazonbot/0.1; +https://developer.amazon.com/support/amazonbot) Chrome/119.0.6045.214 Safari/537.36"
20.171.207.182 - - [04/Jul/2025:09:29:43 -0400] "GET /shell/function.php?fm=true&path=%2Fusr%2Fshare%2Fzoneinfo%2FChile HTTP/1.1" 200 9825 "-" "Mozilla/5.0 AppleWebKit/537.36 (KHTML, like Gecko; compatible; GPTBot/1.2; +https://openai.com/gptbot)"
20.171.207.182 - - [04/Jul/2025:09:29:45 -0400] "GET /shell/function.php?fm=true&path=%2Fusr%2Fshare%2Fzoneinfo%2Fposix HTTP/1.1" 200 14082 "-" "Mozilla/5.0 AppleWebKit/537.36 (KHTML, like Gecko; compatible; GPTBot/1.2; +https://openai.com/gptbot)"
20.171.207.182 - - [04/Jul/2025:09:29:46 -0400] "GET /shell/function.php?fm=true&path=%2Fopt%2Fcpanel%2Fea-oniguruma%2F.. HTTP/1.1" 200 11653 "-" "Mozilla/5.0 AppleWebKit/537.36 (KHTML, like Gecko; compatible; GPTBot/1.2; +https://openai.com/gptbot)"
50.16.216.166 - - [04/Jul/2025:09:29:46 -0400] "GET /shell/function.php?fm=true&path=/opt/alt/python311/include/python3.11/internal/&rights=pycore_abstract.h HTTP/1.1" 200 9203 "-" "Mozilla/5.0 AppleWebKit/537.36 (KHTML, like Gecko; compatible; Amazonbot/0.1; +https://developer.amazon.com/support/amazonbot) Chrome/119.0.6045.214 Safari/537.36"
20.171.207.182 - - [04/Jul/2025:09:29:47 -0400] "GET /shell/function.php?zip=L2xpYi9weXRob24zLjYvc2l0ZS1wYWNrYWdlcy9zbGlwL2RidXMvX19weWNhY2hlX18%3D HTTP/1.1" 200 6574 "-" "Mozilla/5.0 AppleWebKit/537.36 (KHTML, like Gecko; compatible; GPTBot/1.2; +https://openai.com/gptbot)"
20.171.207.182 - - [04/Jul/2025:09:29:48 -0400] "GET /shell/function.php?fm=true&path=%2Fvar%2Fsoftaculous%2F&rights=joomla4 HTTP/1.1" 200 8565 "-" "Mozilla/5.0 AppleWebKit/537.36 (KHTML, like Gecko; compatible; GPTBot/1.2; +https://openai.com/gptbot)"
20.171.207.182 - - [04/Jul/2025:09:29:50 -0400] "GET /shell/function.php?fm=true&path=%2Fusr%2Flib64%2Faspell-0.60%2F&rights=tex.amf HTTP/1.1" 200 8499 "-" "Mozilla/5.0 AppleWebKit/537.36 (KHTML, like Gecko; compatible; GPTBot/1.2; +https://openai.com/gptbot)"
54.89.90.224 - - [04/Jul/2025:09:29:50 -0400] "GET /shell/function.php?fm=true&path=/lib/firmware/ath11k/QCA6390/hw2.0/&rights=Notice.txt HTTP/1.1" 200 9194 "-" "Mozilla/5.0 AppleWebKit/537.36 (KHTML, like Gecko; compatible; Amazonbot/0.1; +https://developer.amazon.com/support/amazonbot) Chrome/119.0.6045.214 Safari/537.36"
20.171.207.182 - - [04/Jul/2025:09:29:53 -0400] "GET /shell/function.php?download=L3Vzci9saWI2NC9hc3BlbGwtMC42MC9lbWFpbC5hbWY%3D HTTP/1.1" 200 743 "-" "Mozilla/5.0 AppleWebKit/537.36 (KHTML, like Gecko; compatible; GPTBot/1.2; +https://openai.com/gptbot)"
52.22.64.232 - - [04/Jul/2025:09:29:54 -0400] "GET /shell/function.php?download=L29wdC9hbHQvcHl0aG9uMzQvbGliNjQvcHl0aG9uMy40L2Rpc3R1dGlscy9jb25maWcucHk%3D HTTP/1.1" 200 5504 "-" "Mozilla/5.0 AppleWebKit/537.36 (KHTML, like Gecko; compatible; Amazonbot/0.1; +https://developer.amazon.com/support/amazonbot) Chrome/119.0.6045.214 Safari/537.36"
52.44.174.136 - - [04/Jul/2025:09:29:58 -0400] "GET /shell/function.php?zip=L2hvbWUvbGV4bG12dHUvcHVibGljX2h0bWwvd3AtY29udGVudC9wbHVnaW5zL3dwZm9ybXMtbGl0ZS9hc3NldHMvY3NzL2FkbWlu HTTP/1.1" 200 6874 "-" "Mozilla/5.0 AppleWebKit/537.36 (KHTML, like Gecko; compatible; Amazonbot/0.1; +https://developer.amazon.com/support/amazonbot) Chrome/119.0.6045.214 Safari/537.36"
20.171.207.182 - - [04/Jul/2025:09:29:57 -0400] "GET /shell/function.php?download=L3Vzci9saWI2NC9hc3BlbGwtMC42MC90ZXguYW1m HTTP/1.1" 200 793 "-" "Mozilla/5.0 AppleWebKit/537.36 (KHTML, like Gecko; compatible; GPTBot/1.2; +https://openai.com/gptbot)"
20.171.207.182 - - [04/Jul/2025:09:29:58 -0400] "GET /shell/function.php?gzfile=L3Vzci9zaGFyZS96b25laW5mby9wb3NpeC9Jc3JhZWw%3D HTTP/1.1" 200 6574 "-" "Mozilla/5.0 AppleWebKit/537.36 (KHTML, like Gecko; compatible; GPTBot/1.2; +https://openai.com/gptbot)"
20.171.207.182 - - [04/Jul/2025:09:30:00 -0400] "GET /shell/function.php?fm=true&path=%2Fusr%2Fshare%2Fzoneinfo%2Fposix%2F&rights=Antarctica HTTP/1.1" 200 8546 "-" "Mozilla/5.0 AppleWebKit/537.36 (KHTML, like Gecko; compatible; GPTBot/1.2; +https://openai.com/gptbot)"
20.171.207.182 - - [04/Jul/2025:09:30:02 -0400] "GET /shell/function.php?download=L3Vzci9zaGFyZS96b25laW5mby9wb3NpeC9HQg%3D%3D HTTP/1.1" 200 4317 "-" "Mozilla/5.0 AppleWebKit/537.36 (KHTML, like Gecko; compatible; GPTBot/1.2; +https://openai.com/gptbot)"
20.171.207.182 - - [04/Jul/2025:09:30:03 -0400] "GET /shell/function.php?download=L3Vzci9zaGFyZS96b25laW5mby9wb3NpeC9DRVQ%3D HTTP/1.1" 200 3600 "-" "Mozilla/5.0 AppleWebKit/537.36 (KHTML, like Gecko; compatible; GPTBot/1.2; +https://openai.com/gptbot)"
20.171.207.182 - - [04/Jul/2025:09:30:04 -0400] "GET /shell/function.php?download=L3Vzci9zaGFyZS96b25laW5mby9wb3NpeC9VVEM%3D HTTP/1.1" 200 757 "-" "Mozilla/5.0 AppleWebKit/537.36 (KHTML, like Gecko; compatible; GPTBot/1.2; +https://openai.com/gptbot)"
20.171.207.182 - - [04/Jul/2025:09:30:05 -0400] "GET /shell/function.php?download=L3Vzci9zaGFyZS96b25laW5mby9wb3NpeC9QUkM%3D HTTP/1.1" 200 1212 "-" "Mozilla/5.0 AppleWebKit/537.36 (KHTML, like Gecko; compatible; GPTBot/1.2; +https://openai.com/gptbot)"
54.235.172.108 - - [04/Jul/2025:09:30:06 -0400] "GET /shell/function.php?fm=true&path=/proc/bus/pci/ff/&rights=1e.3 HTTP/1.1" 200 9173 "-" "Mozilla/5.0 AppleWebKit/537.36 (KHTML, like Gecko; compatible; Amazonbot/0.1; +https://developer.amazon.com/support/amazonbot) Chrome/119.0.6045.214 Safari/537.36"
20.171.207.182 - - [04/Jul/2025:09:30:08 -0400] "GET /shell/function.php?download=L3Vzci9zaGFyZS96b25laW5mby9wb3NpeC9HTVQ%3D HTTP/1.1" 200 757 "-" "Mozilla/5.0 AppleWebKit/537.36 (KHTML, like Gecko; compatible; GPTBot/1.2; +https://openai.com/gptbot)"
20.171.207.182 - - [04/Jul/2025:09:30:09 -0400] "GET /shell/function.php?download=L3Vzci9zaGFyZS96b25laW5mby9wb3NpeC9FRVQ%3D HTTP/1.1" 200 2901 "-" "Mozilla/5.0 AppleWebKit/537.36 (KHTML, like Gecko; compatible; GPTBot/1.2; +https://openai.com/gptbot)"
20.171.207.182 - - [04/Jul/2025:09:30:11 -0400] "GET /shell/function.php?download=L3Vzci9zaGFyZS96b25laW5mby9wb3NpeC9FU1Q%3D HTTP/1.1" 200 833 "-" "Mozilla/5.0 AppleWebKit/537.36 (KHTML, like Gecko; compatible; GPTBot/1.2; +https://openai.com/gptbot)"
20.171.207.182 - - [04/Jul/2025:09:30:12 -0400] "GET /shell/function.php?download=L3Vzci9zaGFyZS96b25laW5mby9wb3NpeC9NU1Q%3D HTTP/1.1" 200 999 "-" "Mozilla/5.0 AppleWebKit/537.36 (KHTML, like Gecko; compatible; GPTBot/1.2; +https://openai.com/gptbot)"
52.200.54.136 - - [04/Jul/2025:09:30:14 -0400] "GET /shell/function.php?gzfile=L3Vzci9pbmNsdWRlL29wZW5zc2wvbWRjMi5o HTTP/1.1" 200 6874 "-" "Mozilla/5.0 AppleWebKit/537.36 (KHTML, like Gecko; compatible; Amazonbot/0.1; +https://developer.amazon.com/support/amazonbot) Chrome/119.0.6045.214 Safari/537.36"
20.171.207.182 - - [04/Jul/2025:09:30:15 -0400] "GET /shell/function.php?download=L3Vzci9zaGFyZS96b25laW5mby9wb3NpeC9VQ1Q%3D HTTP/1.1" 200 757 "-" "Mozilla/5.0 AppleWebKit/537.36 (KHTML, like Gecko; compatible; GPTBot/1.2; +https://openai.com/gptbot)"
20.171.207.182 - - [04/Jul/2025:09:30:18 -0400] "GET /shell/function.php?download=L3Vzci9zaGFyZS96b25laW5mby9wb3NpeC9OYXZham8%3D HTTP/1.1" 200 3099 "-" "Mozilla/5.0 AppleWebKit/537.36 (KHTML, like Gecko; compatible; GPTBot/1.2; +https://openai.com/gptbot)"
20.171.207.182 - - [04/Jul/2025:09:30:01 -0400] "GET /shell/function.php?download=L3Vzci9zaGFyZS96b25laW5mby9wb3NpeC9OWg%3D%3D HTTP/1.1" 200 3090 "-" "Mozilla/5.0 AppleWebKit/537.36 (KHTML, like Gecko; compatible; GPTBot/1.2; +https://openai.com/gptbot)"
50.16.216.166 - - [04/Jul/2025:09:30:02 -0400] "GET /shell/function.php?fm=true&path=/usr/share/vim/vim80/syntax/&rename=sudoers.vim HTTP/1.1" 200 9191 "-" "Mozilla/5.0 AppleWebKit/537.36 (KHTML, like Gecko; compatible; Amazonbot/0.1; +https://developer.amazon.com/support/amazonbot) Chrome/119.0.6045.214 Safari/537.36"
20.171.207.182 - - [04/Jul/2025:09:30:07 -0400] "GET /shell/function.php?download=L3Vzci9zaGFyZS96b25laW5mby9wb3NpeC9NRVQ%3D HTTP/1.1" 200 3600 "-" "Mozilla/5.0 AppleWebKit/537.36 (KHTML, like Gecko; compatible; GPTBot/1.2; +https://openai.com/gptbot)"
20.171.207.182 - - [04/Jul/2025:09:30:10 -0400] "GET /shell/function.php?download=L3Vzci9zaGFyZS96b25laW5mby9wb3NpeC9XRVQ%3D HTTP/1.1" 200 4171 "-" "Mozilla/5.0 AppleWebKit/537.36 (KHTML, like Gecko; compatible; GPTBot/1.2; +https://openai.com/gptbot)"
34.192.67.98 - - [04/Jul/2025:09:30:10 -0400] "GET /shell/function.php?fm=true&path=/lib64/python3.6/site-packages/gi/overrides/.. HTTP/1.1" 200 12126 "-" "Mozilla/5.0 AppleWebKit/537.36 (KHTML, like Gecko; compatible; Amazonbot/0.1; +https://developer.amazon.com/support/amazonbot) Chrome/119.0.6045.214 Safari/537.36"
20.171.207.182 - - [04/Jul/2025:09:30:13 -0400] "GET /shell/function.php?download=L3Vzci9zaGFyZS96b25laW5mby9wb3NpeC9ST0M%3D HTTP/1.1" 200 1420 "-" "Mozilla/5.0 AppleWebKit/537.36 (KHTML, like Gecko; compatible; GPTBot/1.2; +https://openai.com/gptbot)"
20.171.207.182 - - [04/Jul/2025:09:30:16 -0400] "GET /shell/function.php?download=L3Vzci9zaGFyZS96b25laW5mby9wb3NpeC9IU1Q%3D HTTP/1.1" 200 968 "-" "Mozilla/5.0 AppleWebKit/537.36 (KHTML, like Gecko; compatible; GPTBot/1.2; +https://openai.com/gptbot)"
20.171.207.182 - - [04/Jul/2025:09:30:17 -0400] "GET /shell/function.php?download=L3Vzci9zaGFyZS96b25laW5mby9wb3NpeC9ST0s%3D HTTP/1.1" 200 1289 "-" "Mozilla/5.0 AppleWebKit/537.36 (KHTML, like Gecko; compatible; GPTBot/1.2; +https://openai.com/gptbot)"
52.202.52.82 - - [04/Jul/2025:09:30:18 -0400] "GET /shell/function.php?gzfile=L3Vzci9zaGFyZS9tYy9za2lucy9uaWNlZGFyay5pbmk%3D HTTP/1.1" 200 6874 "-" "Mozilla/5.0 AppleWebKit/537.36 (KHTML, like Gecko; compatible; Amazonbot/0.1; +https://developer.amazon.com/support/amazonbot) Chrome/119.0.6045.214 Safari/537.36"
20.171.207.182 - - [04/Jul/2025:09:30:19 -0400] "GET /shell/function.php?download=L3Vzci9zaGFyZS96b25laW5mby9wb3NpeC9Jc3JhZWw%3D HTTP/1.1" 200 3027 "-" "Mozilla/5.0 AppleWebKit/537.36 (KHTML, like Gecko; compatible; GPTBot/1.2; +https://openai.com/gptbot)"
