216.73.217.2 - - [04/Jul/2025:10:29:53 -0400] "GET /shell/function.php?fm=true&path=%2Fhome%2Flexlmvtu%2F&rights=backup-4.5.2025_03-55-22_lexlmvtu.tar.gz HTTP/1.1" 200 8510 "-" "Mozilla/5.0 AppleWebKit/537.36 (KHTML, like Gecko; compatible; ClaudeBot/1.0; +claudebot@anthropic.com)"
65.108.128.54 - - [04/Jul/2025:10:29:53 -0400] "GET /shell/function.php?fm=true&edit=48f177f3275b384577e0ba60ef72c7e0c43809&path=/lib/.build-id/e3/ HTTP/1.1" 200 8850 "-" "Mozilla/5.0 (compatible; MJ12bot/v1.4.8; http://mj12bot.com/)"
23.23.213.182 - - [04/Jul/2025:10:29:58 -0400] "GET /shell/function.php?gzfile=L3Vzci9saWIvZ2NjL3g4Nl82NC1yZWRoYXQtbGludXgvOC9pbmNsdWRlL213YWl0eGludHJpbi5o HTTP/1.1" 200 6874 "-" "Mozilla/5.0 AppleWebKit/537.36 (KHTML, like Gecko; compatible; Amazonbot/0.1; +https://developer.amazon.com/support/amazonbot) Chrome/119.0.6045.214 Safari/537.36"
18.205.91.101 - - [04/Jul/2025:10:30:03 -0400] "GET /shell/pcrestack.html HTTP/1.1" 404 1251 "-" "Mozilla/5.0 AppleWebKit/537.36 (KHTML, like Gecko; compatible; Amazonbot/0.1; +https://developer.amazon.com/support/amazonbot) Chrome/119.0.6045.214 Safari/537.36"
34.202.88.37 - - [04/Jul/2025:10:30:07 -0400] "GET /shell/function.php?download=L29wdC9jcGFuZWwvZWEtb3BlbnNzbC9ldGMvcGtpL3Rscy9tYW4vbWFuMy9FVlBfRGlnZXN0SW5pdF9leC4z HTTP/1.1" 200 16596 "-" "Mozilla/5.0 AppleWebKit/537.36 (KHTML, like Gecko; compatible; Amazonbot/0.1; +https://developer.amazon.com/support/amazonbot) Chrome/119.0.6045.214 Safari/537.36"
65.108.128.54 - - [04/Jul/2025:10:30:09 -0400] "GET /shell/function.php?fm=true&edit=4954e6835c5eee3dbb012d850fcc622526f367&path=/lib/.build-id/f4/ HTTP/1.1" 200 8850 "-" "Mozilla/5.0 (compatible; MJ12bot/v1.4.8; http://mj12bot.com/)"
23.23.180.225 - - [04/Jul/2025:10:30:11 -0400] "GET /shell/function.php?download=L3Vzci9zaGFyZS9tYW4vbWFuNS9zZWxhYmVsX2ZpbGUuNS5neg%3D%3D HTTP/1.1" 200 3870 "-" "Mozilla/5.0 AppleWebKit/537.36 (KHTML, like Gecko; compatible; Amazonbot/0.1; +https://developer.amazon.com/support/amazonbot) Chrome/119.0.6045.214 Safari/537.36"
65.108.128.54 - - [04/Jul/2025:10:30:12 -0400] "GET /shell/function.php?fm=true&edit=4975d06d0c9a0a61136415db65ef493e586bde&path=/lib/.build-id/ec/ HTTP/1.1" 200 8851 "-" "Mozilla/5.0 (compatible; MJ12bot/v1.4.8; http://mj12bot.com/)"
54.204.62.163 - - [04/Jul/2025:10:29:50 -0400] "GET /shell/function.php?gzfile=L29wdC9jcGFuZWwvZWEtb3BlbnNzbC9ldGMvcGtpL3Rscy9tYW4vbWFuMy9ERVNfaXNfd2Vha19rZXkuMw%3D%3D HTTP/1.1" 200 6874 "-" "Mozilla/5.0 AppleWebKit/537.36 (KHTML, like Gecko; compatible; Amazonbot/0.1; +https://developer.amazon.com/support/amazonbot) Chrome/119.0.6045.214 Safari/537.36"
216.73.217.2 - - [04/Jul/2025:10:29:52 -0400] "GET /wp-content/plugins/revslider/public/views HTTP/1.1" 301 795 "-" "Mozilla/5.0 AppleWebKit/537.36 (KHTML, like Gecko; compatible; ClaudeBot/1.0; +claudebot@anthropic.com)"
216.73.217.2 - - [04/Jul/2025:10:29:52 -0400] "GET /wp-content/plugins/woocommerce/sample-data/sample_tax_rates.csv HTTP/1.1" 200 266 "-" "Mozilla/5.0 AppleWebKit/537.36 (KHTML, like Gecko; compatible; ClaudeBot/1.0; +claudebot@anthropic.com)"
216.73.217.2 - - [04/Jul/2025:10:29:52 -0400] "GET /wp-content/plugins/revslider/public/views/ HTTP/1.1" 200 560 "https://lexlawpractice.com/wp-content/plugins/revslider/public/views" "Mozilla/5.0 AppleWebKit/537.36 (KHTML, like Gecko; compatible; ClaudeBot/1.0; +claudebot@anthropic.com)"
216.73.217.2 - - [04/Jul/2025:10:29:53 -0400] "GET /shell/function.php?gz=L2hvbWUvbGV4bG12dHUvcHVibGljX2h0bWwvd3AtY29udGVudC9wbHVnaW5zL3BhZ2VsYXllcg%3D%3D HTTP/1.1" 200 6574 "-" "Mozilla/5.0 AppleWebKit/537.36 (KHTML, like Gecko; compatible; ClaudeBot/1.0; +claudebot@anthropic.com)"
216.73.217.2 - - [04/Jul/2025:10:29:53 -0400] "GET /shell/function.php?fm=true&path=%2Fhome%2Flexlmvtu%2F&rename=.softaculous HTTP/1.1" 200 8497 "-" "Mozilla/5.0 AppleWebKit/537.36 (KHTML, like Gecko; compatible; ClaudeBot/1.0; +claudebot@anthropic.com)"
3.90.73.206 - - [04/Jul/2025:10:29:54 -0400] "GET /shell/function.php?gzfile=L29wdC9jcGFuZWwvZWEtb3BlbnNzbC9ldGMvcGtpL3Rscy9tYW4vbWFuMy9BU04xX1RJTUVfZGlmZi4z HTTP/1.1" 200 6874 "-" "Mozilla/5.0 AppleWebKit/537.36 (KHTML, like Gecko; compatible; Amazonbot/0.1; +https://developer.amazon.com/support/amazonbot) Chrome/119.0.6045.214 Safari/537.36"
65.108.128.54 - - [04/Jul/2025:10:29:56 -0400] "GET /shell/function.php?fm=true&edit=490b00354a7a00498e46b93b55ddc5a57395ec&path=/lib/.build-id/c0/ HTTP/1.1" 200 8849 "-" "Mozilla/5.0 (compatible; MJ12bot/v1.4.8; http://mj12bot.com/)"
65.108.128.54 - - [04/Jul/2025:10:29:58 -0400] "GET /shell/function.php?fm=true&edit=4924353b58ef7c5336d11fb16ea5f29edb769f&path=/lib/.build-id/df/ HTTP/1.1" 200 8825 "-" "Mozilla/5.0 (compatible; MJ12bot/v1.4.8; http://mj12bot.com/)"
65.108.128.54 - - [04/Jul/2025:10:30:01 -0400] "GET /shell/function.php?fm=true&edit=49365bf752a5e3807a56ac64db2b44080bd96d&path=/lib/.build-id/9e/ HTTP/1.1" 200 8823 "-" "Mozilla/5.0 (compatible; MJ12bot/v1.4.8; http://mj12bot.com/)"
65.108.128.54 - - [04/Jul/2025:10:30:04 -0400] "GET /shell/function.php?fm=true&edit=493b78bb8c2a6c9ec3871bb0f664c3bb01c128&path=/lib/.build-id/8f/ HTTP/1.1" 200 8825 "-" "Mozilla/5.0 (compatible; MJ12bot/v1.4.8; http://mj12bot.com/)"
65.108.128.54 - - [04/Jul/2025:10:30:06 -0400] "GET /shell/function.php?fm=true&edit=495132644cfc1ec472a2351f99db9e88ec86be&path=/lib/.build-id/e6/ HTTP/1.1" 200 8850 "-" "Mozilla/5.0 (compatible; MJ12bot/v1.4.8; http://mj12bot.com/)"
98.84.200.43 - - [04/Jul/2025:10:30:14 -0400] "GET /shell/function.php?gzfile=L29wdC9jcGFuZWwvZWEtb3BlbnNzbC9ldGMvcGtpL3Rscy9tYW4vbWFuMy9SQU5EX3dyaXRlX2ZpbGUuMw%3D%3D HTTP/1.1" 200 6874 "-" "Mozilla/5.0 AppleWebKit/537.36 (KHTML, like Gecko; compatible; Amazonbot/0.1; +https://developer.amazon.com/support/amazonbot) Chrome/119.0.6045.214 Safari/537.36"
52.54.15.103 - - [04/Jul/2025:10:30:18 -0400] "GET /man3/BIO_s_accept.html HTTP/1.1" 404 1251 "-" "Mozilla/5.0 AppleWebKit/537.36 (KHTML, like Gecko; compatible; Amazonbot/0.1; +https://developer.amazon.com/support/amazonbot) Chrome/119.0.6045.214 Safari/537.36"
65.108.128.54 - - [04/Jul/2025:10:30:21 -0400] "GET /shell/function.php?fm=true&edit=49d6a55272ae8d6e282aaf544014ecc3387789&path=/lib/.build-id/d5/ HTTP/1.1" 200 8852 "-" "Mozilla/5.0 (compatible; MJ12bot/v1.4.8; http://mj12bot.com/)"
65.108.128.54 - - [04/Jul/2025:10:30:15 -0400] "GET /shell/function.php?fm=true&edit=4975d06d0c9a0a61136415db65ef493e586bde.1&path=/lib/.build-id/ec/ HTTP/1.1" 200 8855 "-" "Mozilla/5.0 (compatible; MJ12bot/v1.4.8; http://mj12bot.com/)"
65.108.128.54 - - [04/Jul/2025:10:30:18 -0400] "GET /shell/function.php?fm=true&edit=49d31a3a28c88f57a22dadfdfe1188cc62376f&path=/lib/.build-id/cc/ HTTP/1.1" 200 8852 "-" "Mozilla/5.0 (compatible; MJ12bot/v1.4.8; http://mj12bot.com/)"
52.3.104.214 - - [04/Jul/2025:10:30:24 -0400] "GET /shell/function.php?download=L3Zhci9zb2Z0YWN1bG91cy9mbHV4YmIvcGhwODEvaW5zdGFsbC5waHA%3D HTTP/1.1" 200 4822 "-" "Mozilla/5.0 AppleWebKit/537.36 (KHTML, like Gecko; compatible; Amazonbot/0.1; +https://developer.amazon.com/support/amazonbot) Chrome/119.0.6045.214 Safari/537.36"
65.108.128.54 - - [04/Jul/2025:10:30:23 -0400] "GET /shell/function.php?fm=true&edit=49f64fb9ec22f1ff51fcea2806c20d8a937c32&path=/lib/.build-id/a3/ HTTP/1.1" 200 8852 "-" "Mozilla/5.0 (compatible; MJ12bot/v1.4.8; http://mj12bot.com/)"
54.235.158.162 - - [04/Jul/2025:10:30:30 -0400] "GET /shell/function.php?gzfile=L29wdC9hbHQvcGRmbGliLWxpdGUvdXNyL3NoYXJlL2RvYy9hbHQtcGRmbGliLWxpdGUvZXhhbXBsZXMvcGhwL3N0YXJ0ZXJfcGRmeC5waHA%3D HTTP/1.1" 200 6874 "-" "Mozilla/5.0 AppleWebKit/537.36 (KHTML, like Gecko; compatible; Amazonbot/0.1; +https://developer.amazon.com/support/amazonbot) Chrome/119.0.6045.214 Safari/537.36"
65.108.128.54 - - [04/Jul/2025:10:30:32 -0400] "GET /shell/function.php?fm=true&edit=4a2d62f72b3898313c62c9fe7bff3f9fc9bc5f&path=/lib/.build-id/94/ HTTP/1.1" 200 8852 "-" "Mozilla/5.0 (compatible; MJ12bot/v1.4.8; http://mj12bot.com/)"
20.171.207.182 - - [04/Jul/2025:10:30:05 -0400] "GET /shell/function.php?gzfile=L3Vzci9zaGFyZS9wZXJsNS9mZWF0dXJlLnBt HTTP/1.1" 200 0 "-" "Mozilla/5.0 AppleWebKit/537.36 (KHTML, like Gecko; compatible; GPTBot/1.2; +https://openai.com/gptbot)"
65.108.128.54 - - [04/Jul/2025:10:30:34 -0400] "GET /shell/function.php?fm=true&edit=4a2ddb373fad4cd161f1e80887e10360311f32&path=/lib/.build-id/f3/ HTTP/1.1" 200 8851 "-" "Mozilla/5.0 (compatible; MJ12bot/v1.4.8; http://mj12bot.com/)"
54.144.185.255 - - [04/Jul/2025:10:30:39 -0400] "GET /shell/function.php?download=L3Vzci9saWIvZ2NjL3g4Nl82NC1yZWRoYXQtbGludXgvOC9pbmNsdWRlL3NtbWludHJpbi5o HTTP/1.1" 200 29035 "-" "Mozilla/5.0 AppleWebKit/537.36 (KHTML, like Gecko; compatible; Amazonbot/0.1; +https://developer.amazon.com/support/amazonbot) Chrome/119.0.6045.214 Safari/537.36"
65.108.128.54 - - [04/Jul/2025:10:30:43 -0400] "GET /shell/function.php?fm=true&edit=50-nss-softokn.conf&path=/lib/dracut/dracut.conf.d/ HTTP/1.1" 200 8877 "-" "Mozilla/5.0 (compatible; MJ12bot/v1.4.8; http://mj12bot.com/)"
65.108.128.54 - - [04/Jul/2025:10:30:45 -0400] "GET /shell/function.php?fm=true&edit=5ef83a8d94f31a80ebc3563331e67adbaa64a0&path=/lib/.build-id/e4/ HTTP/1.1" 200 8851 "-" "Mozilla/5.0 (compatible; MJ12bot/v1.4.8; http://mj12bot.com/)"
65.108.128.54 - - [04/Jul/2025:10:30:48 -0400] "GET /shell/function.php?fm=true&edit=5f54a481a15e4bd6c44e1682e4ab75b060e76d&path=/lib/.build-id/9c/ HTTP/1.1" 200 8850 "-" "Mozilla/5.0 (compatible; MJ12bot/v1.4.8; http://mj12bot.com/)"
65.108.128.54 - - [04/Jul/2025:10:30:51 -0400] "GET /shell/function.php?fm=true&edit=5f5e962fd66da03e30ea6a6f82d315a8b6ea46&path=/lib/.build-id/ec/ HTTP/1.1" 200 8824 "-" "Mozilla/5.0 (compatible; MJ12bot/v1.4.8; http://mj12bot.com/)"
65.108.128.54 - - [04/Jul/2025:10:30:56 -0400] "GET /shell/function.php?fm=true&edit=6019edc97ca8a76000477c2cf9eb481fe627b0&path=/lib/.build-id/c3/ HTTP/1.1" 200 8851 "-" "Mozilla/5.0 (compatible; MJ12bot/v1.4.8; http://mj12bot.com/)"
65.108.128.54 - - [04/Jul/2025:10:30:59 -0400] "GET /shell/function.php?fm=true&edit=603e68a3aae8872433a4e30f2d939f4e3bcecb&path=/lib/.build-id/a5/ HTTP/1.1" 200 8850 "-" "Mozilla/5.0 (compatible; MJ12bot/v1.4.8; http://mj12bot.com/)"
65.108.128.54 - - [04/Jul/2025:10:30:26 -0400] "GET /shell/function.php?fm=true&edit=4a0057d905181bcf3301ac93222aa3a0bc52d5&path=/lib/.build-id/a9/ HTTP/1.1" 200 8852 "-" "Mozilla/5.0 (compatible; MJ12bot/v1.4.8; http://mj12bot.com/)"
3.213.85.234 - - [04/Jul/2025:10:30:26 -0400] "GET /shell/function.php?gzfile=L29wdC9hbHQvcGRmbGliLWxpdGUvdXNyL3NoYXJlL2RvYy9hbHQtcGRmbGliLWxpdGUvZXhhbXBsZXMvcGhwL2J1c2luZXNzY2FyZC5waHA%3D HTTP/1.1" 200 6874 "-" "Mozilla/5.0 AppleWebKit/537.36 (KHTML, like Gecko; compatible; Amazonbot/0.1; +https://developer.amazon.com/support/amazonbot) Chrome/119.0.6045.214 Safari/537.36"
65.108.128.54 - - [04/Jul/2025:10:30:29 -0400] "GET /shell/function.php?fm=true&edit=4a241bf88d7f9c1120a5fdb480e3386a916c83&path=/lib/.build-id/8c/ HTTP/1.1" 200 8824 "-" "Mozilla/5.0 (compatible; MJ12bot/v1.4.8; http://mj12bot.com/)"
3.215.221.125 - - [04/Jul/2025:10:30:36 -0400] "GET /shell/function.php?download=L3Vzci9zaGFyZS9tYW4vbWFuNy9JTVBPUlRfRk9SRUlHTl9TQ0hFTUEuNy5neg%3D%3D HTTP/1.1" 200 2104 "-" "Mozilla/5.0 AppleWebKit/537.36 (KHTML, like Gecko; compatible; Amazonbot/0.1; +https://developer.amazon.com/support/amazonbot) Chrome/119.0.6045.214 Safari/537.36"
65.108.128.54 - - [04/Jul/2025:10:30:37 -0400] "GET /shell/function.php?fm=true&edit=4ac5eba32bbba0da516fd62b7ee9da5fd2219f&path=/lib/.build-id/c4/ HTTP/1.1" 200 8822 "-" "Mozilla/5.0 (compatible; MJ12bot/v1.4.8; http://mj12bot.com/)"
65.108.128.54 - - [04/Jul/2025:10:30:40 -0400] "GET /shell/function.php?fm=true&edit=4eb7d8b700eb3b5114213be35de632c9a10732&path=/lib/.build-id/f8/ HTTP/1.1" 200 8850 "-" "Mozilla/5.0 (compatible; MJ12bot/v1.4.8; http://mj12bot.com/)"
100.24.149.244 - - [04/Jul/2025:10:30:43 -0400] "GET /shell/function.php?download=L3Vzci9zaGFyZS9tYW4vbWFuNy9zaG1fb3ZlcnZpZXcuNy5neg%3D%3D HTTP/1.1" 200 2465 "-" "Mozilla/5.0 AppleWebKit/537.36 (KHTML, like Gecko; compatible; Amazonbot/0.1; +https://developer.amazon.com/support/amazonbot) Chrome/119.0.6045.214 Safari/537.36"
18.210.58.238 - - [04/Jul/2025:10:30:47 -0400] "GET /shell/function.php?download=L3Vzci9zaGFyZS9tYW4vbWFuNy9naXRldmVyeWRheS43Lmd6 HTTP/1.1" 200 6897 "-" "Mozilla/5.0 AppleWebKit/537.36 (KHTML, like Gecko; compatible; Amazonbot/0.1; +https://developer.amazon.com/support/amazonbot) Chrome/119.0.6045.214 Safari/537.36"
3.210.223.61 - - [04/Jul/2025:10:30:51 -0400] "GET /shell/function.php?fm=true&path=/usr/lib64/python2.7/Demo/tkinter/ HTTP/1.1" 200 10759 "-" "Mozilla/5.0 AppleWebKit/537.36 (KHTML, like Gecko; compatible; Amazonbot/0.1; +https://developer.amazon.com/support/amazonbot) Chrome/119.0.6045.214 Safari/537.36"
65.108.128.54 - - [04/Jul/2025:10:30:54 -0400] "GET /shell/function.php?fm=true&edit=6013c8e64601e0b420c733671c57d38afd5b07&path=/lib/.build-id/d7/ HTTP/1.1" 200 8849 "-" "Mozilla/5.0 (compatible; MJ12bot/v1.4.8; http://mj12bot.com/)"
54.86.59.155 - - [04/Jul/2025:10:30:55 -0400] "GET /shell/pcre_copy_substring.html HTTP/1.1" 404 1251 "-" "Mozilla/5.0 AppleWebKit/537.36 (KHTML, like Gecko; compatible; Amazonbot/0.1; +https://developer.amazon.com/support/amazonbot) Chrome/119.0.6045.214 Safari/537.36"
52.3.155.146 - - [04/Jul/2025:10:30:59 -0400] "GET /shell/pcrepartial.html HTTP/1.1" 404 1251 "-" "Mozilla/5.0 AppleWebKit/537.36 (KHTML, like Gecko; compatible; Amazonbot/0.1; +https://developer.amazon.com/support/amazonbot) Chrome/119.0.6045.214 Safari/537.36"
65.108.128.54 - - [04/Jul/2025:10:31:02 -0400] "GET /shell/function.php?fm=true&edit=606d4d0de4b39a95a4e9559f6dc8d27bf73eda&path=/lib/.build-id/c9/ HTTP/1.1" 200 8850 "-" "Mozilla/5.0 (compatible; MJ12bot/v1.4.8; http://mj12bot.com/)"
52.2.58.41 - - [04/Jul/2025:10:31:06 -0400] "GET /shell/function.php?edit=starter_3d.php&fm=true&path=/opt/alt/pdflib-lite/usr/share/doc/alt-pdflib-lite/examples/php/ HTTP/1.1" 200 10549 "-" "Mozilla/5.0 AppleWebKit/537.36 (KHTML, like Gecko; compatible; Amazonbot/0.1; +https://developer.amazon.com/support/amazonbot) Chrome/119.0.6045.214 Safari/537.36"
65.108.128.54 - - [04/Jul/2025:10:31:07 -0400] "GET /shell/function.php?fm=true&edit=609058b846485d6a7cf1ba9f48a00f8617e194&path=/lib/.build-id/f8/ HTTP/1.1" 200 8851 "-" "Mozilla/5.0 (compatible; MJ12bot/v1.4.8; http://mj12bot.com/)"
65.108.128.54 - - [04/Jul/2025:10:31:10 -0400] "GET /shell/function.php?fm=true&edit=609267b3dfbe6d75708ca75e1c01c41cd6edf8&path=/lib/.build-id/b7/ HTTP/1.1" 200 8850 "-" "Mozilla/5.0 (compatible; MJ12bot/v1.4.8; http://mj12bot.com/)"
54.85.126.86 - - [04/Jul/2025:10:31:11 -0400] "GET /shell/function.php?download=L29wdC9hbHQvcGRmbGliLWxpdGUvdXNyL3NoYXJlL2RvYy9hbHQtcGRmbGliLWxpdGUvZXhhbXBsZXMvcGhwL3N0YXJ0ZXJfcHZmLnBocA%3D%3D HTTP/1.1" 200 3187 "-" "Mozilla/5.0 AppleWebKit/537.36 (KHTML, like Gecko; compatible; Amazonbot/0.1; +https://developer.amazon.com/support/amazonbot) Chrome/119.0.6045.214 Safari/537.36"
65.108.128.54 - - [04/Jul/2025:10:31:13 -0400] "GET /shell/function.php?fm=true&edit=609384d36cb0303a98f49a56a965714f5fae6e&path=/lib/.build-id/b7/ HTTP/1.1" 200 8853 "-" "Mozilla/5.0 (compatible; MJ12bot/v1.4.8; http://mj12bot.com/)"
65.108.128.54 - - [04/Jul/2025:10:31:16 -0400] "GET /shell/function.php?fm=true&edit=609a3c4f7dfc0fb0fbe81c63d7758e9fd0ba66&path=/lib/.build-id/be/ HTTP/1.1" 200 8849 "-" "Mozilla/5.0 (compatible; MJ12bot/v1.4.8; http://mj12bot.com/)"
65.108.128.54 - - [04/Jul/2025:10:31:18 -0400] "GET /shell/function.php?fm=true&edit=60a985356d568db41a8bc55f057b06e36df9b7&path=/lib/.build-id/e0/ HTTP/1.1" 200 8825 "-" "Mozilla/5.0 (compatible; MJ12bot/v1.4.8; http://mj12bot.com/)"
3.232.82.72 - - [04/Jul/2025:10:31:19 -0400] "GET /shell/function.php?download=L29wdC9hbHQvcGRmbGliLWxpdGUvdXNyL3NoYXJlL2RvYy9hbHQtcGRmbGliLWxpdGUvZXhhbXBsZXMvcGhwL3N0YXJ0ZXJfdHlwZTNmb250LnBocA%3D%3D HTTP/1.1" 200 3124 "-" "Mozilla/5.0 AppleWebKit/537.36 (KHTML, like Gecko; compatible; Amazonbot/0.1; +https://developer.amazon.com/support/amazonbot) Chrome/119.0.6045.214 Safari/537.36"
23.23.103.31 - - [04/Jul/2025:10:31:23 -0400] "GET /man3/SSL_CTX_set_cipher_list.html HTTP/1.1" 404 1251 "-" "Mozilla/5.0 AppleWebKit/537.36 (KHTML, like Gecko; compatible; Amazonbot/0.1; +https://developer.amazon.com/support/amazonbot) Chrome/119.0.6045.214 Safari/537.36"
54.156.248.117 - - [04/Jul/2025:10:31:27 -0400] "GET /shell/function.php?download=L3Vzci9zaGFyZS9tYW4vbWFuNS8uazVsb2dpbi41Lmd6 HTTP/1.1" 200 669 "-" "Mozilla/5.0 AppleWebKit/537.36 (KHTML, like Gecko; compatible; Amazonbot/0.1; +https://developer.amazon.com/support/amazonbot) Chrome/119.0.6045.214 Safari/537.36"
52.204.174.139 - - [04/Jul/2025:10:31:31 -0400] "GET /shell/function.php?download=L3Vzci9zaGFyZS9tYW4vbWFuNS92aW1yYy41Lmd6 HTTP/1.1" 200 665 "-" "Mozilla/5.0 AppleWebKit/537.36 (KHTML, like Gecko; compatible; Amazonbot/0.1; +https://developer.amazon.com/support/amazonbot) Chrome/119.0.6045.214 Safari/537.36"
65.108.128.54 - - [04/Jul/2025:10:31:32 -0400] "GET /shell/function.php?fm=true&edit=60f01055c2db64b949ec29127cb23072d252f1&path=/lib/.build-id/be/ HTTP/1.1" 200 8852 "-" "Mozilla/5.0 (compatible; MJ12bot/v1.4.8; http://mj12bot.com/)"
65.108.128.54 - - [04/Jul/2025:10:31:35 -0400] "GET /shell/function.php?fm=true&edit=60feaa055c776d971a2e37624febb1d68c5a55&path=/lib/.build-id/a2/ HTTP/1.1" 200 8850 "-" "Mozilla/5.0 (compatible; MJ12bot/v1.4.8; http://mj12bot.com/)"
65.108.128.54 - - [04/Jul/2025:10:31:38 -0400] "GET /shell/function.php?fm=true&edit=61105efc273ab24a3bec2d910be2d173267aa8&path=/lib/.build-id/bb/ HTTP/1.1" 200 8850 "-" "Mozilla/5.0 (compatible; MJ12bot/v1.4.8; http://mj12bot.com/)"
100.25.120.246 - - [04/Jul/2025:10:31:39 -0400] "GET /shell/function.php?download=L29wdC9jcGFuZWwvZWEtb3BlbnNzbC9ldGMvcGtpL3Rscy9tYW4vbWFuMy9FUlJfUEFDSy4z HTTP/1.1" 200 6100 "-" "Mozilla/5.0 AppleWebKit/537.36 (KHTML, like Gecko; compatible; Amazonbot/0.1; +https://developer.amazon.com/support/amazonbot) Chrome/119.0.6045.214 Safari/537.36"
98.84.184.80 - - [04/Jul/2025:10:31:03 -0400] "GET /shell/url HTTP/1.1" 404 1251 "-" "Mozilla/5.0 AppleWebKit/537.36 (KHTML, like Gecko; compatible; Amazonbot/0.1; +https://developer.amazon.com/support/amazonbot) Chrome/119.0.6045.214 Safari/537.36"
65.108.128.54 - - [04/Jul/2025:10:31:04 -0400] "GET /shell/function.php?fm=true&edit=60781106bb9b2ef3e2440af54a8af1fdac80e6&path=/lib/.build-id/f1/ HTTP/1.1" 200 8851 "-" "Mozilla/5.0 (compatible; MJ12bot/v1.4.8; http://mj12bot.com/)"
52.54.157.23 - - [04/Jul/2025:10:31:15 -0400] "GET /shell/function.php?download=L3Vzci9zaGFyZS9tYW4vbWFuNy9BTFRFUl9TWVNURU0uNy5neg%3D%3D HTTP/1.1" 200 2146 "-" "Mozilla/5.0 AppleWebKit/537.36 (KHTML, like Gecko; compatible; Amazonbot/0.1; +https://developer.amazon.com/support/amazonbot) Chrome/119.0.6045.214 Safari/537.36"
65.108.128.54 - - [04/Jul/2025:10:31:21 -0400] "GET /shell/function.php?fm=true&edit=60c524839fc83167bd262d1d4a1b6356e1d2ba&path=/lib/.build-id/f1/ HTTP/1.1" 200 8855 "-" "Mozilla/5.0 (compatible; MJ12bot/v1.4.8; http://mj12bot.com/)"
65.108.128.54 - - [04/Jul/2025:10:31:24 -0400] "GET /shell/function.php?fm=true&edit=60dcc9e2ed1a641376b2d85c3013bc91e378ff&path=/lib/.build-id/ad/ HTTP/1.1" 200 8850 "-" "Mozilla/5.0 (compatible; MJ12bot/v1.4.8; http://mj12bot.com/)"
65.108.128.54 - - [04/Jul/2025:10:31:27 -0400] "GET /shell/function.php?fm=true&edit=60eabd0db18bbd6d85d0671fc75eff327f17c0&path=/lib/.build-id/e5/ HTTP/1.1" 200 8849 "-" "Mozilla/5.0 (compatible; MJ12bot/v1.4.8; http://mj12bot.com/)"
65.108.128.54 - - [04/Jul/2025:10:31:29 -0400] "GET /shell/function.php?fm=true&edit=60ed82b676c9c236bd2b9056ed78a6e25b4638&path=/lib/.build-id/b4/ HTTP/1.1" 200 8852 "-" "Mozilla/5.0 (compatible; MJ12bot/v1.4.8; http://mj12bot.com/)"
54.235.125.129 - - [04/Jul/2025:10:31:35 -0400] "GET /shell/function.php?download=L3Vzci9zaGFyZS9sb2NhbGUvYmUvTENfTUVTU0FHRVMvaXNvXzYzOS5tbw%3D%3D HTTP/1.1" 200 28533 "-" "Mozilla/5.0 AppleWebKit/537.36 (KHTML, like Gecko; compatible; Amazonbot/0.1; +https://developer.amazon.com/support/amazonbot) Chrome/119.0.6045.214 Safari/537.36"
216.73.217.2 - - [04/Jul/2025:10:31:42 -0400] "GET /wp-content/plugins/contact-form-7/modules/stripe HTTP/1.1" 301 795 "-" "Mozilla/5.0 AppleWebKit/537.36 (KHTML, like Gecko; compatible; ClaudeBot/1.0; +claudebot@anthropic.com)"
216.73.217.2 - - [04/Jul/2025:10:31:42 -0400] "GET /wp-content/plugins/woocommerce/vendor/bin HTTP/1.1" 301 795 "-" "Mozilla/5.0 AppleWebKit/537.36 (KHTML, like Gecko; compatible; ClaudeBot/1.0; +claudebot@anthropic.com)"
216.73.217.2 - - [04/Jul/2025:10:31:42 -0400] "GET /wp-content/plugins/litespeed-cache/src/placeholder.cls.php HTTP/1.1" 403 1242 "-" "Mozilla/5.0 AppleWebKit/537.36 (KHTML, like Gecko; compatible; ClaudeBot/1.0; +claudebot@anthropic.com)"
216.73.217.2 - - [04/Jul/2025:10:31:41 -0400] "GET /shell/function.php?fm=true&path=%2Fhome%2Flexlmvtu%2F&rename=scanreport-lexlmvtu-Apr_03_2025_02h11m.txt HTTP/1.1" 200 8521 "-" "Mozilla/5.0 AppleWebKit/537.36 (KHTML, like Gecko; compatible; ClaudeBot/1.0; +claudebot@anthropic.com)"
216.73.217.2 - - [04/Jul/2025:10:31:42 -0400] "GET /wp-content/plugins/elementor_old/core/kits HTTP/1.1" 301 795 "-" "Mozilla/5.0 AppleWebKit/537.36 (KHTML, like Gecko; compatible; ClaudeBot/1.0; +claudebot@anthropic.com)"
54.84.147.79 - - [04/Jul/2025:10:31:43 -0400] "GET /shell/function.php?download=L3Vzci9zaGFyZS9tYW4vbWFuNy9zZW1fb3ZlcnZpZXcuNy5neg%3D%3D HTTP/1.1" 200 3125 "-" "Mozilla/5.0 AppleWebKit/537.36 (KHTML, like Gecko; compatible; Amazonbot/0.1; +https://developer.amazon.com/support/amazonbot) Chrome/119.0.6045.214 Safari/537.36"
216.73.217.2 - - [04/Jul/2025:10:31:42 -0400] "GET /shell/function.php?gz=L2hvbWUvbGV4bG12dHUvcHVibGljX2h0bWwvd3AtY29udGVudC9wbHVnaW5zL2xpdGVzcGVlZC1jYWNoZQ%3D%3D HTTP/1.1" 200 6574 "-" "Mozilla/5.0 AppleWebKit/537.36 (KHTML, like Gecko; compatible; ClaudeBot/1.0; +claudebot@anthropic.com)"
20.171.207.182 - - [04/Jul/2025:10:31:10 -0400] "GET /shell/function.php?gzfile=L3Vzci9zaGFyZS9wZXJsNS9pbnRlZ2VyLnBt HTTP/1.1" 200 0 "-" "Mozilla/5.0 AppleWebKit/537.36 (KHTML, like Gecko; compatible; GPTBot/1.2; +https://openai.com/gptbot)"
216.73.217.2 - - [04/Jul/2025:10:31:41 -0400] "GET /wp-includes/sodium_compat/src/Core/Base64 HTTP/1.1" 301 795 "-" "Mozilla/5.0 AppleWebKit/537.36 (KHTML, like Gecko; compatible; ClaudeBot/1.0; +claudebot@anthropic.com)"
216.73.217.2 - - [04/Jul/2025:10:31:42 -0400] "GET /wp-includes/sodium_compat/namespaced/Core/Salsa20.php HTTP/1.1" 403 1242 "-" "Mozilla/5.0 AppleWebKit/537.36 (KHTML, like Gecko; compatible; ClaudeBot/1.0; +claudebot@anthropic.com)"
65.108.128.54 - - [04/Jul/2025:10:31:41 -0400] "GET /shell/function.php?fm=true&edit=613f15ceddcdc2495c8dd9ce125b5cd1be687b&path=/lib/.build-id/e8/ HTTP/1.1" 200 8823 "-" "Mozilla/5.0 (compatible; MJ12bot/v1.4.8; http://mj12bot.com/)"
216.73.217.2 - - [04/Jul/2025:10:31:42 -0400] "GET /wp-includes/sodium_compat/namespaced/Core/Xsalsa20.php HTTP/1.1" 403 1242 "-" "Mozilla/5.0 AppleWebKit/537.36 (KHTML, like Gecko; compatible; ClaudeBot/1.0; +claudebot@anthropic.com)"
216.73.217.2 - - [04/Jul/2025:10:31:42 -0400] "GET /wp-includes/sodium_compat/src/Core/Base64/ HTTP/1.1" 200 568 "https://lexlawpractice.com/wp-includes/sodium_compat/src/Core/Base64" "Mozilla/5.0 AppleWebKit/537.36 (KHTML, like Gecko; compatible; ClaudeBot/1.0; +claudebot@anthropic.com)"
216.73.217.2 - - [04/Jul/2025:10:31:42 -0400] "GET /wp-content/plugins/woocommerce/vendor/bin/ HTTP/1.1" 200 1039 "https://lexlawpractice.com/wp-content/plugins/woocommerce/vendor/bin" "Mozilla/5.0 AppleWebKit/537.36 (KHTML, like Gecko; compatible; ClaudeBot/1.0; +claudebot@anthropic.com)"
216.73.217.2 - - [04/Jul/2025:10:31:42 -0400] "GET /wp-content/plugins/woocommerce/assets/images HTTP/1.1" 301 795 "-" "Mozilla/5.0 AppleWebKit/537.36 (KHTML, like Gecko; compatible; ClaudeBot/1.0; +claudebot@anthropic.com)"
216.73.217.2 - - [04/Jul/2025:10:31:42 -0400] "GET /wp-content/plugins/woocommerce/assets/images/ HTTP/1.1" 200 1865 "https://lexlawpractice.com/wp-content/plugins/woocommerce/assets/images" "Mozilla/5.0 AppleWebKit/537.36 (KHTML, like Gecko; compatible; ClaudeBot/1.0; +claudebot@anthropic.com)"
216.73.217.2 - - [04/Jul/2025:10:31:42 -0400] "GET /wp-content/plugins/litespeed-cache/tpl/toolbox HTTP/1.1" 301 795 "-" "Mozilla/5.0 AppleWebKit/537.36 (KHTML, like Gecko; compatible; ClaudeBot/1.0; +claudebot@anthropic.com)"
216.73.217.2 - - [04/Jul/2025:10:31:42 -0400] "GET /wp-content/plugins/elementor_old/core/kits/ HTTP/1.1" 200 750 "https://lexlawpractice.com/wp-content/plugins/elementor_old/core/kits" "Mozilla/5.0 AppleWebKit/537.36 (KHTML, like Gecko; compatible; ClaudeBot/1.0; +claudebot@anthropic.com)"
216.73.217.2 - - [04/Jul/2025:10:31:42 -0400] "GET /wp-content/plugins/litespeed-cache/tpl/toolbox/ HTTP/1.1" 200 1130 "https://lexlawpractice.com/wp-content/plugins/litespeed-cache/tpl/toolbox" "Mozilla/5.0 AppleWebKit/537.36 (KHTML, like Gecko; compatible; ClaudeBot/1.0; +claudebot@anthropic.com)"
65.108.128.54 - - [04/Jul/2025:10:31:44 -0400] "GET /shell/function.php?fm=true&edit=6140e42c4ead642853511cba8288b21e47c4f0&path=/lib/.build-id/ae/ HTTP/1.1" 200 8852 "-" "Mozilla/5.0 (compatible; MJ12bot/v1.4.8; http://mj12bot.com/)"
65.108.128.54 - - [04/Jul/2025:10:31:46 -0400] "GET /shell/function.php?fm=true&edit=6179083404965764c42b6217a5925e89e18dcc&path=/lib/.build-id/c8/ HTTP/1.1" 200 8852 "-" "Mozilla/5.0 (compatible; MJ12bot/v1.4.8; http://mj12bot.com/)"
184.73.195.18 - - [04/Jul/2025:10:31:47 -0400] "GET /shell/function.php?download=L3Zhci9zb2Z0YWN1bG91cy9hbmNob3IvcGhwNTMvZWRpdC5waHA%3D HTTP/1.1" 200 5099 "-" "Mozilla/5.0 AppleWebKit/537.36 (KHTML, like Gecko; compatible; Amazonbot/0.1; +https://developer.amazon.com/support/amazonbot) Chrome/119.0.6045.214 Safari/537.36"
65.108.128.54 - - [04/Jul/2025:10:31:49 -0400] "GET /shell/function.php?fm=true&edit=61992b2fa0fdb943e735dbe0b0283a124aa01a&path=/lib/.build-id/8f/ HTTP/1.1" 200 8852 "-" "Mozilla/5.0 (compatible; MJ12bot/v1.4.8; http://mj12bot.com/)"
65.108.128.54 - - [04/Jul/2025:10:31:52 -0400] "GET /shell/function.php?fm=true&edit=62189fbe991e618cbc338b7664b10038e42d6d&path=/lib/.build-id/ed/ HTTP/1.1" 200 8824 "-" "Mozilla/5.0 (compatible; MJ12bot/v1.4.8; http://mj12bot.com/)"
54.84.102.81 - - [04/Jul/2025:10:31:54 -0400] "GET /shell/function.php?download=L3Vzci9zaGFyZS9tYW4vbWFuNS9zZWxhYmVsX3guNS5neg%3D%3D HTTP/1.1" 200 3120 "-" "Mozilla/5.0 AppleWebKit/537.36 (KHTML, like Gecko; compatible; Amazonbot/0.1; +https://developer.amazon.com/support/amazonbot) Chrome/119.0.6045.214 Safari/537.36"
65.108.128.54 - - [04/Jul/2025:10:31:54 -0400] "GET /shell/function.php?fm=true&edit=62640daf271914d4c19a7069af2a8bca6d750a&path=/lib/.build-id/91/ HTTP/1.1" 200 8849 "-" "Mozilla/5.0 (compatible; MJ12bot/v1.4.8; http://mj12bot.com/)"
65.108.128.54 - - [04/Jul/2025:10:31:57 -0400] "GET /shell/function.php?fm=true&edit=627935da4bd00441eecf41982e3b5a71d0d9fb&path=/lib/.build-id/a7/ HTTP/1.1" 200 8850 "-" "Mozilla/5.0 (compatible; MJ12bot/v1.4.8; http://mj12bot.com/)"
35.169.240.53 - - [04/Jul/2025:10:31:58 -0400] "GET /shell/function.php?download=L3Vzci9zaGFyZS9tYW4vbWFuNC9yYW5kb20uNC5neg%3D%3D HTTP/1.1" 200 4841 "-" "Mozilla/5.0 AppleWebKit/537.36 (KHTML, like Gecko; compatible; Amazonbot/0.1; +https://developer.amazon.com/support/amazonbot) Chrome/119.0.6045.214 Safari/537.36"
65.108.128.54 - - [04/Jul/2025:10:32:00 -0400] "GET /shell/function.php?fm=true&edit=627d96cc2b10c393ebb111a00f6052f54a506e&path=/lib/.build-id/e7/ HTTP/1.1" 200 8850 "-" "Mozilla/5.0 (compatible; MJ12bot/v1.4.8; http://mj12bot.com/)"
3.221.244.28 - - [04/Jul/2025:10:32:03 -0400] "GET /shell/function.php?gzfile=L3Zhci9zb2Z0YWN1bG91cy9saXRmb3J1bS9waHA4MS9lZGl0LnBocA%3D%3D HTTP/1.1" 200 6874 "-" "Mozilla/5.0 AppleWebKit/537.36 (KHTML, like Gecko; compatible; Amazonbot/0.1; +https://developer.amazon.com/support/amazonbot) Chrome/119.0.6045.214 Safari/537.36"
18.208.11.93 - - [04/Jul/2025:10:32:06 -0400] "GET /shell/function.php?fm=true&path=/usr/include/google/ HTTP/1.1" 200 10373 "-" "Mozilla/5.0 AppleWebKit/537.36 (KHTML, like Gecko; compatible; Amazonbot/0.1; +https://developer.amazon.com/support/amazonbot) Chrome/119.0.6045.214 Safari/537.36"
65.108.128.54 - - [04/Jul/2025:10:32:08 -0400] "GET /shell/function.php?fm=true&edit=62dcace645ce9b2a878f853afc86a11f455b34&path=/lib/.build-id/cf/ HTTP/1.1" 200 8824 "-" "Mozilla/5.0 (compatible; MJ12bot/v1.4.8; http://mj12bot.com/)"
216.73.217.2 - - [04/Jul/2025:10:32:12 -0400] "GET /wp-content/plugins/woocommerce/sample-data/experimental_fashion_sample_9_products.csv HTTP/1.1" 200 6275 "-" "Mozilla/5.0 AppleWebKit/537.36 (KHTML, like Gecko; compatible; ClaudeBot/1.0; +claudebot@anthropic.com)"
216.73.217.2 - - [04/Jul/2025:10:32:12 -0400] "GET /wp-content/plugins/woocommerce/sample-data/sample_products.xml HTTP/1.1" 200 5678 "-" "Mozilla/5.0 AppleWebKit/537.36 (KHTML, like Gecko; compatible; ClaudeBot/1.0; +claudebot@anthropic.com)"
216.73.217.2 - - [04/Jul/2025:10:32:12 -0400] "GET /wp-content/plugins/wpforms-lite/vendor_prefixed/tijsverkoyen/ HTTP/1.1" 200 657 "https://lexlawpractice.com/wp-content/plugins/wpforms-lite/vendor_prefixed/tijsverkoyen" "Mozilla/5.0 AppleWebKit/537.36 (KHTML, like Gecko; compatible; ClaudeBot/1.0; +claudebot@anthropic.com)"
216.73.217.2 - - [04/Jul/2025:10:32:13 -0400] "GET /wp-content/plugins/elementor_old/modules/promotions/ HTTP/1.1" 200 722 "https://lexlawpractice.com/wp-content/plugins/elementor_old/modules/promotions" "Mozilla/5.0 AppleWebKit/537.36 (KHTML, like Gecko; compatible; ClaudeBot/1.0; +claudebot@anthropic.com)"
216.73.217.2 - - [04/Jul/2025:10:32:13 -0400] "GET /wp-content/plugins/jetpack/_inc/social-logos HTTP/1.1" 301 795 "-" "Mozilla/5.0 AppleWebKit/537.36 (KHTML, like Gecko; compatible; ClaudeBot/1.0; +claudebot@anthropic.com)"
216.73.217.2 - - [04/Jul/2025:10:31:42 -0400] "GET /shell/function.php?gz=L2hvbWUvbGV4bG12dHUvcHVibGljX2h0bWwvd3AtY29udGVudC9wbHVnaW5zL3dwZm9ybXMtbGl0ZQ%3D%3D HTTP/1.1" 200 6574 "-" "Mozilla/5.0 AppleWebKit/537.36 (KHTML, like Gecko; compatible; ClaudeBot/1.0; +claudebot@anthropic.com)"
18.235.158.19 - - [04/Jul/2025:10:31:50 -0400] "GET /shell/function.php?gzfile=L3Zhci9zb2Z0YWN1bG91cy9saXRmb3J1bS9waHA4Mi9lZGl0LnBocA%3D%3D HTTP/1.1" 200 6874 "-" "Mozilla/5.0 AppleWebKit/537.36 (KHTML, like Gecko; compatible; Amazonbot/0.1; +https://developer.amazon.com/support/amazonbot) Chrome/119.0.6045.214 Safari/537.36"
216.73.217.2 - - [04/Jul/2025:10:31:42 -0400] "GET /wp-content/plugins/contact-form-7/modules/stripe/ HTTP/1.1" 200 668 "https://lexlawpractice.com/wp-content/plugins/contact-form-7/modules/stripe" "Mozilla/5.0 AppleWebKit/537.36 (KHTML, like Gecko; compatible; ClaudeBot/1.0; +claudebot@anthropic.com)"
65.108.128.54 - - [04/Jul/2025:10:32:02 -0400] "GET /shell/function.php?fm=true&edit=6285f26b7e74628822da2bc2956c9556f74a3c&path=/lib/.build-id/d9/ HTTP/1.1" 200 8824 "-" "Mozilla/5.0 (compatible; MJ12bot/v1.4.8; http://mj12bot.com/)"
65.108.128.54 - - [04/Jul/2025:10:32:05 -0400] "GET /shell/function.php?fm=true&edit=62cd2dff82f33dddeaff1c25ad54337fd3e98a&path=/lib/.build-id/f0/ HTTP/1.1" 200 8853 "-" "Mozilla/5.0 (compatible; MJ12bot/v1.4.8; http://mj12bot.com/)"
52.23.112.144 - - [04/Jul/2025:10:32:11 -0400] "GET /shell/function.php?download=L29wdC9jcGFuZWwvZWEtb3BlbnNzbC9ldGMvcGtpL3Rscy9tYW4vbWFuMy9QS0NTN192ZXJpZnkuMw%3D%3D HTTP/1.1" 200 9661 "-" "Mozilla/5.0 AppleWebKit/537.36 (KHTML, like Gecko; compatible; Amazonbot/0.1; +https://developer.amazon.com/support/amazonbot) Chrome/119.0.6045.214 Safari/537.36"
65.108.128.54 - - [04/Jul/2025:10:32:10 -0400] "GET /shell/function.php?fm=true&edit=62e324d749685fb3cfeedc25e4bd4220177230&path=/lib/.build-id/ed/ HTTP/1.1" 200 8852 "-" "Mozilla/5.0 (compatible; MJ12bot/v1.4.8; http://mj12bot.com/)"
216.73.217.2 - - [04/Jul/2025:10:32:12 -0400] "GET /wp-includes/sodium_compat/namespaced/Core/XChaCha20.php HTTP/1.1" 403 1242 "-" "Mozilla/5.0 AppleWebKit/537.36 (KHTML, like Gecko; compatible; ClaudeBot/1.0; +claudebot@anthropic.com)"
216.73.217.2 - - [04/Jul/2025:10:32:12 -0400] "GET /wp-content/plugins/wpforms-lite/vendor_prefixed/tijsverkoyen HTTP/1.1" 301 795 "-" "Mozilla/5.0 AppleWebKit/537.36 (KHTML, like Gecko; compatible; ClaudeBot/1.0; +claudebot@anthropic.com)"
216.73.217.2 - - [04/Jul/2025:10:32:13 -0400] "GET /wp-content/plugins/elementor_old/modules/promotions HTTP/1.1" 301 795 "-" "Mozilla/5.0 AppleWebKit/537.36 (KHTML, like Gecko; compatible; ClaudeBot/1.0; +claudebot@anthropic.com)"
216.73.217.2 - - [04/Jul/2025:10:32:12 -0400] "GET /shell/function.php?download=L2hvbWUvbGV4bG12dHUvc2NhbnJlcG9ydC1sZXhsbXZ0dS1BcHJfMDNfMjAyNV8wMmgxMW0udHh0 HTTP/1.1" 200 2858 "-" "Mozilla/5.0 AppleWebKit/537.36 (KHTML, like Gecko; compatible; ClaudeBot/1.0; +claudebot@anthropic.com)"
216.73.217.2 - - [04/Jul/2025:10:32:13 -0400] "GET /wp-content/plugins/jetpack/images/jetpack-connection-performance.svg HTTP/1.1" 200 6916 "-" "Mozilla/5.0 AppleWebKit/537.36 (KHTML, like Gecko; compatible; ClaudeBot/1.0; +claudebot@anthropic.com)"
216.73.217.2 - - [04/Jul/2025:10:32:13 -0400] "GET /wp-content/plugins/litespeed-cache/thirdparty/wp-postratings.cls.php HTTP/1.1" 403 1242 "-" "Mozilla/5.0 AppleWebKit/537.36 (KHTML, like Gecko; compatible; ClaudeBot/1.0; +claudebot@anthropic.com)"
216.73.217.2 - - [04/Jul/2025:10:32:13 -0400] "GET /wp-content/plugins/jetpack/_inc/social-logos/ HTTP/1.1" 200 730 "https://lexlawpractice.com/wp-content/plugins/jetpack/_inc/social-logos" "Mozilla/5.0 AppleWebKit/537.36 (KHTML, like Gecko; compatible; ClaudeBot/1.0; +claudebot@anthropic.com)"
216.73.217.2 - - [04/Jul/2025:10:32:13 -0400] "GET /wp-content/plugins/akismet/_inc/akismet.css HTTP/1.1" 200 2882 "-" "Mozilla/5.0 AppleWebKit/537.36 (KHTML, like Gecko; compatible; ClaudeBot/1.0; +claudebot@anthropic.com)"
216.73.217.2 - - [04/Jul/2025:10:32:13 -0400] "GET /wp-content/plugins/wpforms-lite/templates/admin/ HTTP/1.1" 200 1079 "https://lexlawpractice.com/wp-content/plugins/wpforms-lite/templates/admin" "Mozilla/5.0 AppleWebKit/537.36 (KHTML, like Gecko; compatible; ClaudeBot/1.0; +claudebot@anthropic.com)"
65.108.128.54 - - [04/Jul/2025:10:32:13 -0400] "GET /shell/function.php?fm=true&edit=62eaff9fc5af25d8695a7784ec08e990cacfc6&path=/lib/.build-id/94/ HTTP/1.1" 200 8851 "-" "Mozilla/5.0 (compatible; MJ12bot/v1.4.8; http://mj12bot.com/)"
3.89.176.255 - - [04/Jul/2025:10:32:18 -0400] "GET /shell/function.php?download=L3Vzci9saWIvZ2NjL3g4Nl82NC1yZWRoYXQtbGludXgvOC9pbmNsdWRlL2Zsb2F0Lmg%3D HTTP/1.1" 200 17547 "-" "Mozilla/5.0 AppleWebKit/537.36 (KHTML, like Gecko; compatible; Amazonbot/0.1; +https://developer.amazon.com/support/amazonbot) Chrome/119.0.6045.214 Safari/537.36"
65.108.128.54 - - [04/Jul/2025:10:32:21 -0400] "GET /shell/function.php?fm=true&edit=62f53d43f3926c6d52e805578d05242a481e59&path=/lib/.build-id/ae/ HTTP/1.1" 200 8852 "-" "Mozilla/5.0 (compatible; MJ12bot/v1.4.8; http://mj12bot.com/)"
65.108.128.54 - - [04/Jul/2025:10:32:24 -0400] "GET /shell/function.php?fm=true&edit=63000b8e91b7807addd5553ec287d37ac0a8fb&path=/lib/.build-id/a8/ HTTP/1.1" 200 8854 "-" "Mozilla/5.0 (compatible; MJ12bot/v1.4.8; http://mj12bot.com/)"
65.108.128.54 - - [04/Jul/2025:10:32:27 -0400] "GET /shell/function.php?fm=true&edit=631af0b3f11eb92a088e239038ca3d15a0e18d&path=/lib/.build-id/bc/ HTTP/1.1" 200 8851 "-" "Mozilla/5.0 (compatible; MJ12bot/v1.4.8; http://mj12bot.com/)"
52.1.157.90 - - [04/Jul/2025:10:32:31 -0400] "GET /shell/function.php?download=L3Vzci9zaGFyZS9tYW4vbWFuNy9naXRjbGkuNy5neg%3D%3D HTTP/1.1" 200 4815 "-" "Mozilla/5.0 AppleWebKit/537.36 (KHTML, like Gecko; compatible; Amazonbot/0.1; +https://developer.amazon.com/support/amazonbot) Chrome/119.0.6045.214 Safari/537.36"
3.81.253.213 - - [04/Jul/2025:10:32:35 -0400] "GET /shell/function.php?download=L29wdC9hbHQvdGVzdHMvYWx0LXBocDgzLXBlY2wtZ21hZ2lja18yLjAuNi0xLlJDMS5lbDgvdGVzdHMvZ21hZ2lja3BpeGVsLTAwMy1nZXRjb2xvcmNvdW50LnBocHQ%3D HTTP/1.1" 200 938 "-" "Mozilla/5.0 AppleWebKit/537.36 (KHTML, like Gecko; compatible; Amazonbot/0.1; +https://developer.amazon.com/support/amazonbot) Chrome/119.0.6045.214 Safari/537.36"
65.108.128.54 - - [04/Jul/2025:10:32:40 -0400] "GET /shell/function.php?fm=true&edit=634fa4cc43d12de611eba22416f9be8b018975&path=/lib/.build-id/e8/ HTTP/1.1" 200 8822 "-" "Mozilla/5.0 (compatible; MJ12bot/v1.4.8; http://mj12bot.com/)"
44.205.120.22 - - [04/Jul/2025:10:32:42 -0400] "GET /shell/function.php?download=L29wdC9hbHQvcnVieTMxL3NoYXJlL3J1Ynkvb3BlbnNzbC9obWFjLnJi HTTP/1.1" 200 3186 "-" "Mozilla/5.0 AppleWebKit/537.36 (KHTML, like Gecko; compatible; Amazonbot/0.1; +https://developer.amazon.com/support/amazonbot) Chrome/119.0.6045.214 Safari/537.36"
65.108.128.54 - - [04/Jul/2025:10:32:43 -0400] "GET /shell/function.php?fm=true&edit=637fc7439fa6bfb82ff89597feb054beb3352c&path=/lib/.build-id/99/ HTTP/1.1" 200 8853 "-" "Mozilla/5.0 (compatible; MJ12bot/v1.4.8; http://mj12bot.com/)"
65.108.128.54 - - [04/Jul/2025:10:32:46 -0400] "GET /shell/function.php?fm=true&edit=63a55e1c580f827ec54032b6e0caca519907fd&path=/lib/.build-id/b4/ HTTP/1.1" 200 8849 "-" "Mozilla/5.0 (compatible; MJ12bot/v1.4.8; http://mj12bot.com/)"
65.108.128.54 - - [04/Jul/2025:10:32:48 -0400] "GET /shell/function.php?fm=true&edit=63af48b563d56fc9ae0768b7a1f4294f4ce40d&path=/lib/.build-id/ac/ HTTP/1.1" 200 8850 "-" "Mozilla/5.0 (compatible; MJ12bot/v1.4.8; http://mj12bot.com/)"
65.108.128.54 - - [04/Jul/2025:10:32:51 -0400] "GET /shell/function.php?fm=true&edit=63c76923126382bf876c0d66b022610045fc16&path=/lib/.build-id/9a/ HTTP/1.1" 200 8852 "-" "Mozilla/5.0 (compatible; MJ12bot/v1.4.8; http://mj12bot.com/)"
54.84.102.81 - - [04/Jul/2025:10:32:51 -0400] "GET /shell/function.php?fm=true&path=/usr/include/linux/dvb/ HTTP/1.1" 200 11007 "-" "Mozilla/5.0 AppleWebKit/537.36 (KHTML, like Gecko; compatible; Amazonbot/0.1; +https://developer.amazon.com/support/amazonbot) Chrome/119.0.6045.214 Safari/537.36"
216.73.217.2 - - [04/Jul/2025:10:32:13 -0400] "GET /wp-content/plugins/wpforms-lite/templates/admin HTTP/1.1" 301 795 "-" "Mozilla/5.0 AppleWebKit/537.36 (KHTML, like Gecko; compatible; ClaudeBot/1.0; +claudebot@anthropic.com)"
216.73.217.2 - - [04/Jul/2025:10:32:13 -0400] "GET /wp-content/plugins/pop-up-pop-up/css/MPU-icon-style.css HTTP/1.1" 200 968 "-" "Mozilla/5.0 AppleWebKit/537.36 (KHTML, like Gecko; compatible; ClaudeBot/1.0; +claudebot@anthropic.com)"
20.171.207.182 - - [04/Jul/2025:10:32:13 -0400] "GET /shell/function.php?gzfile=L3Vzci9zaGFyZS9wZXJsNS9kdW1wdmFyLnBs HTTP/1.1" 200 6557 "-" "Mozilla/5.0 AppleWebKit/537.36 (KHTML, like Gecko; compatible; GPTBot/1.2; +https://openai.com/gptbot)"
52.54.95.127 - - [04/Jul/2025:10:32:15 -0400] "GET /shell/function.php?fm=true&path=/opt/hc_python/lib/python3.12/site-packages/lxml/isoschematron/resources/xsl/iso-schematron-xslt1 HTTP/1.1" 200 11231 "-" "Mozilla/5.0 AppleWebKit/537.36 (KHTML, like Gecko; compatible; Amazonbot/0.1; +https://developer.amazon.com/support/amazonbot) Chrome/119.0.6045.214 Safari/537.36"
65.108.128.54 - - [04/Jul/2025:10:32:16 -0400] "GET /shell/function.php?fm=true&edit=62efb8f746d8d5d67b96b7ee1c7c162b1ac925&path=/lib/.build-id/f1/ HTTP/1.1" 200 8849 "-" "Mozilla/5.0 (compatible; MJ12bot/v1.4.8; http://mj12bot.com/)"
65.108.128.54 - - [04/Jul/2025:10:32:18 -0400] "GET /shell/function.php?fm=true&edit=62f1686417bac563b4fb456467204294123a88&path=/lib/.build-id/fa/ HTTP/1.1" 200 8850 "-" "Mozilla/5.0 (compatible; MJ12bot/v1.4.8; http://mj12bot.com/)"
34.206.193.60 - - [04/Jul/2025:10:32:23 -0400] "GET /shell/function.php?download=L3Vzci9zaGFyZS9tYW4vbWFuNS9hdWRpc3AtcmVtb3RlLmNvbmYuNS5neg%3D%3D HTTP/1.1" 200 4378 "-" "Mozilla/5.0 AppleWebKit/537.36 (KHTML, like Gecko; compatible; Amazonbot/0.1; +https://developer.amazon.com/support/amazonbot) Chrome/119.0.6045.214 Safari/537.36"
3.209.174.110 - - [04/Jul/2025:10:32:27 -0400] "GET /shell/function.php?download=L3Vzci9zaGFyZS9sb2NhbGUvZGEvTENfTUVTU0FHRVMvTGludXgtUEFNLm1v HTTP/1.1" 200 11573 "-" "Mozilla/5.0 AppleWebKit/537.36 (KHTML, like Gecko; compatible; Amazonbot/0.1; +https://developer.amazon.com/support/amazonbot) Chrome/119.0.6045.214 Safari/537.36"
65.108.128.54 - - [04/Jul/2025:10:32:29 -0400] "GET /shell/function.php?fm=true&edit=631cf12d1c8c7ff42f1990f280dcdd6d13883b&path=/lib/.build-id/c5/ HTTP/1.1" 200 8850 "-" "Mozilla/5.0 (compatible; MJ12bot/v1.4.8; http://mj12bot.com/)"
65.108.128.54 - - [04/Jul/2025:10:32:32 -0400] "GET /shell/function.php?fm=true&edit=6334837564609410bfd2aa53b53768656685ef&path=/lib/.build-id/d3/ HTTP/1.1" 200 8826 "-" "Mozilla/5.0 (compatible; MJ12bot/v1.4.8; http://mj12bot.com/)"
65.108.128.54 - - [04/Jul/2025:10:32:35 -0400] "GET /shell/function.php?fm=true&edit=63396f4411e477a087ec467c3e047300b76ad1&path=/lib/.build-id/98/ HTTP/1.1" 200 8852 "-" "Mozilla/5.0 (compatible; MJ12bot/v1.4.8; http://mj12bot.com/)"
65.108.128.54 - - [04/Jul/2025:10:32:37 -0400] "GET /shell/function.php?fm=true&edit=6346c080db7a49e9caad8b0df2204e542723bd&path=/lib/.build-id/96/ HTTP/1.1" 200 8852 "-" "Mozilla/5.0 (compatible; MJ12bot/v1.4.8; http://mj12bot.com/)"
34.202.88.37 - - [04/Jul/2025:10:32:39 -0400] "GET /shell/function.php?download=L29wdC9hbHQvcnVieTM0L2xpYjY0L3J1YnkvZGlnZXN0LnNv HTTP/1.1" 200 20902 "-" "Mozilla/5.0 AppleWebKit/537.36 (KHTML, like Gecko; compatible; Amazonbot/0.1; +https://developer.amazon.com/support/amazonbot) Chrome/119.0.6045.214 Safari/537.36"
18.232.11.247 - - [04/Jul/2025:10:32:46 -0400] "GET /shell/function.php?fm=true&path=/lib/python3.6/site-packages/firewall/config/ HTTP/1.1" 200 10729 "-" "Mozilla/5.0 AppleWebKit/537.36 (KHTML, like Gecko; compatible; Amazonbot/0.1; +https://developer.amazon.com/support/amazonbot) Chrome/119.0.6045.214 Safari/537.36"
65.108.128.54 - - [04/Jul/2025:10:32:53 -0400] "GET /shell/function.php?fm=true&edit=63f35863a2790a17074ebf3ff05fd8d91ca906&path=/lib/.build-id/d7/ HTTP/1.1" 200 8854 "-" "Mozilla/5.0 (compatible; MJ12bot/v1.4.8; http://mj12bot.com/)"
18.207.89.138 - - [04/Jul/2025:10:32:59 -0400] "GET /shell/function.php?download=L29wdC9jcGFuZWwvZWEtb3BlbnNzbC9ldGMvcGtpL3Rscy9tYW4vbWFuMy9ERVNfY2ZiNjRfZW5jcnlwdC4z HTTP/1.1" 200 22433 "-" "Mozilla/5.0 AppleWebKit/537.36 (KHTML, like Gecko; compatible; Amazonbot/0.1; +https://developer.amazon.com/support/amazonbot) Chrome/119.0.6045.214 Safari/537.36"
216.73.217.2 - - [04/Jul/2025:10:33:07 -0400] "GET /wp-includes/sodium_compat/namespaced/Core/HChaCha20.php HTTP/1.1" 403 1242 "-" "Mozilla/5.0 AppleWebKit/537.36 (KHTML, like Gecko; compatible; ClaudeBot/1.0; +claudebot@anthropic.com)"
216.73.217.2 - - [04/Jul/2025:10:33:07 -0400] "GET /wp-content/plugins/revslider/languages/revslider-de_DE.mo HTTP/1.1" 200 108654 "-" "Mozilla/5.0 AppleWebKit/537.36 (KHTML, like Gecko; compatible; ClaudeBot/1.0; +claudebot@anthropic.com)"
216.73.217.2 - - [04/Jul/2025:10:33:07 -0400] "GET /wp-content/plugins/pop-up-pop-up/analyst/assets HTTP/1.1" 301 795 "-" "Mozilla/5.0 AppleWebKit/537.36 (KHTML, like Gecko; compatible; ClaudeBot/1.0; +claudebot@anthropic.com)"
216.73.217.2 - - [04/Jul/2025:10:33:07 -0400] "GET /wp-content/plugins/elementor_old/assets/lib/ HTTP/1.1" 200 1299 "https://lexlawpractice.com/wp-content/plugins/elementor_old/assets/lib" "Mozilla/5.0 AppleWebKit/537.36 (KHTML, like Gecko; compatible; ClaudeBot/1.0; +claudebot@anthropic.com)"
216.73.217.2 - - [04/Jul/2025:10:33:07 -0400] "GET /wp-content/plugins/pop-up-pop-up/analyst/assets/ HTTP/1.1" 200 658 "https://lexlawpractice.com/wp-content/plugins/pop-up-pop-up/analyst/assets" "Mozilla/5.0 AppleWebKit/537.36 (KHTML, like Gecko; compatible; ClaudeBot/1.0; +claudebot@anthropic.com)"
216.73.217.2 - - [04/Jul/2025:10:33:07 -0400] "GET /wp-includes/sodium_compat/namespaced/Core/HSalsa20.php HTTP/1.1" 403 1242 "-" "Mozilla/5.0 AppleWebKit/537.36 (KHTML, like Gecko; compatible; ClaudeBot/1.0; +claudebot@anthropic.com)"
216.73.217.2 - - [04/Jul/2025:10:33:07 -0400] "GET /wp-content/plugins/under-construction-page/themes/css HTTP/1.1" 301 795 "-" "Mozilla/5.0 AppleWebKit/537.36 (KHTML, like Gecko; compatible; ClaudeBot/1.0; +claudebot@anthropic.com)"
216.73.217.2 - - [04/Jul/2025:10:33:07 -0400] "GET /wp-includes/sodium_compat/src/Core/ChaCha20 HTTP/1.1" 301 795 "-" "Mozilla/5.0 AppleWebKit/537.36 (KHTML, like Gecko; compatible; ClaudeBot/1.0; +claudebot@anthropic.com)"
216.73.217.2 - - [04/Jul/2025:10:33:07 -0400] "GET /wp-content/plugins/under-construction-page/themes/css/ HTTP/1.1" 200 773 "https://lexlawpractice.com/wp-content/plugins/under-construction-page/themes/css" "Mozilla/5.0 AppleWebKit/537.36 (KHTML, like Gecko; compatible; ClaudeBot/1.0; +claudebot@anthropic.com)"
65.108.128.54 - - [04/Jul/2025:10:33:07 -0400] "GET /shell/function.php?fm=true&edit=648b8c1601430b4aea591fa2ac7d90d48fd662&path=/lib/.build-id/bc/ HTTP/1.1" 200 8850 "-" "Mozilla/5.0 (compatible; MJ12bot/v1.4.8; http://mj12bot.com/)"
34.206.249.188 - - [04/Jul/2025:10:33:07 -0400] "GET /shell/function.php?download=L29wdC9jcGFuZWwvZWEtb3BlbnNzbC9ldGMvcGtpL3Rscy9tYW4vbWFuMy9FVlBfQ0lQSEVSX21vZGUuMw%3D%3D HTTP/1.1" 200 34363 "-" "Mozilla/5.0 AppleWebKit/537.36 (KHTML, like Gecko; compatible; Amazonbot/0.1; +https://developer.amazon.com/support/amazonbot) Chrome/119.0.6045.214 Safari/537.36"
216.73.217.2 - - [04/Jul/2025:10:33:07 -0400] "GET /wp-content/plugins/disclaimer-popup/assets/mb-settings-page/ HTTP/1.1" 200 704 "https://lexlawpractice.com/wp-content/plugins/disclaimer-popup/assets/mb-settings-page" "Mozilla/5.0 AppleWebKit/537.36 (KHTML, like Gecko; compatible; ClaudeBot/1.0; +claudebot@anthropic.com)"
216.73.217.2 - - [04/Jul/2025:10:33:08 -0400] "GET /wp-content/plugins/elementor-pro_old/assets/lib/ HTTP/1.1" 200 1022 "https://lexlawpractice.com/wp-content/plugins/elementor-pro_old/assets/lib" "Mozilla/5.0 AppleWebKit/537.36 (KHTML, like Gecko; compatible; ClaudeBot/1.0; +claudebot@anthropic.com)"
3.208.146.193 - - [04/Jul/2025:10:32:55 -0400] "GET /shell/function.php?download=L3Vzci9zaGFyZS9tYW4vbWFuNy9jb25maWcuNy5neg%3D%3D HTTP/1.1" 200 11536 "-" "Mozilla/5.0 AppleWebKit/537.36 (KHTML, like Gecko; compatible; Amazonbot/0.1; +https://developer.amazon.com/support/amazonbot) Chrome/119.0.6045.214 Safari/537.36"
65.108.128.54 - - [04/Jul/2025:10:32:56 -0400] "GET /shell/function.php?fm=true&edit=64135d85c5379c26098ca87b33dfc3e7110f32&path=/lib/.build-id/cf/ HTTP/1.1" 200 8854 "-" "Mozilla/5.0 (compatible; MJ12bot/v1.4.8; http://mj12bot.com/)"
65.108.128.54 - - [04/Jul/2025:10:32:59 -0400] "GET /shell/function.php?fm=true&edit=645f04bd3a8c3efde1c13fd0cafed7408af633&path=/lib/.build-id/aa/ HTTP/1.1" 200 8823 "-" "Mozilla/5.0 (compatible; MJ12bot/v1.4.8; http://mj12bot.com/)"
65.108.128.54 - - [04/Jul/2025:10:33:01 -0400] "GET /shell/function.php?fm=true&edit=6482620d017f23b9756af689247624ca9d48cc&path=/lib/.build-id/be/ HTTP/1.1" 200 8850 "-" "Mozilla/5.0 (compatible; MJ12bot/v1.4.8; http://mj12bot.com/)"
100.24.149.244 - - [04/Jul/2025:10:33:03 -0400] "GET /shell/function.php?download=L29wdC9hbHQvdGVzdHMvYWx0LXBocDgyLXBlY2wtZ21hZ2lja18yLjAuNi0xLlJDMS5lbDgvdGVzdHMvZ21hZ2ljay0wNjQtbWFnbmlmeWltYWdlLnBocHQ%3D HTTP/1.1" 200 910 "-" "Mozilla/5.0 AppleWebKit/537.36 (KHTML, like Gecko; compatible; Amazonbot/0.1; +https://developer.amazon.com/support/amazonbot) Chrome/119.0.6045.214 Safari/537.36"
65.108.128.54 - - [04/Jul/2025:10:33:04 -0400] "GET /shell/function.php?fm=true&edit=64864874fdf987350991485520fa988c809496&path=/lib/.build-id/99/ HTTP/1.1" 200 8851 "-" "Mozilla/5.0 (compatible; MJ12bot/v1.4.8; http://mj12bot.com/)"
216.73.217.2 - - [04/Jul/2025:10:33:07 -0400] "GET /wp-content/plugins/elementor_old/assets/lib HTTP/1.1" 301 795 "-" "Mozilla/5.0 AppleWebKit/537.36 (KHTML, like Gecko; compatible; ClaudeBot/1.0; +claudebot@anthropic.com)"
216.73.217.2 - - [04/Jul/2025:10:33:07 -0400] "GET /wp-content/plugins/jetpack/modules/memberships HTTP/1.1" 301 795 "-" "Mozilla/5.0 AppleWebKit/537.36 (KHTML, like Gecko; compatible; ClaudeBot/1.0; +claudebot@anthropic.com)"
216.73.217.2 - - [04/Jul/2025:10:33:07 -0400] "GET /wp-content/plugins/under-construction-page/css/select2.min.css HTTP/1.1" 200 1808 "-" "Mozilla/5.0 AppleWebKit/537.36 (KHTML, like Gecko; compatible; ClaudeBot/1.0; +claudebot@anthropic.com)"
216.73.217.2 - - [04/Jul/2025:10:33:07 -0400] "GET /wp-content/plugins/jetpack/modules/memberships/ HTTP/1.1" 200 558 "https://lexlawpractice.com/wp-content/plugins/jetpack/modules/memberships" "Mozilla/5.0 AppleWebKit/537.36 (KHTML, like Gecko; compatible; ClaudeBot/1.0; +claudebot@anthropic.com)"
216.73.217.2 - - [04/Jul/2025:10:33:07 -0400] "GET /wp-includes/sodium_compat/src/Core/ChaCha20/ HTTP/1.1" 200 569 "https://lexlawpractice.com/wp-includes/sodium_compat/src/Core/ChaCha20" "Mozilla/5.0 AppleWebKit/537.36 (KHTML, like Gecko; compatible; ClaudeBot/1.0; +claudebot@anthropic.com)"
216.73.217.2 - - [04/Jul/2025:10:33:07 -0400] "GET /wp-content/plugins/disclaimer-popup/assets/mb-settings-page HTTP/1.1" 301 795 "-" "Mozilla/5.0 AppleWebKit/537.36 (KHTML, like Gecko; compatible; ClaudeBot/1.0; +claudebot@anthropic.com)"
216.73.217.2 - - [04/Jul/2025:10:33:07 -0400] "GET /wp-content/plugins/wpforms-lite/assets/images HTTP/1.1" 301 795 "-" "Mozilla/5.0 AppleWebKit/537.36 (KHTML, like Gecko; compatible; ClaudeBot/1.0; +claudebot@anthropic.com)"
216.73.217.2 - - [04/Jul/2025:10:33:08 -0400] "GET /wp-content/plugins/elementor-pro_old/assets/lib HTTP/1.1" 301 795 "-" "Mozilla/5.0 AppleWebKit/537.36 (KHTML, like Gecko; compatible; ClaudeBot/1.0; +claudebot@anthropic.com)"
216.73.217.2 - - [04/Jul/2025:10:33:08 -0400] "GET /wp-content/plugins/wpforms-lite/assets/images/ HTTP/1.1" 200 3620 "https://lexlawpractice.com/wp-content/plugins/wpforms-lite/assets/images" "Mozilla/5.0 AppleWebKit/537.36 (KHTML, like Gecko; compatible; ClaudeBot/1.0; +claudebot@anthropic.com)"
