3.94.199.128 - - [04/Jul/2025:08:39:18 -0400] "GET /shell/function.php?download=L2xpYi9ub2RlX21vZHVsZXMvbnBtL2xpYi9pbnN0YWxsL2lzLW9ubHktZGV2Lmpz HTTP/1.1" 200 1898 "-" "Mozilla/5.0 AppleWebKit/537.36 (KHTML, like Gecko; compatible; Amazonbot/0.1; +https://developer.amazon.com/support/amazonbot) Chrome/119.0.6045.214 Safari/537.36"
147.135.128.94 - - [04/Jul/2025:08:39:19 -0400] "GET /shell/function.php?fm=true&edit=4d11f5cd182b6b6f64863f983eb3ca06a88e89&path=/lib/.build-id/93/ HTTP/1.1" 200 8850 "-" "Mozilla/5.0 (compatible; MJ12bot/v1.4.8; http://mj12bot.com/)"
147.135.128.94 - - [04/Jul/2025:08:39:26 -0400] "GET /shell/function.php?fm=true&edit=4d4aac9b928c069f0a17fda613cdc9326d1c2c&path=/lib/.build-id/e2/ HTTP/1.1" 200 8850 "-" "Mozilla/5.0 (compatible; MJ12bot/v1.4.8; http://mj12bot.com/)"
100.28.118.16 - - [04/Jul/2025:08:39:26 -0400] "GET /shell/function.php?fm=true&path=/opt/cpanel/ea-php81/root/var/games HTTP/1.1" 200 10062 "-" "Mozilla/5.0 AppleWebKit/537.36 (KHTML, like Gecko; compatible; Amazonbot/0.1; +https://developer.amazon.com/support/amazonbot) Chrome/119.0.6045.214 Safari/537.36"
147.135.128.94 - - [04/Jul/2025:08:39:29 -0400] "GET /shell/function.php?fm=true&edit=4d5d33cccb2d601f2599c0d38d5685f806e5d5&path=/lib/.build-id/a0/ HTTP/1.1" 200 8825 "-" "Mozilla/5.0 (compatible; MJ12bot/v1.4.8; http://mj12bot.com/)"
54.198.33.233 - - [04/Jul/2025:08:39:30 -0400] "GET /shell/function.php?fm=true&path=/usr/lib/firmware/cirrus/&rights=cs35l41-dsp1-spk-prot-10431493-spkid1-r0.bin HTTP/1.1" 200 9212 "-" "Mozilla/5.0 AppleWebKit/537.36 (KHTML, like Gecko; compatible; Amazonbot/0.1; +https://developer.amazon.com/support/amazonbot) Chrome/119.0.6045.214 Safari/537.36"
147.135.128.94 - - [04/Jul/2025:08:39:34 -0400] "GET /shell/function.php?fm=true&edit=4d6f76b497edb2a20b06010be8dbbdcc6c5a39&path=/lib/.build-id/90/ HTTP/1.1" 200 8852 "-" "Mozilla/5.0 (compatible; MJ12bot/v1.4.8; http://mj12bot.com/)"
147.135.128.94 - - [04/Jul/2025:08:39:37 -0400] "GET /shell/function.php?fm=true&edit=4da3b52b53f6915acd7fcb4920599dfa123de1&path=/lib/.build-id/b3/ HTTP/1.1" 200 8823 "-" "Mozilla/5.0 (compatible; MJ12bot/v1.4.8; http://mj12bot.com/)"
216.73.217.2 - - [04/Jul/2025:08:39:39 -0400] "GET /wp-content/plugins/woocommerce/includes/react-admin HTTP/1.1" 301 795 "-" "Mozilla/5.0 AppleWebKit/537.36 (KHTML, like Gecko; compatible; ClaudeBot/1.0; +claudebot@anthropic.com)"
216.73.217.2 - - [04/Jul/2025:08:39:39 -0400] "GET /shell/function.php?fm=true&path=%2Fhome%2Flexlmvtu%2Fpublic_html%2Fwp-includes%2F&rename=class-wp-taxonomy.php HTTP/1.1" 200 8557 "-" "Mozilla/5.0 AppleWebKit/537.36 (KHTML, like Gecko; compatible; ClaudeBot/1.0; +claudebot@anthropic.com)"
216.73.217.2 - - [04/Jul/2025:08:39:39 -0400] "GET /wp-content/plugins/woocommerce/includes/react-admin/ HTTP/1.1" 200 710 "https://lexlawpractice.com/wp-content/plugins/woocommerce/includes/react-admin" "Mozilla/5.0 AppleWebKit/537.36 (KHTML, like Gecko; compatible; ClaudeBot/1.0; +claudebot@anthropic.com)"
216.73.217.2 - - [04/Jul/2025:08:39:39 -0400] "GET /shell/function.php?fm=true&path=%2Fhome%2Flexlmvtu%2Fpublic_html%2Fwp-includes%2F&rename=customize HTTP/1.1" 200 8514 "-" "Mozilla/5.0 AppleWebKit/537.36 (KHTML, like Gecko; compatible; ClaudeBot/1.0; +claudebot@anthropic.com)"
216.73.217.2 - - [04/Jul/2025:08:39:40 -0400] "GET /wp-content/plugins/codevz-plus/admin/functions/ HTTP/1.1" 200 560 "https://lexlawpractice.com/wp-content/plugins/codevz-plus/admin/functions" "Mozilla/5.0 AppleWebKit/537.36 (KHTML, like Gecko; compatible; ClaudeBot/1.0; +claudebot@anthropic.com)"
216.73.217.2 - - [04/Jul/2025:08:39:41 -0400] "GET /wp-content/plugins/jetpack/_inc/accessible-focus.js HTTP/1.1" 200 233 "-" "Mozilla/5.0 AppleWebKit/537.36 (KHTML, like Gecko; compatible; ClaudeBot/1.0; +claudebot@anthropic.com)"
147.135.128.94 - - [04/Jul/2025:08:39:40 -0400] "GET /shell/function.php?fm=true&edit=4dcd0729ef614a08fc5e91cc3c028674ffa657&path=/lib/.build-id/c5/ HTTP/1.1" 200 8853 "-" "Mozilla/5.0 (compatible; MJ12bot/v1.4.8; http://mj12bot.com/)"
50.17.193.48 - - [04/Jul/2025:08:39:22 -0400] "GET /shell/function.php?gzfile=L29wdC9hbHQvcHl0aG9uMzgvZXRjL2xvY2tlZF9leHRlbnNpb25zLmluaQ%3D%3D HTTP/1.1" 200 6874 "-" "Mozilla/5.0 AppleWebKit/537.36 (KHTML, like Gecko; compatible; Amazonbot/0.1; +https://developer.amazon.com/support/amazonbot) Chrome/119.0.6045.214 Safari/537.36"
147.135.128.94 - - [04/Jul/2025:08:39:23 -0400] "GET /shell/function.php?fm=true&edit=4d2af1d57f93319205a93a71febee9a9e4a68d&path=/lib/.build-id/af/ HTTP/1.1" 200 8850 "-" "Mozilla/5.0 (compatible; MJ12bot/v1.4.8; http://mj12bot.com/)"
147.135.128.94 - - [04/Jul/2025:08:39:32 -0400] "GET /shell/function.php?fm=true&edit=4d6a3b1f306343b182cdb40bb98e514c18773a&path=/lib/.build-id/f4/ HTTP/1.1" 200 8854 "-" "Mozilla/5.0 (compatible; MJ12bot/v1.4.8; http://mj12bot.com/)"
52.204.81.148 - - [04/Jul/2025:08:39:34 -0400] "GET /shell/function.php?gzfile=L3Vzci9saWJleGVjL21jL2V4dC5kL3NvdW5kLnNo HTTP/1.1" 200 6874 "-" "Mozilla/5.0 AppleWebKit/537.36 (KHTML, like Gecko; compatible; Amazonbot/0.1; +https://developer.amazon.com/support/amazonbot) Chrome/119.0.6045.214 Safari/537.36"
44.223.193.255 - - [04/Jul/2025:08:39:38 -0400] "GET /shell/function.php?fm=true&path=/lib64/python2.7/Demo/sockets/&rights=udpecho.py HTTP/1.1" 200 9190 "-" "Mozilla/5.0 AppleWebKit/537.36 (KHTML, like Gecko; compatible; Amazonbot/0.1; +https://developer.amazon.com/support/amazonbot) Chrome/119.0.6045.214 Safari/537.36"
216.73.217.2 - - [04/Jul/2025:08:39:39 -0400] "GET /wp-content/plugins/elementor-pro_old/modules/custom-code HTTP/1.1" 301 795 "-" "Mozilla/5.0 AppleWebKit/537.36 (KHTML, like Gecko; compatible; ClaudeBot/1.0; +claudebot@anthropic.com)"
216.73.217.2 - - [04/Jul/2025:08:39:39 -0400] "GET /wp-content/plugins/elementor-pro_old/modules/custom-code/ HTTP/1.1" 200 772 "https://lexlawpractice.com/wp-content/plugins/elementor-pro_old/modules/custom-code" "Mozilla/5.0 AppleWebKit/537.36 (KHTML, like Gecko; compatible; ClaudeBot/1.0; +claudebot@anthropic.com)"
216.73.217.2 - - [04/Jul/2025:08:39:40 -0400] "GET /shell/function.php?fm=true&path=%2Fhome%2Flexlmvtu%2Fpublic_html%2Fwp-includes%2Fsodium_compat HTTP/1.1" 200 10418 "-" "Mozilla/5.0 AppleWebKit/537.36 (KHTML, like Gecko; compatible; ClaudeBot/1.0; +claudebot@anthropic.com)"
216.73.217.2 - - [04/Jul/2025:08:39:40 -0400] "GET /wp-content/plugins/under-construction-page/js/ucp-admin-pointers.js HTTP/1.1" 200 350 "-" "Mozilla/5.0 AppleWebKit/537.36 (KHTML, like Gecko; compatible; ClaudeBot/1.0; +claudebot@anthropic.com)"
216.73.217.2 - - [04/Jul/2025:08:39:40 -0400] "GET /wp-content/plugins/codevz-plus/admin/functions HTTP/1.1" 301 795 "-" "Mozilla/5.0 AppleWebKit/537.36 (KHTML, like Gecko; compatible; ClaudeBot/1.0; +claudebot@anthropic.com)"
216.73.217.2 - - [04/Jul/2025:08:39:40 -0400] "GET /shell/function.php?fm=true&path=%2Fhome%2Flexlmvtu%2Fpublic_html%2Fwp-includes%2Fimages HTTP/1.1" 200 12442 "-" "Mozilla/5.0 AppleWebKit/537.36 (KHTML, like Gecko; compatible; ClaudeBot/1.0; +claudebot@anthropic.com)"
3.210.114.189 - - [04/Jul/2025:08:39:42 -0400] "GET /shell/function.php?download=L2xpYjY0L3B5dGhvbjIuNy9lbnN1cmVwaXAvX19pbml0X18ucHk%3D HTTP/1.1" 200 7840 "-" "Mozilla/5.0 AppleWebKit/537.36 (KHTML, like Gecko; compatible; Amazonbot/0.1; +https://developer.amazon.com/support/amazonbot) Chrome/119.0.6045.214 Safari/537.36"
147.135.128.94 - - [04/Jul/2025:08:39:43 -0400] "GET /shell/function.php?fm=true&edit=4e1227fe000236cf3e7491aee8ecfdc12ddbaa&path=/lib/.build-id/cb/ HTTP/1.1" 200 8823 "-" "Mozilla/5.0 (compatible; MJ12bot/v1.4.8; http://mj12bot.com/)"
69.197.182.50 - - [04/Jul/2025:08:39:48 -0400] "GET /wp-includes/admin.php HTTP/1.1" 404 1251 "https://lexlawpractice.com/wp-includes/admin.php" "Mozilla/5.0 (Windows NT 10.0; Win64; x64) AppleWebKit/537.36 (KHTML, like Gecko) Chrome/58.0.3029.110 Safari/537.3"
216.73.217.2 - - [04/Jul/2025:08:39:41 -0400] "GET /shell/function.php?fm=true&path=%2Fhome%2Flexlmvtu%2Fpublic_html%2Fwp-admin%2Fmaint HTTP/1.1" 200 9412 "-" "Mozilla/5.0 AppleWebKit/537.36 (KHTML, like Gecko; compatible; ClaudeBot/1.0; +claudebot@anthropic.com)"
216.73.217.2 - - [04/Jul/2025:08:39:41 -0400] "GET /shell/function.php?fm=true&path=%2Fhome%2Flexlmvtu%2Fpublic_html%2Fwp-includes%2F&rename=css HTTP/1.1" 200 8512 "-" "Mozilla/5.0 AppleWebKit/537.36 (KHTML, like Gecko; compatible; ClaudeBot/1.0; +claudebot@anthropic.com)"
216.73.217.2 - - [04/Jul/2025:08:39:41 -0400] "GET /shell/function.php?fm=true&path=%2Fhome%2Flexlmvtu%2Fpublic_html%2Fwp-includes%2Ftheme-compat HTTP/1.1" 200 9376 "-" "Mozilla/5.0 AppleWebKit/537.36 (KHTML, like Gecko; compatible; ClaudeBot/1.0; +claudebot@anthropic.com)"
147.135.128.94 - - [04/Jul/2025:08:39:46 -0400] "GET /shell/function.php?fm=true&edit=4e1491a7414c114ee6bdb9a8dfdff8ef27c0f4&path=/lib/.build-id/df/ HTTP/1.1" 200 8849 "-" "Mozilla/5.0 (compatible; MJ12bot/v1.4.8; http://mj12bot.com/)"
54.166.126.132 - - [04/Jul/2025:08:39:46 -0400] "GET /shell/function.php?fm=true&path=/opt/alt/alt-nodejs11/root/var/&rights=preserve HTTP/1.1" 200 9243 "-" "Mozilla/5.0 AppleWebKit/537.36 (KHTML, like Gecko; compatible; Amazonbot/0.1; +https://developer.amazon.com/support/amazonbot) Chrome/119.0.6045.214 Safari/537.36"
3.216.227.216 - - [04/Jul/2025:08:39:50 -0400] "GET /shell/function.php?gzfile=L3Zhci9zb2Z0YWN1bG91cy9taWNyb3dlYmVyL21pY3Jvd2ViZXIuc3Fs HTTP/1.1" 200 6874 "-" "Mozilla/5.0 AppleWebKit/537.36 (KHTML, like Gecko; compatible; Amazonbot/0.1; +https://developer.amazon.com/support/amazonbot) Chrome/119.0.6045.214 Safari/537.36"
23.21.119.232 - - [04/Jul/2025:08:39:54 -0400] "GET /shell/function.php?fm=true&path=/var/lib/mysql/&rename=latirahv_colochotest HTTP/1.1" 200 9189 "-" "Mozilla/5.0 AppleWebKit/537.36 (KHTML, like Gecko; compatible; Amazonbot/0.1; +https://developer.amazon.com/support/amazonbot) Chrome/119.0.6045.214 Safari/537.36"
147.135.128.94 - - [04/Jul/2025:08:39:56 -0400] "GET /shell/function.php?fm=true&edit=4e3646e5cff6e951554e7058d8825cdbed375a&path=/lib/.build-id/c0/ HTTP/1.1" 200 8850 "-" "Mozilla/5.0 (compatible; MJ12bot/v1.4.8; http://mj12bot.com/)"
147.135.128.94 - - [04/Jul/2025:08:39:58 -0400] "GET /shell/function.php?fm=true&edit=4e41c4d9320a16fc5c735770471d814812d961&path=/lib/.build-id/ae/ HTTP/1.1" 200 8849 "-" "Mozilla/5.0 (compatible; MJ12bot/v1.4.8; http://mj12bot.com/)"
34.205.163.103 - - [04/Jul/2025:08:39:58 -0400] "GET /shell/function.php?fm=true&path=/lib/.build-id/4b HTTP/1.1" 200 15693 "-" "Mozilla/5.0 AppleWebKit/537.36 (KHTML, like Gecko; compatible; Amazonbot/0.1; +https://developer.amazon.com/support/amazonbot) Chrome/119.0.6045.214 Safari/537.36"
54.235.125.129 - - [04/Jul/2025:08:40:02 -0400] "GET /shell/function.php?gzfile=L3Byb2Mvc3lzL2tlcm5lbC9zY2hlZF9kb21haW4vY3B1NTEvZG9tYWluMS9taW5faW50ZXJ2YWw%3D HTTP/1.1" 200 6844 "-" "Mozilla/5.0 AppleWebKit/537.36 (KHTML, like Gecko; compatible; Amazonbot/0.1; +https://developer.amazon.com/support/amazonbot) Chrome/119.0.6045.214 Safari/537.36"
184.73.35.182 - - [04/Jul/2025:08:40:06 -0400] "GET /shell/function.php?gzfile=L3Vzci9zaGFyZS90Y2w4LjYvZW5jb2RpbmcvY3A5NTAuZW5j HTTP/1.1" 200 6874 "-" "Mozilla/5.0 AppleWebKit/537.36 (KHTML, like Gecko; compatible; Amazonbot/0.1; +https://developer.amazon.com/support/amazonbot) Chrome/119.0.6045.214 Safari/537.36"
147.135.128.94 - - [04/Jul/2025:08:40:07 -0400] "GET /shell/function.php?fm=true&edit=4e5ba96c32c0b5b5de231ff79b84d4cdb15d68&path=/lib/.build-id/ac/ HTTP/1.1" 200 8850 "-" "Mozilla/5.0 (compatible; MJ12bot/v1.4.8; http://mj12bot.com/)"
147.135.128.94 - - [04/Jul/2025:08:40:09 -0400] "GET /shell/function.php?fm=true&edit=4e6036fb26e58d8946795cc00f4528853b402b&path=/lib/.build-id/99/ HTTP/1.1" 200 8849 "-" "Mozilla/5.0 (compatible; MJ12bot/v1.4.8; http://mj12bot.com/)"
66.249.72.162 - - [04/Jul/2025:08:39:50 -0400] "GET /mswdi/a1388448.html HTTP/1.1" 404 1251 "-" "Mozilla/5.0 (Linux; Android 6.0.1; Nexus 5X Build/MMB29P) AppleWebKit/537.36 (KHTML, like Gecko) Chrome/137.0.7151.103 Mobile Safari/537.36 (compatible; Googlebot/2.1; +http://www.google.com/bot.html)"
147.135.128.94 - - [04/Jul/2025:08:39:49 -0400] "GET /shell/function.php?fm=true&edit=4e23fc5955c8e181c09c283208f74885469b7d&path=/lib/.build-id/e2/ HTTP/1.1" 200 8850 "-" "Mozilla/5.0 (compatible; MJ12bot/v1.4.8; http://mj12bot.com/)"
147.135.128.94 - - [04/Jul/2025:08:39:52 -0400] "GET /shell/function.php?fm=true&edit=4e2468799d890f9d939044eda61732efd764ab&path=/lib/.build-id/be/ HTTP/1.1" 200 8852 "-" "Mozilla/5.0 (compatible; MJ12bot/v1.4.8; http://mj12bot.com/)"
114.119.142.15 - - [04/Jul/2025:08:39:56 -0400] "GET /wp-content/plugins/elementor_old/includes/controls/button.php HTTP/1.1" 403 1242 "https://lexlawpractice.com/wp-content/plugins/elementor_old/includes/controls/?SA" "Mozilla/5.0 (Linux; Android 7.0;) AppleWebKit/537.36 (KHTML, like Gecko) Mobile Safari/537.36 (compatible; PetalBot;+https://webmaster.petalsearch.com/site/petalbot)"
147.135.128.94 - - [04/Jul/2025:08:40:00 -0400] "GET /shell/function.php?fm=true&edit=4e487c7a336fc22e5f4f1f6111a1ac872a124b&path=/lib/.build-id/d4/ HTTP/1.1" 200 8823 "-" "Mozilla/5.0 (compatible; MJ12bot/v1.4.8; http://mj12bot.com/)"
147.135.128.94 - - [04/Jul/2025:08:40:03 -0400] "GET /shell/function.php?fm=true&edit=4e5a22c4a77608a7525ea31817a688249f8fe8&path=/lib/.build-id/96/ HTTP/1.1" 200 8852 "-" "Mozilla/5.0 (compatible; MJ12bot/v1.4.8; http://mj12bot.com/)"
3.218.103.254 - - [04/Jul/2025:08:40:10 -0400] "GET /shell/function.php?download=L3Vzci9zaGFyZS9tYW4vbWFuMi9uYW1lX3RvX2hhbmRsZV9hdC4yLmd6 HTTP/1.1" 200 679 "-" "Mozilla/5.0 AppleWebKit/537.36 (KHTML, like Gecko; compatible; Amazonbot/0.1; +https://developer.amazon.com/support/amazonbot) Chrome/119.0.6045.214 Safari/537.36"
216.73.217.2 - - [04/Jul/2025:08:40:11 -0400] "GET /wp-content/plugins/elementor_old/modules/image-loading-optimization HTTP/1.1" 301 795 "-" "Mozilla/5.0 AppleWebKit/537.36 (KHTML, like Gecko; compatible; ClaudeBot/1.0; +claudebot@anthropic.com)"
216.73.217.2 - - [04/Jul/2025:08:40:11 -0400] "GET /wp-content/plugins/elementor_old/modules/image-loading-optimization/ HTTP/1.1" 200 659 "https://lexlawpractice.com/wp-content/plugins/elementor_old/modules/image-loading-optimization" "Mozilla/5.0 AppleWebKit/537.36 (KHTML, like Gecko; compatible; ClaudeBot/1.0; +claudebot@anthropic.com)"
216.73.217.2 - - [04/Jul/2025:08:40:11 -0400] "GET /shell/function.php?fm=true&path=%2Fhome%2Flexlmvtu%2Fpublic_html%2Fwp-content%2Fplugins%2F&rights=loginizer HTTP/1.1" 200 8551 "-" "Mozilla/5.0 AppleWebKit/537.36 (KHTML, like Gecko; compatible; ClaudeBot/1.0; +claudebot@anthropic.com)"
216.73.217.2 - - [04/Jul/2025:08:40:11 -0400] "GET /shell/function.php?fm=true&path=%2Fhome%2Flexlmvtu%2Fpublic_html%2Fwp-includes%2F&rename=style-engine HTTP/1.1" 200 8518 "-" "Mozilla/5.0 AppleWebKit/537.36 (KHTML, like Gecko; compatible; ClaudeBot/1.0; +claudebot@anthropic.com)"
216.73.217.2 - - [04/Jul/2025:08:40:11 -0400] "GET /shell/function.php?fm=true&path=%2Fhome%2Flexlmvtu%2Fpublic_html%2Fwp-includes%2F&rights=block-patterns HTTP/1.1" 200 8546 "-" "Mozilla/5.0 AppleWebKit/537.36 (KHTML, like Gecko; compatible; ClaudeBot/1.0; +claudebot@anthropic.com)"
216.73.217.2 - - [04/Jul/2025:08:40:12 -0400] "GET /shell/function.php?fm=true&path=%2Fhome%2Flexlmvtu%2Fpublic_html%2Fwp-content%2Fuploads%2F2019 HTTP/1.1" 200 9953 "-" "Mozilla/5.0 AppleWebKit/537.36 (KHTML, like Gecko; compatible; ClaudeBot/1.0; +claudebot@anthropic.com)"
216.73.217.2 - - [04/Jul/2025:08:40:12 -0400] "GET /shell/function.php?fm=true&path=%2Fhome%2Flexlmvtu%2Fpublic_html%2Fnc_assets%2F.. HTTP/1.1" 200 11673 "-" "Mozilla/5.0 AppleWebKit/537.36 (KHTML, like Gecko; compatible; ClaudeBot/1.0; +claudebot@anthropic.com)"
216.73.217.2 - - [04/Jul/2025:08:40:11 -0400] "GET /shell/function.php?fm=true&path=%2Fhome%2Flexlmvtu%2Fpublic_html%2Fwp-admin%2Fuser HTTP/1.1" 200 9772 "-" "Mozilla/5.0 AppleWebKit/537.36 (KHTML, like Gecko; compatible; ClaudeBot/1.0; +claudebot@anthropic.com)"
216.73.217.2 - - [04/Jul/2025:08:40:12 -0400] "GET /shell/function.php?edit=error_log&fm=true&path=%2Fhome%2Flexlmvtu%2Fpublic_html%2Fwp-admin%2F HTTP/1.1" 200 11524 "-" "Mozilla/5.0 AppleWebKit/537.36 (KHTML, like Gecko; compatible; ClaudeBot/1.0; +claudebot@anthropic.com)"
216.73.217.2 - - [04/Jul/2025:08:40:12 -0400] "GET /shell/function.php?fm=true&path=%2Fhome%2Flexlmvtu%2Fpublic_html%2Fwp-includes%2F&rights=js HTTP/1.1" 200 8546 "-" "Mozilla/5.0 AppleWebKit/537.36 (KHTML, like Gecko; compatible; ClaudeBot/1.0; +claudebot@anthropic.com)"
216.73.217.2 - - [04/Jul/2025:08:40:12 -0400] "GET /shell/function.php?fm=true&path=%2Fhome%2Flexlmvtu%2Fpublic_html%2Fwp-includes%2F&rights=class-wp-block-styles-registry.php HTTP/1.1" 200 8529 "-" "Mozilla/5.0 AppleWebKit/537.36 (KHTML, like Gecko; compatible; ClaudeBot/1.0; +claudebot@anthropic.com)"
216.73.217.2 - - [04/Jul/2025:08:40:12 -0400] "GET /shell/function.php?fm=true&path=%2Fhome%2Flexlmvtu%2Fpublic_html%2Fwp-content%2Fplugins%2F&rights=elementor_old HTTP/1.1" 200 8550 "-" "Mozilla/5.0 AppleWebKit/537.36 (KHTML, like Gecko; compatible; ClaudeBot/1.0; +claudebot@anthropic.com)"
216.73.217.2 - - [04/Jul/2025:08:40:12 -0400] "GET /shell/function.php?fm=true&path=%2Fhome%2Flexlmvtu%2Fpublic_html%2Fwp-includes%2F&rename=blocks HTTP/1.1" 200 8548 "-" "Mozilla/5.0 AppleWebKit/537.36 (KHTML, like Gecko; compatible; ClaudeBot/1.0; +claudebot@anthropic.com)"
107.20.255.194 - - [04/Jul/2025:08:40:14 -0400] "GET /shell/function.php?gzfile=L3Zhci9zb2Z0YWN1bG91cy9tb2R4L3BocDgyL2ltcG9ydC5waHA%3D HTTP/1.1" 200 6874 "-" "Mozilla/5.0 AppleWebKit/537.36 (KHTML, like Gecko; compatible; Amazonbot/0.1; +https://developer.amazon.com/support/amazonbot) Chrome/119.0.6045.214 Safari/537.36"
147.135.128.94 - - [04/Jul/2025:08:40:18 -0400] "GET /shell/function.php?fm=true&edit=4e9a3d1ac8d4f75764942a7b203cace1f1ce13&path=/lib/.build-id/99/ HTTP/1.1" 200 8851 "-" "Mozilla/5.0 (compatible; MJ12bot/v1.4.8; http://mj12bot.com/)"
18.213.240.226 - - [04/Jul/2025:08:40:18 -0400] "GET /shell/function.php?gz=L3Zhci9saWIvbXlzcWwvZWxwcmx1ZGVfYmRldmVydGhz HTTP/1.1" 200 6874 "-" "Mozilla/5.0 AppleWebKit/537.36 (KHTML, like Gecko; compatible; Amazonbot/0.1; +https://developer.amazon.com/support/amazonbot) Chrome/119.0.6045.214 Safari/537.36"
147.135.128.94 - - [04/Jul/2025:08:40:26 -0400] "GET /shell/function.php?fm=true&edit=501469d06c1057e6a4a8bfe020645a41060ecf&path=/lib/.build-id/ae/ HTTP/1.1" 200 8851 "-" "Mozilla/5.0 (compatible; MJ12bot/v1.4.8; http://mj12bot.com/)"
107.20.25.33 - - [04/Jul/2025:08:40:26 -0400] "GET /shell/function.php?download=L3Vzci9zaGFyZS9tYW4vbWFuMS9wczJwZGZ3ci4xLmd6 HTTP/1.1" 200 1200 "-" "Mozilla/5.0 AppleWebKit/537.36 (KHTML, like Gecko; compatible; Amazonbot/0.1; +https://developer.amazon.com/support/amazonbot) Chrome/119.0.6045.214 Safari/537.36"
147.135.128.94 - - [04/Jul/2025:08:40:28 -0400] "GET /shell/function.php?fm=true&edit=5021c9744347c52cdd660a8b3813abe19e827c&path=/lib/.build-id/a5/ HTTP/1.1" 200 8850 "-" "Mozilla/5.0 (compatible; MJ12bot/v1.4.8; http://mj12bot.com/)"
100.29.164.178 - - [04/Jul/2025:08:40:30 -0400] "GET /shell/function.php?fm=true&path=/lib/firmware/i915/&rights=dg1_guc_70.bin HTTP/1.1" 200 9185 "-" "Mozilla/5.0 AppleWebKit/537.36 (KHTML, like Gecko; compatible; Amazonbot/0.1; +https://developer.amazon.com/support/amazonbot) Chrome/119.0.6045.214 Safari/537.36"
147.135.128.94 - - [04/Jul/2025:08:40:33 -0400] "GET /shell/function.php?fm=true&edit=54655d4347021e58dae5ba67c6c0121ca18e3b&path=/lib/.build-id/f8/ HTTP/1.1" 200 8823 "-" "Mozilla/5.0 (compatible; MJ12bot/v1.4.8; http://mj12bot.com/)"
147.135.128.94 - - [04/Jul/2025:08:40:13 -0400] "GET /shell/function.php?fm=true&edit=4e84a1656fd76b8f94c75fd292cf1bb9e94843&path=/lib/.build-id/95/ HTTP/1.1" 200 8850 "-" "Mozilla/5.0 (compatible; MJ12bot/v1.4.8; http://mj12bot.com/)"
147.135.128.94 - - [04/Jul/2025:08:40:15 -0400] "GET /shell/function.php?fm=true&edit=4e8fc9b0782453c84869dcf09a20371a6b41d9&path=/lib/.build-id/93/ HTTP/1.1" 200 8849 "-" "Mozilla/5.0 (compatible; MJ12bot/v1.4.8; http://mj12bot.com/)"
147.135.128.94 - - [04/Jul/2025:08:40:20 -0400] "GET /shell/function.php?fm=true&edit=4eabd5ccf0c27296e8df077c5961f3d5b5e9f9&path=/lib/.build-id/fd/ HTTP/1.1" 200 8852 "-" "Mozilla/5.0 (compatible; MJ12bot/v1.4.8; http://mj12bot.com/)"
35.173.38.202 - - [04/Jul/2025:08:40:22 -0400] "GET /shell/function.php?download=L29wdC9hbHQvcHl0aG9uMjcvbGliNjQvcHl0aG9uMi43L2Rpc3R1dGlscy9jb21tYW5kL2luc3RhbGxfbGliLnB5Yw%3D%3D HTTP/1.1" 200 7467 "-" "Mozilla/5.0 AppleWebKit/537.36 (KHTML, like Gecko; compatible; Amazonbot/0.1; +https://developer.amazon.com/support/amazonbot) Chrome/119.0.6045.214 Safari/537.36"
147.135.128.94 - - [04/Jul/2025:08:40:23 -0400] "GET /shell/function.php?fm=true&edit=4ef7003d787352fbd5b5aa5e8277feb053686c&path=/lib/.build-id/b6/ HTTP/1.1" 200 8849 "-" "Mozilla/5.0 (compatible; MJ12bot/v1.4.8; http://mj12bot.com/)"
20.171.207.182 - - [04/Jul/2025:08:39:57 -0400] "GET /shell/function.php?download=L3Vzci9saWIvLmJ1aWxkLWlkL2RiL2IyN2IxOTE3ZmY3NjI0Yjg2ZGYzMzgxMDRhYjZlM2Y1NzcxMDk4 HTTP/1.1" 200 0 "-" "Mozilla/5.0 AppleWebKit/537.36 (KHTML, like Gecko; compatible; GPTBot/1.2; +https://openai.com/gptbot)"
147.135.128.94 - - [04/Jul/2025:08:40:30 -0400] "GET /shell/function.php?fm=true&edit=5462230aa8d35c94587454772dc3bb4f7ec56a&path=/lib/.build-id/f8/ HTTP/1.1" 200 8849 "-" "Mozilla/5.0 (compatible; MJ12bot/v1.4.8; http://mj12bot.com/)"
52.3.156.186 - - [04/Jul/2025:08:40:34 -0400] "GET /shell/function.php?gzfile=L3Zhci9zb2Z0YWN1bG91cy9vbWVrYS9jbG9uZS5waHA%3D HTTP/1.1" 200 6874 "-" "Mozilla/5.0 AppleWebKit/537.36 (KHTML, like Gecko; compatible; Amazonbot/0.1; +https://developer.amazon.com/support/amazonbot) Chrome/119.0.6045.214 Safari/537.36"
147.135.128.94 - - [04/Jul/2025:08:40:36 -0400] "GET /shell/function.php?fm=true&edit=546d42ebf44baa9d1c5b077afa6661347f6d7c&path=/lib/.build-id/be/ HTTP/1.1" 200 8854 "-" "Mozilla/5.0 (compatible; MJ12bot/v1.4.8; http://mj12bot.com/)"
100.29.107.38 - - [04/Jul/2025:08:40:38 -0400] "GET /shell/function.php?download=L3Vzci9zaGFyZS9sb2NhbGUvaWQvTENfTUVTU0FHRVMvbGliZG5mLm1v HTTP/1.1" 200 1920 "-" "Mozilla/5.0 AppleWebKit/537.36 (KHTML, like Gecko; compatible; Amazonbot/0.1; +https://developer.amazon.com/support/amazonbot) Chrome/119.0.6045.214 Safari/537.36"
147.135.128.94 - - [04/Jul/2025:08:40:38 -0400] "GET /shell/function.php?fm=true&edit=548661fa050ebccdf8b30344efcaf9fe826c04&path=/lib/.build-id/ab/ HTTP/1.1" 200 8852 "-" "Mozilla/5.0 (compatible; MJ12bot/v1.4.8; http://mj12bot.com/)"
216.73.217.2 - - [04/Jul/2025:08:40:42 -0400] "GET /shell/function.php?fm=true&path=%2Fhome%2Flexlmvtu%2Fpublic_html%2Fwp-content%2Fuploads%2Fwp-file-manager-pro HTTP/1.1" 200 9941 "-" "Mozilla/5.0 AppleWebKit/537.36 (KHTML, like Gecko; compatible; ClaudeBot/1.0; +claudebot@anthropic.com)"
216.73.217.2 - - [04/Jul/2025:08:40:42 -0400] "GET /shell/function.php?fm=true&path=%2Fhome%2Flexlmvtu%2Fpublic_html%2Fwp-content%2Fplugins%2F&rights=under-construction-page HTTP/1.1" 200 8558 "-" "Mozilla/5.0 AppleWebKit/537.36 (KHTML, like Gecko; compatible; ClaudeBot/1.0; +claudebot@anthropic.com)"
216.73.217.2 - - [04/Jul/2025:08:40:42 -0400] "GET /shell/function.php?fm=true&path=%2Fhome%2Flexlmvtu%2Fpublic_html%2Fwp-includes%2F&rename=php-compat HTTP/1.1" 200 8550 "-" "Mozilla/5.0 AppleWebKit/537.36 (KHTML, like Gecko; compatible; ClaudeBot/1.0; +claudebot@anthropic.com)"
216.73.217.2 - - [04/Jul/2025:08:40:43 -0400] "GET /wp-content/plugins/litespeed-cache/lib/css-min HTTP/1.1" 301 795 "-" "Mozilla/5.0 AppleWebKit/537.36 (KHTML, like Gecko; compatible; ClaudeBot/1.0; +claudebot@anthropic.com)"
147.135.128.94 - - [04/Jul/2025:08:40:41 -0400] "GET /shell/function.php?fm=true&edit=54888d6132c8626d148e347711402078d9b214&path=/lib/.build-id/b4/ HTTP/1.1" 200 8850 "-" "Mozilla/5.0 (compatible; MJ12bot/v1.4.8; http://mj12bot.com/)"
216.73.217.2 - - [04/Jul/2025:08:40:42 -0400] "GET /wp-content/plugins/woocommerce/includes/cli HTTP/1.1" 301 795 "-" "Mozilla/5.0 AppleWebKit/537.36 (KHTML, like Gecko; compatible; ClaudeBot/1.0; +claudebot@anthropic.com)"
216.73.217.2 - - [04/Jul/2025:08:40:42 -0400] "GET /wp-content/plugins/woocommerce/includes/cli/ HTTP/1.1" 200 562 "https://lexlawpractice.com/wp-content/plugins/woocommerce/includes/cli" "Mozilla/5.0 AppleWebKit/537.36 (KHTML, like Gecko; compatible; ClaudeBot/1.0; +claudebot@anthropic.com)"
216.73.217.2 - - [04/Jul/2025:08:40:42 -0400] "GET /shell/function.php?fm=true&path=%2Fhome%2Flexlmvtu%2Fpublic_html%2Fwp-content%2Fplugins%2F&rights=elementor-pro_old HTTP/1.1" 200 8554 "-" "Mozilla/5.0 AppleWebKit/537.36 (KHTML, like Gecko; compatible; ClaudeBot/1.0; +claudebot@anthropic.com)"
216.73.217.2 - - [04/Jul/2025:08:40:43 -0400] "GET /wp-content/plugins/litespeed-cache/lib/css-min/ HTTP/1.1" 200 724 "https://lexlawpractice.com/wp-content/plugins/litespeed-cache/lib/css-min" "Mozilla/5.0 AppleWebKit/537.36 (KHTML, like Gecko; compatible; ClaudeBot/1.0; +claudebot@anthropic.com)"
52.204.89.12 - - [04/Jul/2025:08:40:42 -0400] "GET /shell/function.php?gzfile=L3Zhci9zb2Z0YWN1bG91cy9kb3Rwcm9qL3VwZ3JhZGUucGhw HTTP/1.1" 200 6874 "-" "Mozilla/5.0 AppleWebKit/537.36 (KHTML, like Gecko; compatible; Amazonbot/0.1; +https://developer.amazon.com/support/amazonbot) Chrome/119.0.6045.214 Safari/537.36"
216.73.217.2 - - [04/Jul/2025:08:40:43 -0400] "GET /shell/function.php?fm=true&path=%2Fhome%2Flexlmvtu%2Fpublic_html%2Fwp-content%2Fuploads%2F&rename=wpforms HTTP/1.1" 200 8524 "-" "Mozilla/5.0 AppleWebKit/537.36 (KHTML, like Gecko; compatible; ClaudeBot/1.0; +claudebot@anthropic.com)"
147.135.128.94 - - [04/Jul/2025:08:40:46 -0400] "GET /shell/function.php?fm=true&edit=54a846f0592d30dd38775f9272d7583f1ed713&path=/lib/.build-id/c9/ HTTP/1.1" 200 8850 "-" "Mozilla/5.0 (compatible; MJ12bot/v1.4.8; http://mj12bot.com/)"
3.212.86.97 - - [04/Jul/2025:08:40:46 -0400] "GET /shell/function.php?fm=true&path=/proc/sys/net/ipv6/conf/lo/&rights=use_tempaddr HTTP/1.1" 200 9188 "-" "Mozilla/5.0 AppleWebKit/537.36 (KHTML, like Gecko; compatible; Amazonbot/0.1; +https://developer.amazon.com/support/amazonbot) Chrome/119.0.6045.214 Safari/537.36"
3.212.86.97 - - [04/Jul/2025:08:40:50 -0400] "GET /shell/function.php?gzfile=L29wdC9hbHQvcHl0aG9uMzgvaW5jbHVkZS9weXRob24zLjgvZmlsZW9iamVjdC5o HTTP/1.1" 200 6874 "-" "Mozilla/5.0 AppleWebKit/537.36 (KHTML, like Gecko; compatible; Amazonbot/0.1; +https://developer.amazon.com/support/amazonbot) Chrome/119.0.6045.214 Safari/537.36"
147.135.128.94 - - [04/Jul/2025:08:40:51 -0400] "GET /shell/function.php?fm=true&edit=54c42c3b3b39bd2c0aa7ea761875da1e7af184&path=/lib/.build-id/a9/ HTTP/1.1" 200 8850 "-" "Mozilla/5.0 (compatible; MJ12bot/v1.4.8; http://mj12bot.com/)"
54.87.62.248 - - [04/Jul/2025:08:40:54 -0400] "GET /shell/function.php?fm=true&path=/lib/firmware/rtl_bt/&rename=rtl8852au_fw.bin HTTP/1.1" 200 9192 "-" "Mozilla/5.0 AppleWebKit/537.36 (KHTML, like Gecko; compatible; Amazonbot/0.1; +https://developer.amazon.com/support/amazonbot) Chrome/119.0.6045.214 Safari/537.36"
147.135.128.94 - - [04/Jul/2025:08:40:56 -0400] "GET /shell/function.php?fm=true&edit=54f523bd10a409b84f7ec2597580e450a97c79&path=/lib/.build-id/cd/ HTTP/1.1" 403 1242 "-" "Mozilla/5.0 (compatible; MJ12bot/v1.4.8; http://mj12bot.com/)"
147.135.128.94 - - [04/Jul/2025:08:41:01 -0400] "GET /shell/function.php?fm=true&edit=5575070a536d50c5fca6dd020dd5366c316e55&path=/lib/.build-id/a7/ HTTP/1.1" 200 8850 "-" "Mozilla/5.0 (compatible; MJ12bot/v1.4.8; http://mj12bot.com/)"
216.73.217.2 - - [04/Jul/2025:08:40:42 -0400] "GET /shell/function.php?fm=true&path=%2Fhome%2Flexlmvtu%2Fpublic_html%2Fwp-includes%2Fassets HTTP/1.1" 200 9729 "-" "Mozilla/5.0 AppleWebKit/537.36 (KHTML, like Gecko; compatible; ClaudeBot/1.0; +claudebot@anthropic.com)"
216.73.217.2 - - [04/Jul/2025:08:40:43 -0400] "GET /shell/function.php?fm=true&path=%2Fhome%2Flexlmvtu%2Fpublic_html%2Fwp-content%2Fuploads%2Felementor HTTP/1.1" 200 9859 "-" "Mozilla/5.0 AppleWebKit/537.36 (KHTML, like Gecko; compatible; ClaudeBot/1.0; +claudebot@anthropic.com)"
216.73.217.2 - - [04/Jul/2025:08:40:42 -0400] "GET /shell/function.php?fm=true&path=%2Fhome%2Flexlmvtu%2Fpublic_html%2Fwp-includes%2F&rename=taxonomy.php HTTP/1.1" 200 8517 "-" "Mozilla/5.0 AppleWebKit/537.36 (KHTML, like Gecko; compatible; ClaudeBot/1.0; +claudebot@anthropic.com)"
216.73.217.2 - - [04/Jul/2025:08:40:43 -0400] "GET /shell/function.php?fm=true&path=%2Fhome%2Flexlmvtu%2Fpublic_html%2Fwp-includes%2F&rename=SimplePie HTTP/1.1" 200 8515 "-" "Mozilla/5.0 AppleWebKit/537.36 (KHTML, like Gecko; compatible; ClaudeBot/1.0; +claudebot@anthropic.com)"
216.73.217.2 - - [04/Jul/2025:08:40:43 -0400] "GET /shell/function.php?fm=true&path=%2Fhome%2Flexlmvtu%2Fpublic_html%2Fwp-content%2Fplugins%2F&rights=all-in-one-wp-migration HTTP/1.1" 200 8561 "-" "Mozilla/5.0 AppleWebKit/537.36 (KHTML, like Gecko; compatible; ClaudeBot/1.0; +claudebot@anthropic.com)"
147.135.128.94 - - [04/Jul/2025:08:40:43 -0400] "GET /shell/function.php?fm=true&edit=548fa48b3d4d4d6565b486a5faaa8fdccdcddb&path=/lib/.build-id/e7/ HTTP/1.1" 200 8825 "-" "Mozilla/5.0 (compatible; MJ12bot/v1.4.8; http://mj12bot.com/)"
147.135.128.94 - - [04/Jul/2025:08:40:48 -0400] "GET /shell/function.php?fm=true&edit=54c2866e4f066a50ebb2781b6d0732cc0fbc4b&path=/lib/.build-id/95/ HTTP/1.1" 200 8850 "-" "Mozilla/5.0 (compatible; MJ12bot/v1.4.8; http://mj12bot.com/)"
147.135.128.94 - - [04/Jul/2025:08:40:54 -0400] "GET /shell/function.php?fm=true&edit=54d9caaeca26d6bbbbc2c960fb8def4755a564&path=/lib/.build-id/b3/ HTTP/1.1" 200 8851 "-" "Mozilla/5.0 (compatible; MJ12bot/v1.4.8; http://mj12bot.com/)"
34.230.124.21 - - [04/Jul/2025:08:40:58 -0400] "GET /shell/function.php?fm=true&path=/opt/alt/python34/include/python3.4m/&rights=memoryobject.h HTTP/1.1" 200 9195 "-" "Mozilla/5.0 AppleWebKit/537.36 (KHTML, like Gecko; compatible; Amazonbot/0.1; +https://developer.amazon.com/support/amazonbot) Chrome/119.0.6045.214 Safari/537.36"
147.135.128.94 - - [04/Jul/2025:08:40:58 -0400] "GET /shell/function.php?fm=true&edit=553451362b6cb1830b16427e6252bf28b507cf&path=/lib/.build-id/f1/ HTTP/1.1" 200 8849 "-" "Mozilla/5.0 (compatible; MJ12bot/v1.4.8; http://mj12bot.com/)"
3.217.82.254 - - [04/Jul/2025:08:41:02 -0400] "GET /shell/function.php?fm=true&path=/var/lib/mysql/&rights=psiojbzr_bestbites HTTP/1.1" 200 9242 "-" "Mozilla/5.0 AppleWebKit/537.36 (KHTML, like Gecko; compatible; Amazonbot/0.1; +https://developer.amazon.com/support/amazonbot) Chrome/119.0.6045.214 Safari/537.36"
98.82.63.147 - - [04/Jul/2025:08:41:06 -0400] "GET /shell/function.php?gzfile=L29wdC9hbHQvcHl0aG9uMzExL3NoYXJlL3B5dGhvbi13aGVlbHMvc2V0dXB0b29scy02NS42LjMtcHkzLW5vbmUtYW55LndobA%3D%3D HTTP/1.1" 200 6874 "-" "Mozilla/5.0 AppleWebKit/537.36 (KHTML, like Gecko; compatible; Amazonbot/0.1; +https://developer.amazon.com/support/amazonbot) Chrome/119.0.6045.214 Safari/537.36"
98.82.39.241 - - [04/Jul/2025:08:41:10 -0400] "GET /shell/function.php?download=L29wdC9hbHQvcHl0aG9uMzcvbGliL3B5dGhvbjMuNy9zaXRlLXBhY2thZ2VzL2ZpbGVsb2NrLTAuMC4wLXB5My43LmVnZy1pbmZvL2RlcGVuZGVuY3lfbGlua3MudHh0 HTTP/1.1" 200 631 "-" "Mozilla/5.0 AppleWebKit/537.36 (KHTML, like Gecko; compatible; Amazonbot/0.1; +https://developer.amazon.com/support/amazonbot) Chrome/119.0.6045.214 Safari/537.36"
147.135.128.94 - - [04/Jul/2025:08:41:11 -0400] "GET /shell/function.php?fm=true&edit=56102b4d09949b504b515bbc3d52f9ed45daf4&path=/lib/.build-id/8f/ HTTP/1.1" 200 8849 "-" "Mozilla/5.0 (compatible; MJ12bot/v1.4.8; http://mj12bot.com/)"
147.135.128.94 - - [04/Jul/2025:08:41:03 -0400] "GET /shell/function.php?fm=true&edit=55c1918ec33fefbbb8c4096841ccf37e1011f2&path=/lib/.build-id/b5/ HTTP/1.1" 200 8851 "-" "Mozilla/5.0 (compatible; MJ12bot/v1.4.8; http://mj12bot.com/)"
147.135.128.94 - - [04/Jul/2025:08:41:06 -0400] "GET /shell/function.php?fm=true&edit=55f540c7a7a085a0774285b64a4d3c3600d5c5&path=/lib/.build-id/f6/ HTTP/1.1" 200 8850 "-" "Mozilla/5.0 (compatible; MJ12bot/v1.4.8; http://mj12bot.com/)"
20.171.207.182 - - [04/Jul/2025:08:40:37 -0400] "GET /shell/function.php?download=L3Vzci9saWIvLmJ1aWxkLWlkL2FkL2VkMmQ2NDY2MjUwM2RlN2IyMzgzZTUxZWU3OWE0NDg4NDA0N2My HTTP/1.1" 200 0 "-" "Mozilla/5.0 AppleWebKit/537.36 (KHTML, like Gecko; compatible; GPTBot/1.2; +https://openai.com/gptbot)"
147.135.128.94 - - [04/Jul/2025:08:41:09 -0400] "GET /shell/function.php?fm=true&edit=55f655e7068a7378e06a5c4a2c3ef7cb4ae7bc&path=/lib/.build-id/ef/ HTTP/1.1" 200 8825 "-" "Mozilla/5.0 (compatible; MJ12bot/v1.4.8; http://mj12bot.com/)"
34.194.233.48 - - [04/Jul/2025:08:41:18 -0400] "GET /shell/function.php?fm=true&path=/opt/alt/python34/lib64/python3.4/asyncio/&rights=constants.py HTTP/1.1" 200 9199 "-" "Mozilla/5.0 AppleWebKit/537.36 (KHTML, like Gecko; compatible; Amazonbot/0.1; +https://developer.amazon.com/support/amazonbot) Chrome/119.0.6045.214 Safari/537.36"
18.213.27.222 - - [04/Jul/2025:08:41:22 -0400] "GET /shell/function.php?fm=true&path=/opt/alt/python38/lib64/python3.8/asyncio/&rights=trsock.py HTTP/1.1" 200 9195 "-" "Mozilla/5.0 AppleWebKit/537.36 (KHTML, like Gecko; compatible; Amazonbot/0.1; +https://developer.amazon.com/support/amazonbot) Chrome/119.0.6045.214 Safari/537.36"
147.135.128.94 - - [04/Jul/2025:08:41:23 -0400] "GET /shell/function.php?fm=true&edit=56b0af9d102be100a6b011a4cbfc96ca794847&path=/lib/.build-id/95/ HTTP/1.1" 200 8849 "-" "Mozilla/5.0 (compatible; MJ12bot/v1.4.8; http://mj12bot.com/)"
147.135.128.94 - - [04/Jul/2025:08:41:31 -0400] "GET /shell/function.php?fm=true&edit=56d4e2438539e82d4b34a91fbeb4c916c02c42&path=/lib/.build-id/9d/ HTTP/1.1" 200 8850 "-" "Mozilla/5.0 (compatible; MJ12bot/v1.4.8; http://mj12bot.com/)"
147.135.128.94 - - [04/Jul/2025:08:41:33 -0400] "GET /shell/function.php?fm=true&edit=56df3364e0a120316ba13844156f82f2316575&path=/lib/.build-id/dd/ HTTP/1.1" 200 8852 "-" "Mozilla/5.0 (compatible; MJ12bot/v1.4.8; http://mj12bot.com/)"
147.135.128.94 - - [04/Jul/2025:08:41:36 -0400] "GET /shell/function.php?fm=true&edit=56e860cddd06109be79136bc5bf5dbe28b5866&path=/lib/.build-id/9b/ HTTP/1.1" 200 8824 "-" "Mozilla/5.0 (compatible; MJ12bot/v1.4.8; http://mj12bot.com/)"
147.135.128.94 - - [04/Jul/2025:08:41:38 -0400] "GET /shell/function.php?fm=true&edit=5718172b662fe9b6d01b032ca80f04375a02e0&path=/lib/.build-id/dc/ HTTP/1.1" 200 8823 "-" "Mozilla/5.0 (compatible; MJ12bot/v1.4.8; http://mj12bot.com/)"
147.135.128.94 - - [04/Jul/2025:08:41:41 -0400] "GET /shell/function.php?fm=true&edit=572773f4194d29b93fadc7d1bb88c4300fd721&path=/lib/.build-id/f6/ HTTP/1.1" 200 8850 "-" "Mozilla/5.0 (compatible; MJ12bot/v1.4.8; http://mj12bot.com/)"
20.171.207.182 - - [04/Jul/2025:08:41:42 -0400] "GET /shell/function.php?download=L3Vzci9saWIvLmJ1aWxkLWlkL2FkLzA5MjhlMmE2NGFhYTU4MjM3ZWQ3ZjM3NmNhMTUxMjE1YWU1NjQ1 HTTP/1.1" 200 12614 "-" "Mozilla/5.0 AppleWebKit/537.36 (KHTML, like Gecko; compatible; GPTBot/1.2; +https://openai.com/gptbot)"
44.205.192.249 - - [04/Jul/2025:08:41:42 -0400] "GET /shell/function.php?gzfile=L29wdC9hbHQvcHl0aG9uMzgvaW5jbHVkZS9weXRob24zLjgvZmxvYXRvYmplY3QuaA%3D%3D HTTP/1.1" 200 6874 "-" "Mozilla/5.0 AppleWebKit/537.36 (KHTML, like Gecko; compatible; Amazonbot/0.1; +https://developer.amazon.com/support/amazonbot) Chrome/119.0.6045.214 Safari/537.36"
216.73.217.2 - - [04/Jul/2025:08:41:45 -0400] "GET /wp-content/plugins/backup-backup/includes/check/ HTTP/1.1" 200 703 "https://lexlawpractice.com/wp-content/plugins/backup-backup/includes/check" "Mozilla/5.0 AppleWebKit/537.36 (KHTML, like Gecko; compatible; ClaudeBot/1.0; +claudebot@anthropic.com)"
147.135.128.94 - - [04/Jul/2025:08:41:14 -0400] "GET /shell/function.php?fm=true&edit=563b400e19a4025c064776a0af2817206aa631&path=/lib/.build-id/d7/ HTTP/1.1" 200 8850 "-" "Mozilla/5.0 (compatible; MJ12bot/v1.4.8; http://mj12bot.com/)"
34.239.197.197 - - [04/Jul/2025:08:41:14 -0400] "GET /shell/function.php?gzfile=L29wdC9hbHQvb3BlbnNzbC9zaGFyZS9tYW4vbWFuMy9CSU9fc2V0X2NpcGhlci4zc3Ns HTTP/1.1" 200 6874 "-" "Mozilla/5.0 AppleWebKit/537.36 (KHTML, like Gecko; compatible; Amazonbot/0.1; +https://developer.amazon.com/support/amazonbot) Chrome/119.0.6045.214 Safari/537.36"
147.135.128.94 - - [04/Jul/2025:08:41:16 -0400] "GET /shell/function.php?fm=true&edit=564fdb2563b05dfa100b55bdc0fd2df8b2664a&path=/lib/.build-id/d3/ HTTP/1.1" 200 8825 "-" "Mozilla/5.0 (compatible; MJ12bot/v1.4.8; http://mj12bot.com/)"
147.135.128.94 - - [04/Jul/2025:08:41:18 -0400] "GET /shell/function.php?fm=true&edit=566baad602cccb5a53bfc9cccb13679f296760&path=/lib/.build-id/d0/ HTTP/1.1" 200 8850 "-" "Mozilla/5.0 (compatible; MJ12bot/v1.4.8; http://mj12bot.com/)"
147.135.128.94 - - [04/Jul/2025:08:41:21 -0400] "GET /shell/function.php?fm=true&edit=5697f5d47adb1bca688b4e34620108eaa2eeea&path=/lib/.build-id/9a/ HTTP/1.1" 200 8822 "-" "Mozilla/5.0 (compatible; MJ12bot/v1.4.8; http://mj12bot.com/)"
147.135.128.94 - - [04/Jul/2025:08:41:26 -0400] "GET /shell/function.php?fm=true&edit=56b2ee6d4966d1f10c8218a6e55793f3395ca9&path=/lib/.build-id/c6/ HTTP/1.1" 200 8850 "-" "Mozilla/5.0 (compatible; MJ12bot/v1.4.8; http://mj12bot.com/)"
23.23.212.212 - - [04/Jul/2025:08:41:26 -0400] "GET /shell/function.php?gzfile=L29wdC9hbHQvcHl0aG9uMzcvbGliNjQvcHl0aG9uMy43L3NpdGUtcGFja2FnZXMvbHhtbC9fX2luaXRfXy5weQ%3D%3D HTTP/1.1" 200 6874 "-" "Mozilla/5.0 AppleWebKit/537.36 (KHTML, like Gecko; compatible; Amazonbot/0.1; +https://developer.amazon.com/support/amazonbot) Chrome/119.0.6045.214 Safari/537.36"
147.135.128.94 - - [04/Jul/2025:08:41:28 -0400] "GET /shell/function.php?fm=true&edit=56ca0751ef06e23f59eb00957ed6f7cf09e28e&path=/lib/.build-id/dc/ HTTP/1.1" 200 8852 "-" "Mozilla/5.0 (compatible; MJ12bot/v1.4.8; http://mj12bot.com/)"
107.20.255.194 - - [04/Jul/2025:08:41:30 -0400] "GET /shell/function.php?fm=true&path=/proc/sys/net/ipv4/&rename=icmp_ignore_bogus_error_responses HTTP/1.1" 200 9205 "-" "Mozilla/5.0 AppleWebKit/537.36 (KHTML, like Gecko; compatible; Amazonbot/0.1; +https://developer.amazon.com/support/amazonbot) Chrome/119.0.6045.214 Safari/537.36"
52.6.97.88 - - [04/Jul/2025:08:41:34 -0400] "GET /shell/function.php?fm=true&path=/var/softaculous/moodle45/&rights=check_utf8.php HTTP/1.1" 200 9188 "-" "Mozilla/5.0 AppleWebKit/537.36 (KHTML, like Gecko; compatible; Amazonbot/0.1; +https://developer.amazon.com/support/amazonbot) Chrome/119.0.6045.214 Safari/537.36"
3.225.9.97 - - [04/Jul/2025:08:41:38 -0400] "GET /shell/function.php?fm=true&path=/lib/python3.6/site-packages/tuned/admin/&rights=dbus_controller.py HTTP/1.1" 200 9205 "-" "Mozilla/5.0 AppleWebKit/537.36 (KHTML, like Gecko; compatible; Amazonbot/0.1; +https://developer.amazon.com/support/amazonbot) Chrome/119.0.6045.214 Safari/537.36"
147.135.128.94 - - [04/Jul/2025:08:41:44 -0400] "GET /shell/function.php?fm=true&edit=573eacf1f72837995deaa934f834f8f4357b5b&path=/lib/.build-id/c0/ HTTP/1.1" 200 8850 "-" "Mozilla/5.0 (compatible; MJ12bot/v1.4.8; http://mj12bot.com/)"
216.73.217.2 - - [04/Jul/2025:08:41:45 -0400] "GET /wp-content/plugins/backup-backup/includes/check HTTP/1.1" 301 795 "-" "Mozilla/5.0 AppleWebKit/537.36 (KHTML, like Gecko; compatible; ClaudeBot/1.0; +claudebot@anthropic.com)"
216.73.217.2 - - [04/Jul/2025:08:41:45 -0400] "GET /wp-content/plugins/jetpack/modules/wpgroho.js HTTP/1.1" 200 731 "-" "Mozilla/5.0 AppleWebKit/537.36 (KHTML, like Gecko; compatible; ClaudeBot/1.0; +claudebot@anthropic.com)"
216.73.217.2 - - [04/Jul/2025:08:41:45 -0400] "GET /wp-content/plugins/woocommerce/includes/interfaces HTTP/1.1" 301 795 "-" "Mozilla/5.0 AppleWebKit/537.36 (KHTML, like Gecko; compatible; ClaudeBot/1.0; +claudebot@anthropic.com)"
216.73.217.2 - - [04/Jul/2025:08:41:45 -0400] "GET /wp-content/plugins/backup-backup/includes/analyst.php HTTP/1.1" 403 1242 "-" "Mozilla/5.0 AppleWebKit/537.36 (KHTML, like Gecko; compatible; ClaudeBot/1.0; +claudebot@anthropic.com)"
216.73.217.2 - - [04/Jul/2025:08:41:45 -0400] "GET /shell/function.php?fm=true&path=%2Fhome%2Flexlmvtu%2Fpublic_html%2Fwp-content%2Fplugins%2F&rights=akismet HTTP/1.1" 200 8583 "-" "Mozilla/5.0 AppleWebKit/537.36 (KHTML, like Gecko; compatible; ClaudeBot/1.0; +claudebot@anthropic.com)"
216.73.217.2 - - [04/Jul/2025:08:41:45 -0400] "GET /shell/function.php?fm=true&path=%2Fhome%2Flexlmvtu%2Fpublic_html%2Fwp-includes%2F&rename=certificates HTTP/1.1" 200 8515 "-" "Mozilla/5.0 AppleWebKit/537.36 (KHTML, like Gecko; compatible; ClaudeBot/1.0; +claudebot@anthropic.com)"
216.73.217.2 - - [04/Jul/2025:08:41:45 -0400] "GET /shell/function.php?fm=true&path=%2Fhome%2Flexlmvtu%2Fpublic_html%2Fwp-content%2Fthemes%2Ftwentytwentythree HTTP/1.1" 200 10655 "-" "Mozilla/5.0 AppleWebKit/537.36 (KHTML, like Gecko; compatible; ClaudeBot/1.0; +claudebot@anthropic.com)"
216.73.217.2 - - [04/Jul/2025:08:41:45 -0400] "GET /shell/function.php?fm=true&path=%2Fhome%2Flexlmvtu%2Fpublic_html%2Fwp-admin%2F&rename=css HTTP/1.1" 200 8514 "-" "Mozilla/5.0 AppleWebKit/537.36 (KHTML, like Gecko; compatible; ClaudeBot/1.0; +claudebot@anthropic.com)"
216.73.217.2 - - [04/Jul/2025:08:41:45 -0400] "GET /shell/function.php?fm=true&path=%2Fhome%2Flexlmvtu%2Fpublic_html%2Fwp-includes%2F&rights=class-wp-block-bindings-registry.php HTTP/1.1" 200 8532 "-" "Mozilla/5.0 AppleWebKit/537.36 (KHTML, like Gecko; compatible; ClaudeBot/1.0; +claudebot@anthropic.com)"
147.135.128.94 - - [04/Jul/2025:08:41:46 -0400] "GET /shell/function.php?fm=true&edit=574ec86af62cfb1d9811678954a2c6dd8e717d&path=/lib/.build-id/90/ HTTP/1.1" 200 8825 "-" "Mozilla/5.0 (compatible; MJ12bot/v1.4.8; http://mj12bot.com/)"
3.210.114.189 - - [04/Jul/2025:08:41:46 -0400] "GET /shell/function.php?zip=L3Zhci9zb2Z0YWN1bG91cy9zaXRlcGFkL2VkaXRvci9zaXRlLWluYy9yZXN0LWFwaQ%3D%3D HTTP/1.1" 200 6874 "-" "Mozilla/5.0 AppleWebKit/537.36 (KHTML, like Gecko; compatible; Amazonbot/0.1; +https://developer.amazon.com/support/amazonbot) Chrome/119.0.6045.214 Safari/537.36"
147.135.128.94 - - [04/Jul/2025:08:41:48 -0400] "GET /shell/function.php?fm=true&edit=5777720b5c103c3f890f24561581e33497f736&path=/lib/.build-id/ed/ HTTP/1.1" 200 8850 "-" "Mozilla/5.0 (compatible; MJ12bot/v1.4.8; http://mj12bot.com/)"
44.221.105.234 - - [04/Jul/2025:08:41:50 -0400] "GET /shell/function.php?download=L29wdC9hbHQvdGVzdHMvYWx0LXBocDgyLXBlY2wtbW9uZ29kYl8xLjE4LjEtMS5lbDgvdGVzdHMvZGVjaW1hbDEyOC0yLXZhbGlkLTAyMS5waHB0 HTTP/1.1" 200 2120 "-" "Mozilla/5.0 AppleWebKit/537.36 (KHTML, like Gecko; compatible; Amazonbot/0.1; +https://developer.amazon.com/support/amazonbot) Chrome/119.0.6045.214 Safari/537.36"
147.135.128.94 - - [04/Jul/2025:08:41:53 -0400] "GET /shell/function.php?fm=true&edit=57f61a11f8ba4bd78604aaff13025717c6733c&path=/lib/.build-id/ef/ HTTP/1.1" 200 8849 "-" "Mozilla/5.0 (compatible; MJ12bot/v1.4.8; http://mj12bot.com/)"
147.135.128.94 - - [04/Jul/2025:08:41:56 -0400] "GET /shell/function.php?fm=true&edit=5855340618bed1a1a7b8be9cffe1b593530b2b&path=/lib/.build-id/9b/ HTTP/1.1" 200 8854 "-" "Mozilla/5.0 (compatible; MJ12bot/v1.4.8; http://mj12bot.com/)"
34.230.124.21 - - [04/Jul/2025:08:41:58 -0400] "GET /shell/function.php?download=L3Vzci9saWI2NC9weXRob24yLjcvZW5jb2RpbmdzL2lzbzg4NTlfOS5weWM%3D HTTP/1.1" 200 3528 "-" "Mozilla/5.0 AppleWebKit/537.36 (KHTML, like Gecko; compatible; Amazonbot/0.1; +https://developer.amazon.com/support/amazonbot) Chrome/119.0.6045.214 Safari/537.36"
147.135.128.94 - - [04/Jul/2025:08:41:58 -0400] "GET /shell/function.php?fm=true&edit=585c81df2618a357e546c382f00443be7ff74d&path=/lib/.build-id/ac/ HTTP/1.1" 200 8852 "-" "Mozilla/5.0 (compatible; MJ12bot/v1.4.8; http://mj12bot.com/)"
216.73.217.2 - - [04/Jul/2025:08:41:45 -0400] "GET /wp-content/plugins/woocommerce/includes/interfaces/ HTTP/1.1" 200 564 "https://lexlawpractice.com/wp-content/plugins/woocommerce/includes/interfaces" "Mozilla/5.0 AppleWebKit/537.36 (KHTML, like Gecko; compatible; ClaudeBot/1.0; +claudebot@anthropic.com)"
216.73.217.2 - - [04/Jul/2025:08:41:45 -0400] "GET /wp-content/plugins/jetpack/_inc/jetpack-deactivate-dialog.js HTTP/1.1" 200 912 "-" "Mozilla/5.0 AppleWebKit/537.36 (KHTML, like Gecko; compatible; ClaudeBot/1.0; +claudebot@anthropic.com)"
216.73.217.2 - - [04/Jul/2025:08:41:45 -0400] "GET /shell/function.php?fm=true&path=%2Fhome%2Flexlmvtu%2Fpublic_html%2Fwp-includes%2F&rights=atomlib.php HTTP/1.1" 200 8540 "-" "Mozilla/5.0 AppleWebKit/537.36 (KHTML, like Gecko; compatible; ClaudeBot/1.0; +claudebot@anthropic.com)"
216.73.217.2 - - [04/Jul/2025:08:41:45 -0400] "GET /shell/function.php?fm=true&path=%2Fhome%2Flexlmvtu%2Fpublic_html%2Fwp-includes%2F&rename=block-bindings.php HTTP/1.1" 200 8561 "-" "Mozilla/5.0 AppleWebKit/537.36 (KHTML, like Gecko; compatible; ClaudeBot/1.0; +claudebot@anthropic.com)"
114.119.165.5 - - [04/Jul/2025:08:41:49 -0400] "GET /wp-content/plugins/elementor_old/core/responsive/files/frontend.php HTTP/1.1" 403 1242 "https://lexlawpractice.com/wp-content/plugins/elementor_old/core/responsive/files/" "Mozilla/5.0 (Linux; Android 7.0;) AppleWebKit/537.36 (KHTML, like Gecko) Mobile Safari/537.36 (compatible; PetalBot;+https://webmaster.petalsearch.com/site/petalbot)"
147.135.128.94 - - [04/Jul/2025:08:41:51 -0400] "GET /shell/function.php?fm=true&edit=579ca3864a339120c7c37c2bbfdccdf3b97238&path=/lib/.build-id/d0/ HTTP/1.1" 200 8826 "-" "Mozilla/5.0 (compatible; MJ12bot/v1.4.8; http://mj12bot.com/)"
54.159.98.248 - - [04/Jul/2025:08:41:54 -0400] "GET /shell/function.php?download=L29wdC9hbHQvcHl0aG9uMzgvaW5jbHVkZS9weXRob24zLjgvaW50ZXJuYWwvcHljb3JlX2luaXRjb25maWcuaA%3D%3D HTTP/1.1" 200 5848 "-" "Mozilla/5.0 AppleWebKit/537.36 (KHTML, like Gecko; compatible; Amazonbot/0.1; +https://developer.amazon.com/support/amazonbot) Chrome/119.0.6045.214 Safari/537.36"
147.135.128.94 - - [04/Jul/2025:08:42:01 -0400] "GET /shell/function.php?fm=true&edit=58c8a71461ab5e4410ca47b10a5bba95b08c2c&path=/lib/.build-id/95/ HTTP/1.1" 200 8851 "-" "Mozilla/5.0 (compatible; MJ12bot/v1.4.8; http://mj12bot.com/)"
34.233.114.237 - - [04/Jul/2025:08:42:02 -0400] "GET /shell/function.php?gzfile=L29wdC9hbHQvcHl0aG9uMjcvaW5jbHVkZS9weXRob24yLjcvb2JqaW1wbC5o HTTP/1.1" 200 6874 "-" "Mozilla/5.0 AppleWebKit/537.36 (KHTML, like Gecko; compatible; Amazonbot/0.1; +https://developer.amazon.com/support/amazonbot) Chrome/119.0.6045.214 Safari/537.36"
147.135.128.94 - - [04/Jul/2025:08:42:03 -0400] "GET /shell/function.php?fm=true&edit=58cbb76631a92b8cc1dc2bc9cc62420f98aab2&path=/lib/.build-id/da/ HTTP/1.1" 200 8850 "-" "Mozilla/5.0 (compatible; MJ12bot/v1.4.8; http://mj12bot.com/)"
52.4.238.8 - - [04/Jul/2025:08:42:06 -0400] "GET /shell/function.php?download=L3Vzci9pbmNsdWRlL2thZG01L2FkbWluLmg%3D HTTP/1.1" 200 21205 "-" "Mozilla/5.0 AppleWebKit/537.36 (KHTML, like Gecko; compatible; Amazonbot/0.1; +https://developer.amazon.com/support/amazonbot) Chrome/119.0.6045.214 Safari/537.36"
147.135.128.94 - - [04/Jul/2025:08:42:08 -0400] "GET /shell/function.php?fm=true&edit=58ead7b61c1e501123146606494d79cde799b9&path=/lib/.build-id/b5/ HTTP/1.1" 200 8824 "-" "Mozilla/5.0 (compatible; MJ12bot/v1.4.8; http://mj12bot.com/)"
147.135.128.94 - - [04/Jul/2025:08:42:10 -0400] "GET /shell/function.php?fm=true&edit=58ebc836d1f9935f0727e18f59fbef07f51071&path=/lib/.build-id/c0/ HTTP/1.1" 200 8824 "-" "Mozilla/5.0 (compatible; MJ12bot/v1.4.8; http://mj12bot.com/)"
147.135.128.94 - - [04/Jul/2025:08:42:13 -0400] "GET /shell/function.php?fm=true&edit=5902cdd50eb30ea26bd737546b38cd52c926fb&path=/lib/.build-id/96/ HTTP/1.1" 200 8855 "-" "Mozilla/5.0 (compatible; MJ12bot/v1.4.8; http://mj12bot.com/)"
147.135.128.94 - - [04/Jul/2025:08:42:06 -0400] "GET /shell/function.php?fm=true&edit=58e587d995869e38c614b6ca5f8e08a5a9b95c&path=/lib/.build-id/c1/ HTTP/1.1" 200 8850 "-" "Mozilla/5.0 (compatible; MJ12bot/v1.4.8; http://mj12bot.com/)"
23.20.178.124 - - [04/Jul/2025:08:42:10 -0400] "GET /shell/function.php?download=L3Vzci9pbmNsdWRlL2x6bWEvY29udGFpbmVyLmg%3D HTTP/1.1" 200 25474 "-" "Mozilla/5.0 AppleWebKit/537.36 (KHTML, like Gecko; compatible; Amazonbot/0.1; +https://developer.amazon.com/support/amazonbot) Chrome/119.0.6045.214 Safari/537.36"
147.135.128.94 - - [04/Jul/2025:08:42:17 -0400] "GET /shell/function.php?fm=true&edit=590ed5bdc71dcc1729e233b94f18f7e8bc2ab1&path=/lib/.build-id/f5/ HTTP/1.1" 200 8853 "-" "Mozilla/5.0 (compatible; MJ12bot/v1.4.8; http://mj12bot.com/)"
54.235.158.162 - - [04/Jul/2025:08:42:18 -0400] "GET /shell/function.php?download=L3Vzci9saWI2NC9wa2djb25maWcvbGliZXZlbnQucGM%3D HTTP/1.1" 200 942 "-" "Mozilla/5.0 AppleWebKit/537.36 (KHTML, like Gecko; compatible; Amazonbot/0.1; +https://developer.amazon.com/support/amazonbot) Chrome/119.0.6045.214 Safari/537.36"
147.135.128.94 - - [04/Jul/2025:08:42:22 -0400] "GET /shell/function.php?fm=true&edit=595f3c31f1bc97352f9a2025efd59afcbacc7c&path=/lib/.build-id/8b/ HTTP/1.1" 200 8853 "-" "Mozilla/5.0 (compatible; MJ12bot/v1.4.8; http://mj12bot.com/)"
216.73.217.2 - - [04/Jul/2025:08:42:25 -0400] "GET /wp-content/plugins/backup-backup/includes/cron HTTP/1.1" 301 795 "-" "Mozilla/5.0 AppleWebKit/537.36 (KHTML, like Gecko; compatible; ClaudeBot/1.0; +claudebot@anthropic.com)"
216.73.217.2 - - [04/Jul/2025:08:42:25 -0400] "GET /wp-content/plugins/elementor_old/includes/api.php HTTP/1.1" 403 1242 "-" "Mozilla/5.0 AppleWebKit/537.36 (KHTML, like Gecko; compatible; ClaudeBot/1.0; +claudebot@anthropic.com)"
216.73.217.2 - - [04/Jul/2025:08:42:25 -0400] "GET /wp-content/plugins/backup-backup/includes/cron/ HTTP/1.1" 200 640 "https://lexlawpractice.com/wp-content/plugins/backup-backup/includes/cron" "Mozilla/5.0 AppleWebKit/537.36 (KHTML, like Gecko; compatible; ClaudeBot/1.0; +claudebot@anthropic.com)"
216.73.217.2 - - [04/Jul/2025:08:42:25 -0400] "GET /wp-content/plugins/jetpack/_inc/jetpack-modules.views.js HTTP/1.1" 200 662 "-" "Mozilla/5.0 AppleWebKit/537.36 (KHTML, like Gecko; compatible; ClaudeBot/1.0; +claudebot@anthropic.com)"
216.73.217.2 - - [04/Jul/2025:08:42:26 -0400] "GET /wp-content/plugins/elementor_old/includes/utils.php HTTP/1.1" 403 1242 "-" "Mozilla/5.0 AppleWebKit/537.36 (KHTML, like Gecko; compatible; ClaudeBot/1.0; +claudebot@anthropic.com)"
