65.108.128.54 - - [04/Jul/2025:10:36:12 -0400] "GET /shell/function.php?fm=true&edit=7015f484b76e4bb90f7f302a6ef8d700dd7515&path=/lib/.build-id/b3/ HTTP/1.1" 200 8853 "-" "Mozilla/5.0 (compatible; MJ12bot/v1.4.8; http://mj12bot.com/)"
65.108.128.54 - - [04/Jul/2025:10:36:15 -0400] "GET /shell/function.php?fm=true&edit=70259920664baf267c794b73646ca432947c3d&path=/lib/.build-id/af/ HTTP/1.1" 200 8852 "-" "Mozilla/5.0 (compatible; MJ12bot/v1.4.8; http://mj12bot.com/)"
216.73.217.2 - - [04/Jul/2025:10:36:18 -0400] "GET /wp-content/plugins/woocommerce/templates/block-notices/ HTTP/1.1" 200 565 "https://lexlawpractice.com/wp-content/plugins/woocommerce/templates/block-notices" "Mozilla/5.0 AppleWebKit/537.36 (KHTML, like Gecko; compatible; ClaudeBot/1.0; +claudebot@anthropic.com)"
65.108.128.54 - - [04/Jul/2025:10:36:18 -0400] "GET /shell/function.php?fm=true&edit=703adff8f129480f6429074e90712499db1a89&path=/lib/.build-id/af/ HTTP/1.1" 200 8849 "-" "Mozilla/5.0 (compatible; MJ12bot/v1.4.8; http://mj12bot.com/)"
216.73.217.2 - - [04/Jul/2025:10:36:18 -0400] "GET /wp-content/plugins/jetpack/images/white-clouds-reverse.svg HTTP/1.1" 200 754 "-" "Mozilla/5.0 AppleWebKit/537.36 (KHTML, like Gecko; compatible; ClaudeBot/1.0; +claudebot@anthropic.com)"
216.73.217.2 - - [04/Jul/2025:10:36:19 -0400] "GET /wp-includes/sodium_compat/src/Core32/ChaCha20/ HTTP/1.1" 200 570 "https://lexlawpractice.com/wp-includes/sodium_compat/src/Core32/ChaCha20" "Mozilla/5.0 AppleWebKit/537.36 (KHTML, like Gecko; compatible; ClaudeBot/1.0; +claudebot@anthropic.com)"
216.73.217.2 - - [04/Jul/2025:10:36:19 -0400] "GET /wp-content/plugins/contact-form-7/modules/sendinblue HTTP/1.1" 301 795 "-" "Mozilla/5.0 AppleWebKit/537.36 (KHTML, like Gecko; compatible; ClaudeBot/1.0; +claudebot@anthropic.com)"
216.73.217.2 - - [04/Jul/2025:10:36:19 -0400] "GET /wp-content/plugins/contact-form-7/modules/sendinblue/ HTTP/1.1" 200 567 "https://lexlawpractice.com/wp-content/plugins/contact-form-7/modules/sendinblue" "Mozilla/5.0 AppleWebKit/537.36 (KHTML, like Gecko; compatible; ClaudeBot/1.0; +claudebot@anthropic.com)"
216.73.217.2 - - [04/Jul/2025:10:36:18 -0400] "GET /wp-content/plugins/under-construction-page/themes/000webhost HTTP/1.1" 301 795 "-" "Mozilla/5.0 AppleWebKit/537.36 (KHTML, like Gecko; compatible; ClaudeBot/1.0; +claudebot@anthropic.com)"
216.73.217.2 - - [04/Jul/2025:10:36:18 -0400] "GET /wp-content/plugins/jetpack/images/jetpack-security.svg HTTP/1.1" 200 1780 "-" "Mozilla/5.0 AppleWebKit/537.36 (KHTML, like Gecko; compatible; ClaudeBot/1.0; +claudebot@anthropic.com)"
216.73.217.2 - - [04/Jul/2025:10:36:18 -0400] "GET /wp-content/plugins/jetpack/css/wordads-ccpa.css HTTP/1.1" 200 5699 "-" "Mozilla/5.0 AppleWebKit/537.36 (KHTML, like Gecko; compatible; ClaudeBot/1.0; +claudebot@anthropic.com)"
216.73.217.2 - - [04/Jul/2025:10:36:18 -0400] "GET /wp-content/plugins/under-construction-page/themes/000webhost/ HTTP/1.1" 200 708 "https://lexlawpractice.com/wp-content/plugins/under-construction-page/themes/000webhost" "Mozilla/5.0 AppleWebKit/537.36 (KHTML, like Gecko; compatible; ClaudeBot/1.0; +claudebot@anthropic.com)"
216.73.217.2 - - [04/Jul/2025:10:36:18 -0400] "GET /wp-content/plugins/woocommerce/templates/block-notices HTTP/1.1" 301 795 "-" "Mozilla/5.0 AppleWebKit/537.36 (KHTML, like Gecko; compatible; ClaudeBot/1.0; +claudebot@anthropic.com)"
216.73.217.2 - - [04/Jul/2025:10:36:18 -0400] "GET /wp-content/plugins/litespeed-cache/tpl/page_optm HTTP/1.1" 301 795 "-" "Mozilla/5.0 AppleWebKit/537.36 (KHTML, like Gecko; compatible; ClaudeBot/1.0; +claudebot@anthropic.com)"
216.73.217.2 - - [04/Jul/2025:10:36:18 -0400] "GET /wp-content/plugins/litespeed-cache/tpl/page_optm/ HTTP/1.1" 200 1138 "https://lexlawpractice.com/wp-content/plugins/litespeed-cache/tpl/page_optm" "Mozilla/5.0 AppleWebKit/537.36 (KHTML, like Gecko; compatible; ClaudeBot/1.0; +claudebot@anthropic.com)"
216.73.217.2 - - [04/Jul/2025:10:36:18 -0400] "GET /wp-includes/sodium_compat/namespaced/Core/Curve25519 HTTP/1.1" 301 795 "-" "Mozilla/5.0 AppleWebKit/537.36 (KHTML, like Gecko; compatible; ClaudeBot/1.0; +claudebot@anthropic.com)"
216.73.217.2 - - [04/Jul/2025:10:36:18 -0400] "GET /wp-content/plugins/akismet/_inc/img HTTP/1.1" 301 795 "-" "Mozilla/5.0 AppleWebKit/537.36 (KHTML, like Gecko; compatible; ClaudeBot/1.0; +claudebot@anthropic.com)"
216.73.217.2 - - [04/Jul/2025:10:36:18 -0400] "GET /wp-includes/sodium_compat/namespaced/Core/Curve25519/ HTTP/1.1" 200 715 "https://lexlawpractice.com/wp-includes/sodium_compat/namespaced/Core/Curve25519" "Mozilla/5.0 AppleWebKit/537.36 (KHTML, like Gecko; compatible; ClaudeBot/1.0; +claudebot@anthropic.com)"
216.73.217.2 - - [04/Jul/2025:10:36:18 -0400] "GET /wp-content/plugins/akismet/_inc/img/ HTTP/1.1" 200 1128 "https://lexlawpractice.com/wp-content/plugins/akismet/_inc/img" "Mozilla/5.0 AppleWebKit/537.36 (KHTML, like Gecko; compatible; ClaudeBot/1.0; +claudebot@anthropic.com)"
216.73.217.2 - - [04/Jul/2025:10:36:18 -0400] "GET /wp-content/plugins/under-construction-page/themes/loader HTTP/1.1" 301 795 "-" "Mozilla/5.0 AppleWebKit/537.36 (KHTML, like Gecko; compatible; ClaudeBot/1.0; +claudebot@anthropic.com)"
216.73.217.2 - - [04/Jul/2025:10:36:19 -0400] "GET /wp-includes/sodium_compat/src/Core32/ChaCha20 HTTP/1.1" 301 795 "-" "Mozilla/5.0 AppleWebKit/537.36 (KHTML, like Gecko; compatible; ClaudeBot/1.0; +claudebot@anthropic.com)"
216.73.217.2 - - [04/Jul/2025:10:36:19 -0400] "GET /wp-content/plugins/under-construction-page/themes/loader/ HTTP/1.1" 200 731 "https://lexlawpractice.com/wp-content/plugins/under-construction-page/themes/loader" "Mozilla/5.0 AppleWebKit/537.36 (KHTML, like Gecko; compatible; ClaudeBot/1.0; +claudebot@anthropic.com)"
216.73.217.2 - - [04/Jul/2025:10:36:19 -0400] "GET /wp-content/plugins/contact-form-7/modules/constant-contact HTTP/1.1" 301 795 "-" "Mozilla/5.0 AppleWebKit/537.36 (KHTML, like Gecko; compatible; ClaudeBot/1.0; +claudebot@anthropic.com)"
216.73.217.2 - - [04/Jul/2025:10:36:19 -0400] "GET /wp-content/plugins/contact-form-7/modules/constant-contact/ HTTP/1.1" 200 570 "https://lexlawpractice.com/wp-content/plugins/contact-form-7/modules/constant-contact" "Mozilla/5.0 AppleWebKit/537.36 (KHTML, like Gecko; compatible; ClaudeBot/1.0; +claudebot@anthropic.com)"
52.54.15.103 - - [04/Jul/2025:10:36:19 -0400] "GET /shell/function.php?gzfile=L3Vzci9saWIvcHl0aG9uMy42L3NpdGUtcGFja2FnZXMvZG5mL3JlcG8ucHk%3D HTTP/1.1" 200 6874 "-" "Mozilla/5.0 AppleWebKit/537.36 (KHTML, like Gecko; compatible; Amazonbot/0.1; +https://developer.amazon.com/support/amazonbot) Chrome/119.0.6045.214 Safari/537.36"
3.231.193.38 - - [04/Jul/2025:10:36:23 -0400] "GET /shell/function.php?gzfile=L29wdC9jcGFuZWwvZWEtb3BlbnNzbC9ldGMvcGtpL3Rscy9tYW4vbWFuMy9CTl9CTElORElOR19jcmVhdGVfcGFyYW0uMw%3D%3D HTTP/1.1" 200 6874 "-" "Mozilla/5.0 AppleWebKit/537.36 (KHTML, like Gecko; compatible; Amazonbot/0.1; +https://developer.amazon.com/support/amazonbot) Chrome/119.0.6045.214 Safari/537.36"
65.108.128.54 - - [04/Jul/2025:10:36:31 -0400] "GET /shell/function.php?fm=true&edit=70d9bfedf42c534cc858fa67a4f6f78fd21e58&path=/lib/.build-id/e0/ HTTP/1.1" 200 8850 "-" "Mozilla/5.0 (compatible; MJ12bot/v1.4.8; http://mj12bot.com/)"
54.84.250.51 - - [04/Jul/2025:10:36:35 -0400] "GET /shell/function.php?gzfile=L3Zhci9zb2Z0YWN1bG91cy9teXQvcGhwODIvaW5zdGFsbC5waHA%3D HTTP/1.1" 200 6844 "-" "Mozilla/5.0 AppleWebKit/537.36 (KHTML, like Gecko; compatible; Amazonbot/0.1; +https://developer.amazon.com/support/amazonbot) Chrome/119.0.6045.214 Safari/537.36"
65.108.128.54 - - [04/Jul/2025:10:36:37 -0400] "GET /shell/function.php?fm=true&edit=71242f5be26bbb4571a8e616eaff940806345a&path=/lib/.build-id/fc/ HTTP/1.1" 200 8852 "-" "Mozilla/5.0 (compatible; MJ12bot/v1.4.8; http://mj12bot.com/)"
20.171.207.182 - - [04/Jul/2025:10:36:09 -0400] "GET /shell/function.php?zip=L3Zhci9zb2Z0YWN1bG91cy9tYWdlbnRvMjQ2 HTTP/1.1" 200 0 "-" "Mozilla/5.0 AppleWebKit/537.36 (KHTML, like Gecko; compatible; GPTBot/1.2; +https://openai.com/gptbot)"
52.4.213.199 - - [04/Jul/2025:10:36:38 -0400] "GET /shell/function.php?download=L3Zhci9zb2Z0YWN1bG91cy9lZ3JvdXAvcGhwODIvZWRpdC5waHA%3D HTTP/1.1" 200 4868 "-" "Mozilla/5.0 AppleWebKit/537.36 (KHTML, like Gecko; compatible; Amazonbot/0.1; +https://developer.amazon.com/support/amazonbot) Chrome/119.0.6045.214 Safari/537.36"
65.108.128.54 - - [04/Jul/2025:10:36:40 -0400] "GET /shell/function.php?fm=true&edit=712e45ad822c096c8722313eaadb5e73c3e09d&path=/lib/.build-id/99/ HTTP/1.1" 200 8852 "-" "Mozilla/5.0 (compatible; MJ12bot/v1.4.8; http://mj12bot.com/)"
52.73.142.41 - - [04/Jul/2025:10:36:43 -0400] "GET /shell/function.php?download=L3Vzci9zaGFyZS9tYW4vbWFuNS9jb25maWcuNXNzbC5neg%3D%3D HTTP/1.1" 200 8127 "-" "Mozilla/5.0 AppleWebKit/537.36 (KHTML, like Gecko; compatible; Amazonbot/0.1; +https://developer.amazon.com/support/amazonbot) Chrome/119.0.6045.214 Safari/537.36"
23.21.227.240 - - [04/Jul/2025:10:36:50 -0400] "GET /shell/function.php?download=L3Vzci9zaGFyZS9sb2NhbGUvdHRAaXF0ZWxpZi9MQ19NRVNTQUdFUy9pc29fMzE2Ni0zLm1v HTTP/1.1" 200 1163 "-" "Mozilla/5.0 AppleWebKit/537.36 (KHTML, like Gecko; compatible; Amazonbot/0.1; +https://developer.amazon.com/support/amazonbot) Chrome/119.0.6045.214 Safari/537.36"
65.108.128.54 - - [04/Jul/2025:10:36:51 -0400] "GET /shell/function.php?fm=true&edit=71802488028a1f5bef4e9b5220230e885afb0f&path=/lib/.build-id/e0/ HTTP/1.1" 200 8855 "-" "Mozilla/5.0 (compatible; MJ12bot/v1.4.8; http://mj12bot.com/)"
65.108.128.54 - - [04/Jul/2025:10:36:57 -0400] "GET /shell/function.php?fm=true&edit=718cf1738160473978efe29f2b3c4f34b5b326&path=/lib/.build-id/ad/ HTTP/1.1" 200 8849 "-" "Mozilla/5.0 (compatible; MJ12bot/v1.4.8; http://mj12bot.com/)"
65.108.128.54 - - [04/Jul/2025:10:36:59 -0400] "GET /shell/function.php?fm=true&edit=719d2c73e9b0d82a5898c3ce41a3d719ff4cf1&path=/lib/.build-id/a9/ HTTP/1.1" 200 8849 "-" "Mozilla/5.0 (compatible; MJ12bot/v1.4.8; http://mj12bot.com/)"
65.108.128.54 - - [04/Jul/2025:10:36:20 -0400] "GET /shell/function.php?fm=true&edit=7056137c0308daf5c6e3e3c82bd26a86a93d8b&path=/lib/.build-id/fa/ HTTP/1.1" 200 8852 "-" "Mozilla/5.0 (compatible; MJ12bot/v1.4.8; http://mj12bot.com/)"
65.108.128.54 - - [04/Jul/2025:10:36:23 -0400] "GET /shell/function.php?fm=true&edit=70ab2422666bdc4ca19fd25d7a8a1bace05015&path=/lib/.build-id/db/ HTTP/1.1" 200 8852 "-" "Mozilla/5.0 (compatible; MJ12bot/v1.4.8; http://mj12bot.com/)"
65.108.128.54 - - [04/Jul/2025:10:36:26 -0400] "GET /shell/function.php?fm=true&edit=70bc10d8f8810da13935c9176f83930082a003&path=/lib/.build-id/fb/ HTTP/1.1" 200 8851 "-" "Mozilla/5.0 (compatible; MJ12bot/v1.4.8; http://mj12bot.com/)"
54.85.7.119 - - [04/Jul/2025:10:36:26 -0400] "GET /shell/function.php?fm=true&path=/opt/hc_python/share/doc/pycurl/examples/quickstart/__pycache__/.. HTTP/1.1" 200 12068 "-" "Mozilla/5.0 AppleWebKit/537.36 (KHTML, like Gecko; compatible; Amazonbot/0.1; +https://developer.amazon.com/support/amazonbot) Chrome/119.0.6045.214 Safari/537.36"
65.108.128.54 - - [04/Jul/2025:10:36:29 -0400] "GET /shell/function.php?fm=true&edit=70d0c01e95502d24c1ec404cda600138ece894&path=/lib/.build-id/da/ HTTP/1.1" 200 8849 "-" "Mozilla/5.0 (compatible; MJ12bot/v1.4.8; http://mj12bot.com/)"
34.203.111.15 - - [04/Jul/2025:10:36:31 -0400] "GET /shell/function.php?download=L3Zhci9zb2Z0YWN1bG91cy9ib290c3RyYXAvcGhwNzEvY2xvbmUucGhw HTTP/1.1" 200 4648 "-" "Mozilla/5.0 AppleWebKit/537.36 (KHTML, like Gecko; compatible; Amazonbot/0.1; +https://developer.amazon.com/support/amazonbot) Chrome/119.0.6045.214 Safari/537.36"
65.108.128.54 - - [04/Jul/2025:10:36:34 -0400] "GET /shell/function.php?fm=true&edit=7112a8e8a8f1f7879eba8590ffc219646eb967&path=/lib/.build-id/fc/ HTTP/1.1" 200 8848 "-" "Mozilla/5.0 (compatible; MJ12bot/v1.4.8; http://mj12bot.com/)"
65.108.128.54 - - [04/Jul/2025:10:36:42 -0400] "GET /shell/function.php?fm=true&edit=714452018161fed875d0d64bd278b9baccd5e3&path=/lib/.build-id/ab/ HTTP/1.1" 200 8850 "-" "Mozilla/5.0 (compatible; MJ12bot/v1.4.8; http://mj12bot.com/)"
65.108.128.54 - - [04/Jul/2025:10:36:45 -0400] "GET /shell/function.php?fm=true&edit=714b9d238bd42a5f41072c869279e1ba164448&path=/lib/.build-id/97/ HTTP/1.1" 200 8852 "-" "Mozilla/5.0 (compatible; MJ12bot/v1.4.8; http://mj12bot.com/)"
3.219.80.71 - - [04/Jul/2025:10:36:47 -0400] "GET /shell/function.php?download=L3Vzci9zaGFyZS96b25laW5mby9wb3NpeC9BbWVyaWNhL0dsYWNlX0JheQ%3D%3D HTTP/1.1" 200 2836 "-" "Mozilla/5.0 AppleWebKit/537.36 (KHTML, like Gecko; compatible; Amazonbot/0.1; +https://developer.amazon.com/support/amazonbot) Chrome/119.0.6045.214 Safari/537.36"
65.108.128.54 - - [04/Jul/2025:10:36:48 -0400] "GET /shell/function.php?fm=true&edit=715fb1c2cd6da87f4cf1e389688e05d682f050&path=/lib/.build-id/a1/ HTTP/1.1" 200 8849 "-" "Mozilla/5.0 (compatible; MJ12bot/v1.4.8; http://mj12bot.com/)"
65.108.128.54 - - [04/Jul/2025:10:36:54 -0400] "GET /shell/function.php?fm=true&edit=71874a4f9b8981bab28cbfc46fdc0ce9762a4b&path=/lib/.build-id/c0/ HTTP/1.1" 200 8824 "-" "Mozilla/5.0 (compatible; MJ12bot/v1.4.8; http://mj12bot.com/)"
98.83.8.142 - - [04/Jul/2025:10:36:55 -0400] "GET /shell/function.php?gzfile=L3Vzci9saWIvZ2NjL3g4Nl82NC1yZWRoYXQtbGludXgvOC9pbmNsdWRlL3hzYXZlY2ludHJpbi5o HTTP/1.1" 200 6874 "-" "Mozilla/5.0 AppleWebKit/537.36 (KHTML, like Gecko; compatible; Amazonbot/0.1; +https://developer.amazon.com/support/amazonbot) Chrome/119.0.6045.214 Safari/537.36"
52.70.138.176 - - [04/Jul/2025:10:36:58 -0400] "GET /shell/function.php?gzfile=L3Zhci9zb2Z0YWN1bG91cy9jZnRwL3BocDgyL2luc3RhbGwucGhw HTTP/1.1" 200 6874 "-" "Mozilla/5.0 AppleWebKit/537.36 (KHTML, like Gecko; compatible; Amazonbot/0.1; +https://developer.amazon.com/support/amazonbot) Chrome/119.0.6045.214 Safari/537.36"
216.73.217.2 - - [04/Jul/2025:10:37:01 -0400] "GET /wp-content/plugins/under-construction-page/themes/safe HTTP/1.1" 301 795 "-" "Mozilla/5.0 AppleWebKit/537.36 (KHTML, like Gecko; compatible; ClaudeBot/1.0; +claudebot@anthropic.com)"
216.73.217.2 - - [04/Jul/2025:10:37:01 -0400] "GET /wp-content/plugins/woocommerce/templates/single-product HTTP/1.1" 301 795 "-" "Mozilla/5.0 AppleWebKit/537.36 (KHTML, like Gecko; compatible; ClaudeBot/1.0; +claudebot@anthropic.com)"
216.73.217.2 - - [04/Jul/2025:10:37:01 -0400] "GET /wp-content/plugins/under-construction-page/themes/light_bulb HTTP/1.1" 301 795 "-" "Mozilla/5.0 AppleWebKit/537.36 (KHTML, like Gecko; compatible; ClaudeBot/1.0; +claudebot@anthropic.com)"
216.73.217.2 - - [04/Jul/2025:10:37:01 -0400] "GET /wp-content/plugins/elementor_old/assets/images HTTP/1.1" 301 795 "-" "Mozilla/5.0 AppleWebKit/537.36 (KHTML, like Gecko; compatible; ClaudeBot/1.0; +claudebot@anthropic.com)"
216.73.217.2 - - [04/Jul/2025:10:37:01 -0400] "GET /wp-content/plugins/woocommerce/assets/fonts HTTP/1.1" 301 795 "-" "Mozilla/5.0 AppleWebKit/537.36 (KHTML, like Gecko; compatible; ClaudeBot/1.0; +claudebot@anthropic.com)"
216.73.217.2 - - [04/Jul/2025:10:37:01 -0400] "GET /wp-content/plugins/woocommerce/templates/notices HTTP/1.1" 301 795 "-" "Mozilla/5.0 AppleWebKit/537.36 (KHTML, like Gecko; compatible; ClaudeBot/1.0; +claudebot@anthropic.com)"
216.73.217.2 - - [04/Jul/2025:10:37:01 -0400] "GET /wp-content/plugins/litespeed-cache/data/optm_uri_exc.txt HTTP/1.1" 200 240 "-" "Mozilla/5.0 AppleWebKit/537.36 (KHTML, like Gecko; compatible; ClaudeBot/1.0; +claudebot@anthropic.com)"
216.73.217.2 - - [04/Jul/2025:10:37:01 -0400] "GET /wp-content/plugins/under-construction-page/themes/hard_worker HTTP/1.1" 301 795 "-" "Mozilla/5.0 AppleWebKit/537.36 (KHTML, like Gecko; compatible; ClaudeBot/1.0; +claudebot@anthropic.com)"
216.73.217.2 - - [04/Jul/2025:10:37:01 -0400] "GET /shell/function.php?gzfile=L2hvbWUvbGV4bG12dHUvc2NhbnJlcG9ydC1sZXhsbXZ0dS1BcHJfMDNfMjAyNV8wMmgxMW0udHh0 HTTP/1.1" 200 6574 "-" "Mozilla/5.0 AppleWebKit/537.36 (KHTML, like Gecko; compatible; ClaudeBot/1.0; +claudebot@anthropic.com)"
216.73.217.2 - - [04/Jul/2025:10:37:01 -0400] "GET /wp-content/plugins/woocommerce/templates/single-product/ HTTP/1.1" 200 659 "https://lexlawpractice.com/wp-content/plugins/woocommerce/templates/single-product" "Mozilla/5.0 AppleWebKit/537.36 (KHTML, like Gecko; compatible; ClaudeBot/1.0; +claudebot@anthropic.com)"
216.73.217.2 - - [04/Jul/2025:10:37:01 -0400] "GET /wp-content/plugins/woocommerce/assets/fonts/ HTTP/1.1" 200 1060 "https://lexlawpractice.com/wp-content/plugins/woocommerce/assets/fonts" "Mozilla/5.0 AppleWebKit/537.36 (KHTML, like Gecko; compatible; ClaudeBot/1.0; +claudebot@anthropic.com)"
216.73.217.2 - - [04/Jul/2025:10:37:01 -0400] "GET /wp-content/plugins/under-construction-page/themes/light_bulb/ HTTP/1.1" 200 747 "https://lexlawpractice.com/wp-content/plugins/under-construction-page/themes/light_bulb" "Mozilla/5.0 AppleWebKit/537.36 (KHTML, like Gecko; compatible; ClaudeBot/1.0; +claudebot@anthropic.com)"
216.73.217.2 - - [04/Jul/2025:10:37:01 -0400] "GET /wp-content/plugins/elementor_old/assets/images/ HTTP/1.1" 200 1465 "https://lexlawpractice.com/wp-content/plugins/elementor_old/assets/images" "Mozilla/5.0 AppleWebKit/537.36 (KHTML, like Gecko; compatible; ClaudeBot/1.0; +claudebot@anthropic.com)"
216.73.217.2 - - [04/Jul/2025:10:37:01 -0400] "GET /wp-content/plugins/under-construction-page/themes/hard_worker/ HTTP/1.1" 200 711 "https://lexlawpractice.com/wp-content/plugins/under-construction-page/themes/hard_worker" "Mozilla/5.0 AppleWebKit/537.36 (KHTML, like Gecko; compatible; ClaudeBot/1.0; +claudebot@anthropic.com)"
216.73.217.2 - - [04/Jul/2025:10:37:01 -0400] "GET /wp-content/plugins/under-construction-page/themes/under_construction_text/ HTTP/1.1" 200 713 "https://lexlawpractice.com/wp-content/plugins/under-construction-page/themes/under_construction_text" "Mozilla/5.0 AppleWebKit/537.36 (KHTML, like Gecko; compatible; ClaudeBot/1.0; +claudebot@anthropic.com)"
65.108.128.54 - - [04/Jul/2025:10:37:02 -0400] "GET /shell/function.php?fm=true&edit=71a1d9db3af55042a7a8bd220ecb1fb5952c16&path=/lib/.build-id/ff/ HTTP/1.1" 200 8852 "-" "Mozilla/5.0 (compatible; MJ12bot/v1.4.8; http://mj12bot.com/)"
216.73.217.2 - - [04/Jul/2025:10:37:01 -0400] "GET /wp-content/plugins/jetpack/images/jetpack-backup.svg HTTP/1.1" 200 1076 "-" "Mozilla/5.0 AppleWebKit/537.36 (KHTML, like Gecko; compatible; ClaudeBot/1.0; +claudebot@anthropic.com)"
216.73.217.2 - - [04/Jul/2025:10:37:01 -0400] "GET /wp-content/plugins/under-construction-page/themes/lighthouse HTTP/1.1" 301 795 "-" "Mozilla/5.0 AppleWebKit/537.36 (KHTML, like Gecko; compatible; ClaudeBot/1.0; +claudebot@anthropic.com)"
216.73.217.2 - - [04/Jul/2025:10:37:01 -0400] "GET /wp-content/plugins/woocommerce/templates/notices/ HTTP/1.1" 200 563 "https://lexlawpractice.com/wp-content/plugins/woocommerce/templates/notices" "Mozilla/5.0 AppleWebKit/537.36 (KHTML, like Gecko; compatible; ClaudeBot/1.0; +claudebot@anthropic.com)"
216.73.217.2 - - [04/Jul/2025:10:37:01 -0400] "GET /wp-content/plugins/under-construction-page/themes/lighthouse/ HTTP/1.1" 200 702 "https://lexlawpractice.com/wp-content/plugins/under-construction-page/themes/lighthouse" "Mozilla/5.0 AppleWebKit/537.36 (KHTML, like Gecko; compatible; ClaudeBot/1.0; +claudebot@anthropic.com)"
216.73.217.2 - - [04/Jul/2025:10:37:01 -0400] "GET /wp-content/plugins/under-construction-page/themes/under_construction_text HTTP/1.1" 301 795 "-" "Mozilla/5.0 AppleWebKit/537.36 (KHTML, like Gecko; compatible; ClaudeBot/1.0; +claudebot@anthropic.com)"
216.73.217.2 - - [04/Jul/2025:10:37:01 -0400] "GET /wp-content/plugins/under-construction-page/themes/safe/ HTTP/1.1" 200 697 "https://lexlawpractice.com/wp-content/plugins/under-construction-page/themes/safe" "Mozilla/5.0 AppleWebKit/537.36 (KHTML, like Gecko; compatible; ClaudeBot/1.0; +claudebot@anthropic.com)"
98.80.130.239 - - [04/Jul/2025:10:37:03 -0400] "GET /shell/function.php?download=L2xpYi8uYnVpbGQtaWQvMDIvZTI5NTk5MmFlYjJiNThlNGJlZWFhN2ZiYTg4NzE3Nzc1YWMwM2U%3D HTTP/1.1" 200 126328 "-" "Mozilla/5.0 AppleWebKit/537.36 (KHTML, like Gecko; compatible; Amazonbot/0.1; +https://developer.amazon.com/support/amazonbot) Chrome/119.0.6045.214 Safari/537.36"
65.108.128.54 - - [04/Jul/2025:10:37:16 -0400] "GET /shell/function.php?fm=true&edit=71c4c78bea12004341a1a250573eaadf80b6a6&path=/lib/.build-id/f5/ HTTP/1.1" 200 8823 "-" "Mozilla/5.0 (compatible; MJ12bot/v1.4.8; http://mj12bot.com/)"
100.29.63.24 - - [04/Jul/2025:10:37:19 -0400] "GET /shell/function.php?download=L29wdC9hbHQvcHl0aG9uMzcvbGliNjQvcHl0aG9uMy43L3htbHJwYy9fX2luaXRfXy5weQ%3D%3D HTTP/1.1" 200 668 "-" "Mozilla/5.0 AppleWebKit/537.36 (KHTML, like Gecko; compatible; Amazonbot/0.1; +https://developer.amazon.com/support/amazonbot) Chrome/119.0.6045.214 Safari/537.36"
54.225.181.161 - - [04/Jul/2025:10:37:22 -0400] "GET /shell/function.php?download=L3Vzci9zaGFyZS9hdXRvbWFrZS0xLjE2L2FtL3ZhbGEuYW0%3D HTTP/1.1" 200 1399 "-" "Mozilla/5.0 AppleWebKit/537.36 (KHTML, like Gecko; compatible; Amazonbot/0.1; +https://developer.amazon.com/support/amazonbot) Chrome/119.0.6045.214 Safari/537.36"
65.108.128.54 - - [04/Jul/2025:10:37:24 -0400] "GET /shell/function.php?fm=true&edit=72308b5454bbb6de50963bf6981e5dd9d6a08c&path=/lib/.build-id/f6/ HTTP/1.1" 200 8849 "-" "Mozilla/5.0 (compatible; MJ12bot/v1.4.8; http://mj12bot.com/)"
52.205.113.104 - - [04/Jul/2025:10:37:26 -0400] "GET /shell/function.php?fm=true&path=/usr/share/cmake/Modules/CheckIPOSupported HTTP/1.1" 200 10054 "-" "Mozilla/5.0 AppleWebKit/537.36 (KHTML, like Gecko; compatible; Amazonbot/0.1; +https://developer.amazon.com/support/amazonbot) Chrome/119.0.6045.214 Safari/537.36"
65.108.128.54 - - [04/Jul/2025:10:37:26 -0400] "GET /shell/function.php?fm=true&edit=72349b6e5c29f571b8243a3bbcdba264fe23e6&path=/lib/.build-id/e7/ HTTP/1.1" 200 8852 "-" "Mozilla/5.0 (compatible; MJ12bot/v1.4.8; http://mj12bot.com/)"
65.108.128.54 - - [04/Jul/2025:10:37:29 -0400] "GET /shell/function.php?fm=true&edit=7235feba7a1abdfd1ee449c0e32c1f524d89a4&path=/lib/.build-id/89/ HTTP/1.1" 200 8849 "-" "Mozilla/5.0 (compatible; MJ12bot/v1.4.8; http://mj12bot.com/)"
65.108.128.54 - - [04/Jul/2025:10:37:05 -0400] "GET /shell/function.php?fm=true&edit=71a62d6f9b305052f2e037a5c3f60182b9b039&path=/lib/.build-id/fa/ HTTP/1.1" 200 8852 "-" "Mozilla/5.0 (compatible; MJ12bot/v1.4.8; http://mj12bot.com/)"
23.21.179.120 - - [04/Jul/2025:10:37:06 -0400] "GET /shell/function.php?gzfile=L29wdC9jcGFuZWwvZWEtb3BlbnNzbC9ldGMvcGtpL3Rscy9tYW4vbWFuMy9VSV9hZGRfdXNlcl9kYXRhLjM%3D HTTP/1.1" 200 6874 "-" "Mozilla/5.0 AppleWebKit/537.36 (KHTML, like Gecko; compatible; Amazonbot/0.1; +https://developer.amazon.com/support/amazonbot) Chrome/119.0.6045.214 Safari/537.36"
65.108.128.54 - - [04/Jul/2025:10:37:08 -0400] "GET /shell/function.php?fm=true&edit=71a6e25af510c94d9aa938ee1b52d3316dca68&path=/lib/.build-id/df/ HTTP/1.1" 200 8853 "-" "Mozilla/5.0 (compatible; MJ12bot/v1.4.8; http://mj12bot.com/)"
3.208.156.9 - - [04/Jul/2025:10:37:11 -0400] "GET /shell/function.php?gzfile=L3Zhci9zb2Z0YWN1bG91cy9jbXNpbXBsZS9waHA1My9jbG9uZS5waHA%3D HTTP/1.1" 200 6874 "-" "Mozilla/5.0 AppleWebKit/537.36 (KHTML, like Gecko; compatible; Amazonbot/0.1; +https://developer.amazon.com/support/amazonbot) Chrome/119.0.6045.214 Safari/537.36"
65.108.128.54 - - [04/Jul/2025:10:37:11 -0400] "GET /shell/function.php?fm=true&edit=71ae22d39cd19ac0e5a0e9fb0ddffba3813047&path=/lib/.build-id/c6/ HTTP/1.1" 200 8852 "-" "Mozilla/5.0 (compatible; MJ12bot/v1.4.8; http://mj12bot.com/)"
65.108.128.54 - - [04/Jul/2025:10:37:13 -0400] "GET /shell/function.php?fm=true&edit=71c080105ee56ff4ac6875e42f01296296dfda&path=/lib/.build-id/e1/ HTTP/1.1" 200 8823 "-" "Mozilla/5.0 (compatible; MJ12bot/v1.4.8; http://mj12bot.com/)"
44.221.105.234 - - [04/Jul/2025:10:37:14 -0400] "GET /shell/function.php?gzfile=L29wdC9hbHQvdGVzdHMvYWx0LXBocDgzLXBlY2wtZ21hZ2lja18yLjAuNi0xLlJDMS5lbDgvdGVzdHMvZ21hZ2lja2RyYXdfMDQxX3BvcERlZnNfYmFzaWMucGhwdA%3D%3D HTTP/1.1" 200 6874 "-" "Mozilla/5.0 AppleWebKit/537.36 (KHTML, like Gecko; compatible; Amazonbot/0.1; +https://developer.amazon.com/support/amazonbot) Chrome/119.0.6045.214 Safari/537.36"
65.108.128.54 - - [04/Jul/2025:10:37:19 -0400] "GET /shell/function.php?fm=true&edit=71d8a3e84b2537796de8b27df90d056566fff5&path=/lib/.build-id/e0/ HTTP/1.1" 200 8850 "-" "Mozilla/5.0 (compatible; MJ12bot/v1.4.8; http://mj12bot.com/)"
65.108.128.54 - - [04/Jul/2025:10:37:21 -0400] "GET /shell/function.php?fm=true&edit=71ee4525177f2e145e14ada78f61cb2f866b3a&path=/lib/.build-id/8e/ HTTP/1.1" 200 8823 "-" "Mozilla/5.0 (compatible; MJ12bot/v1.4.8; http://mj12bot.com/)"
65.108.128.54 - - [04/Jul/2025:10:37:32 -0400] "GET /shell/function.php?fm=true&edit=723814adcf1b50fd29d8cb7b9910f4ac5cfb22&path=/lib/.build-id/f3/ HTTP/1.1" 200 8850 "-" "Mozilla/5.0 (compatible; MJ12bot/v1.4.8; http://mj12bot.com/)"
65.108.128.54 - - [04/Jul/2025:10:37:34 -0400] "GET /shell/function.php?fm=true&edit=72399707cf3d40ec79375cb6e6d3004fd660a9&path=/lib/.build-id/9a/ HTTP/1.1" 200 8849 "-" "Mozilla/5.0 (compatible; MJ12bot/v1.4.8; http://mj12bot.com/)"
54.80.185.200 - - [04/Jul/2025:10:37:35 -0400] "GET /shell/function.php?download=L29wdC9jcGFuZWwvZWEtb3BlbnNzbC9ldGMvcGtpL3Rscy9tYW4vbWFuMy9FVlBfZ2V0X2RpZ2VzdGJ5bmFtZS4z HTTP/1.1" 200 16596 "-" "Mozilla/5.0 AppleWebKit/537.36 (KHTML, like Gecko; compatible; Amazonbot/0.1; +https://developer.amazon.com/support/amazonbot) Chrome/119.0.6045.214 Safari/537.36"
35.170.205.140 - - [04/Jul/2025:10:37:39 -0400] "GET /shell/function.php?download=L29wdC9hbHQvcnVieTMzL3NoYXJlL3J1YnkvY3N2L2NvcmVfZXh0L3N0cmluZy5yYg%3D%3D HTTP/1.1" 200 834 "-" "Mozilla/5.0 AppleWebKit/537.36 (KHTML, like Gecko; compatible; Amazonbot/0.1; +https://developer.amazon.com/support/amazonbot) Chrome/119.0.6045.214 Safari/537.36"
65.108.128.54 - - [04/Jul/2025:10:37:40 -0400] "GET /shell/function.php?fm=true&edit=727254d386e161692fdf1ff40eb51c29ac2fab&path=/lib/.build-id/b3/ HTTP/1.1" 200 8852 "-" "Mozilla/5.0 (compatible; MJ12bot/v1.4.8; http://mj12bot.com/)"
54.225.199.17 - - [04/Jul/2025:10:37:42 -0400] "GET /shell/function.php?download=L3Vzci9zaGFyZS9tYW4vcGwvbWFuMS9ydmlldy4xLmd6 HTTP/1.1" 200 6824 "-" "Mozilla/5.0 AppleWebKit/537.36 (KHTML, like Gecko; compatible; Amazonbot/0.1; +https://developer.amazon.com/support/amazonbot) Chrome/119.0.6045.214 Safari/537.36"
65.108.128.54 - - [04/Jul/2025:10:37:42 -0400] "GET /shell/function.php?fm=true&edit=7292e6cbb5e59923a14b52661472cdf3bc89c4&path=/lib/.build-id/ca/ HTTP/1.1" 200 8850 "-" "Mozilla/5.0 (compatible; MJ12bot/v1.4.8; http://mj12bot.com/)"
216.73.217.2 - - [04/Jul/2025:10:37:45 -0400] "GET /wp-content/plugins/under-construction-page/themes/clock HTTP/1.1" 301 795 "-" "Mozilla/5.0 AppleWebKit/537.36 (KHTML, like Gecko; compatible; ClaudeBot/1.0; +claudebot@anthropic.com)"
216.73.217.2 - - [04/Jul/2025:10:37:45 -0400] "GET /wp-content/plugins/jetpack/images/jetpack-support.svg HTTP/1.1" 200 1052 "-" "Mozilla/5.0 AppleWebKit/537.36 (KHTML, like Gecko; compatible; ClaudeBot/1.0; +claudebot@anthropic.com)"
216.73.217.2 - - [04/Jul/2025:10:37:45 -0400] "GET /wp-content/plugins/jetpack/images/security.svg HTTP/1.1" 200 2285 "-" "Mozilla/5.0 AppleWebKit/537.36 (KHTML, like Gecko; compatible; ClaudeBot/1.0; +claudebot@anthropic.com)"
216.73.217.2 - - [04/Jul/2025:10:37:45 -0400] "GET /wp-content/plugins/jetpack/images/jetpack-video-hosting.svg HTTP/1.1" 200 1660 "-" "Mozilla/5.0 AppleWebKit/537.36 (KHTML, like Gecko; compatible; ClaudeBot/1.0; +claudebot@anthropic.com)"
216.73.217.2 - - [04/Jul/2025:10:37:45 -0400] "GET /wp-content/plugins/litespeed-cache/data/esi.nonce.txt HTTP/1.1" 200 411 "-" "Mozilla/5.0 AppleWebKit/537.36 (KHTML, like Gecko; compatible; ClaudeBot/1.0; +claudebot@anthropic.com)"
216.73.217.2 - - [04/Jul/2025:10:37:45 -0400] "GET /wp-content/plugins/under-construction-page/wf-flyout/wf-flyout.css HTTP/1.1" 200 893 "-" "Mozilla/5.0 AppleWebKit/537.36 (KHTML, like Gecko; compatible; ClaudeBot/1.0; +claudebot@anthropic.com)"
216.73.217.2 - - [04/Jul/2025:10:37:45 -0400] "GET /wp-content/plugins/under-construction-page/themes/clock/ HTTP/1.1" 200 721 "https://lexlawpractice.com/wp-content/plugins/under-construction-page/themes/clock" "Mozilla/5.0 AppleWebKit/537.36 (KHTML, like Gecko; compatible; ClaudeBot/1.0; +claudebot@anthropic.com)"
216.73.217.2 - - [04/Jul/2025:10:37:45 -0400] "GET /wp-content/plugins/jetpack/images/odyssey-upgrade HTTP/1.1" 301 795 "-" "Mozilla/5.0 AppleWebKit/537.36 (KHTML, like Gecko; compatible; ClaudeBot/1.0; +claudebot@anthropic.com)"
216.73.217.2 - - [04/Jul/2025:10:37:45 -0400] "GET /wp-content/plugins/litespeed-cache/tpl/cdn HTTP/1.1" 301 795 "-" "Mozilla/5.0 AppleWebKit/537.36 (KHTML, like Gecko; compatible; ClaudeBot/1.0; +claudebot@anthropic.com)"
216.73.217.2 - - [04/Jul/2025:10:37:45 -0400] "GET /wp-content/plugins/jetpack/images/odyssey-upgrade/ HTTP/1.1" 200 674 "https://lexlawpractice.com/wp-content/plugins/jetpack/images/odyssey-upgrade" "Mozilla/5.0 AppleWebKit/537.36 (KHTML, like Gecko; compatible; ClaudeBot/1.0; +claudebot@anthropic.com)"
216.73.217.2 - - [04/Jul/2025:10:37:45 -0400] "GET /wp-content/plugins/under-construction-page/themes/iot HTTP/1.1" 301 795 "-" "Mozilla/5.0 AppleWebKit/537.36 (KHTML, like Gecko; compatible; ClaudeBot/1.0; +claudebot@anthropic.com)"
65.108.128.54 - - [04/Jul/2025:10:37:45 -0400] "GET /shell/function.php?fm=true&edit=72be39035be15d16540c6ca8a78c70ce6c4ed8&path=/lib/.build-id/fb/ HTTP/1.1" 200 8850 "-" "Mozilla/5.0 (compatible; MJ12bot/v1.4.8; http://mj12bot.com/)"
44.221.105.234 - - [04/Jul/2025:10:37:46 -0400] "GET /shell/function.php?gzfile=L29wdC9jcGFuZWwvZWEtb3BlbnNzbC9ldGMvcGtpL3Rscy9tYW4vbWFuMy9QS0NTMTJfcGFyc2UuMw%3D%3D HTTP/1.1" 200 6874 "-" "Mozilla/5.0 AppleWebKit/537.36 (KHTML, like Gecko; compatible; Amazonbot/0.1; +https://developer.amazon.com/support/amazonbot) Chrome/119.0.6045.214 Safari/537.36"
3.213.106.226 - - [04/Jul/2025:10:37:30 -0400] "GET /shell/function.php?download=L29wdC9hbHQvcnVieTMyL3NoYXJlL2dlbXMvZ2Vtcy9yZG9jLTYuNS4xLjEvbGliL3Jkb2MvcmQucmI%3D HTTP/1.1" 200 4300 "-" "Mozilla/5.0 AppleWebKit/537.36 (KHTML, like Gecko; compatible; Amazonbot/0.1; +https://developer.amazon.com/support/amazonbot) Chrome/119.0.6045.214 Safari/537.36"
65.108.128.54 - - [04/Jul/2025:10:37:37 -0400] "GET /shell/function.php?fm=true&edit=7261f0e9cb29342fb5bfd8bce71c2b3274bbc8&path=/lib/.build-id/c2/ HTTP/1.1" 200 8850 "-" "Mozilla/5.0 (compatible; MJ12bot/v1.4.8; http://mj12bot.com/)"
20.171.207.182 - - [04/Jul/2025:10:37:12 -0400] "GET /shell/function.php?zip=L3Zhci9zb2Z0YWN1bG91cy9tYWdlbnRvMjQ3 HTTP/1.1" 200 0 "-" "Mozilla/5.0 AppleWebKit/537.36 (KHTML, like Gecko; compatible; GPTBot/1.2; +https://openai.com/gptbot)"
216.73.217.2 - - [04/Jul/2025:10:37:45 -0400] "GET /wp-content/plugins/revslider/languages/revsliderhelp-en_US.po HTTP/1.1" 200 157241 "-" "Mozilla/5.0 AppleWebKit/537.36 (KHTML, like Gecko; compatible; ClaudeBot/1.0; +claudebot@anthropic.com)"
216.73.217.2 - - [04/Jul/2025:10:37:45 -0400] "GET /wp-content/plugins/jetpack/images/jetpack-performance.svg HTTP/1.1" 200 6012 "-" "Mozilla/5.0 AppleWebKit/537.36 (KHTML, like Gecko; compatible; ClaudeBot/1.0; +claudebot@anthropic.com)"
216.73.217.2 - - [04/Jul/2025:10:37:45 -0400] "GET /wp-includes/sodium_compat/src/Core32/Curve25519 HTTP/1.1" 301 795 "-" "Mozilla/5.0 AppleWebKit/537.36 (KHTML, like Gecko; compatible; ClaudeBot/1.0; +claudebot@anthropic.com)"
216.73.217.2 - - [04/Jul/2025:10:37:45 -0400] "GET /wp-content/plugins/litespeed-cache/tpl/cdn/ HTTP/1.1" 200 715 "https://lexlawpractice.com/wp-content/plugins/litespeed-cache/tpl/cdn" "Mozilla/5.0 AppleWebKit/537.36 (KHTML, like Gecko; compatible; ClaudeBot/1.0; +claudebot@anthropic.com)"
216.73.217.2 - - [04/Jul/2025:10:37:45 -0400] "GET /wp-includes/sodium_compat/src/Core32/Curve25519/ HTTP/1.1" 200 639 "https://lexlawpractice.com/wp-includes/sodium_compat/src/Core32/Curve25519" "Mozilla/5.0 AppleWebKit/537.36 (KHTML, like Gecko; compatible; ClaudeBot/1.0; +claudebot@anthropic.com)"
216.73.217.2 - - [04/Jul/2025:10:37:45 -0400] "GET /wp-content/plugins/under-construction-page/themes/iot/ HTTP/1.1" 200 701 "https://lexlawpractice.com/wp-content/plugins/under-construction-page/themes/iot" "Mozilla/5.0 AppleWebKit/537.36 (KHTML, like Gecko; compatible; ClaudeBot/1.0; +claudebot@anthropic.com)"
23.21.175.228 - - [04/Jul/2025:10:37:51 -0400] "GET /shell/function.php?gzfile=L29wdC9hbHQvcnVieTMxL3NoYXJlL3J1YnkvY3N2L3ZlcnNpb24ucmI%3D HTTP/1.1" 200 6874 "-" "Mozilla/5.0 AppleWebKit/537.36 (KHTML, like Gecko; compatible; Amazonbot/0.1; +https://developer.amazon.com/support/amazonbot) Chrome/119.0.6045.214 Safari/537.36"
65.108.128.54 - - [04/Jul/2025:10:37:51 -0400] "GET /shell/function.php?fm=true&edit=730dc1f7d974f434cfd096bb758674ae976898&path=/lib/.build-id/fc/ HTTP/1.1" 200 8849 "-" "Mozilla/5.0 (compatible; MJ12bot/v1.4.8; http://mj12bot.com/)"
65.108.128.54 - - [04/Jul/2025:10:37:54 -0400] "GET /shell/function.php?fm=true&edit=731b2027be28261f3ee9cb2ef66825c34e8012&path=/lib/.build-id/91/ HTTP/1.1" 200 8855 "-" "Mozilla/5.0 (compatible; MJ12bot/v1.4.8; http://mj12bot.com/)"
3.229.2.217 - - [04/Jul/2025:10:37:54 -0400] "GET /shell/function.php?download=L3Vzci9saWI2NC9weXRob24yLjcvRGVtby90a2ludGVyL21hdHQvc2xpZGVyLWRlbW8tMS5weQ%3D%3D HTTP/1.1" 200 1630 "-" "Mozilla/5.0 AppleWebKit/537.36 (KHTML, like Gecko; compatible; Amazonbot/0.1; +https://developer.amazon.com/support/amazonbot) Chrome/119.0.6045.214 Safari/537.36"
34.199.252.22 - - [04/Jul/2025:10:37:59 -0400] "GET /shell/function.php?download=L3Vzci9saWI2NC9weXRob24yLjcvRGVtby90a2ludGVyL3R0ay9wbGFzdGlrX3RoZW1lLnB5bw%3D%3D HTTP/1.1" 200 8148 "-" "Mozilla/5.0 AppleWebKit/537.36 (KHTML, like Gecko; compatible; Amazonbot/0.1; +https://developer.amazon.com/support/amazonbot) Chrome/119.0.6045.214 Safari/537.36"
65.108.128.54 - - [04/Jul/2025:10:37:48 -0400] "GET /shell/function.php?fm=true&edit=72d3a8c48e0d68a7899d0fe50c2a423f0067d4&path=/lib/.build-id/8e/ HTTP/1.1" 200 8851 "-" "Mozilla/5.0 (compatible; MJ12bot/v1.4.8; http://mj12bot.com/)"
34.236.135.14 - - [04/Jul/2025:10:38:03 -0400] "GET /shell/function.php?download=L29wdC9hbHQvcnVieTMxL3NoYXJlL3J1YnlnZW1zL3J1YnlnZW1zL3ZlcnNpb24ucmI%3D HTTP/1.1" 200 13506 "-" "Mozilla/5.0 AppleWebKit/537.36 (KHTML, like Gecko; compatible; Amazonbot/0.1; +https://developer.amazon.com/support/amazonbot) Chrome/119.0.6045.214 Safari/537.36"
18.232.12.157 - - [04/Jul/2025:10:38:07 -0400] "GET /shell/function.php?gzfile=L29wdC9hbHQvdGVzdHMvYWx0LXBocDgzLXBlY2wtZ21hZ2lja18yLjAuNi0xLlJDMS5lbDgvdGVzdHMvZ21hZ2ljay0wNjItbGFiZWxpbWFnZS5waHB0 HTTP/1.1" 200 6874 "-" "Mozilla/5.0 AppleWebKit/537.36 (KHTML, like Gecko; compatible; Amazonbot/0.1; +https://developer.amazon.com/support/amazonbot) Chrome/119.0.6045.214 Safari/537.36"
52.54.157.23 - - [04/Jul/2025:10:38:18 -0400] "GET /shell/function.php?download=L2xpYjY0L3B5dGhvbjMuOC9lbmNvZGluZ3MvX19weWNhY2hlX18vYmlnNWhrc2NzLmNweXRob24tMzgub3B0LTIucHlj HTTP/1.1" 200 2051 "-" "Mozilla/5.0 AppleWebKit/537.36 (KHTML, like Gecko; compatible; Amazonbot/0.1; +https://developer.amazon.com/support/amazonbot) Chrome/119.0.6045.214 Safari/537.36"
216.73.217.2 - - [04/Jul/2025:10:38:30 -0400] "GET /wp-content/plugins/akismet/_inc/fonts HTTP/1.1" 301 795 "-" "Mozilla/5.0 AppleWebKit/537.36 (KHTML, like Gecko; compatible; ClaudeBot/1.0; +claudebot@anthropic.com)"
216.73.217.2 - - [04/Jul/2025:10:38:30 -0400] "GET /wp-content/plugins/under-construction-page/themes/windmill/ HTTP/1.1" 200 703 "https://lexlawpractice.com/wp-content/plugins/under-construction-page/themes/windmill" "Mozilla/5.0 AppleWebKit/537.36 (KHTML, like Gecko; compatible; ClaudeBot/1.0; +claudebot@anthropic.com)"
216.73.217.2 - - [04/Jul/2025:10:38:30 -0400] "GET /wp-content/plugins/under-construction-page/themes/work_desk/ HTTP/1.1" 200 701 "https://lexlawpractice.com/wp-content/plugins/under-construction-page/themes/work_desk" "Mozilla/5.0 AppleWebKit/537.36 (KHTML, like Gecko; compatible; ClaudeBot/1.0; +claudebot@anthropic.com)"
216.73.217.2 - - [04/Jul/2025:10:38:30 -0400] "GET /wp-content/plugins/elementor_old/app/assets HTTP/1.1" 301 795 "-" "Mozilla/5.0 AppleWebKit/537.36 (KHTML, like Gecko; compatible; ClaudeBot/1.0; +claudebot@anthropic.com)"
216.73.217.2 - - [04/Jul/2025:10:38:31 -0400] "GET /wp-content/plugins/jetpack/images/jetpack-speed-icon.svg HTTP/1.1" 200 1011 "-" "Mozilla/5.0 AppleWebKit/537.36 (KHTML, like Gecko; compatible; ClaudeBot/1.0; +claudebot@anthropic.com)"
216.73.217.2 - - [04/Jul/2025:10:38:31 -0400] "GET /wp-content/plugins/under-construction-page/themes/rocket_2 HTTP/1.1" 301 795 "-" "Mozilla/5.0 AppleWebKit/537.36 (KHTML, like Gecko; compatible; ClaudeBot/1.0; +claudebot@anthropic.com)"
18.209.201.119 - - [04/Jul/2025:10:38:30 -0400] "GET /shell/function.php?download=L3Vzci9zaGFyZS9tYW4vbWFuNy9DUkVBVEVfT1BFUkFUT1JfRkFNSUxZLjcuZ3o%3D HTTP/1.1" 200 2007 "-" "Mozilla/5.0 AppleWebKit/537.36 (KHTML, like Gecko; compatible; Amazonbot/0.1; +https://developer.amazon.com/support/amazonbot) Chrome/119.0.6045.214 Safari/537.36"
216.73.217.2 - - [04/Jul/2025:10:38:31 -0400] "GET /wp-content/plugins/disclaimer-popup/admin/partials/ HTTP/1.1" 200 563 "https://lexlawpractice.com/wp-content/plugins/disclaimer-popup/admin/partials" "Mozilla/5.0 AppleWebKit/537.36 (KHTML, like Gecko; compatible; ClaudeBot/1.0; +claudebot@anthropic.com)"
216.73.217.2 - - [04/Jul/2025:10:38:31 -0400] "GET /wp-content/plugins/jetpack/images/lock-paywall.svg HTTP/1.1" 200 333 "-" "Mozilla/5.0 AppleWebKit/537.36 (KHTML, like Gecko; compatible; ClaudeBot/1.0; +claudebot@anthropic.com)"
216.73.217.2 - - [04/Jul/2025:10:38:31 -0400] "GET /wp-content/plugins/jetpack/images/jetpack-woocommerce-logo.svg HTTP/1.1" 200 4005 "-" "Mozilla/5.0 AppleWebKit/537.36 (KHTML, like Gecko; compatible; ClaudeBot/1.0; +claudebot@anthropic.com)"
114.119.142.15 - - [04/Jul/2025:10:38:08 -0400] "GET /wp-content/plugins/elementor-pro_old/modules/forms/assets/ HTTP/1.1" 200 705 "https://lexlawpractice.com/wp-content/plugins/elementor-pro_old/modules/forms/" "Mozilla/5.0 (Linux; Android 7.0;) AppleWebKit/537.36 (KHTML, like Gecko) Mobile Safari/537.36 (compatible; PetalBot;+https://webmaster.petalsearch.com/site/petalbot)"
44.212.106.171 - - [04/Jul/2025:10:38:11 -0400] "GET /shell/function.php?download=L29wdC9hbHQvcHl0aG9uMjcvbGliNjQvcHl0aG9uMi43L2VtYWlsL2dlbmVyYXRvci5weWM%3D HTTP/1.1" 200 11257 "-" "Mozilla/5.0 AppleWebKit/537.36 (KHTML, like Gecko; compatible; Amazonbot/0.1; +https://developer.amazon.com/support/amazonbot) Chrome/119.0.6045.214 Safari/537.36"
54.235.172.108 - - [04/Jul/2025:10:38:15 -0400] "GET /shell/function.php?gzfile=L29wdC9hbHQvdGVzdHMvYWx0LXBocDgxLXBlY2wtc3dvb2xlXzUuMS43LTEuZWw4L3Rlc3RzL3N3b29sZV9jb3JvdXRpbmVfc2NoZWR1bGVy HTTP/1.1" 200 6844 "-" "Mozilla/5.0 AppleWebKit/537.36 (KHTML, like Gecko; compatible; Amazonbot/0.1; +https://developer.amazon.com/support/amazonbot) Chrome/119.0.6045.214 Safari/537.36"
44.210.213.220 - - [04/Jul/2025:10:38:23 -0400] "GET /shell/function.php?download=L2xpYjY0L3B5dGhvbjMuOC9lbmNvZGluZ3MvX19weWNhY2hlX18vaXNvMjAyMl9rci5jcHl0aG9uLTM4LnB5Yw%3D%3D HTTP/1.1" 200 2058 "-" "Mozilla/5.0 AppleWebKit/537.36 (KHTML, like Gecko; compatible; Amazonbot/0.1; +https://developer.amazon.com/support/amazonbot) Chrome/119.0.6045.214 Safari/537.36"
3.213.85.234 - - [04/Jul/2025:10:38:26 -0400] "GET /shell/function.php?gzfile=L29wdC9jcGFuZWwvZWEtb3BlbnNzbC9ldGMvcGtpL3Rscy9tYW4vbWFuMy9SQU5EX3NjcmVlbi4z HTTP/1.1" 200 6874 "-" "Mozilla/5.0 AppleWebKit/537.36 (KHTML, like Gecko; compatible; Amazonbot/0.1; +https://developer.amazon.com/support/amazonbot) Chrome/119.0.6045.214 Safari/537.36"
216.73.217.2 - - [04/Jul/2025:10:38:30 -0400] "GET /wp-content/plugins/under-construction-page/themes/windmill HTTP/1.1" 301 795 "-" "Mozilla/5.0 AppleWebKit/537.36 (KHTML, like Gecko; compatible; ClaudeBot/1.0; +claudebot@anthropic.com)"
216.73.217.2 - - [04/Jul/2025:10:38:30 -0400] "GET /wp-content/plugins/under-construction-page/themes/work_desk HTTP/1.1" 301 795 "-" "Mozilla/5.0 AppleWebKit/537.36 (KHTML, like Gecko; compatible; ClaudeBot/1.0; +claudebot@anthropic.com)"
216.73.217.2 - - [04/Jul/2025:10:38:30 -0400] "GET /wp-content/plugins/akismet/_inc/fonts/ HTTP/1.1" 200 635 "https://lexlawpractice.com/wp-content/plugins/akismet/_inc/fonts" "Mozilla/5.0 AppleWebKit/537.36 (KHTML, like Gecko; compatible; ClaudeBot/1.0; +claudebot@anthropic.com)"
216.73.217.2 - - [04/Jul/2025:10:38:31 -0400] "GET /wp-content/plugins/elementor_old/app/assets/ HTTP/1.1" 200 644 "https://lexlawpractice.com/wp-content/plugins/elementor_old/app/assets" "Mozilla/5.0 AppleWebKit/537.36 (KHTML, like Gecko; compatible; ClaudeBot/1.0; +claudebot@anthropic.com)"
216.73.217.2 - - [04/Jul/2025:10:38:31 -0400] "GET /wp-content/plugins/under-construction-page/themes/rocket_2/ HTTP/1.1" 200 707 "https://lexlawpractice.com/wp-content/plugins/under-construction-page/themes/rocket_2" "Mozilla/5.0 AppleWebKit/537.36 (KHTML, like Gecko; compatible; ClaudeBot/1.0; +claudebot@anthropic.com)"
216.73.217.2 - - [04/Jul/2025:10:38:31 -0400] "GET /wp-content/plugins/disclaimer-popup/admin/partials HTTP/1.1" 301 795 "-" "Mozilla/5.0 AppleWebKit/537.36 (KHTML, like Gecko; compatible; ClaudeBot/1.0; +claudebot@anthropic.com)"
216.73.217.2 - - [04/Jul/2025:10:38:31 -0400] "GET /wp-content/plugins/jetpack/images/jetpack-themes.svg HTTP/1.1" 200 668 "-" "Mozilla/5.0 AppleWebKit/537.36 (KHTML, like Gecko; compatible; ClaudeBot/1.0; +claudebot@anthropic.com)"
216.73.217.2 - - [04/Jul/2025:10:38:31 -0400] "GET /wp-content/plugins/jetpack/images/get-apps-ios-store.svg HTTP/1.1" 200 3551 "-" "Mozilla/5.0 AppleWebKit/537.36 (KHTML, like Gecko; compatible; ClaudeBot/1.0; +claudebot@anthropic.com)"
52.3.26.180 - - [04/Jul/2025:10:38:46 -0400] "GET /shell/function.php?gzfile=L3Vzci9saWI2NC9weXRob24yLjcvRGVtby90a2ludGVyL2d1aWRvL2ltYWdldmlldy5weQ%3D%3D HTTP/1.1" 200 6874 "-" "Mozilla/5.0 AppleWebKit/537.36 (KHTML, like Gecko; compatible; Amazonbot/0.1; +https://developer.amazon.com/support/amazonbot) Chrome/119.0.6045.214 Safari/537.36"
52.45.29.57 - - [04/Jul/2025:10:38:50 -0400] "GET /shell/function.php?gzfile=L29wdC9jcGFuZWwvZWEtb3BlbnNzbC9ldGMvcGtpL3Rscy9tYW4vbWFuMy9QRU1fcmVhZF9YNTA5X0FVWC4z HTTP/1.1" 200 6874 "-" "Mozilla/5.0 AppleWebKit/537.36 (KHTML, like Gecko; compatible; Amazonbot/0.1; +https://developer.amazon.com/support/amazonbot) Chrome/119.0.6045.214 Safari/537.36"
216.73.217.2 - - [04/Jul/2025:10:38:31 -0400] "GET /wp-content/plugins/wpforms-lite/assets/fonts HTTP/1.1" 301 795 "-" "Mozilla/5.0 AppleWebKit/537.36 (KHTML, like Gecko; compatible; ClaudeBot/1.0; +claudebot@anthropic.com)"
216.73.217.2 - - [04/Jul/2025:10:38:31 -0400] "GET /wp-content/plugins/wpforms-lite/assets/fonts/ HTTP/1.1" 200 721 "https://lexlawpractice.com/wp-content/plugins/wpforms-lite/assets/fonts" "Mozilla/5.0 AppleWebKit/537.36 (KHTML, like Gecko; compatible; ClaudeBot/1.0; +claudebot@anthropic.com)"
34.236.185.101 - - [04/Jul/2025:10:38:34 -0400] "GET /shell/function.php?download=L2xpYi8uYnVpbGQtaWQvM2IvZThkOWUxMTllODg4NGJlMzk5ZWIwMWViYmVkMDFlMWU2OTJlMDQ%3D HTTP/1.1" 200 11822 "-" "Mozilla/5.0 AppleWebKit/537.36 (KHTML, like Gecko; compatible; Amazonbot/0.1; +https://developer.amazon.com/support/amazonbot) Chrome/119.0.6045.214 Safari/537.36"
184.72.95.195 - - [04/Jul/2025:10:38:39 -0400] "GET /shell/function.php?gzfile=L3Zhci9zb2Z0YWN1bG91cy9zcC9waHA4MS9jbG9uZS5waHA%3D HTTP/1.1" 200 6874 "-" "Mozilla/5.0 AppleWebKit/537.36 (KHTML, like Gecko; compatible; Amazonbot/0.1; +https://developer.amazon.com/support/amazonbot) Chrome/119.0.6045.214 Safari/537.36"
18.232.12.157 - - [04/Jul/2025:10:38:43 -0400] "GET /shell/function.php?download=L3Vzci9zaGFyZS9tYW4vZnIvbWFuNy9hdXRoc2VsZWN0LW1pZ3JhdGlvbi43Lmd6 HTTP/1.1" 200 5103 "-" "Mozilla/5.0 AppleWebKit/537.36 (KHTML, like Gecko; compatible; Amazonbot/0.1; +https://developer.amazon.com/support/amazonbot) Chrome/119.0.6045.214 Safari/537.36"
20.171.207.182 - - [04/Jul/2025:10:38:16 -0400] "GET /shell/function.php?gz=L3Zhci9zb2Z0YWN1bG91cy9tYWdlbnRvMjQ3 HTTP/1.1" 200 0 "-" "Mozilla/5.0 AppleWebKit/537.36 (KHTML, like Gecko; compatible; GPTBot/1.2; +https://openai.com/gptbot)"
3.221.50.71 - - [04/Jul/2025:10:39:02 -0400] "GET /shell/function.php?gzfile=L29wdC9jcGFuZWwvZWEtb3BlbnNzbC9ldGMvcGtpL3Rscy9tYW4vbWFuMy9TU0xfc2V0X3Nlc3Npb25faWRfY29udGV4dC4z HTTP/1.1" 200 6874 "-" "Mozilla/5.0 AppleWebKit/537.36 (KHTML, like Gecko; compatible; Amazonbot/0.1; +https://developer.amazon.com/support/amazonbot) Chrome/119.0.6045.214 Safari/537.36"
34.196.237.236 - - [04/Jul/2025:10:39:11 -0400] "GET /shell/function.php?download=L3Zhci9zb2Z0YWN1bG91cy9mcmVzaHJzcy9waHA3MS9lZGl0LnBocA%3D%3D HTTP/1.1" 200 6022 "-" "Mozilla/5.0 AppleWebKit/537.36 (KHTML, like Gecko; compatible; Amazonbot/0.1; +https://developer.amazon.com/support/amazonbot) Chrome/119.0.6045.214 Safari/537.36"
23.21.175.228 - - [04/Jul/2025:10:39:14 -0400] "GET /shell/function.php?gzfile=L29wdC9hbHQvdGVzdHMvYWx0LXBocDgxLXBlY2wtc3dvb2xlXzUuMS43LTEuZWw4L3Rlc3RzL3N3b29sZV9jb3JvdXRpbmVfc3lzdGVt HTTP/1.1" 200 6874 "-" "Mozilla/5.0 AppleWebKit/537.36 (KHTML, like Gecko; compatible; Amazonbot/0.1; +https://developer.amazon.com/support/amazonbot) Chrome/119.0.6045.214 Safari/537.36"
216.73.217.2 - - [04/Jul/2025:10:39:16 -0400] "GET /wp-content/plugins/under-construction-page/themes/puzzles HTTP/1.1" 301 795 "-" "Mozilla/5.0 AppleWebKit/537.36 (KHTML, like Gecko; compatible; ClaudeBot/1.0; +claudebot@anthropic.com)"
216.73.217.2 - - [04/Jul/2025:10:39:16 -0400] "GET /wp-content/plugins/under-construction-page/themes/puzzles/ HTTP/1.1" 200 707 "https://lexlawpractice.com/wp-content/plugins/under-construction-page/themes/puzzles" "Mozilla/5.0 AppleWebKit/537.36 (KHTML, like Gecko; compatible; ClaudeBot/1.0; +claudebot@anthropic.com)"
216.73.217.2 - - [04/Jul/2025:10:39:16 -0400] "GET /wp-content/plugins/under-construction-page/themes/sad_site HTTP/1.1" 301 795 "-" "Mozilla/5.0 AppleWebKit/537.36 (KHTML, like Gecko; compatible; ClaudeBot/1.0; +claudebot@anthropic.com)"
216.73.217.2 - - [04/Jul/2025:10:39:16 -0400] "GET /wp-content/plugins/revslider/site.webmanifest HTTP/1.1" 404 1251 "-" "Mozilla/5.0 AppleWebKit/537.36 (KHTML, like Gecko; compatible; ClaudeBot/1.0; +claudebot@anthropic.com)"
216.73.217.2 - - [04/Jul/2025:10:39:17 -0400] "GET /wp-content/plugins/under-construction-page/themes/rocket HTTP/1.1" 301 795 "-" "Mozilla/5.0 AppleWebKit/537.36 (KHTML, like Gecko; compatible; ClaudeBot/1.0; +claudebot@anthropic.com)"
216.73.217.2 - - [04/Jul/2025:10:39:17 -0400] "GET /wp-content/plugins/jetpack/images/cloud-based.svg HTTP/1.1" 200 2184 "-" "Mozilla/5.0 AppleWebKit/537.36 (KHTML, like Gecko; compatible; ClaudeBot/1.0; +claudebot@anthropic.com)"
216.73.217.2 - - [04/Jul/2025:10:39:17 -0400] "GET /wp-content/plugins/jetpack/images/customize-theme.svg HTTP/1.1" 200 4489 "-" "Mozilla/5.0 AppleWebKit/537.36 (KHTML, like Gecko; compatible; ClaudeBot/1.0; +claudebot@anthropic.com)"
216.73.217.2 - - [04/Jul/2025:10:39:17 -0400] "GET /wp-content/plugins/under-construction-page/images/thumbnails HTTP/1.1" 301 795 "-" "Mozilla/5.0 AppleWebKit/537.36 (KHTML, like Gecko; compatible; ClaudeBot/1.0; +claudebot@anthropic.com)"
216.73.217.2 - - [04/Jul/2025:10:39:17 -0400] "GET /wp-content/plugins/under-construction-page/images/thumbnails/ HTTP/1.1" 200 2115 "https://lexlawpractice.com/wp-content/plugins/under-construction-page/images/thumbnails" "Mozilla/5.0 AppleWebKit/537.36 (KHTML, like Gecko; compatible; ClaudeBot/1.0; +claudebot@anthropic.com)"
216.73.217.2 - - [04/Jul/2025:10:39:17 -0400] "GET /wp-content/plugins/revslider/public/assets/ HTTP/1.1" 200 731 "https://lexlawpractice.com/wp-content/plugins/revslider/public/assets" "Mozilla/5.0 AppleWebKit/537.36 (KHTML, like Gecko; compatible; ClaudeBot/1.0; +claudebot@anthropic.com)"
52.203.65.83 - - [04/Jul/2025:10:39:22 -0400] "GET /shell/function.php?gzfile=L29wdC9jcGFuZWwvZWEtb3BlbnNzbC9ldGMvcGtpL3Rscy9tYW4vbWFuMy9NREMyLjM%3D HTTP/1.1" 200 6874 "-" "Mozilla/5.0 AppleWebKit/537.36 (KHTML, like Gecko; compatible; Amazonbot/0.1; +https://developer.amazon.com/support/amazonbot) Chrome/119.0.6045.214 Safari/537.36"
3.230.69.161 - - [04/Jul/2025:10:38:54 -0400] "GET /shell/function.php?gzfile=L29wdC9hbHQvdGVzdHMvYWx0LXBocDgzLXBlY2wtZ21hZ2lja18yLjAuNi0xLlJDMS5lbDgvdGVzdHMvZ21hZ2ljay0xMjFfZGVjb25zdHJ1Y3RHaWZfYmFzaWMucGhwdA%3D%3D HTTP/1.1" 200 6874 "-" "Mozilla/5.0 AppleWebKit/537.36 (KHTML, like Gecko; compatible; Amazonbot/0.1; +https://developer.amazon.com/support/amazonbot) Chrome/119.0.6045.214 Safari/537.36"
34.238.45.183 - - [04/Jul/2025:10:38:58 -0400] "GET /shell/function.php?download=L2xpYjY0L3B5dGhvbjMuNi9lbmNvZGluZ3MvX19weWNhY2hlX18vaXNvMjAyMl9qcF8zLmNweXRob24tMzYub3B0LTIucHlj HTTP/1.1" 200 2075 "-" "Mozilla/5.0 AppleWebKit/537.36 (KHTML, like Gecko; compatible; Amazonbot/0.1; +https://developer.amazon.com/support/amazonbot) Chrome/119.0.6045.214 Safari/537.36"
35.172.125.172 - - [04/Jul/2025:10:39:06 -0400] "GET /shell/function.php?download=L3Vzci9zaGFyZS9tYW4vbWFuM3AvcHRocmVhZF9hdHRyX2dldGRldGFjaHN0YXRlLjNwLmd6 HTTP/1.1" 200 2439 "-" "Mozilla/5.0 AppleWebKit/537.36 (KHTML, like Gecko; compatible; Amazonbot/0.1; +https://developer.amazon.com/support/amazonbot) Chrome/119.0.6045.214 Safari/537.36"
216.73.217.2 - - [04/Jul/2025:10:39:16 -0400] "GET /wp-content/plugins/jetpack/images/get-apps-icon.svg HTTP/1.1" 200 747 "-" "Mozilla/5.0 AppleWebKit/537.36 (KHTML, like Gecko; compatible; ClaudeBot/1.0; +claudebot@anthropic.com)"
216.73.217.2 - - [04/Jul/2025:10:39:16 -0400] "GET /wp-content/plugins/under-construction-page/themes/under_construction HTTP/1.1" 301 795 "-" "Mozilla/5.0 AppleWebKit/537.36 (KHTML, like Gecko; compatible; ClaudeBot/1.0; +claudebot@anthropic.com)"
216.73.217.2 - - [04/Jul/2025:10:39:16 -0400] "GET /wp-content/plugins/under-construction-page/themes/under_construction/ HTTP/1.1" 200 705 "https://lexlawpractice.com/wp-content/plugins/under-construction-page/themes/under_construction" "Mozilla/5.0 AppleWebKit/537.36 (KHTML, like Gecko; compatible; ClaudeBot/1.0; +claudebot@anthropic.com)"
