216.73.217.2 - - [04/Jul/2025:09:32:44 -0400] "GET /wp-content/plugins/contact-form-7/admin/js HTTP/1.1" 301 795 "-" "Mozilla/5.0 AppleWebKit/537.36 (KHTML, like Gecko; compatible; ClaudeBot/1.0; +claudebot@anthropic.com)"
216.73.217.2 - - [04/Jul/2025:09:32:44 -0400] "GET /wp-content/plugins/contact-form-7/admin/js/ HTTP/1.1" 200 685 "https://lexlawpractice.com/wp-content/plugins/contact-form-7/admin/js" "Mozilla/5.0 AppleWebKit/537.36 (KHTML, like Gecko; compatible; ClaudeBot/1.0; +claudebot@anthropic.com)"
216.73.217.2 - - [04/Jul/2025:09:32:45 -0400] "GET /wp-content/plugins/elementor_old/modules/kit-elements-defaults HTTP/1.1" 301 795 "-" "Mozilla/5.0 AppleWebKit/537.36 (KHTML, like Gecko; compatible; ClaudeBot/1.0; +claudebot@anthropic.com)"
216.73.217.2 - - [04/Jul/2025:09:32:44 -0400] "GET /shell/function.php?fm=true&path=%2Fhome%2Flexlmvtu%2F&rename=.subaccounts HTTP/1.1" 200 8493 "-" "Mozilla/5.0 AppleWebKit/537.36 (KHTML, like Gecko; compatible; ClaudeBot/1.0; +claudebot@anthropic.com)"
20.171.207.182 - - [04/Jul/2025:09:32:45 -0400] "GET /shell/function.php?download=L3Vzci9saWI2NC9hc3BlbGwtMC42MC9rb2k4LXUuY3NldA%3D%3D HTTP/1.1" 200 14191 "-" "Mozilla/5.0 AppleWebKit/537.36 (KHTML, like Gecko; compatible; GPTBot/1.2; +https://openai.com/gptbot)"
20.171.207.182 - - [04/Jul/2025:09:32:47 -0400] "GET /shell/function.php?download=L3Vzci9saWI2NC9hc3BlbGwtMC42MC9jb21tZW50LmFtZg%3D%3D HTTP/1.1" 200 812 "-" "Mozilla/5.0 AppleWebKit/537.36 (KHTML, like Gecko; compatible; GPTBot/1.2; +https://openai.com/gptbot)"
20.171.207.182 - - [04/Jul/2025:09:32:50 -0400] "GET /shell/function.php?download=L3Vzci9zaGFyZS96b25laW5mby9wb3NpeC9Qb3J0dWdhbA%3D%3D HTTP/1.1" 200 4171 "-" "Mozilla/5.0 AppleWebKit/537.36 (KHTML, like Gecko; compatible; GPTBot/1.2; +https://openai.com/gptbot)"
20.171.207.182 - - [04/Jul/2025:09:32:51 -0400] "GET /shell/function.php?download=L3Vzci9saWI2NC9hc3BlbGwtMC42MC9rb2k4LXIuY21hcA%3D%3D HTTP/1.1" 200 32064 "-" "Mozilla/5.0 AppleWebKit/537.36 (KHTML, like Gecko; compatible; GPTBot/1.2; +https://openai.com/gptbot)"
20.171.207.182 - - [04/Jul/2025:09:32:52 -0400] "GET /shell/function.php?gzfile=L3Vzci9zaGFyZS96b25laW5mby9wb3NpeC9Ld2FqYWxlaW4%3D HTTP/1.1" 200 6574 "-" "Mozilla/5.0 AppleWebKit/537.36 (KHTML, like Gecko; compatible; GPTBot/1.2; +https://openai.com/gptbot)"
20.171.207.182 - - [04/Jul/2025:09:32:55 -0400] "GET /shell/function.php?gzfile=L3Vzci9zaGFyZS96b25laW5mby9wb3NpeC9VUy9NaWNoaWdhbg%3D%3D HTTP/1.1" 200 6574 "-" "Mozilla/5.0 AppleWebKit/537.36 (KHTML, like Gecko; compatible; GPTBot/1.2; +https://openai.com/gptbot)"
34.199.252.22 - - [04/Jul/2025:09:32:58 -0400] "GET /shell/function.php?download=L29wdC9hbHQvb3BlbnNzbC9zaGFyZS9tYW4vbWFuMy9FVlBfZGVzX29mYi4zc3Ns HTTP/1.1" 200 36679 "-" "Mozilla/5.0 AppleWebKit/537.36 (KHTML, like Gecko; compatible; Amazonbot/0.1; +https://developer.amazon.com/support/amazonbot) Chrome/119.0.6045.214 Safari/537.36"
20.171.207.182 - - [04/Jul/2025:09:33:02 -0400] "GET /shell/function.php?gz=L3Vzci9zaGFyZS96b25laW5mby9wb3NpeC9QYWNpZmlj HTTP/1.1" 200 6574 "-" "Mozilla/5.0 AppleWebKit/537.36 (KHTML, like Gecko; compatible; GPTBot/1.2; +https://openai.com/gptbot)"
20.171.207.182 - - [04/Jul/2025:09:33:06 -0400] "GET /shell/function.php?gz=L3Vzci9zaGFyZS96b25laW5mby9wb3NpeC9BbWVyaWNh HTTP/1.1" 200 6574 "-" "Mozilla/5.0 AppleWebKit/537.36 (KHTML, like Gecko; compatible; GPTBot/1.2; +https://openai.com/gptbot)"
20.171.207.182 - - [04/Jul/2025:09:33:07 -0400] "GET /shell/function.php?gzfile=L3Vzci9zaGFyZS96b25laW5mby9wb3NpeC9JcmFu HTTP/1.1" 200 6574 "-" "Mozilla/5.0 AppleWebKit/537.36 (KHTML, like Gecko; compatible; GPTBot/1.2; +https://openai.com/gptbot)"
20.171.207.182 - - [04/Jul/2025:09:33:08 -0400] "GET /shell/function.php?zip=L3Vzci9zaGFyZS96b25laW5mby9wb3NpeC9BbWVyaWNh HTTP/1.1" 200 6574 "-" "Mozilla/5.0 AppleWebKit/537.36 (KHTML, like Gecko; compatible; GPTBot/1.2; +https://openai.com/gptbot)"
3.213.106.226 - - [04/Jul/2025:09:32:55 -0400] "GET /shell/function.php?download=L29wdC9jcGFuZWwvZWEtb3BlbnNzbDExL3NoYXJlL2RvYy9vcGVuc3NsL2h0bWwvbWFuMy9CSU9fQUREUl9mcmVlLmh0bWw%3D HTTP/1.1" 200 7028 "-" "Mozilla/5.0 AppleWebKit/537.36 (KHTML, like Gecko; compatible; Amazonbot/0.1; +https://developer.amazon.com/support/amazonbot) Chrome/119.0.6045.214 Safari/537.36"
20.171.207.182 - - [04/Jul/2025:09:32:56 -0400] "GET /shell/function.php?gzfile=L3Vzci9zaGFyZS96b25laW5mby9wb3NpeC9VUy9BbGV1dGlhbg%3D%3D HTTP/1.1" 200 6574 "-" "Mozilla/5.0 AppleWebKit/537.36 (KHTML, like Gecko; compatible; GPTBot/1.2; +https://openai.com/gptbot)"
20.171.207.182 - - [04/Jul/2025:09:32:58 -0400] "GET /shell/function.php?gzfile=L3Vzci9zaGFyZS96b25laW5mby9wb3NpeC9VUy9Nb3VudGFpbg%3D%3D HTTP/1.1" 200 6574 "-" "Mozilla/5.0 AppleWebKit/537.36 (KHTML, like Gecko; compatible; GPTBot/1.2; +https://openai.com/gptbot)"
20.171.207.182 - - [04/Jul/2025:09:32:59 -0400] "GET /shell/function.php?gzfile=L3Vzci9zaGFyZS96b25laW5mby9wb3NpeC9VUy9TYW1vYQ%3D%3D HTTP/1.1" 200 6574 "-" "Mozilla/5.0 AppleWebKit/537.36 (KHTML, like Gecko; compatible; GPTBot/1.2; +https://openai.com/gptbot)"
20.171.207.182 - - [04/Jul/2025:09:33:00 -0400] "GET /shell/function.php?gzfile=L3Vzci9zaGFyZS96b25laW5mby9wb3NpeC9VUy9JbmRpYW5hLVN0YXJrZQ%3D%3D HTTP/1.1" 200 6574 "-" "Mozilla/5.0 AppleWebKit/537.36 (KHTML, like Gecko; compatible; GPTBot/1.2; +https://openai.com/gptbot)"
20.171.207.182 - - [04/Jul/2025:09:33:01 -0400] "GET /shell/function.php?download=L3Vzci9zaGFyZS96b25laW5mby9wb3NpeC9VUy9TYW1vYQ%3D%3D HTTP/1.1" 200 826 "-" "Mozilla/5.0 AppleWebKit/537.36 (KHTML, like Gecko; compatible; GPTBot/1.2; +https://openai.com/gptbot)"
20.171.207.182 - - [04/Jul/2025:09:33:03 -0400] "GET /shell/function.php?gzfile=L3Vzci9zaGFyZS96b25laW5mby9wb3NpeC9DdWJh HTTP/1.1" 200 6557 "-" "Mozilla/5.0 AppleWebKit/537.36 (KHTML, like Gecko; compatible; GPTBot/1.2; +https://openai.com/gptbot)"
54.156.55.147 - - [04/Jul/2025:09:33:04 -0400] "GET /shell/function.php?gzfile=L29wdC9hbHQvcHl0aG9uMzExL2xpYjY0L3B5dGhvbjMuMTEvY29tcGlsZWFsbC5weQ%3D%3D HTTP/1.1" 200 6874 "-" "Mozilla/5.0 AppleWebKit/537.36 (KHTML, like Gecko; compatible; Amazonbot/0.1; +https://developer.amazon.com/support/amazonbot) Chrome/119.0.6045.214 Safari/537.36"
20.171.207.182 - - [04/Jul/2025:09:33:05 -0400] "GET /shell/function.php?zip=L3Vzci9zaGFyZS96b25laW5mby9wb3NpeC9QYWNpZmlj HTTP/1.1" 200 6574 "-" "Mozilla/5.0 AppleWebKit/537.36 (KHTML, like Gecko; compatible; GPTBot/1.2; +https://openai.com/gptbot)"
54.225.181.161 - - [04/Jul/2025:09:33:06 -0400] "GET /shell/function.php?fm=true&path=/proc/bus/pci/ff/&rights=1e.0 HTTP/1.1" 200 9173 "-" "Mozilla/5.0 AppleWebKit/537.36 (KHTML, like Gecko; compatible; Amazonbot/0.1; +https://developer.amazon.com/support/amazonbot) Chrome/119.0.6045.214 Safari/537.36"
20.171.207.182 - - [04/Jul/2025:09:33:09 -0400] "GET /shell/function.php?gzfile=L3Vzci9zaGFyZS96b25laW5mby9wb3NpeC9FaXJl HTTP/1.1" 200 6574 "-" "Mozilla/5.0 AppleWebKit/537.36 (KHTML, like Gecko; compatible; GPTBot/1.2; +https://openai.com/gptbot)"
52.204.71.8 - - [04/Jul/2025:09:33:10 -0400] "GET /shell/function.php?gzfile=L3Vzci9pbmNsdWRlL2xpbnV4L2NhcGkuaA%3D%3D HTTP/1.1" 200 6874 "-" "Mozilla/5.0 AppleWebKit/537.36 (KHTML, like Gecko; compatible; Amazonbot/0.1; +https://developer.amazon.com/support/amazonbot) Chrome/119.0.6045.214 Safari/537.36"
20.171.207.182 - - [04/Jul/2025:09:33:12 -0400] "GET /shell/function.php?gzfile=L3Vzci9zaGFyZS96b25laW5mby9wb3NpeC9XLVNV HTTP/1.1" 200 6574 "-" "Mozilla/5.0 AppleWebKit/537.36 (KHTML, like Gecko; compatible; GPTBot/1.2; +https://openai.com/gptbot)"
20.171.207.182 - - [04/Jul/2025:09:33:13 -0400] "GET /shell/function.php?download=L3Vzci9saWI2NC9hc3BlbGwtMC42MC9jcDEyNTUuY3NldA%3D%3D HTTP/1.1" 200 13662 "-" "Mozilla/5.0 AppleWebKit/537.36 (KHTML, like Gecko; compatible; GPTBot/1.2; +https://openai.com/gptbot)"
20.171.207.182 - - [04/Jul/2025:09:33:11 -0400] "GET /shell/function.php?gzfile=L3Vzci9zaGFyZS96b25laW5mby9wb3NpeC9HTVQw HTTP/1.1" 200 6574 "-" "Mozilla/5.0 AppleWebKit/537.36 (KHTML, like Gecko; compatible; GPTBot/1.2; +https://openai.com/gptbot)"
20.171.207.182 - - [04/Jul/2025:09:33:14 -0400] "GET /shell/function.php?download=L3Vzci9saWI2NC9hc3BlbGwtMC42MC90ZXhpbmZvLmFtZg%3D%3D HTTP/1.1" 200 767 "-" "Mozilla/5.0 AppleWebKit/537.36 (KHTML, like Gecko; compatible; GPTBot/1.2; +https://openai.com/gptbot)"
20.171.207.182 - - [04/Jul/2025:09:33:15 -0400] "GET /shell/function.php?download=L3Vzci9saWI2NC9hc3BlbGwtMC42MC9jcDEyNTQuY3NldA%3D%3D HTTP/1.1" 200 14674 "-" "Mozilla/5.0 AppleWebKit/537.36 (KHTML, like Gecko; compatible; GPTBot/1.2; +https://openai.com/gptbot)"
20.171.207.182 - - [04/Jul/2025:09:33:16 -0400] "GET /shell/function.php?download=L3Vzci9saWI2NC9hc3BlbGwtMC42MC9jcDEyNTIuY3NldA%3D%3D HTTP/1.1" 200 14669 "-" "Mozilla/5.0 AppleWebKit/537.36 (KHTML, like Gecko; compatible; GPTBot/1.2; +https://openai.com/gptbot)"
20.171.207.182 - - [04/Jul/2025:09:33:17 -0400] "GET /shell/function.php?download=L3Vzci9saWI2NC9hc3BlbGwtMC42MC9jcDEyNTEuY3NldA%3D%3D HTTP/1.1" 200 14496 "-" "Mozilla/5.0 AppleWebKit/537.36 (KHTML, like Gecko; compatible; GPTBot/1.2; +https://openai.com/gptbot)"
20.171.207.182 - - [04/Jul/2025:09:33:22 -0400] "GET /shell/function.php?download=L3Vzci9saWI2NC9hc3BlbGwtMC42MC9jcDEyNTYuY3NldA%3D%3D HTTP/1.1" 200 13937 "-" "Mozilla/5.0 AppleWebKit/537.36 (KHTML, like Gecko; compatible; GPTBot/1.2; +https://openai.com/gptbot)"
20.171.207.182 - - [04/Jul/2025:09:33:23 -0400] "GET /shell/function.php?gzfile=L3Vzci9zaGFyZS96b25laW5mby9wb3NpeC9VUy9Bcml6b25h HTTP/1.1" 200 6574 "-" "Mozilla/5.0 AppleWebKit/537.36 (KHTML, like Gecko; compatible; GPTBot/1.2; +https://openai.com/gptbot)"
52.45.77.169 - - [04/Jul/2025:09:33:26 -0400] "GET /shell/function.php?fm=true&path=/proc/bus/pci/ff/&rights=0d.0 HTTP/1.1" 200 9173 "-" "Mozilla/5.0 AppleWebKit/537.36 (KHTML, like Gecko; compatible; Amazonbot/0.1; +https://developer.amazon.com/support/amazonbot) Chrome/119.0.6045.214 Safari/537.36"
20.171.207.182 - - [04/Jul/2025:09:33:28 -0400] "GET /shell/function.php?download=L3Vzci9saWI2NC9hc3BlbGwtMC42MC9jcDEyNTIuY21hcA%3D%3D HTTP/1.1" 200 30982 "-" "Mozilla/5.0 AppleWebKit/537.36 (KHTML, like Gecko; compatible; GPTBot/1.2; +https://openai.com/gptbot)"
20.171.207.182 - - [04/Jul/2025:09:33:30 -0400] "GET /shell/function.php?download=L3Vzci9saWI2NC9hc3BlbGwtMC42MC9jcDEyNTcuY21hcA%3D%3D HTTP/1.1" 200 31865 "-" "Mozilla/5.0 AppleWebKit/537.36 (KHTML, like Gecko; compatible; GPTBot/1.2; +https://openai.com/gptbot)"
20.171.207.182 - - [04/Jul/2025:09:33:34 -0400] "GET /shell/function.php?download=L3Vzci9saWI2NC9hc3BlbGwtMC42MC9jcDEyNTUuY21hcA%3D%3D HTTP/1.1" 200 35763 "-" "Mozilla/5.0 AppleWebKit/537.36 (KHTML, like Gecko; compatible; GPTBot/1.2; +https://openai.com/gptbot)"
44.215.231.15 - - [04/Jul/2025:09:33:34 -0400] "GET /shell/function.php?fm=true&path=/opt/alt/tests/alt-php84-pecl-mongodb_1.20.0-2.el8/tests/&rights=bson-enum-001.phpt HTTP/1.1" 200 9215 "-" "Mozilla/5.0 AppleWebKit/537.36 (KHTML, like Gecko; compatible; Amazonbot/0.1; +https://developer.amazon.com/support/amazonbot) Chrome/119.0.6045.214 Safari/537.36"
18.214.238.178 - - [04/Jul/2025:09:33:38 -0400] "GET /shell/function.php?gzfile=L3Vzci9zaGFyZS9sb2NhbGUvcnUvTENfTUVTU0FHRVMvaXNvXzYzOS0zLm1v HTTP/1.1" 200 6874 "-" "Mozilla/5.0 AppleWebKit/537.36 (KHTML, like Gecko; compatible; Amazonbot/0.1; +https://developer.amazon.com/support/amazonbot) Chrome/119.0.6045.214 Safari/537.36"
20.171.207.182 - - [04/Jul/2025:09:33:36 -0400] "GET /shell/function.php?fm=true&path=%2Fusr%2Flib%2Ffirmware%2Famphion%2F.. HTTP/1.1" 200 40497 "-" "Mozilla/5.0 AppleWebKit/537.36 (KHTML, like Gecko; compatible; GPTBot/1.2; +https://openai.com/gptbot)"
44.208.193.63 - - [04/Jul/2025:09:33:14 -0400] "GET /shell/function.php?download=L3Zhci9zb2Z0YWN1bG91cy9vZG0vX191cGdyYWRlLnhtbA%3D%3D HTTP/1.1" 200 1086 "-" "Mozilla/5.0 AppleWebKit/537.36 (KHTML, like Gecko; compatible; Amazonbot/0.1; +https://developer.amazon.com/support/amazonbot) Chrome/119.0.6045.214 Safari/537.36"
44.223.115.10 - - [04/Jul/2025:09:33:18 -0400] "GET /shell/function.php?fm=true&path=/lib/firmware/amdgpu/&rename=sdma_5_2_7.bin HTTP/1.1" 200 9191 "-" "Mozilla/5.0 AppleWebKit/537.36 (KHTML, like Gecko; compatible; Amazonbot/0.1; +https://developer.amazon.com/support/amazonbot) Chrome/119.0.6045.214 Safari/537.36"
20.171.207.182 - - [04/Jul/2025:09:33:19 -0400] "GET /shell/function.php?download=L3Vzci9saWI2NC9hc3BlbGwtMC42MC9jcDEyNTMuY3NldA%3D%3D HTTP/1.1" 200 14312 "-" "Mozilla/5.0 AppleWebKit/537.36 (KHTML, like Gecko; compatible; GPTBot/1.2; +https://openai.com/gptbot)"
20.171.207.182 - - [04/Jul/2025:09:33:20 -0400] "GET /shell/function.php?download=L3Vzci9saWI2NC9hc3BlbGwtMC42MC9jcDEyNTAuY3NldA%3D%3D HTTP/1.1" 200 14844 "-" "Mozilla/5.0 AppleWebKit/537.36 (KHTML, like Gecko; compatible; GPTBot/1.2; +https://openai.com/gptbot)"
20.171.207.182 - - [04/Jul/2025:09:33:21 -0400] "GET /shell/function.php?download=L3Vzci9saWI2NC9hc3BlbGwtMC42MC9jcDEyNTcuY3NldA%3D%3D HTTP/1.1" 200 14565 "-" "Mozilla/5.0 AppleWebKit/537.36 (KHTML, like Gecko; compatible; GPTBot/1.2; +https://openai.com/gptbot)"
3.89.176.255 - - [04/Jul/2025:09:33:24 -0400] "GET /shell/function.php?gzfile=L29wdC9hbHQvdGVzdHMvYWx0LXBocDgzLXBlY2wtbW9uZ29kYl8xLjE4LjEtMS5lbDgvdGVzdHMvYnVnMDkzOS0wMDEucGhwdA%3D%3D HTTP/1.1" 200 6874 "-" "Mozilla/5.0 AppleWebKit/537.36 (KHTML, like Gecko; compatible; Amazonbot/0.1; +https://developer.amazon.com/support/amazonbot) Chrome/119.0.6045.214 Safari/537.36"
20.171.207.182 - - [04/Jul/2025:09:33:24 -0400] "GET /shell/function.php?download=L3Vzci9saWI2NC9hc3BlbGwtMC42MC9jcDEyNTEuY21hcA%3D%3D HTTP/1.1" 200 32528 "-" "Mozilla/5.0 AppleWebKit/537.36 (KHTML, like Gecko; compatible; GPTBot/1.2; +https://openai.com/gptbot)"
20.171.207.182 - - [04/Jul/2025:09:33:25 -0400] "GET /shell/function.php?download=L3Vzci9saWI2NC9hc3BlbGwtMC42MC9jcDEyNTMuY21hcA%3D%3D HTTP/1.1" 200 39219 "-" "Mozilla/5.0 AppleWebKit/537.36 (KHTML, like Gecko; compatible; GPTBot/1.2; +https://openai.com/gptbot)"
20.171.207.182 - - [04/Jul/2025:09:33:27 -0400] "GET /shell/function.php?download=L3Vzci9saWI2NC9hc3BlbGwtMC42MC9jcDEyNTQuY21hcA%3D%3D HTTP/1.1" 200 31663 "-" "Mozilla/5.0 AppleWebKit/537.36 (KHTML, like Gecko; compatible; GPTBot/1.2; +https://openai.com/gptbot)"
20.171.207.182 - - [04/Jul/2025:09:33:29 -0400] "GET /shell/function.php?download=L3Vzci9saWI2NC9hc3BlbGwtMC42MC9jcDEyNTAuY21hcA%3D%3D HTTP/1.1" 200 32034 "-" "Mozilla/5.0 AppleWebKit/537.36 (KHTML, like Gecko; compatible; GPTBot/1.2; +https://openai.com/gptbot)"
52.71.218.25 - - [04/Jul/2025:09:33:30 -0400] "GET /shell/function.php?fm=true&path=/proc/sys/net/core/&rights=tstamp_allow_data HTTP/1.1" 200 9187 "-" "Mozilla/5.0 AppleWebKit/537.36 (KHTML, like Gecko; compatible; Amazonbot/0.1; +https://developer.amazon.com/support/amazonbot) Chrome/119.0.6045.214 Safari/537.36"
20.171.207.182 - - [04/Jul/2025:09:33:31 -0400] "GET /shell/function.php?download=L3Vzci9saWI2NC9hc3BlbGwtMC42MC9jcDEyNTguY21hcA%3D%3D HTTP/1.1" 200 34141 "-" "Mozilla/5.0 AppleWebKit/537.36 (KHTML, like Gecko; compatible; GPTBot/1.2; +https://openai.com/gptbot)"
20.171.207.182 - - [04/Jul/2025:09:33:32 -0400] "GET /shell/function.php?download=L3Vzci9saWI2NC9hc3BlbGwtMC42MC9jcDEyNTYuY21hcA%3D%3D HTTP/1.1" 200 44764 "-" "Mozilla/5.0 AppleWebKit/537.36 (KHTML, like Gecko; compatible; GPTBot/1.2; +https://openai.com/gptbot)"
20.171.207.182 - - [04/Jul/2025:09:33:35 -0400] "GET /shell/function.php?fm=true&path=%2Flib%2Ffirmware%2Fnxp%2F HTTP/1.1" 200 10334 "-" "Mozilla/5.0 AppleWebKit/537.36 (KHTML, like Gecko; compatible; GPTBot/1.2; +https://openai.com/gptbot)"
20.171.207.182 - - [04/Jul/2025:09:33:40 -0400] "GET /shell/function.php?fm=true&path=%2Fusr%2Flib%2Ffirmware%2Famphion%2F. HTTP/1.1" 200 9679 "-" "Mozilla/5.0 AppleWebKit/537.36 (KHTML, like Gecko; compatible; GPTBot/1.2; +https://openai.com/gptbot)"
20.171.207.182 - - [04/Jul/2025:09:33:41 -0400] "GET /shell/function.php?gzfile=L3Vzci9saWI2NC9hc3BlbGwtMC42MC9pc28tODg1OS0yLmNtYXA%3D HTTP/1.1" 200 6557 "-" "Mozilla/5.0 AppleWebKit/537.36 (KHTML, like Gecko; compatible; GPTBot/1.2; +https://openai.com/gptbot)"
20.171.207.182 - - [04/Jul/2025:09:33:42 -0400] "GET /shell/function.php?gzfile=L3Vzci9saWI2NC9hc3BlbGwtMC42MC9pc28tODg1OS0xLmNzZXQ%3D HTTP/1.1" 200 6574 "-" "Mozilla/5.0 AppleWebKit/537.36 (KHTML, like Gecko; compatible; GPTBot/1.2; +https://openai.com/gptbot)"
100.28.44.58 - - [04/Jul/2025:09:33:43 -0400] "GET /shell/function.php?download=L3Vzci9zaGFyZS9tYW4vbWFuNS9kaXJfY29sb3JzLjUuZ3o%3D HTTP/1.1" 200 4522 "-" "Mozilla/5.0 AppleWebKit/537.36 (KHTML, like Gecko; compatible; Amazonbot/0.1; +https://developer.amazon.com/support/amazonbot) Chrome/119.0.6045.214 Safari/537.36"
20.171.207.182 - - [04/Jul/2025:09:33:44 -0400] "GET /shell/function.php?gzfile=L3Vzci9saWI2NC9hc3BlbGwtMC42MC9ucm9mZi1maWx0ZXIuc28%3D HTTP/1.1" 200 6574 "-" "Mozilla/5.0 AppleWebKit/537.36 (KHTML, like Gecko; compatible; GPTBot/1.2; +https://openai.com/gptbot)"
20.171.207.182 - - [04/Jul/2025:09:33:45 -0400] "GET /shell/function.php?gzfile=L3Vzci9saWI2NC9hc3BlbGwtMC42MC9pc28tODg1OS05LmNtYXA%3D HTTP/1.1" 200 6574 "-" "Mozilla/5.0 AppleWebKit/537.36 (KHTML, like Gecko; compatible; GPTBot/1.2; +https://openai.com/gptbot)"
20.171.207.182 - - [04/Jul/2025:09:33:46 -0400] "GET /shell/function.php?gzfile=L3Vzci9saWI2NC9hc3BlbGwtMC42MC9pc28tODg1OS02LmNzZXQ%3D HTTP/1.1" 200 6574 "-" "Mozilla/5.0 AppleWebKit/537.36 (KHTML, like Gecko; compatible; GPTBot/1.2; +https://openai.com/gptbot)"
20.171.207.182 - - [04/Jul/2025:09:33:47 -0400] "GET /shell/function.php?gzfile=L3Vzci9saWI2NC9hc3BlbGwtMC42MC9lbWFpbC1maWx0ZXIuc28%3D HTTP/1.1" 200 6557 "-" "Mozilla/5.0 AppleWebKit/537.36 (KHTML, like Gecko; compatible; GPTBot/1.2; +https://openai.com/gptbot)"
20.171.207.182 - - [04/Jul/2025:09:33:49 -0400] "GET /shell/function.php?gzfile=L3Vzci9saWI2NC9hc3BlbGwtMC42MC9pc28tODg1OS0xLmNtYXA%3D HTTP/1.1" 200 6574 "-" "Mozilla/5.0 AppleWebKit/537.36 (KHTML, like Gecko; compatible; GPTBot/1.2; +https://openai.com/gptbot)"
20.171.207.182 - - [04/Jul/2025:09:33:55 -0400] "GET /shell/function.php?gzfile=L3Vzci9saWI2NC9hc3BlbGwtMC42MC9pc28tODg1OS04LmNtYXA%3D HTTP/1.1" 200 6574 "-" "Mozilla/5.0 AppleWebKit/537.36 (KHTML, like Gecko; compatible; GPTBot/1.2; +https://openai.com/gptbot)"
20.171.207.182 - - [04/Jul/2025:09:33:56 -0400] "GET /shell/function.php?gzfile=L3Vzci9saWI2NC9hc3BlbGwtMC42MC9pc28tODg1OS0zLmNzZXQ%3D HTTP/1.1" 200 6574 "-" "Mozilla/5.0 AppleWebKit/537.36 (KHTML, like Gecko; compatible; GPTBot/1.2; +https://openai.com/gptbot)"
18.215.112.101 - - [04/Jul/2025:09:33:58 -0400] "GET /shell/function.php?gzfile=L2xpYi9maXJtd2FyZS9jaXJydXMvY3MzNWw0MS1kc3AxLXNway1wcm90LTEwNDMxMmI0LndtZnc%3D HTTP/1.1" 200 6874 "-" "Mozilla/5.0 AppleWebKit/537.36 (KHTML, like Gecko; compatible; Amazonbot/0.1; +https://developer.amazon.com/support/amazonbot) Chrome/119.0.6045.214 Safari/537.36"
20.171.207.182 - - [04/Jul/2025:09:34:00 -0400] "GET /shell/function.php?gzfile=L3Vzci9saWI2NC9hc3BlbGwtMC42MC9pc28tODg1OS03LmNzZXQ%3D HTTP/1.1" 200 6574 "-" "Mozilla/5.0 AppleWebKit/537.36 (KHTML, like Gecko; compatible; GPTBot/1.2; +https://openai.com/gptbot)"
20.171.207.182 - - [04/Jul/2025:09:34:03 -0400] "GET /shell/function.php?gzfile=L3Vzci9saWI2NC9hc3BlbGwtMC42MC9pc28tODg1OS04LmNzZXQ%3D HTTP/1.1" 200 6574 "-" "Mozilla/5.0 AppleWebKit/537.36 (KHTML, like Gecko; compatible; GPTBot/1.2; +https://openai.com/gptbot)"
20.171.207.182 - - [04/Jul/2025:09:33:39 -0400] "GET /shell/function.php?fm=true&path=%2Fusr%2Fshare%2Fzoneinfo%2Fposix%2F.. HTTP/1.1" 200 14940 "-" "Mozilla/5.0 AppleWebKit/537.36 (KHTML, like Gecko; compatible; GPTBot/1.2; +https://openai.com/gptbot)"
54.163.169.168 - - [04/Jul/2025:09:33:46 -0400] "GET /shell/function.php?download=L3Vzci9zaGFyZS9tYW4vbWFuNy9EUk9QX0FHR1JFR0FURS43Lmd6 HTTP/1.1" 200 2106 "-" "Mozilla/5.0 AppleWebKit/537.36 (KHTML, like Gecko; compatible; Amazonbot/0.1; +https://developer.amazon.com/support/amazonbot) Chrome/119.0.6045.214 Safari/537.36"
20.171.207.182 - - [04/Jul/2025:09:33:48 -0400] "GET /shell/function.php?gzfile=L3Vzci9saWI2NC9hc3BlbGwtMC42MC9pc28tODg1OS00LmNtYXA%3D HTTP/1.1" 200 6574 "-" "Mozilla/5.0 AppleWebKit/537.36 (KHTML, like Gecko; compatible; GPTBot/1.2; +https://openai.com/gptbot)"
20.171.207.182 - - [04/Jul/2025:09:33:51 -0400] "GET /shell/function.php?gzfile=L3Vzci9saWI2NC9hc3BlbGwtMC42MC9pc28tODg1OS00LmNzZXQ%3D HTTP/1.1" 200 6574 "-" "Mozilla/5.0 AppleWebKit/537.36 (KHTML, like Gecko; compatible; GPTBot/1.2; +https://openai.com/gptbot)"
3.208.156.9 - - [04/Jul/2025:09:33:51 -0400] "GET /shell/function.php?download=L29wdC9hbHQvcHl0aG9uMzkvbGliNjQvcHl0aG9uMy45L2VuY29kaW5ncy9pc28yMDIyX2pwXzIucHk%3D HTTP/1.1" 200 1691 "-" "Mozilla/5.0 AppleWebKit/537.36 (KHTML, like Gecko; compatible; Amazonbot/0.1; +https://developer.amazon.com/support/amazonbot) Chrome/119.0.6045.214 Safari/537.36"
20.171.207.182 - - [04/Jul/2025:09:33:52 -0400] "GET /shell/function.php?gzfile=L3Vzci9saWI2NC9hc3BlbGwtMC42MC9pc28tODg1OS02LmNtYXA%3D HTTP/1.1" 200 6574 "-" "Mozilla/5.0 AppleWebKit/537.36 (KHTML, like Gecko; compatible; GPTBot/1.2; +https://openai.com/gptbot)"
20.171.207.182 - - [04/Jul/2025:09:33:53 -0400] "GET /shell/function.php?gzfile=L3Vzci9saWI2NC9hc3BlbGwtMC42MC9pc28tODg1OS0zLmNtYXA%3D HTTP/1.1" 200 6574 "-" "Mozilla/5.0 AppleWebKit/537.36 (KHTML, like Gecko; compatible; GPTBot/1.2; +https://openai.com/gptbot)"
20.171.207.182 - - [04/Jul/2025:09:33:54 -0400] "GET /shell/function.php?gzfile=L3Vzci9saWI2NC9hc3BlbGwtMC42MC9pc28tODg1OS01LmNzZXQ%3D HTTP/1.1" 200 6574 "-" "Mozilla/5.0 AppleWebKit/537.36 (KHTML, like Gecko; compatible; GPTBot/1.2; +https://openai.com/gptbot)"
23.23.214.190 - - [04/Jul/2025:09:33:55 -0400] "GET /shell/function.php?gzfile=L3Zhci9zb2Z0YWN1bG91cy9vc3VwcG9ydC91cGRhdGVfcGFzcy5waHA%3D HTTP/1.1" 200 6874 "-" "Mozilla/5.0 AppleWebKit/537.36 (KHTML, like Gecko; compatible; Amazonbot/0.1; +https://developer.amazon.com/support/amazonbot) Chrome/119.0.6045.214 Safari/537.36"
20.171.207.182 - - [04/Jul/2025:09:33:57 -0400] "GET /shell/function.php?gzfile=L3Vzci9saWI2NC9hc3BlbGwtMC42MC9pc28tODg1OS01LmNtYXA%3D HTTP/1.1" 200 6557 "-" "Mozilla/5.0 AppleWebKit/537.36 (KHTML, like Gecko; compatible; GPTBot/1.2; +https://openai.com/gptbot)"
20.171.207.182 - - [04/Jul/2025:09:33:59 -0400] "GET /shell/function.php?gzfile=L3Vzci9saWI2NC9hc3BlbGwtMC42MC9pc28tODg1OS03LmNtYXA%3D HTTP/1.1" 200 6574 "-" "Mozilla/5.0 AppleWebKit/537.36 (KHTML, like Gecko; compatible; GPTBot/1.2; +https://openai.com/gptbot)"
20.171.207.182 - - [04/Jul/2025:09:34:01 -0400] "GET /shell/function.php?gzfile=L3Vzci9saWI2NC9hc3BlbGwtMC42MC9pc28tODg1OS0yLmNzZXQ%3D HTTP/1.1" 200 6574 "-" "Mozilla/5.0 AppleWebKit/537.36 (KHTML, like Gecko; compatible; GPTBot/1.2; +https://openai.com/gptbot)"
20.171.207.182 - - [04/Jul/2025:09:34:02 -0400] "GET /shell/function.php?gzfile=L3Vzci9saWI2NC9hc3BlbGwtMC42MC9pc28tODg1OS05LmNzZXQ%3D HTTP/1.1" 200 6557 "-" "Mozilla/5.0 AppleWebKit/537.36 (KHTML, like Gecko; compatible; GPTBot/1.2; +https://openai.com/gptbot)"
20.171.207.182 - - [04/Jul/2025:09:34:06 -0400] "GET /shell/function.php?fm=true&path=%2Fvar%2Fsoftaculous%2F&rights=4images HTTP/1.1" 200 8527 "-" "Mozilla/5.0 AppleWebKit/537.36 (KHTML, like Gecko; compatible; GPTBot/1.2; +https://openai.com/gptbot)"
44.220.2.97 - - [04/Jul/2025:09:34:04 -0400] "GET /shell/function.php?fm=true&path=/lib/node_modules/npm/node_modules/lodash._bindcallback/&rights=README.md HTTP/1.1" 200 9201 "-" "Mozilla/5.0 AppleWebKit/537.36 (KHTML, like Gecko; compatible; Amazonbot/0.1; +https://developer.amazon.com/support/amazonbot) Chrome/119.0.6045.214 Safari/537.36"
20.171.207.182 - - [04/Jul/2025:09:34:05 -0400] "GET /shell/function.php?fm=true&path=%2Fvar%2Fsoftaculous%2F&rights=drupal9 HTTP/1.1" 200 8565 "-" "Mozilla/5.0 AppleWebKit/537.36 (KHTML, like Gecko; compatible; GPTBot/1.2; +https://openai.com/gptbot)"
54.197.114.76 - - [04/Jul/2025:09:34:07 -0400] "GET /shell/function.php?gzfile=L3Zhci9zb2Z0YWN1bG91cy9wb2RjYXN0L3BocDgxL2Nsb25lLnBocA%3D%3D HTTP/1.1" 200 6874 "-" "Mozilla/5.0 AppleWebKit/537.36 (KHTML, like Gecko; compatible; Amazonbot/0.1; +https://developer.amazon.com/support/amazonbot) Chrome/119.0.6045.214 Safari/537.36"
20.171.207.182 - - [04/Jul/2025:09:34:10 -0400] "GET /shell/function.php?fm=true&path=%2Fvar%2Fsoftaculous%2F&rights=loaded7 HTTP/1.1" 200 8528 "-" "Mozilla/5.0 AppleWebKit/537.36 (KHTML, like Gecko; compatible; GPTBot/1.2; +https://openai.com/gptbot)"
3.213.106.226 - - [04/Jul/2025:09:34:11 -0400] "GET /shell/function.php?fm=true&path=/lib64/python3.8/encodings/&rights=cp775.py HTTP/1.1" 200 9185 "-" "Mozilla/5.0 AppleWebKit/537.36 (KHTML, like Gecko; compatible; Amazonbot/0.1; +https://developer.amazon.com/support/amazonbot) Chrome/119.0.6045.214 Safari/537.36"
20.171.207.182 - - [04/Jul/2025:09:34:11 -0400] "GET /shell/function.php?fm=true&path=%2Fvar%2Fsoftaculous%2F&rights=drupal6 HTTP/1.1" 200 8527 "-" "Mozilla/5.0 AppleWebKit/537.36 (KHTML, like Gecko; compatible; GPTBot/1.2; +https://openai.com/gptbot)"
20.171.207.182 - - [04/Jul/2025:09:34:13 -0400] "GET /shell/function.php?fm=true&path=%2Fvar%2Fsoftaculous%2F&rename=elgg4 HTTP/1.1" 200 8500 "-" "Mozilla/5.0 AppleWebKit/537.36 (KHTML, like Gecko; compatible; GPTBot/1.2; +https://openai.com/gptbot)"
20.171.207.182 - - [04/Jul/2025:09:34:14 -0400] "GET /shell/function.php?fm=true&path=%2Fvar%2Fsoftaculous%2F&rename=loaded7 HTTP/1.1" 200 8500 "-" "Mozilla/5.0 AppleWebKit/537.36 (KHTML, like Gecko; compatible; GPTBot/1.2; +https://openai.com/gptbot)"
20.171.207.182 - - [04/Jul/2025:09:34:15 -0400] "GET /shell/function.php?fm=true&path=%2Fvar%2Fsoftaculous%2F&rename=elgg3 HTTP/1.1" 200 8500 "-" "Mozilla/5.0 AppleWebKit/537.36 (KHTML, like Gecko; compatible; GPTBot/1.2; +https://openai.com/gptbot)"
20.171.207.182 - - [04/Jul/2025:09:34:16 -0400] "GET /shell/function.php?fm=true&path=%2Fvar%2Fsoftaculous%2F&rights=elgg4 HTTP/1.1" 200 8533 "-" "Mozilla/5.0 AppleWebKit/537.36 (KHTML, like Gecko; compatible; GPTBot/1.2; +https://openai.com/gptbot)"
20.171.207.182 - - [04/Jul/2025:09:34:17 -0400] "GET /shell/function.php?fm=true&path=%2Fvar%2Fsoftaculous%2F&rights=elgg3 HTTP/1.1" 200 8533 "-" "Mozilla/5.0 AppleWebKit/537.36 (KHTML, like Gecko; compatible; GPTBot/1.2; +https://openai.com/gptbot)"
20.171.207.182 - - [04/Jul/2025:09:34:18 -0400] "GET /shell/function.php?fm=true&path=%2Fvar%2Fsoftaculous%2F&rename=ninja4 HTTP/1.1" 200 8498 "-" "Mozilla/5.0 AppleWebKit/537.36 (KHTML, like Gecko; compatible; GPTBot/1.2; +https://openai.com/gptbot)"
114.119.156.223 - - [04/Jul/2025:09:34:22 -0400] "GET /wp-content/plugins/elementor-pro_old/modules/library/widgets/ HTTP/1.1" 200 805 "https://lexlawpractice.com/wp-content/plugins/elementor-pro_old/modules/library/" "Mozilla/5.0 (Linux; Android 7.0;) AppleWebKit/537.36 (KHTML, like Gecko) Mobile Safari/537.36 (compatible; PetalBot;+https://webmaster.petalsearch.com/site/petalbot)"
20.171.207.182 - - [04/Jul/2025:09:34:22 -0400] "GET /shell/function.php?fm=true&path=%2Fusr%2Flib%2Ffirmware%2Far3k%2F.. HTTP/1.1" 200 40520 "-" "Mozilla/5.0 AppleWebKit/537.36 (KHTML, like Gecko; compatible; GPTBot/1.2; +https://openai.com/gptbot)"
20.171.207.182 - - [04/Jul/2025:09:34:07 -0400] "GET /shell/function.php?fm=true&path=%2Fvar%2Fsoftaculous%2F&rename=4images HTTP/1.1" 200 8534 "-" "Mozilla/5.0 AppleWebKit/537.36 (KHTML, like Gecko; compatible; GPTBot/1.2; +https://openai.com/gptbot)"
20.171.207.182 - - [04/Jul/2025:09:34:08 -0400] "GET /shell/function.php?fm=true&path=%2Fvar%2Fsoftaculous%2F&rights=blesta4 HTTP/1.1" 200 8565 "-" "Mozilla/5.0 AppleWebKit/537.36 (KHTML, like Gecko; compatible; GPTBot/1.2; +https://openai.com/gptbot)"
20.171.207.182 - - [04/Jul/2025:09:34:09 -0400] "GET /shell/function.php?fm=true&path=%2Fvar%2Fsoftaculous%2F&rights=ninja4 HTTP/1.1" 200 8531 "-" "Mozilla/5.0 AppleWebKit/537.36 (KHTML, like Gecko; compatible; GPTBot/1.2; +https://openai.com/gptbot)"
52.45.15.233 - - [04/Jul/2025:09:34:15 -0400] "GET /shell/function.php?zip=L3Vzci9zcmMvbGl0ZXNwZWVkLXdwLXBsdWdpbi82LjUuMw%3D%3D HTTP/1.1" 200 6874 "-" "Mozilla/5.0 AppleWebKit/537.36 (KHTML, like Gecko; compatible; Amazonbot/0.1; +https://developer.amazon.com/support/amazonbot) Chrome/119.0.6045.214 Safari/537.36"
3.229.164.203 - - [04/Jul/2025:09:34:18 -0400] "GET /shell/function.php?download=L29wdC9hbHQvdGVzdHMvYWx0LXBocDgxLXBlY2wtbWVtY2FjaGVkXzMuMi4wLTEuZWw4L3Rlc3RzL3R5cGVzX3BocC5waHB0 HTTP/1.1" 200 978 "-" "Mozilla/5.0 AppleWebKit/537.36 (KHTML, like Gecko; compatible; Amazonbot/0.1; +https://developer.amazon.com/support/amazonbot) Chrome/119.0.6045.214 Safari/537.36"
20.171.207.182 - - [04/Jul/2025:09:34:20 -0400] "GET /shell/function.php?fm=true&path=%2Fvar%2Fsoftaculous%2F&rights=lime3 HTTP/1.1" 200 8533 "-" "Mozilla/5.0 AppleWebKit/537.36 (KHTML, like Gecko; compatible; GPTBot/1.2; +https://openai.com/gptbot)"
20.171.207.182 - - [04/Jul/2025:09:34:21 -0400] "GET /shell/function.php?edit=sa1&fm=true&path=%2Flib64%2Fsa%2F HTTP/1.1" 200 9347 "-" "Mozilla/5.0 AppleWebKit/537.36 (KHTML, like Gecko; compatible; GPTBot/1.2; +https://openai.com/gptbot)"
23.23.214.190 - - [04/Jul/2025:09:34:22 -0400] "GET /shell/function.php?gzfile=L2xpYjY0L3B5dGhvbjMuOC9lbmNvZGluZ3MvX19weWNhY2hlX18vYmlnNWhrc2NzLmNweXRob24tMzgub3B0LTEucHlj HTTP/1.1" 200 6874 "-" "Mozilla/5.0 AppleWebKit/537.36 (KHTML, like Gecko; compatible; Amazonbot/0.1; +https://developer.amazon.com/support/amazonbot) Chrome/119.0.6045.214 Safari/537.36"
34.236.185.101 - - [04/Jul/2025:09:34:26 -0400] "GET /shell/function.php?fm=true&path=/opt/alt/python35/share/bash-completion/completions/.. HTTP/1.1" 200 10409 "-" "Mozilla/5.0 AppleWebKit/537.36 (KHTML, like Gecko; compatible; Amazonbot/0.1; +https://developer.amazon.com/support/amazonbot) Chrome/119.0.6045.214 Safari/537.36"
20.171.207.182 - - [04/Jul/2025:09:34:25 -0400] "GET /shell/function.php?fm=true&path=%2Fusr%2Flib%2Ffirmware%2Fmrvl%2F.. HTTP/1.1" 200 40374 "-" "Mozilla/5.0 AppleWebKit/537.36 (KHTML, like Gecko; compatible; GPTBot/1.2; +https://openai.com/gptbot)"
20.171.207.182 - - [04/Jul/2025:09:34:28 -0400] "GET /shell/function.php?fm=true&path=%2Fusr%2Fshare%2FModules%2Fbin%2F.. HTTP/1.1" 200 9923 "-" "Mozilla/5.0 AppleWebKit/537.36 (KHTML, like Gecko; compatible; GPTBot/1.2; +https://openai.com/gptbot)"
20.171.207.182 - - [04/Jul/2025:09:34:31 -0400] "GET /shell/function.php?fm=true&path=%2Fusr%2Flib%2Ffirmware%2Fbnx2%2F.. HTTP/1.1" 200 40083 "-" "Mozilla/5.0 AppleWebKit/537.36 (KHTML, like Gecko; compatible; GPTBot/1.2; +https://openai.com/gptbot)"
98.83.178.66 - - [04/Jul/2025:09:34:34 -0400] "GET /shell/function.php?fm=true&path=/usr/share/locale/osa/LC_MESSAGES/.. HTTP/1.1" 200 10412 "-" "Mozilla/5.0 AppleWebKit/537.36 (KHTML, like Gecko; compatible; Amazonbot/0.1; +https://developer.amazon.com/support/amazonbot) Chrome/119.0.6045.214 Safari/537.36"
3.89.170.186 - - [04/Jul/2025:09:34:39 -0400] "GET /shell/function.php?fm=true&path=/lib64/python2.7/Demo/scripts/&rights=update.py HTTP/1.1" 200 9186 "-" "Mozilla/5.0 AppleWebKit/537.36 (KHTML, like Gecko; compatible; Amazonbot/0.1; +https://developer.amazon.com/support/amazonbot) Chrome/119.0.6045.214 Safari/537.36"
20.171.207.182 - - [04/Jul/2025:09:34:29 -0400] "GET /shell/function.php?fm=true&path=%2Fusr%2Finclude%2Flinux%2Fdvb%2F.. HTTP/1.1" 200 51862 "-" "Mozilla/5.0 AppleWebKit/537.36 (KHTML, like Gecko; compatible; GPTBot/1.2; +https://openai.com/gptbot)"
20.171.207.182 - - [04/Jul/2025:09:34:30 -0400] "GET /shell/function.php?fm=true&path=%2Fopt%2Falt%2Fcyrus-sasl%2Fbin%2F. HTTP/1.1" 200 9818 "-" "Mozilla/5.0 AppleWebKit/537.36 (KHTML, like Gecko; compatible; GPTBot/1.2; +https://openai.com/gptbot)"
54.144.185.255 - - [04/Jul/2025:09:34:31 -0400] "GET /shell/function.php?fm=true&path=/lib/locale/en_BW/LC_MESSAGES/&rights=SYS_LC_MESSAGES HTTP/1.1" 200 9189 "-" "Mozilla/5.0 AppleWebKit/537.36 (KHTML, like Gecko; compatible; Amazonbot/0.1; +https://developer.amazon.com/support/amazonbot) Chrome/119.0.6045.214 Safari/537.36"
20.171.207.182 - - [04/Jul/2025:09:34:34 -0400] "GET /shell/function.php?fm=true&path=%2Fusr%2Flib%2Ffirmware%2F3com%2F.. HTTP/1.1" 200 40390 "-" "Mozilla/5.0 AppleWebKit/537.36 (KHTML, like Gecko; compatible; GPTBot/1.2; +https://openai.com/gptbot)"
20.171.207.182 - - [04/Jul/2025:09:34:37 -0400] "GET /shell/function.php?fm=true&path=%2Fusr%2Flib%2Ffirmware%2Fqcom%2F.. HTTP/1.1" 200 40484 "-" "Mozilla/5.0 AppleWebKit/537.36 (KHTML, like Gecko; compatible; GPTBot/1.2; +https://openai.com/gptbot)"
20.171.207.182 - - [04/Jul/2025:09:34:40 -0400] "GET /shell/function.php?fm=true&path=%2Fusr%2Finclude%2Fbind9%2Fdst%2F.. HTTP/1.1" 200 10305 "-" "Mozilla/5.0 AppleWebKit/537.36 (KHTML, like Gecko; compatible; GPTBot/1.2; +https://openai.com/gptbot)"
20.171.207.182 - - [04/Jul/2025:09:34:41 -0400] "GET /shell/function.php?fm=true&path=%2Fusr%2Flib%2Ftuned%2Fepyc-eda%2F. HTTP/1.1" 200 9691 "-" "Mozilla/5.0 AppleWebKit/537.36 (KHTML, like Gecko; compatible; GPTBot/1.2; +https://openai.com/gptbot)"
18.204.89.56 - - [04/Jul/2025:09:34:43 -0400] "GET /shell/function.php?gzfile=L29wdC9hbHQvcHl0aG9uMzcvbGliNjQvcHl0aG9uMy43L3NpdGUtcGFja2FnZXMvcHlyc2lzdGVudC9fY2hlY2tlZF90eXBlcy5weQ%3D%3D HTTP/1.1" 200 6874 "-" "Mozilla/5.0 AppleWebKit/537.36 (KHTML, like Gecko; compatible; Amazonbot/0.1; +https://developer.amazon.com/support/amazonbot) Chrome/119.0.6045.214 Safari/537.36"
35.169.102.85 - - [04/Jul/2025:09:34:47 -0400] "GET /shell/function.php?gzfile=L3Vzci9pbmNsdWRlL3B5dGhvbjIuNy9zeW10YWJsZS5o HTTP/1.1" 200 6874 "-" "Mozilla/5.0 AppleWebKit/537.36 (KHTML, like Gecko; compatible; Amazonbot/0.1; +https://developer.amazon.com/support/amazonbot) Chrome/119.0.6045.214 Safari/537.36"
20.171.207.182 - - [04/Jul/2025:09:34:47 -0400] "GET /shell/function.php?fm=true&path=%2Fusr%2Flib%2Ffirmware%2Fmoxa%2F.. HTTP/1.1" 200 40658 "-" "Mozilla/5.0 AppleWebKit/537.36 (KHTML, like Gecko; compatible; GPTBot/1.2; +https://openai.com/gptbot)"
20.171.207.182 - - [04/Jul/2025:09:34:51 -0400] "GET /shell/function.php?fm=true&path=%2Flib%2Ffirmware%2Fdpaa2%2Fmc%2F.. HTTP/1.1" 200 9656 "-" "Mozilla/5.0 AppleWebKit/537.36 (KHTML, like Gecko; compatible; GPTBot/1.2; +https://openai.com/gptbot)"
216.73.217.2 - - [04/Jul/2025:09:34:57 -0400] "GET /wp-content/plugins/jetpack/modules/google-analytics/ HTTP/1.1" 200 635 "https://lexlawpractice.com/wp-content/plugins/jetpack/modules/google-analytics" "Mozilla/5.0 AppleWebKit/537.36 (KHTML, like Gecko; compatible; ClaudeBot/1.0; +claudebot@anthropic.com)"
20.171.207.182 - - [04/Jul/2025:09:34:56 -0400] "GET /shell/function.php?fm=true&path=%2Flib64%2Fqt5%2Fplugins%2F.. HTTP/1.1" 200 9854 "-" "Mozilla/5.0 AppleWebKit/537.36 (KHTML, like Gecko; compatible; GPTBot/1.2; +https://openai.com/gptbot)"
216.73.217.2 - - [04/Jul/2025:09:34:57 -0400] "GET /shell/function.php?fm=true&path=%2Fhome%2Flexlmvtu%2F&rights=.cpanel HTTP/1.1" 200 8530 "-" "Mozilla/5.0 AppleWebKit/537.36 (KHTML, like Gecko; compatible; ClaudeBot/1.0; +claudebot@anthropic.com)"
216.73.217.2 - - [04/Jul/2025:09:34:57 -0400] "GET /shell/function.php?fm=true&path=%2Fhome%2Flexlmvtu%2F&rename=etc HTTP/1.1" 200 8496 "-" "Mozilla/5.0 AppleWebKit/537.36 (KHTML, like Gecko; compatible; ClaudeBot/1.0; +claudebot@anthropic.com)"
20.171.207.182 - - [04/Jul/2025:09:34:43 -0400] "GET /shell/function.php?fm=true&path=%2Fopt%2Falt%2Fliblqr-1%2Fshare%2F. HTTP/1.1" 200 9649 "-" "Mozilla/5.0 AppleWebKit/537.36 (KHTML, like Gecko; compatible; GPTBot/1.2; +https://openai.com/gptbot)"
20.171.207.182 - - [04/Jul/2025:09:34:44 -0400] "GET /shell/function.php?fm=true&path=%2Fusr%2Flib%2Ffirmware%2Fmrvl%2F.. HTTP/1.1" 200 40704 "-" "Mozilla/5.0 AppleWebKit/537.36 (KHTML, like Gecko; compatible; GPTBot/1.2; +https://openai.com/gptbot)"
20.171.207.182 - - [04/Jul/2025:09:34:50 -0400] "GET /shell/function.php?fm=true&path=%2Fusr%2Finclude%2Fbind9%2Fdns%2F.. HTTP/1.1" 200 10305 "-" "Mozilla/5.0 AppleWebKit/537.36 (KHTML, like Gecko; compatible; GPTBot/1.2; +https://openai.com/gptbot)"
34.231.77.232 - - [04/Jul/2025:09:34:50 -0400] "GET /shell/function.php?fm=true&path=/proc/bus/pci/03/&rights=00.1 HTTP/1.1" 200 9173 "-" "Mozilla/5.0 AppleWebKit/537.36 (KHTML, like Gecko; compatible; Amazonbot/0.1; +https://developer.amazon.com/support/amazonbot) Chrome/119.0.6045.214 Safari/537.36"
20.171.207.182 - - [04/Jul/2025:09:34:53 -0400] "GET /shell/function.php?gzfile=L29wdC9haS1ib2xpdC9haS1ib2xpdC1ob3N0ZXItZnVsbC5kYg%3D%3D HTTP/1.1" 200 6574 "-" "Mozilla/5.0 AppleWebKit/537.36 (KHTML, like Gecko; compatible; GPTBot/1.2; +https://openai.com/gptbot)"
100.29.128.75 - - [04/Jul/2025:09:34:54 -0400] "GET /shell/function.php?download=L3Vzci9saWIvZmlybXdhcmUvY2lycnVzL2NzMzVsNDEtZHNwMS1zcGstcHJvdC0xMDNjOGJlMS1zcGtpZDEtcjAuYmlu HTTP/1.1" 200 5314 "-" "Mozilla/5.0 AppleWebKit/537.36 (KHTML, like Gecko; compatible; Amazonbot/0.1; +https://developer.amazon.com/support/amazonbot) Chrome/119.0.6045.214 Safari/537.36"
20.171.207.182 - - [04/Jul/2025:09:34:54 -0400] "GET /shell/function.php?fm=true&path=%2Flib%2Ffirmware%2Fi915%2F.. HTTP/1.1" 200 40117 "-" "Mozilla/5.0 AppleWebKit/537.36 (KHTML, like Gecko; compatible; GPTBot/1.2; +https://openai.com/gptbot)"
216.73.217.2 - - [04/Jul/2025:09:34:57 -0400] "GET /wp-content/plugins/jetpack/modules/google-analytics HTTP/1.1" 301 795 "-" "Mozilla/5.0 AppleWebKit/537.36 (KHTML, like Gecko; compatible; ClaudeBot/1.0; +claudebot@anthropic.com)"
216.73.217.2 - - [04/Jul/2025:09:34:57 -0400] "GET /shell/function.php?fm=true&path=%2Fhome%2Flexlmvtu%2F&rights=public_ftp HTTP/1.1" 200 8529 "-" "Mozilla/5.0 AppleWebKit/537.36 (KHTML, like Gecko; compatible; ClaudeBot/1.0; +claudebot@anthropic.com)"
216.73.217.2 - - [04/Jul/2025:09:34:58 -0400] "GET /wp-content/plugins/litespeed-cache/cli/purge.cls.php HTTP/1.1" 403 1242 "-" "Mozilla/5.0 AppleWebKit/537.36 (KHTML, like Gecko; compatible; ClaudeBot/1.0; +claudebot@anthropic.com)"
216.73.217.2 - - [04/Jul/2025:09:34:57 -0400] "GET /shell/function.php?zip=L2hvbWUvbGV4bG12dHUvZXRj HTTP/1.1" 200 6574 "-" "Mozilla/5.0 AppleWebKit/537.36 (KHTML, like Gecko; compatible; ClaudeBot/1.0; +claudebot@anthropic.com)"
18.215.77.19 - - [04/Jul/2025:09:34:58 -0400] "GET /shell/function.php?fm=true&path=/usr/lib/firewalld/services/&rights=upnp-client.xml HTTP/1.1" 200 9192 "-" "Mozilla/5.0 AppleWebKit/537.36 (KHTML, like Gecko; compatible; Amazonbot/0.1; +https://developer.amazon.com/support/amazonbot) Chrome/119.0.6045.214 Safari/537.36"
216.73.217.2 - - [04/Jul/2025:09:34:58 -0400] "GET /shell/function.php?zip=L2hvbWUvbGV4bG12dHUvcHVibGljX2h0bWwvd3AtYWRtaW4vanM%3D HTTP/1.1" 200 6574 "-" "Mozilla/5.0 AppleWebKit/537.36 (KHTML, like Gecko; compatible; ClaudeBot/1.0; +claudebot@anthropic.com)"
20.171.207.182 - - [04/Jul/2025:09:34:59 -0400] "GET /shell/function.php?fm=true&path=%2Fusr%2Flib64%2Fqt5%2F. HTTP/1.1" 200 9924 "-" "Mozilla/5.0 AppleWebKit/537.36 (KHTML, like Gecko; compatible; GPTBot/1.2; +https://openai.com/gptbot)"
216.73.217.2 - - [04/Jul/2025:09:34:58 -0400] "GET /shell/function.php?zip=L2hvbWUvbGV4bG12dHUvLnRyYXNo HTTP/1.1" 200 9800 "-" "Mozilla/5.0 AppleWebKit/537.36 (KHTML, like Gecko; compatible; ClaudeBot/1.0; +claudebot@anthropic.com)"
216.73.217.2 - - [04/Jul/2025:09:34:57 -0400] "GET /shell/function.php?download=L2hvbWUvbGV4bG12dHUvLnpzaHJj HTTP/1.1" 200 1288 "-" "Mozilla/5.0 AppleWebKit/537.36 (KHTML, like Gecko; compatible; ClaudeBot/1.0; +claudebot@anthropic.com)"
216.73.217.2 - - [04/Jul/2025:09:34:58 -0400] "GET /wp-content/plugins/jetpack/css/jetpack-rtl.css HTTP/1.1" 200 18304 "-" "Mozilla/5.0 AppleWebKit/537.36 (KHTML, like Gecko; compatible; ClaudeBot/1.0; +claudebot@anthropic.com)"
20.171.207.182 - - [04/Jul/2025:09:34:58 -0400] "GET /shell/function.php?fm=true&path=%2Fusr%2Flib64%2Fgalera-4%2F. HTTP/1.1" 200 9720 "-" "Mozilla/5.0 AppleWebKit/537.36 (KHTML, like Gecko; compatible; GPTBot/1.2; +https://openai.com/gptbot)"
216.73.217.2 - - [04/Jul/2025:09:34:58 -0400] "GET /shell/function.php?edit=.gemrc&fm=true&path=%2Fhome%2Flexlmvtu%2F HTTP/1.1" 200 8917 "-" "Mozilla/5.0 AppleWebKit/537.36 (KHTML, like Gecko; compatible; ClaudeBot/1.0; +claudebot@anthropic.com)"
216.73.217.2 - - [04/Jul/2025:09:34:58 -0400] "GET /wp-content/plugins/elementor_old/modules/notifications HTTP/1.1" 301 795 "-" "Mozilla/5.0 AppleWebKit/537.36 (KHTML, like Gecko; compatible; ClaudeBot/1.0; +claudebot@anthropic.com)"
216.73.217.2 - - [04/Jul/2025:09:34:58 -0400] "GET /wp-content/plugins/elementor_old/modules/notifications/ HTTP/1.1" 200 721 "https://lexlawpractice.com/wp-content/plugins/elementor_old/modules/notifications" "Mozilla/5.0 AppleWebKit/537.36 (KHTML, like Gecko; compatible; ClaudeBot/1.0; +claudebot@anthropic.com)"
44.194.139.149 - - [04/Jul/2025:09:35:03 -0400] "GET /shell/function.php?fm=true&path=/lib/systemd/system/&rename=vmtoolsd.service HTTP/1.1" 200 9187 "-" "Mozilla/5.0 AppleWebKit/537.36 (KHTML, like Gecko; compatible; Amazonbot/0.1; +https://developer.amazon.com/support/amazonbot) Chrome/119.0.6045.214 Safari/537.36"
20.171.207.182 - - [04/Jul/2025:09:35:03 -0400] "GET /shell/function.php?fm=true&path=%2Fusr%2Flib%2Ffirmware%2Farm%2F.. HTTP/1.1" 200 40543 "-" "Mozilla/5.0 AppleWebKit/537.36 (KHTML, like Gecko; compatible; GPTBot/1.2; +https://openai.com/gptbot)"
54.84.93.8 - - [04/Jul/2025:09:35:11 -0400] "GET /shell/function.php?fm=true&path=/usr/share/man/man1/&rights=perf-script-python.1.gz HTTP/1.1" 200 9189 "-" "Mozilla/5.0 AppleWebKit/537.36 (KHTML, like Gecko; compatible; Amazonbot/0.1; +https://developer.amazon.com/support/amazonbot) Chrome/119.0.6045.214 Safari/537.36"
20.171.207.182 - - [04/Jul/2025:09:35:13 -0400] "GET /shell/function.php?fm=true&path=%2Fusr%2Flib%2Ffirmware%2Fcnm%2F.. HTTP/1.1" 200 40481 "-" "Mozilla/5.0 AppleWebKit/537.36 (KHTML, like Gecko; compatible; GPTBot/1.2; +https://openai.com/gptbot)"
20.171.207.182 - - [04/Jul/2025:09:35:17 -0400] "GET /shell/function.php?gzfile=L2xpYjY0L2xkYi9tb2R1bGVzL2xkYi90ZGIuc28%3D HTTP/1.1" 200 6574 "-" "Mozilla/5.0 AppleWebKit/537.36 (KHTML, like Gecko; compatible; GPTBot/1.2; +https://openai.com/gptbot)"
20.171.207.182 - - [04/Jul/2025:09:35:19 -0400] "GET /shell/function.php?edit=libXaw7.so.7.0.0&fm=true&path=%2Flib64%2F HTTP/1.1" 200 8828 "-" "Mozilla/5.0 AppleWebKit/537.36 (KHTML, like Gecko; compatible; GPTBot/1.2; +https://openai.com/gptbot)"
20.171.207.182 - - [04/Jul/2025:09:35:21 -0400] "GET /shell/function.php?edit=libIex-2_2.so.12&fm=true&path=%2Flib64%2F HTTP/1.1" 200 8827 "-" "Mozilla/5.0 AppleWebKit/537.36 (KHTML, like Gecko; compatible; GPTBot/1.2; +https://openai.com/gptbot)"
3.231.193.38 - - [04/Jul/2025:09:35:23 -0400] "GET /shell/function.php?gzfile=L3Zhci9zb2Z0YWN1bG91cy93cDUwL2VkaXQucGhw HTTP/1.1" 200 6874 "-" "Mozilla/5.0 AppleWebKit/537.36 (KHTML, like Gecko; compatible; Amazonbot/0.1; +https://developer.amazon.com/support/amazonbot) Chrome/119.0.6045.214 Safari/537.36"
20.171.207.182 - - [04/Jul/2025:09:35:25 -0400] "GET /shell/function.php?fm=true&path=%2Fusr%2Flib%2F.build-id%2F14%2F HTTP/1.1" 200 12761 "-" "Mozilla/5.0 AppleWebKit/537.36 (KHTML, like Gecko; compatible; GPTBot/1.2; +https://openai.com/gptbot)"
20.171.207.182 - - [04/Jul/2025:09:35:00 -0400] "GET /shell/function.php?edit=EBCDIC-DK-NO-A.so&fm=true&path=%2Flib64%2Fgconv%2F HTTP/1.1" 200 8830 "-" "Mozilla/5.0 AppleWebKit/537.36 (KHTML, like Gecko; compatible; GPTBot/1.2; +https://openai.com/gptbot)"
20.171.207.182 - - [04/Jul/2025:09:35:01 -0400] "GET /shell/function.php?edit=EBCDIC-AT-DE-A.so&fm=true&path=%2Flib64%2Fgconv%2F HTTP/1.1" 200 8830 "-" "Mozilla/5.0 AppleWebKit/537.36 (KHTML, like Gecko; compatible; GPTBot/1.2; +https://openai.com/gptbot)"
20.171.207.182 - - [04/Jul/2025:09:35:02 -0400] "GET /shell/function.php?edit=EBCDIC-FI-SE-A.so&fm=true&path=%2Flib64%2Fgconv%2F HTTP/1.1" 200 8830 "-" "Mozilla/5.0 AppleWebKit/537.36 (KHTML, like Gecko; compatible; GPTBot/1.2; +https://openai.com/gptbot)"
34.239.197.197 - - [04/Jul/2025:09:35:08 -0400] "GET /shell/function.php?download=L29wdC9hbHQvdGVzdHMvYWx0LXBocDg0LXBlY2wtbW9uZ29kYl8xLjIwLjAtMi5lbDgvdGVzdHMvZGVjaW1hbDEyOC0zLXZhbGlkLTEzMS5waHB0 HTTP/1.1" 200 1643 "-" "Mozilla/5.0 AppleWebKit/537.36 (KHTML, like Gecko; compatible; Amazonbot/0.1; +https://developer.amazon.com/support/amazonbot) Chrome/119.0.6045.214 Safari/537.36"
20.171.207.182 - - [04/Jul/2025:09:35:07 -0400] "GET /shell/function.php?fm=true&path=%2Fusr%2Flib%2Ffirmware%2Fsun%2F.. HTTP/1.1" 200 40494 "-" "Mozilla/5.0 AppleWebKit/537.36 (KHTML, like Gecko; compatible; GPTBot/1.2; +https://openai.com/gptbot)"
20.171.207.182 - - [04/Jul/2025:09:35:10 -0400] "GET /shell/function.php?fm=true&path=%2Fusr%2Flib%2Ffirmware%2Fcis%2F.. HTTP/1.1" 200 40341 "-" "Mozilla/5.0 AppleWebKit/537.36 (KHTML, like Gecko; compatible; GPTBot/1.2; +https://openai.com/gptbot)"
18.215.49.176 - - [04/Jul/2025:09:35:15 -0400] "GET /shell/function.php?download=L29wdC9jcGFuZWwvZWEtb3BlbnNzbDExL3NoYXJlL2RvYy9vcGVuc3NsL2h0bWwvbWFuMS9jaXBoZXJzLmh0bWw%3D HTTP/1.1" 200 36547 "-" "Mozilla/5.0 AppleWebKit/537.36 (KHTML, like Gecko; compatible; Amazonbot/0.1; +https://developer.amazon.com/support/amazonbot) Chrome/119.0.6045.214 Safari/537.36"
20.171.207.182 - - [04/Jul/2025:09:35:16 -0400] "GET /shell/function.php?gzfile=L2xpYjY0L2xkYi9tb2R1bGVzL2xkYi9hc3Euc28%3D HTTP/1.1" 200 6574 "-" "Mozilla/5.0 AppleWebKit/537.36 (KHTML, like Gecko; compatible; GPTBot/1.2; +https://openai.com/gptbot)"
18.205.127.11 - - [04/Jul/2025:09:35:18 -0400] "GET /shell/function.php?download=L2xpYjY0L3B5dGhvbjIuNy9EZW1vL3RraW50ZXIvbWF0dC9jYW52YXMtZ3JpZGRpbmcucHlv HTTP/1.1" 200 2953 "-" "Mozilla/5.0 AppleWebKit/537.36 (KHTML, like Gecko; compatible; Amazonbot/0.1; +https://developer.amazon.com/support/amazonbot) Chrome/119.0.6045.214 Safari/537.36"
20.171.207.182 - - [04/Jul/2025:09:35:20 -0400] "GET /shell/function.php?edit=libraw.so.19.0.2&fm=true&path=%2Flib64%2F HTTP/1.1" 200 8828 "-" "Mozilla/5.0 AppleWebKit/537.36 (KHTML, like Gecko; compatible; GPTBot/1.2; +https://openai.com/gptbot)"
20.171.207.182 - - [04/Jul/2025:09:35:22 -0400] "GET /shell/function.php?edit=libgsm.so.1.0.17&fm=true&path=%2Flib64%2F HTTP/1.1" 200 8796 "-" "Mozilla/5.0 AppleWebKit/537.36 (KHTML, like Gecko; compatible; GPTBot/1.2; +https://openai.com/gptbot)"
20.171.207.182 - - [04/Jul/2025:09:35:23 -0400] "GET /shell/function.php?fm=true&path=%2Fusr%2Flib%2F.build-id%2F30%2F HTTP/1.1" 200 12927 "-" "Mozilla/5.0 AppleWebKit/537.36 (KHTML, like Gecko; compatible; GPTBot/1.2; +https://openai.com/gptbot)"
20.171.207.182 - - [04/Jul/2025:09:35:26 -0400] "GET /shell/function.php?fm=true&path=%2Fusr%2Flib%2F.build-id%2F13%2F HTTP/1.1" 200 13616 "-" "Mozilla/5.0 AppleWebKit/537.36 (KHTML, like Gecko; compatible; GPTBot/1.2; +https://openai.com/gptbot)"
20.171.207.182 - - [04/Jul/2025:09:35:29 -0400] "GET /shell/function.php?edit=libglib-2.0.so.0&fm=true&path=%2Flib64%2F HTTP/1.1" 200 8828 "-" "Mozilla/5.0 AppleWebKit/537.36 (KHTML, like Gecko; compatible; GPTBot/1.2; +https://openai.com/gptbot)"
52.71.46.142 - - [04/Jul/2025:09:35:26 -0400] "GET /shell/function.php?gz=L3Zhci9saWIvbXlzcWwvY3J5cGJpa2lfd3AyNzQ%3D HTTP/1.1" 200 6874 "-" "Mozilla/5.0 AppleWebKit/537.36 (KHTML, like Gecko; compatible; Amazonbot/0.1; +https://developer.amazon.com/support/amazonbot) Chrome/119.0.6045.214 Safari/537.36"
20.171.207.182 - - [04/Jul/2025:09:35:27 -0400] "GET /shell/function.php?fm=true&path=%2Fusr%2Flib%2F.build-id%2F03%2F HTTP/1.1" 200 13052 "-" "Mozilla/5.0 AppleWebKit/537.36 (KHTML, like Gecko; compatible; GPTBot/1.2; +https://openai.com/gptbot)"
20.171.207.182 - - [04/Jul/2025:09:35:28 -0400] "GET /shell/function.php?edit=libgdbm.so.6.0.0&fm=true&path=%2Flib64%2F HTTP/1.1" 200 8797 "-" "Mozilla/5.0 AppleWebKit/537.36 (KHTML, like Gecko; compatible; GPTBot/1.2; +https://openai.com/gptbot)"
20.171.207.182 - - [04/Jul/2025:09:35:30 -0400] "GET /shell/function.php?edit=libXext.so.6.4.0&fm=true&path=%2Flib64%2F HTTP/1.1" 200 8826 "-" "Mozilla/5.0 AppleWebKit/537.36 (KHTML, like Gecko; compatible; GPTBot/1.2; +https://openai.com/gptbot)"
54.83.56.1 - - [04/Jul/2025:09:35:30 -0400] "GET /shell/function.php?fm=true&path=/opt/alt/python37/share/doc/alt-python37-setuptools/docs/deprecated/distutils/&rights=uploading.rst HTTP/1.1" 200 9224 "-" "Mozilla/5.0 AppleWebKit/537.36 (KHTML, like Gecko; compatible; Amazonbot/0.1; +https://developer.amazon.com/support/amazonbot) Chrome/119.0.6045.214 Safari/537.36"
20.171.207.182 - - [04/Jul/2025:09:35:33 -0400] "GET /shell/function.php?edit=libonig.so.5.0.0&fm=true&path=%2Flib64%2F HTTP/1.1" 200 8828 "-" "Mozilla/5.0 AppleWebKit/537.36 (KHTML, like Gecko; compatible; GPTBot/1.2; +https://openai.com/gptbot)"
20.171.207.182 - - [04/Jul/2025:09:35:34 -0400] "GET /shell/function.php?edit=libgvpr.so.2.0.0&fm=true&path=%2Flib64%2F HTTP/1.1" 200 8828 "-" "Mozilla/5.0 AppleWebKit/537.36 (KHTML, like Gecko; compatible; GPTBot/1.2; +https://openai.com/gptbot)"
34.206.193.60 - - [04/Jul/2025:09:35:35 -0400] "GET /shell/function.php?fm=true&path=/opt/alt/python312/share/doc/alt-python312-setuptools/docs/deprecated/distutils/&rights=sourcedist.rst HTTP/1.1" 200 9226 "-" "Mozilla/5.0 AppleWebKit/537.36 (KHTML, like Gecko; compatible; Amazonbot/0.1; +https://developer.amazon.com/support/amazonbot) Chrome/119.0.6045.214 Safari/537.36"
20.171.207.182 - - [04/Jul/2025:09:35:37 -0400] "GET /shell/function.php?edit=libruby.so.2.5.9&fm=true&path=%2Flib64%2F HTTP/1.1" 200 8828 "-" "Mozilla/5.0 AppleWebKit/537.36 (KHTML, like Gecko; compatible; GPTBot/1.2; +https://openai.com/gptbot)"
20.171.207.182 - - [04/Jul/2025:09:35:40 -0400] "GET /shell/function.php?fm=true&path=%2Flib64%2F&rename=libfa.so.1.5.3 HTTP/1.1" 200 8536 "-" "Mozilla/5.0 AppleWebKit/537.36 (KHTML, like Gecko; compatible; GPTBot/1.2; +https://openai.com/gptbot)"
