34.234.197.175 - - [04/Jul/2025:08:17:50 -0400] "GET /shell/function.php?gzfile=L3Zhci9zb2Z0YWN1bG91cy9jbGljc2hvcC9waHA1My9jbG9uZS5waHA%3D HTTP/1.1" 200 6874 "-" "Mozilla/5.0 AppleWebKit/537.36 (KHTML, like Gecko; compatible; Amazonbot/0.1; +https://developer.amazon.com/support/amazonbot) Chrome/119.0.6045.214 Safari/537.36"
20.171.207.182 - - [04/Jul/2025:08:17:52 -0400] "GET /shell/function.php?download=L3Vzci9saWIvLmJ1aWxkLWlkL2ZiL2EwZTA2OTZmNzg0ZmQ1Njc5MTM4MGRlOWY5NDgzMmJjMDhkMjA3 HTTP/1.1" 404 107 "-" "Mozilla/5.0 AppleWebKit/537.36 (KHTML, like Gecko; compatible; GPTBot/1.2; +https://openai.com/gptbot)"
20.171.207.182 - - [04/Jul/2025:08:17:54 -0400] "GET /shell/function.php?download=L3Vzci9saWIvLmJ1aWxkLWlkLzJlL2Q2ODFlZWQ5M2Q1YTU3Yjk3NWRmMWRhOGIxMjBmNDg1ODMwNmU2 HTTP/1.1" 200 81470 "-" "Mozilla/5.0 AppleWebKit/537.36 (KHTML, like Gecko; compatible; GPTBot/1.2; +https://openai.com/gptbot)"
3.213.106.226 - - [04/Jul/2025:08:17:54 -0400] "GET /shell/function.php?gzfile=L3Zhci9zb2Z0YWN1bG91cy9leHRwbG9yZXIvcGhwNzEvaW1wb3J0LnBocA%3D%3D HTTP/1.1" 200 6874 "-" "Mozilla/5.0 AppleWebKit/537.36 (KHTML, like Gecko; compatible; Amazonbot/0.1; +https://developer.amazon.com/support/amazonbot) Chrome/119.0.6045.214 Safari/537.36"
20.171.207.182 - - [04/Jul/2025:08:17:56 -0400] "GET /shell/function.php?download=L3Vzci9saWIvLmJ1aWxkLWlkL2ZmL2E1ZTllNzcwZDQ4ODg2MzE2ODI0NjFkODRmNTU3ZGU5NWRiMGFk HTTP/1.1" 200 54766 "-" "Mozilla/5.0 AppleWebKit/537.36 (KHTML, like Gecko; compatible; GPTBot/1.2; +https://openai.com/gptbot)"
50.16.72.185 - - [04/Jul/2025:08:17:58 -0400] "GET /shell/function.php?fm=true&path=/usr/lib64/python2.7/Demo/tkinter/matt/&rights=canvas-demo-simple.py HTTP/1.1" 200 9206 "-" "Mozilla/5.0 AppleWebKit/537.36 (KHTML, like Gecko; compatible; Amazonbot/0.1; +https://developer.amazon.com/support/amazonbot) Chrome/119.0.6045.214 Safari/537.36"
20.171.207.182 - - [04/Jul/2025:08:18:02 -0400] "GET /shell/function.php?download=L3Vzci9saWIvLmJ1aWxkLWlkL2NmLzM3NGNkMmRjZTA4MTQ3YjA1N2MyNjdiZTc4MmQ3NjAzODg3MTgw HTTP/1.1" 200 12374 "-" "Mozilla/5.0 AppleWebKit/537.36 (KHTML, like Gecko; compatible; GPTBot/1.2; +https://openai.com/gptbot)"
54.156.248.117 - - [04/Jul/2025:08:18:02 -0400] "GET /shell/function.php?gzfile=L29wdC9hbHQvcnVieTI3L3NoYXJlL3J1YnkvdXJpL2dlbmVyaWMucmI%3D HTTP/1.1" 200 6844 "-" "Mozilla/5.0 AppleWebKit/537.36 (KHTML, like Gecko; compatible; Amazonbot/0.1; +https://developer.amazon.com/support/amazonbot) Chrome/119.0.6045.214 Safari/537.36"
20.171.207.182 - - [04/Jul/2025:08:18:05 -0400] "GET /shell/function.php?download=L3Vzci9saWIvLmJ1aWxkLWlkL2JjLzUxMmRjYTlhZDA3YTA2MWI0NGE1Y2UzYjA2NGUyOGYzZjY0NDM0 HTTP/1.1" 200 12694 "-" "Mozilla/5.0 AppleWebKit/537.36 (KHTML, like Gecko; compatible; GPTBot/1.2; +https://openai.com/gptbot)"
3.231.193.38 - - [04/Jul/2025:08:18:07 -0400] "GET /shell/function.php?gzfile=L29wdC9hbHQvcnVieTI3L3NoYXJlL3J1YnkvZGlkX3lvdV9tZWFuL3ZlcmJvc2UucmI%3D HTTP/1.1" 200 6874 "-" "Mozilla/5.0 AppleWebKit/537.36 (KHTML, like Gecko; compatible; Amazonbot/0.1; +https://developer.amazon.com/support/amazonbot) Chrome/119.0.6045.214 Safari/537.36"
20.171.207.182 - - [04/Jul/2025:08:18:10 -0400] "GET /shell/function.php?fm=true&path=%2Fusr%2Flib%2F.build-id%2Fab HTTP/1.1" 200 14905 "-" "Mozilla/5.0 AppleWebKit/537.36 (KHTML, like Gecko; compatible; GPTBot/1.2; +https://openai.com/gptbot)"
34.196.114.170 - - [04/Jul/2025:08:18:10 -0400] "GET /shell/function.php?download=L2xpYi8uYnVpbGQtaWQvYjMvMjI3NjNjNzNlNjZkOTcxNzNhYzQxNDFkMDFiYmYxZWY3OTkyY2Y%3D HTTP/1.1" 200 46014 "-" "Mozilla/5.0 AppleWebKit/537.36 (KHTML, like Gecko; compatible; Amazonbot/0.1; +https://developer.amazon.com/support/amazonbot) Chrome/119.0.6045.214 Safari/537.36"
20.171.207.182 - - [04/Jul/2025:08:17:53 -0400] "GET /shell/function.php?download=L3Vzci9saWIvLmJ1aWxkLWlkL2NmLzk5OTFlOGY5MzE4YWUwYTI3Y2VkZDJjNTBkMDA1MGY2YmY3OWIz HTTP/1.1" 404 107 "-" "Mozilla/5.0 AppleWebKit/537.36 (KHTML, like Gecko; compatible; GPTBot/1.2; +https://openai.com/gptbot)"
20.171.207.182 - - [04/Jul/2025:08:17:55 -0400] "GET /shell/function.php?download=L3Vzci9saWIvLmJ1aWxkLWlkL2ZiL2E3YTFlZGEzNzUzNjE0OTA2NWU3YWJlYTg4NTIwYTZlMDc3MjA3 HTTP/1.1" 200 12694 "-" "Mozilla/5.0 AppleWebKit/537.36 (KHTML, like Gecko; compatible; GPTBot/1.2; +https://openai.com/gptbot)"
20.171.207.182 - - [04/Jul/2025:08:17:58 -0400] "GET /shell/function.php?download=L3Vzci9saWIvLmJ1aWxkLWlkL2NmL2ZkMjhkY2Q4Mjc5YmMxZWY1ODNjNTgyYWRiMDllN2E3NTI0ZDUy HTTP/1.1" 200 177504 "-" "Mozilla/5.0 AppleWebKit/537.36 (KHTML, like Gecko; compatible; GPTBot/1.2; +https://openai.com/gptbot)"
20.171.207.182 - - [04/Jul/2025:08:17:59 -0400] "GET /shell/function.php?download=L3Vzci9saWIvLmJ1aWxkLWlkL2YyLzQyNzIyZjY0Y2JkYjEwZDY5Y2ExNzEzYzk0NmMzNTU5MjE5MGM3 HTTP/1.1" 404 107 "-" "Mozilla/5.0 AppleWebKit/537.36 (KHTML, like Gecko; compatible; GPTBot/1.2; +https://openai.com/gptbot)"
20.171.207.182 - - [04/Jul/2025:08:18:00 -0400] "GET /shell/function.php?download=L3Vzci9saWIvLmJ1aWxkLWlkL2YyLzY4ZjA0ZjViODk4YTdkNWUyY2UwNjQ3Mjg2ZGI4ZDQ3NTJjNTcy HTTP/1.1" 200 12470 "-" "Mozilla/5.0 AppleWebKit/537.36 (KHTML, like Gecko; compatible; GPTBot/1.2; +https://openai.com/gptbot)"
216.73.217.2 - - [04/Jul/2025:08:18:00 -0400] "GET /wp-includes/blocks/media-text/block.json HTTP/1.1" 200 2793 "-" "Mozilla/5.0 AppleWebKit/537.36 (KHTML, like Gecko; compatible; ClaudeBot/1.0; +claudebot@anthropic.com)"
216.73.217.2 - - [04/Jul/2025:08:18:00 -0400] "GET /wp-includes/blocks/paragraph/block.json HTTP/1.1" 200 1596 "-" "Mozilla/5.0 AppleWebKit/537.36 (KHTML, like Gecko; compatible; ClaudeBot/1.0; +claudebot@anthropic.com)"
216.73.217.2 - - [04/Jul/2025:08:18:00 -0400] "GET /wp-includes/blocks/columns/block.json HTTP/1.1" 200 1977 "-" "Mozilla/5.0 AppleWebKit/537.36 (KHTML, like Gecko; compatible; ClaudeBot/1.0; +claudebot@anthropic.com)"
216.73.217.2 - - [04/Jul/2025:08:18:01 -0400] "GET /wp-includes/blocks/video/block.json HTTP/1.1" 200 1963 "-" "Mozilla/5.0 AppleWebKit/537.36 (KHTML, like Gecko; compatible; ClaudeBot/1.0; +claudebot@anthropic.com)"
20.171.207.182 - - [04/Jul/2025:08:18:01 -0400] "GET /shell/function.php?download=L3Vzci9saWIvLmJ1aWxkLWlkL2ZiL2M5YTE5NmVhYmM2NzdjZTE1NDYwNGFkZDRmMTg1YWQwM2I5MzZl HTTP/1.1" 200 800504 "-" "Mozilla/5.0 AppleWebKit/537.36 (KHTML, like Gecko; compatible; GPTBot/1.2; +https://openai.com/gptbot)"
20.171.207.182 - - [04/Jul/2025:08:18:03 -0400] "GET /shell/function.php?download=L3Vzci9saWIvLmJ1aWxkLWlkL2NjL2MxM2Q2Mjk5ZDhkZmVhZjI3YWE4ODAyNzhiYzU1N2MyNGUwYmRl HTTP/1.1" 200 30414 "-" "Mozilla/5.0 AppleWebKit/537.36 (KHTML, like Gecko; compatible; GPTBot/1.2; +https://openai.com/gptbot)"
20.171.207.182 - - [04/Jul/2025:08:18:06 -0400] "GET /shell/function.php?download=L3Vzci9saWIvLmJ1aWxkLWlkLzJlLzljMGE3MjRjMTk1YmZmNWY2ZTk5ZWI0NTBhYjkzN2M5YTQ2MTE3 HTTP/1.1" 200 138960 "-" "Mozilla/5.0 AppleWebKit/537.36 (KHTML, like Gecko; compatible; GPTBot/1.2; +https://openai.com/gptbot)"
20.171.207.182 - - [04/Jul/2025:08:18:07 -0400] "GET /shell/function.php?download=L3Vzci9saWIvLmJ1aWxkLWlkL2YyLzAxZDUzYzM2OGMyNTdlMDkwMTFhOTE1YmJjYTI1OGNhNWRiYjJhLjE%3D HTTP/1.1" 200 405416 "-" "Mozilla/5.0 AppleWebKit/537.36 (KHTML, like Gecko; compatible; GPTBot/1.2; +https://openai.com/gptbot)"
20.171.207.182 - - [04/Jul/2025:08:18:08 -0400] "GET /shell/function.php?gzfile=L3Vzci9saWIvLmJ1aWxkLWlkLzJlL2M0YjkzYTJhZGExZTI5YmM2OWU0MjNjODMyZjBhZTk0ZWZlMjhj HTTP/1.1" 200 6574 "-" "Mozilla/5.0 AppleWebKit/537.36 (KHTML, like Gecko; compatible; GPTBot/1.2; +https://openai.com/gptbot)"
20.171.207.182 - - [04/Jul/2025:08:18:09 -0400] "GET /shell/function.php?edit=5e05fca7e398f0874c41956764075335696f61&fm=true&path=%2Fusr%2Flib%2F.build-id%2Ffb%2F HTTP/1.1" 200 8828 "-" "Mozilla/5.0 AppleWebKit/537.36 (KHTML, like Gecko; compatible; GPTBot/1.2; +https://openai.com/gptbot)"
20.171.207.182 - - [04/Jul/2025:08:18:13 -0400] "GET /shell/function.php?fm=true&path=%2Fusr%2Flib%2F.build-id%2Fec HTTP/1.1" 200 13143 "-" "Mozilla/5.0 AppleWebKit/537.36 (KHTML, like Gecko; compatible; GPTBot/1.2; +https://openai.com/gptbot)"
34.194.165.45 - - [04/Jul/2025:08:18:15 -0400] "GET /shell/function.php?fm=true&path=/lib64/python3.8/turtledemo/&rights=turtle.cfg HTTP/1.1" 200 9186 "-" "Mozilla/5.0 AppleWebKit/537.36 (KHTML, like Gecko; compatible; Amazonbot/0.1; +https://developer.amazon.com/support/amazonbot) Chrome/119.0.6045.214 Safari/537.36"
20.171.207.182 - - [04/Jul/2025:08:18:16 -0400] "GET /shell/function.php?fm=true&path=%2Fusr%2Flib%2F.build-id%2Fdc HTTP/1.1" 200 12163 "-" "Mozilla/5.0 AppleWebKit/537.36 (KHTML, like Gecko; compatible; GPTBot/1.2; +https://openai.com/gptbot)"
18.205.213.231 - - [04/Jul/2025:08:18:18 -0400] "GET /shell/function.php?gz=L3Byb2Mvc3lzL2tlcm5lbC9zY2hlZF9kb21haW4vY3B1MTE%3D HTTP/1.1" 200 6874 "-" "Mozilla/5.0 AppleWebKit/537.36 (KHTML, like Gecko; compatible; Amazonbot/0.1; +https://developer.amazon.com/support/amazonbot) Chrome/119.0.6045.214 Safari/537.36"
20.171.207.182 - - [04/Jul/2025:08:18:21 -0400] "GET /shell/function.php?fm=true&path=%2Fusr%2Flib%2F.build-id%2Fd2 HTTP/1.1" 200 12727 "-" "Mozilla/5.0 AppleWebKit/537.36 (KHTML, like Gecko; compatible; GPTBot/1.2; +https://openai.com/gptbot)"
100.24.149.244 - - [04/Jul/2025:08:18:22 -0400] "GET /shell/function.php?download=L2xpYjY0L3B5dGhvbjMuNi9lbmNvZGluZ3MvX19weWNhY2hlX18vY3AxMjU1LmNweXRob24tMzYub3B0LTEucHlj HTTP/1.1" 200 3087 "-" "Mozilla/5.0 AppleWebKit/537.36 (KHTML, like Gecko; compatible; Amazonbot/0.1; +https://developer.amazon.com/support/amazonbot) Chrome/119.0.6045.214 Safari/537.36"
20.171.207.182 - - [04/Jul/2025:08:18:24 -0400] "GET /shell/function.php?fm=true&path=%2Fusr%2Flib%2F.build-id%2Fab%2F&rights=f42f15bc50ab919036fdb96797ae8fcd44fa9d HTTP/1.1" 200 8544 "-" "Mozilla/5.0 AppleWebKit/537.36 (KHTML, like Gecko; compatible; GPTBot/1.2; +https://openai.com/gptbot)"
20.171.207.182 - - [04/Jul/2025:08:18:26 -0400] "GET /shell/function.php?download=L3Vzci9saWIvLmJ1aWxkLWlkLzJmLzA1NTBlZTMzMDRiNzE2NDRmMTljN2ExMjc3NTAwODBkYzk5YjVi HTTP/1.1" 200 56286 "-" "Mozilla/5.0 AppleWebKit/537.36 (KHTML, like Gecko; compatible; GPTBot/1.2; +https://openai.com/gptbot)"
20.171.207.182 - - [04/Jul/2025:08:18:27 -0400] "GET /shell/function.php?fm=true&path=%2Fusr%2Flib%2F.build-id%2Fec%2F&rename=35e0ec06149f986ec1724584d81e1b13d759fc HTTP/1.1" 200 8562 "-" "Mozilla/5.0 AppleWebKit/537.36 (KHTML, like Gecko; compatible; GPTBot/1.2; +https://openai.com/gptbot)"
20.171.207.182 - - [04/Jul/2025:08:18:29 -0400] "GET /shell/function.php?edit=e07d55ce5994081c90d7198cf34b994bebe48b&fm=true&path=%2Fusr%2Flib%2F.build-id%2Fec%2F HTTP/1.1" 200 8849 "-" "Mozilla/5.0 AppleWebKit/537.36 (KHTML, like Gecko; compatible; GPTBot/1.2; +https://openai.com/gptbot)"
20.171.207.182 - - [04/Jul/2025:08:18:30 -0400] "GET /shell/function.php?download=L3Vzci9saWIvLmJ1aWxkLWlkLzJmLzI2YTgwM2I5YjlmMWQzM2M1MTRiNTk1MjQ3MmUzMDFmZDdjZjAx HTTP/1.1" 200 12686 "-" "Mozilla/5.0 AppleWebKit/537.36 (KHTML, like Gecko; compatible; GPTBot/1.2; +https://openai.com/gptbot)"
20.171.207.182 - - [04/Jul/2025:08:18:34 -0400] "GET /shell/function.php?download=L3Vzci9saWIvLmJ1aWxkLWlkL2QyL2YxNWJiZjAwOTUzMzc5MDAyMjU1NjE5ODAyZTZmMWY5Y2Y3ZDIw HTTP/1.1" 200 21790 "-" "Mozilla/5.0 AppleWebKit/537.36 (KHTML, like Gecko; compatible; GPTBot/1.2; +https://openai.com/gptbot)"
34.239.197.197 - - [04/Jul/2025:08:18:34 -0400] "GET /shell/function.php?gzfile=L29wdC9hbHQvcnVieTMwL3NoYXJlL2dlbXMvZ2Vtcy9yZG9jLTYuMy40LjEvbGliL3Jkb2MvYXR0ci5yYg%3D%3D HTTP/1.1" 200 6844 "-" "Mozilla/5.0 AppleWebKit/537.36 (KHTML, like Gecko; compatible; Amazonbot/0.1; +https://developer.amazon.com/support/amazonbot) Chrome/119.0.6045.214 Safari/537.36"
20.171.207.182 - - [04/Jul/2025:08:18:11 -0400] "GET /shell/function.php?fm=true&path=%2Fusr%2Flib%2F.build-id%2F2f HTTP/1.1" 200 12426 "-" "Mozilla/5.0 AppleWebKit/537.36 (KHTML, like Gecko; compatible; GPTBot/1.2; +https://openai.com/gptbot)"
182.42.105.85 - - [04/Jul/2025:08:18:14 -0400] "GET / HTTP/1.1" 200 1565 "http://lexlawpractice.com" "Mozilla/5.0 (iPhone; CPU iPhone OS 13_2_3 like Mac OS X) AppleWebKit/605.1.15 (KHTML, like Gecko) Version/13.0.3 Mobile/15E148 Safari/604.1"
20.171.207.182 - - [04/Jul/2025:08:18:14 -0400] "GET /shell/function.php?fm=true&path=%2Fusr%2Flib%2F.build-id%2Fe2 HTTP/1.1" 200 13459 "-" "Mozilla/5.0 AppleWebKit/537.36 (KHTML, like Gecko; compatible; GPTBot/1.2; +https://openai.com/gptbot)"
20.171.207.182 - - [04/Jul/2025:08:18:15 -0400] "GET /shell/function.php?fm=true&path=%2Fusr%2Flib%2F.build-id%2F2a HTTP/1.1" 200 13467 "-" "Mozilla/5.0 AppleWebKit/537.36 (KHTML, like Gecko; compatible; GPTBot/1.2; +https://openai.com/gptbot)"
20.171.207.182 - - [04/Jul/2025:08:18:17 -0400] "GET /shell/function.php?fm=true&path=%2Fusr%2Flib%2F.build-id%2Fbd HTTP/1.1" 200 12023 "-" "Mozilla/5.0 AppleWebKit/537.36 (KHTML, like Gecko; compatible; GPTBot/1.2; +https://openai.com/gptbot)"
20.171.207.182 - - [04/Jul/2025:08:18:19 -0400] "GET /shell/function.php?fm=true&path=%2Fusr%2Flib%2F.build-id%2Fdf HTTP/1.1" 200 13383 "-" "Mozilla/5.0 AppleWebKit/537.36 (KHTML, like Gecko; compatible; GPTBot/1.2; +https://openai.com/gptbot)"
20.171.207.182 - - [04/Jul/2025:08:18:20 -0400] "GET /shell/function.php?fm=true&path=%2Fusr%2Flib%2F.build-id%2Fa2 HTTP/1.1" 200 12935 "-" "Mozilla/5.0 AppleWebKit/537.36 (KHTML, like Gecko; compatible; GPTBot/1.2; +https://openai.com/gptbot)"
20.171.207.182 - - [04/Jul/2025:08:18:22 -0400] "GET /shell/function.php?fm=true&path=%2Fusr%2Flib%2F.build-id%2Ffe HTTP/1.1" 200 13909 "-" "Mozilla/5.0 AppleWebKit/537.36 (KHTML, like Gecko; compatible; GPTBot/1.2; +https://openai.com/gptbot)"
20.171.207.182 - - [04/Jul/2025:08:18:23 -0400] "GET /shell/function.php?fm=true&path=%2Fusr%2Flib%2F.build-id%2Fab%2F&rename=f12e2991380a7e713e47e42de7438769a95f98 HTTP/1.1" 200 8536 "-" "Mozilla/5.0 AppleWebKit/537.36 (KHTML, like Gecko; compatible; GPTBot/1.2; +https://openai.com/gptbot)"
34.231.181.240 - - [04/Jul/2025:08:18:26 -0400] "GET /shell/function.php?download=L29wdC9hbHQvcnVieTM0L2luY2x1ZGUvcnVieS9pbnRlcm5hbC9jb3JlL3JiaWdudW0uaA%3D%3D HTTP/1.1" 200 3579 "-" "Mozilla/5.0 AppleWebKit/537.36 (KHTML, like Gecko; compatible; Amazonbot/0.1; +https://developer.amazon.com/support/amazonbot) Chrome/119.0.6045.214 Safari/537.36"
20.171.207.182 - - [04/Jul/2025:08:18:28 -0400] "GET /shell/function.php?gzfile=L3Vzci9saWIvLmJ1aWxkLWlkL2VjL2Y0Y2UxMjE3NDZlY2M4ZDBmMWEyNjE0M2FhZGNkNDlmM2E4Yzdm HTTP/1.1" 200 6574 "-" "Mozilla/5.0 AppleWebKit/537.36 (KHTML, like Gecko; compatible; GPTBot/1.2; +https://openai.com/gptbot)"
34.239.85.139 - - [04/Jul/2025:08:18:30 -0400] "GET /shell/function.php?download=L29wdC9hbHQvZGVmYXVsdF9waHBfaW5pL3BocDU0LmluaQ%3D%3D HTTP/1.1" 200 2103 "-" "Mozilla/5.0 AppleWebKit/537.36 (KHTML, like Gecko; compatible; Amazonbot/0.1; +https://developer.amazon.com/support/amazonbot) Chrome/119.0.6045.214 Safari/537.36"
20.171.207.182 - - [04/Jul/2025:08:18:31 -0400] "GET /shell/function.php?download=L3Vzci9saWIvLmJ1aWxkLWlkLzJhLzgwNzY1NmMwZmVhYjBhN2JlYTA3YTg4NjA0YWQ2M2QwNGExZmFm HTTP/1.1" 200 52022 "-" "Mozilla/5.0 AppleWebKit/537.36 (KHTML, like Gecko; compatible; GPTBot/1.2; +https://openai.com/gptbot)"
20.171.207.182 - - [04/Jul/2025:08:18:32 -0400] "GET /shell/function.php?edit=a09c56b707b729e0a7fe42c8dd6819f9e2c39a&fm=true&path=%2Fusr%2Flib%2F.build-id%2Fa2%2F HTTP/1.1" 200 8824 "-" "Mozilla/5.0 AppleWebKit/537.36 (KHTML, like Gecko; compatible; GPTBot/1.2; +https://openai.com/gptbot)"
20.171.207.182 - - [04/Jul/2025:08:18:37 -0400] "GET /shell/function.php?gzfile=L3Vzci9saWIvLmJ1aWxkLWlkL2QyLzQxZGVmOGU1NjlhZmExMmVmYzMyZTViOGVmODVkNGE2NDRlNGIx HTTP/1.1" 200 6574 "-" "Mozilla/5.0 AppleWebKit/537.36 (KHTML, like Gecko; compatible; GPTBot/1.2; +https://openai.com/gptbot)"
54.166.104.83 - - [04/Jul/2025:08:18:38 -0400] "GET /shell/function.php?gzfile=L2xpYi8uYnVpbGQtaWQvMmIvMjkwOTE2MDNkM2U3ZGNlZjY5M2Y4ZTVkMTUzOTU0NWEzNzkxMTA%3D HTTP/1.1" 200 6874 "-" "Mozilla/5.0 AppleWebKit/537.36 (KHTML, like Gecko; compatible; Amazonbot/0.1; +https://developer.amazon.com/support/amazonbot) Chrome/119.0.6045.214 Safari/537.36"
20.171.207.182 - - [04/Jul/2025:08:18:38 -0400] "GET /shell/function.php?edit=f4ce121746ecc8d0f1a26143aadcd49f3a8c7f&fm=true&path=%2Fusr%2Flib%2F.build-id%2Fec%2F HTTP/1.1" 200 8849 "-" "Mozilla/5.0 AppleWebKit/537.36 (KHTML, like Gecko; compatible; GPTBot/1.2; +https://openai.com/gptbot)"
216.73.217.2 - - [04/Jul/2025:08:18:41 -0400] "GET /wp-includes/blocks/comment-date/block.json HTTP/1.1" 200 1112 "-" "Mozilla/5.0 AppleWebKit/537.36 (KHTML, like Gecko; compatible; ClaudeBot/1.0; +claudebot@anthropic.com)"
216.73.217.2 - - [04/Jul/2025:08:18:41 -0400] "GET /wp-includes/blocks/post-template/block.json HTTP/1.1" 200 1368 "-" "Mozilla/5.0 AppleWebKit/537.36 (KHTML, like Gecko; compatible; ClaudeBot/1.0; +claudebot@anthropic.com)"
34.206.212.24 - - [04/Jul/2025:08:18:42 -0400] "GET /shell/function.php?gzfile=L3Vzci9zaGFyZS9sb2NhbGUvdHRAaXF0ZWxpZi9MQ19NRVNTQUdFUy9pc29fNjM5XzMubW8%3D HTTP/1.1" 200 6874 "-" "Mozilla/5.0 AppleWebKit/537.36 (KHTML, like Gecko; compatible; Amazonbot/0.1; +https://developer.amazon.com/support/amazonbot) Chrome/119.0.6045.214 Safari/537.36"
20.171.207.182 - - [04/Jul/2025:08:18:45 -0400] "GET /shell/function.php?download=L3Vzci9saWIvLmJ1aWxkLWlkL2FiLzM5NzhlZWMwZGFhODBlNzM0ZmUzMWRmODZmODAxMzU2N2IyY2Y3 HTTP/1.1" 200 16550 "-" "Mozilla/5.0 AppleWebKit/537.36 (KHTML, like Gecko; compatible; GPTBot/1.2; +https://openai.com/gptbot)"
20.171.207.182 - - [04/Jul/2025:08:18:46 -0400] "GET /shell/function.php?download=L3Vzci9saWIvLmJ1aWxkLWlkL2FiL2RkN2VmY2Q3MjM4NzlmNDQyNTNmNDViZGUwMmYyNTdjOWU3NGRi HTTP/1.1" 200 105080 "-" "Mozilla/5.0 AppleWebKit/537.36 (KHTML, like Gecko; compatible; GPTBot/1.2; +https://openai.com/gptbot)"
20.171.207.182 - - [04/Jul/2025:08:18:47 -0400] "GET /shell/function.php?download=L3Vzci9saWIvLmJ1aWxkLWlkL2ZlLzhhMTVhMTY3MWY4YmNlMjM3YjNhNDY3MDAwZDY2MmFmNTUwYjg5 HTTP/1.1" 200 196088 "-" "Mozilla/5.0 AppleWebKit/537.36 (KHTML, like Gecko; compatible; GPTBot/1.2; +https://openai.com/gptbot)"
20.171.207.182 - - [04/Jul/2025:08:18:49 -0400] "GET /shell/function.php?download=L3Vzci9saWIvLmJ1aWxkLWlkL2ZlLzJlMjI5OGIwYTA3ZDk3ZDUyZjgwZWExMjQ4MjhjNDI4OTlmNzg5 HTTP/1.1" 404 107 "-" "Mozilla/5.0 AppleWebKit/537.36 (KHTML, like Gecko; compatible; GPTBot/1.2; +https://openai.com/gptbot)"
20.171.207.182 - - [04/Jul/2025:08:18:50 -0400] "GET /shell/function.php?download=L3Vzci9saWIvLmJ1aWxkLWlkL2RjL2YzNTM3MzVmYzcwNTg3ZTJlYzM2NGJlYTM1MzE1MTRjMTJmYTJi HTTP/1.1" 200 16934 "-" "Mozilla/5.0 AppleWebKit/537.36 (KHTML, like Gecko; compatible; GPTBot/1.2; +https://openai.com/gptbot)"
44.193.102.198 - - [04/Jul/2025:08:18:50 -0400] "GET /shell/function.php?zip=L3Zhci9zb2Z0YWN1bG91cy9zaXRlcGFkL2VkaXRvci9zaXRlLWluYy9jdXN0b21pemU%3D HTTP/1.1" 200 6874 "-" "Mozilla/5.0 AppleWebKit/537.36 (KHTML, like Gecko; compatible; Amazonbot/0.1; +https://developer.amazon.com/support/amazonbot) Chrome/119.0.6045.214 Safari/537.36"
20.171.207.182 - - [04/Jul/2025:08:18:51 -0400] "GET /shell/function.php?download=L3Vzci9saWIvLmJ1aWxkLWlkL2RmLzk5ZWIwNWQ5NDVjMDkxZWJmYzE1NGQxZWQ3OTk2ODMwYmQ3Yjdm HTTP/1.1" 404 107 "-" "Mozilla/5.0 AppleWebKit/537.36 (KHTML, like Gecko; compatible; GPTBot/1.2; +https://openai.com/gptbot)"
20.171.207.182 - - [04/Jul/2025:08:18:52 -0400] "GET /shell/function.php?download=L3Vzci9saWIvLmJ1aWxkLWlkL2RjLzdkZmUzY2Y2YjBkMzQ1Mzg4YTQwMjZkZjE2YTdiZmVhYWI0MTVh HTTP/1.1" 404 107 "-" "Mozilla/5.0 AppleWebKit/537.36 (KHTML, like Gecko; compatible; GPTBot/1.2; +https://openai.com/gptbot)"
20.171.207.182 - - [04/Jul/2025:08:18:35 -0400] "GET /shell/function.php?download=L3Vzci9saWIvLmJ1aWxkLWlkL2FiLzI0ZGU5YTNiYjNiNTI5Nzc4MTIzOGY1Y2FiMjNiNzM0YWZjMzBm HTTP/1.1" 404 107 "-" "Mozilla/5.0 AppleWebKit/537.36 (KHTML, like Gecko; compatible; GPTBot/1.2; +https://openai.com/gptbot)"
20.171.207.182 - - [04/Jul/2025:08:18:36 -0400] "GET /shell/function.php?fm=true&path=%2Fusr%2Flib%2F.build-id%2Fab%2F&rename=3ed716e808d18871de02306504270a53452722 HTTP/1.1" 200 8536 "-" "Mozilla/5.0 AppleWebKit/537.36 (KHTML, like Gecko; compatible; GPTBot/1.2; +https://openai.com/gptbot)"
20.171.207.182 - - [04/Jul/2025:08:18:39 -0400] "GET /shell/function.php?download=L3Vzci9saWIvLmJ1aWxkLWlkL2EyLzUyMzM3ODgyYTMyZjMxZjY4NDI0NDgyNTRmMDA5ZmU2M2VlNGYw HTTP/1.1" 200 50174 "-" "Mozilla/5.0 AppleWebKit/537.36 (KHTML, like Gecko; compatible; GPTBot/1.2; +https://openai.com/gptbot)"
20.171.207.182 - - [04/Jul/2025:08:18:41 -0400] "GET /shell/function.php?download=L3Vzci9saWIvLmJ1aWxkLWlkL2EyL2EwOWM1NmI3MDdiNzI5ZTBhN2ZlNDJjOGRkNjgxOWY5ZTJjMzlh HTTP/1.1" 200 16550 "-" "Mozilla/5.0 AppleWebKit/537.36 (KHTML, like Gecko; compatible; GPTBot/1.2; +https://openai.com/gptbot)"
216.73.217.2 - - [04/Jul/2025:08:18:41 -0400] "GET /wp-includes/blocks/navigation/block.json HTTP/1.1" 200 3296 "-" "Mozilla/5.0 AppleWebKit/537.36 (KHTML, like Gecko; compatible; ClaudeBot/1.0; +claudebot@anthropic.com)"
216.73.217.2 - - [04/Jul/2025:08:18:41 -0400] "GET /wp-includes/blocks/more/block.json HTTP/1.1" 200 636 "-" "Mozilla/5.0 AppleWebKit/537.36 (KHTML, like Gecko; compatible; ClaudeBot/1.0; +claudebot@anthropic.com)"
20.171.207.182 - - [04/Jul/2025:08:18:42 -0400] "GET /shell/function.php?download=L3Vzci9saWIvLmJ1aWxkLWlkL2RmLzQ3ZWVhZGMxYWY5NjgxZjBmNjA1YjZjNzdjNjUwMzA0OWU0YjA1 HTTP/1.1" 200 1529032 "-" "Mozilla/5.0 AppleWebKit/537.36 (KHTML, like Gecko; compatible; GPTBot/1.2; +https://openai.com/gptbot)"
20.171.207.182 - - [04/Jul/2025:08:18:43 -0400] "GET /shell/function.php?download=L3Vzci9saWIvLmJ1aWxkLWlkLzJhL2UxZDRjNTM0NjA3MDZkNGE0NmUzYzdmNTM4NzJiZDZkY2Q3ZTJj HTTP/1.1" 200 24062 "-" "Mozilla/5.0 AppleWebKit/537.36 (KHTML, like Gecko; compatible; GPTBot/1.2; +https://openai.com/gptbot)"
20.171.207.182 - - [04/Jul/2025:08:18:44 -0400] "GET /shell/function.php?download=L3Vzci9saWIvLmJ1aWxkLWlkL2FiL2YxZTRlMDA4MDcwOTdiNWE4MjQwYzI3NDcwMzNiM2RiNTI0MGJm HTTP/1.1" 200 24726 "-" "Mozilla/5.0 AppleWebKit/537.36 (KHTML, like Gecko; compatible; GPTBot/1.2; +https://openai.com/gptbot)"
3.224.215.150 - - [04/Jul/2025:08:18:46 -0400] "GET /shell/function.php?gzfile=L29wdC9hbHQvcnVieTM0L3NoYXJlL3J1YnkvZGlkX3lvdV9tZWFuL3ZlcmJvc2UucmI%3D HTTP/1.1" 200 6844 "-" "Mozilla/5.0 AppleWebKit/537.36 (KHTML, like Gecko; compatible; Amazonbot/0.1; +https://developer.amazon.com/support/amazonbot) Chrome/119.0.6045.214 Safari/537.36"
20.171.207.182 - - [04/Jul/2025:08:18:54 -0400] "GET /shell/function.php?download=L3Vzci9saWIvLmJ1aWxkLWlkL2RmLzk0NjMyMWM4ZTZiYjVkNjIxMWFmMDI1MWY0NjI1ZWEzNTBmYzE2 HTTP/1.1" 404 107 "-" "Mozilla/5.0 AppleWebKit/537.36 (KHTML, like Gecko; compatible; GPTBot/1.2; +https://openai.com/gptbot)"
20.171.207.182 - - [04/Jul/2025:08:18:56 -0400] "GET /shell/function.php?download=L3Vzci9saWIvLmJ1aWxkLWlkL2JkL2Y5MmM0NGVlMzA2OWIyYmE0YjhmMWQzODQzMzUxOGM0YzczMjli HTTP/1.1" 404 107 "-" "Mozilla/5.0 AppleWebKit/537.36 (KHTML, like Gecko; compatible; GPTBot/1.2; +https://openai.com/gptbot)"
20.171.207.182 - - [04/Jul/2025:08:18:58 -0400] "GET /shell/function.php?download=L3Vzci9saWIvLmJ1aWxkLWlkL2QyLzhhNDJiYWM4ODhkM2U5MTljMDEwZjQwM2UzZGQ3Y2MzZmQwZWJh HTTP/1.1" 200 639672 "-" "Mozilla/5.0 AppleWebKit/537.36 (KHTML, like Gecko; compatible; GPTBot/1.2; +https://openai.com/gptbot)"
20.171.207.182 - - [04/Jul/2025:08:19:01 -0400] "GET /shell/function.php?download=L3Vzci9saWIvLmJ1aWxkLWlkL2JkL2I2ZGExZDI2OWM3MDJkNDE2ZWEwY2MzZmNlMmRmMWEzOWMzOWFi HTTP/1.1" 200 12374 "-" "Mozilla/5.0 AppleWebKit/537.36 (KHTML, like Gecko; compatible; GPTBot/1.2; +https://openai.com/gptbot)"
20.171.207.182 - - [04/Jul/2025:08:18:53 -0400] "GET /shell/function.php?download=L3Vzci9saWIvLmJ1aWxkLWlkL2FiLzM4MDVmMmIxZDhhM2Q3NzdjMjc5ZDRjZWE5ZDFiMDZhYzY1Yjkx HTTP/1.1" 200 210712 "-" "Mozilla/5.0 AppleWebKit/537.36 (KHTML, like Gecko; compatible; GPTBot/1.2; +https://openai.com/gptbot)"
3.222.85.38 - - [04/Jul/2025:08:18:54 -0400] "GET /shell/function.php?gzfile=L29wdC9hbHQvcnVieTM0L2luY2x1ZGUvcnVieS9pbnRlcm5hbC9jb3JlL3JoYXNoLmg%3D HTTP/1.1" 200 6874 "-" "Mozilla/5.0 AppleWebKit/537.36 (KHTML, like Gecko; compatible; Amazonbot/0.1; +https://developer.amazon.com/support/amazonbot) Chrome/119.0.6045.214 Safari/537.36"
20.171.207.182 - - [04/Jul/2025:08:18:57 -0400] "GET /shell/function.php?download=L3Vzci9saWIvLmJ1aWxkLWlkL2JkL2I4NDg4N2VhZmMxOWYyOGZmNDBmNjFjNDNlZmYxMjZlNDc3NTA5 HTTP/1.1" 200 43150 "-" "Mozilla/5.0 AppleWebKit/537.36 (KHTML, like Gecko; compatible; GPTBot/1.2; +https://openai.com/gptbot)"
52.204.81.148 - - [04/Jul/2025:08:18:59 -0400] "GET /shell/function.php?fm=true&path=/opt/alt/python311/share/doc/alt-python311-setuptools/docs/deprecated/distutils/&rights=sourcedist.rst HTTP/1.1" 200 9226 "-" "Mozilla/5.0 AppleWebKit/537.36 (KHTML, like Gecko; compatible; Amazonbot/0.1; +https://developer.amazon.com/support/amazonbot) Chrome/119.0.6045.214 Safari/537.36"
20.171.207.182 - - [04/Jul/2025:08:18:59 -0400] "GET /shell/function.php?download=L3Vzci9saWIvLmJ1aWxkLWlkL2FiLzc1NWFkZTIyNjQ5MmMwMDgzZDhlN2M2NTM0ZDczODMzODBmNDQ3 HTTP/1.1" 200 155000 "-" "Mozilla/5.0 AppleWebKit/537.36 (KHTML, like Gecko; compatible; GPTBot/1.2; +https://openai.com/gptbot)"
20.171.207.182 - - [04/Jul/2025:08:19:00 -0400] "GET /shell/function.php?download=L3Vzci9saWIvLmJ1aWxkLWlkL2RjL2IxOWI1ZDAxNjYwZTk3OTY4M2UzOThiZjAyOGI0YTdmZTkzYzJi HTTP/1.1" 200 24982 "-" "Mozilla/5.0 AppleWebKit/537.36 (KHTML, like Gecko; compatible; GPTBot/1.2; +https://openai.com/gptbot)"
35.172.125.172 - - [04/Jul/2025:08:19:03 -0400] "GET /shell/function.php?fm=true&path=/usr/lib/firmware/amdgpu/&rename=navi10_mec2.bin HTTP/1.1" 200 9193 "-" "Mozilla/5.0 AppleWebKit/537.36 (KHTML, like Gecko; compatible; Amazonbot/0.1; +https://developer.amazon.com/support/amazonbot) Chrome/119.0.6045.214 Safari/537.36"
20.171.207.182 - - [04/Jul/2025:08:19:04 -0400] "GET /shell/function.php?download=L3Vzci9saWIvLmJ1aWxkLWlkL2RjLzE5ZjJkZDgxODAwZGY0YzYyNGFlYWFmNTI2NTc0MDk3NzkzNzE5 HTTP/1.1" 200 14230 "-" "Mozilla/5.0 AppleWebKit/537.36 (KHTML, like Gecko; compatible; GPTBot/1.2; +https://openai.com/gptbot)"
52.3.127.170 - - [04/Jul/2025:08:19:07 -0400] "GET /shell/function.php?gzfile=L3Vzci9zaGFyZS9sb2NhbGUvc3YvTENfTUVTU0FHRVMvY3JhY2tsaWIubW8%3D HTTP/1.1" 200 6874 "-" "Mozilla/5.0 AppleWebKit/537.36 (KHTML, like Gecko; compatible; Amazonbot/0.1; +https://developer.amazon.com/support/amazonbot) Chrome/119.0.6045.214 Safari/537.36"
20.171.207.182 - - [04/Jul/2025:08:19:07 -0400] "GET /shell/function.php?download=L3Vzci9saWIvLmJ1aWxkLWlkL2FiL2M3ZWNlNjkwOTFlM2U0NjZkMTdmZTRjZjQ3ZWQ4NTRmNTYyM2Iw HTTP/1.1" 200 24974 "-" "Mozilla/5.0 AppleWebKit/537.36 (KHTML, like Gecko; compatible; GPTBot/1.2; +https://openai.com/gptbot)"
20.171.207.182 - - [04/Jul/2025:08:19:08 -0400] "GET /shell/function.php?download=L3Vzci9saWIvLmJ1aWxkLWlkL2ZlL2NhM2ZlYWJkZGUzNWU1ZGRhNGM2MzZkMWQ5NmUzNzQ4ZDEwMTg5 HTTP/1.1" 200 12910 "-" "Mozilla/5.0 AppleWebKit/537.36 (KHTML, like Gecko; compatible; GPTBot/1.2; +https://openai.com/gptbot)"
34.193.2.57 - - [04/Jul/2025:08:19:11 -0400] "GET /shell/function.php?fm=true&path=/usr/lib/firmware/amdgpu/&rights=green_sardine_ce.bin HTTP/1.1" 200 9193 "-" "Mozilla/5.0 AppleWebKit/537.36 (KHTML, like Gecko; compatible; Amazonbot/0.1; +https://developer.amazon.com/support/amazonbot) Chrome/119.0.6045.214 Safari/537.36"
20.171.207.182 - - [04/Jul/2025:08:19:12 -0400] "GET /shell/function.php?download=L3Vzci9saWIvLmJ1aWxkLWlkL2JkL2ExNzU4ZWViMmYwZDUzZTQ5ZWVmZWQxMTRmNWVhN2Q5N2QxM2Vj HTTP/1.1" 200 52470 "-" "Mozilla/5.0 AppleWebKit/537.36 (KHTML, like Gecko; compatible; GPTBot/1.2; +https://openai.com/gptbot)"
20.171.207.182 - - [04/Jul/2025:08:19:03 -0400] "GET /shell/function.php?download=L3Vzci9saWIvLmJ1aWxkLWlkL2FiL2RlYTM5ZTUzOGQ2YTJhNzNkMTQzOGUwNjAwYzk0MTY2OWQ1OTJl HTTP/1.1" 200 196208 "-" "Mozilla/5.0 AppleWebKit/537.36 (KHTML, like Gecko; compatible; GPTBot/1.2; +https://openai.com/gptbot)"
20.171.207.182 - - [04/Jul/2025:08:19:05 -0400] "GET /shell/function.php?download=L3Vzci9saWIvLmJ1aWxkLWlkL2RmL2ZhZDk2NGU5NmY4ODEyYWYzYzU2M2ZhZjUwZTQwYmQwMDQzMDRh HTTP/1.1" 200 17166 "-" "Mozilla/5.0 AppleWebKit/537.36 (KHTML, like Gecko; compatible; GPTBot/1.2; +https://openai.com/gptbot)"
20.171.207.182 - - [04/Jul/2025:08:19:06 -0400] "GET /shell/function.php?download=L3Vzci9saWIvLmJ1aWxkLWlkL2RmLzdjNDIzMWE4ZDUzMWU5NGE3MzFiM2Y4NTlmOTBiZTc0YWQ0NmVj HTTP/1.1" 200 68238 "-" "Mozilla/5.0 AppleWebKit/537.36 (KHTML, like Gecko; compatible; GPTBot/1.2; +https://openai.com/gptbot)"
20.171.207.182 - - [04/Jul/2025:08:19:09 -0400] "GET /shell/function.php?download=L3Vzci9saWIvLmJ1aWxkLWlkL2QyL2M5YTUyNWI5ZDYxMWQ0OTExMzhlOWY2NWI0OGNlZGIwNTlhZTE5 HTTP/1.1" 200 3919024 "-" "Mozilla/5.0 AppleWebKit/537.36 (KHTML, like Gecko; compatible; GPTBot/1.2; +https://openai.com/gptbot)"
20.171.207.182 - - [04/Jul/2025:08:19:10 -0400] "GET /shell/function.php?download=L3Vzci9saWIvLmJ1aWxkLWlkLzJmL2JkZjZhZDY0MzFjMTY4ZjE5NWY3NjU1MGU1MmQzN2FhNzZlZWJl HTTP/1.1" 200 368672 "-" "Mozilla/5.0 AppleWebKit/537.36 (KHTML, like Gecko; compatible; GPTBot/1.2; +https://openai.com/gptbot)"
20.171.207.182 - - [04/Jul/2025:08:19:13 -0400] "GET /shell/function.php?download=L3Vzci9saWIvLmJ1aWxkLWlkL2QyLzhiM2Y5MjQ0NTA4YWU3NmJjMDQ2ODhkZjhmODdiOWEzZDU5MjBi HTTP/1.1" 404 107 "-" "Mozilla/5.0 AppleWebKit/537.36 (KHTML, like Gecko; compatible; GPTBot/1.2; +https://openai.com/gptbot)"
20.171.207.182 - - [04/Jul/2025:08:19:14 -0400] "GET /shell/function.php?download=L3Vzci9saWIvLmJ1aWxkLWlkL2FiL2YxMmUyOTkxMzgwYTdlNzEzZTQ3ZTQyZGU3NDM4NzY5YTk1Zjk4 HTTP/1.1" 200 28752 "-" "Mozilla/5.0 AppleWebKit/537.36 (KHTML, like Gecko; compatible; GPTBot/1.2; +https://openai.com/gptbot)"
44.213.202.136 - - [04/Jul/2025:08:19:14 -0400] "GET /shell/function.php?gzfile=L29wdC9jcGFuZWwvZWEtb3BlbnNzbC9ldGMvcGtpL3Rscy9tYW4vbWFuMy9FVlBfZGVzX2NiYy4z HTTP/1.1" 200 6874 "-" "Mozilla/5.0 AppleWebKit/537.36 (KHTML, like Gecko; compatible; Amazonbot/0.1; +https://developer.amazon.com/support/amazonbot) Chrome/119.0.6045.214 Safari/537.36"
20.171.207.182 - - [04/Jul/2025:08:19:17 -0400] "GET /shell/function.php?download=L3Vzci9saWIvLmJ1aWxkLWlkL2ZlLzJmODU2M2QzZWM5YjJjN2QzNDhlMjYwYzAxNWViMjM3NTc0Mzc5 HTTP/1.1" 200 2018 "-" "Mozilla/5.0 AppleWebKit/537.36 (KHTML, like Gecko; compatible; GPTBot/1.2; +https://openai.com/gptbot)"
54.157.99.244 - - [04/Jul/2025:08:19:18 -0400] "GET /shell/function.php?fm=true&path=/opt/alt/ruby34/share/gems/specifications/default/&rights=etc-1.4.5.gemspec HTTP/1.1" 200 9209 "-" "Mozilla/5.0 AppleWebKit/537.36 (KHTML, like Gecko; compatible; Amazonbot/0.1; +https://developer.amazon.com/support/amazonbot) Chrome/119.0.6045.214 Safari/537.36"
20.171.207.182 - - [04/Jul/2025:08:19:19 -0400] "GET /shell/function.php?download=L3Vzci9saWIvLmJ1aWxkLWlkL2JkL2VlMTI1NDA0ZjZlOWYwMDkzZmQyYzNhMDM4MDI4ZGNhN2E1OWEy HTTP/1.1" 200 12374 "-" "Mozilla/5.0 AppleWebKit/537.36 (KHTML, like Gecko; compatible; GPTBot/1.2; +https://openai.com/gptbot)"
20.171.207.182 - - [04/Jul/2025:08:19:21 -0400] "GET /shell/function.php?download=L3Vzci9saWIvLmJ1aWxkLWlkL2QyL2M5YTUyNWI5ZDYxMWQ0OTExMzhlOWY2NWI0OGNlZGIwNTlhZTE5 HTTP/1.1" 200 3919024 "-" "Mozilla/5.0 AppleWebKit/537.36 (KHTML, like Gecko; compatible; GPTBot/1.2; +https://openai.com/gptbot)"
20.171.207.182 - - [04/Jul/2025:08:19:22 -0400] "GET /shell/function.php?download=L3Vzci9saWIvLmJ1aWxkLWlkL2JkL2ZhNGZkNjc0NTZkNWU1MTdlNDczZTJjNmU2MTQwMmU3YjRlNmNk HTTP/1.1" 404 107 "-" "Mozilla/5.0 AppleWebKit/537.36 (KHTML, like Gecko; compatible; GPTBot/1.2; +https://openai.com/gptbot)"
35.169.240.53 - - [04/Jul/2025:08:19:22 -0400] "GET /shell/function.php?fm=true&path=/usr/lib/firmware/cirrus/&rights=cs35l41-dsp1-spk-prot-10431e12-spkid1-r0.bin HTTP/1.1" 200 9212 "-" "Mozilla/5.0 AppleWebKit/537.36 (KHTML, like Gecko; compatible; Amazonbot/0.1; +https://developer.amazon.com/support/amazonbot) Chrome/119.0.6045.214 Safari/537.36"
20.171.207.182 - - [04/Jul/2025:08:19:23 -0400] "GET /shell/function.php?download=L3Vzci9saWIvLmJ1aWxkLWlkLzJmLzRkNmVkM2U5NWZkOGQwNTMyNzNmZDA2ZWI0MWUyOGRkNjE4ZmQ1 HTTP/1.1" 200 28814 "-" "Mozilla/5.0 AppleWebKit/537.36 (KHTML, like Gecko; compatible; GPTBot/1.2; +https://openai.com/gptbot)"
20.171.207.182 - - [04/Jul/2025:08:19:26 -0400] "GET /shell/function.php?download=L3Vzci9saWIvLmJ1aWxkLWlkL2ZlL2E0MThmYTZjMmNkMjhlNDMzZmU2MWU5YjhlZTU2ZTZhYjZkODVl HTTP/1.1" 200 131152 "-" "Mozilla/5.0 AppleWebKit/537.36 (KHTML, like Gecko; compatible; GPTBot/1.2; +https://openai.com/gptbot)"
20.171.207.182 - - [04/Jul/2025:08:19:27 -0400] "GET /shell/function.php?download=L3Vzci9saWIvLmJ1aWxkLWlkLzJmLzFkYTVkNzEwMGQ4OWNkNTE5NWQ0ZjM5MTM0NjE3YjdmMTMxYTNk HTTP/1.1" 200 46486 "-" "Mozilla/5.0 AppleWebKit/537.36 (KHTML, like Gecko; compatible; GPTBot/1.2; +https://openai.com/gptbot)"
184.73.167.217 - - [04/Jul/2025:08:19:27 -0400] "GET /shell/function.php?download=L29wdC9hbHQvdGVzdHMvYWx0LXBocDgyLXBlY2wtbW9uZ29kYl8xLjE4LjEtMS5lbDgvdGVzdHMvZGVjaW1hbDEyOC0yLXZhbGlkLTE1MS5waHB0 HTTP/1.1" 200 2059 "-" "Mozilla/5.0 AppleWebKit/537.36 (KHTML, like Gecko; compatible; Amazonbot/0.1; +https://developer.amazon.com/support/amazonbot) Chrome/119.0.6045.214 Safari/537.36"
20.171.207.182 - - [04/Jul/2025:08:19:28 -0400] "GET /shell/function.php?download=L3Vzci9saWIvLmJ1aWxkLWlkL2UyL2FjOTUwYTQ0ZmJkYjJmNWJiZGE1NzY1NWQ2YzMxMDIwYTljZTEy HTTP/1.1" 200 73022 "-" "Mozilla/5.0 AppleWebKit/537.36 (KHTML, like Gecko; compatible; GPTBot/1.2; +https://openai.com/gptbot)"
20.171.207.182 - - [04/Jul/2025:08:19:29 -0400] "GET /shell/function.php?download=L3Vzci9saWIvLmJ1aWxkLWlkL2FiL2Y0MmYxNWJjNTBhYjkxOTAzNmZkYjk2Nzk3YWU4ZmNkNDRmYTlk HTTP/1.1" 404 107 "-" "Mozilla/5.0 AppleWebKit/537.36 (KHTML, like Gecko; compatible; GPTBot/1.2; +https://openai.com/gptbot)"
34.193.2.57 - - [04/Jul/2025:08:19:30 -0400] "GET /shell/function.php?gzfile=L2xpYi9maXJtd2FyZS9pbnRlbC9pYnQtMTctMS5kZGM%3D HTTP/1.1" 200 6874 "-" "Mozilla/5.0 AppleWebKit/537.36 (KHTML, like Gecko; compatible; Amazonbot/0.1; +https://developer.amazon.com/support/amazonbot) Chrome/119.0.6045.214 Safari/537.36"
20.171.207.182 - - [04/Jul/2025:08:19:30 -0400] "GET /shell/function.php?download=L3Vzci9saWIvLmJ1aWxkLWlkL2VjL2ZjMzdjODRhNmY1YWQ4ZmNjMzhmMmE3MTQxZjc5YWRlOTkzNmMy HTTP/1.1" 200 42302 "-" "Mozilla/5.0 AppleWebKit/537.36 (KHTML, like Gecko; compatible; GPTBot/1.2; +https://openai.com/gptbot)"
20.171.207.182 - - [04/Jul/2025:08:19:33 -0400] "GET /shell/function.php?download=L3Vzci9saWIvLmJ1aWxkLWlkL2EyLzhjODUxNTJjYjU0ZmI5NjQ2NGYxZDdiYTBlMzdjNmM0NGY4MTFj HTTP/1.1" 200 12446 "-" "Mozilla/5.0 AppleWebKit/537.36 (KHTML, like Gecko; compatible; GPTBot/1.2; +https://openai.com/gptbot)"
20.171.207.182 - - [04/Jul/2025:08:19:35 -0400] "GET /shell/function.php?download=L3Vzci9saWIvLmJ1aWxkLWlkL2QyL2JiZTg4ZDZlZGNlMDZlZThjZGRhMWVjNWU0NWM2OTFjNTc4ZDgy HTTP/1.1" 200 87024 "-" "Mozilla/5.0 AppleWebKit/537.36 (KHTML, like Gecko; compatible; GPTBot/1.2; +https://openai.com/gptbot)"
18.210.58.238 - - [04/Jul/2025:08:19:38 -0400] "GET /shell/function.php?download=L29wdC9hbHQvdGVzdHMvYWx0LXBocDgwLXBlY2wtb2F1dGhfMi4wLjctMi5lbDgvdGVzdHMvb2F1dGhwcm92aWRlcl8wMDIucGhwdA%3D%3D HTTP/1.1" 200 952 "-" "Mozilla/5.0 AppleWebKit/537.36 (KHTML, like Gecko; compatible; Amazonbot/0.1; +https://developer.amazon.com/support/amazonbot) Chrome/119.0.6045.214 Safari/537.36"
20.171.207.182 - - [04/Jul/2025:08:19:40 -0400] "GET /shell/function.php?download=L3Vzci9saWIvLmJ1aWxkLWlkL2QyLzQxZGVmOGU1NjlhZmExMmVmYzMyZTViOGVmODVkNGE2NDRlNGIx HTTP/1.1" 200 93352 "-" "Mozilla/5.0 AppleWebKit/537.36 (KHTML, like Gecko; compatible; GPTBot/1.2; +https://openai.com/gptbot)"
20.171.207.182 - - [04/Jul/2025:08:19:15 -0400] "GET /shell/function.php?download=L3Vzci9saWIvLmJ1aWxkLWlkL2UyL2FkNDg4NDg2ZTZhMTUyN2UwNjQ0NzZlOWYyZWU4YjllOTlmYzg0 HTTP/1.1" 200 66526 "-" "Mozilla/5.0 AppleWebKit/537.36 (KHTML, like Gecko; compatible; GPTBot/1.2; +https://openai.com/gptbot)"
20.171.207.182 - - [04/Jul/2025:08:19:16 -0400] "GET /shell/function.php?download=L3Vzci9saWIvLmJ1aWxkLWlkL2UyL2U4YjA4OTdhMDc4ZDRkZjRmNWE4MDcxOTljY2IzZjYzYTA2YzYw HTTP/1.1" 200 16646 "-" "Mozilla/5.0 AppleWebKit/537.36 (KHTML, like Gecko; compatible; GPTBot/1.2; +https://openai.com/gptbot)"
114.119.156.223 - - [04/Jul/2025:08:19:19 -0400] "GET /wp-content/plugins/elementor_old/modules/announcements/triggers/?MA HTTP/1.1" 200 870 "https://lexlawpractice.com/wp-content/plugins/elementor_old/modules/announcements/triggers/" "Mozilla/5.0 (Linux; Android 7.0;) AppleWebKit/537.36 (KHTML, like Gecko) Mobile Safari/537.36 (compatible; PetalBot;+https://webmaster.petalsearch.com/site/petalbot)"
20.171.207.182 - - [04/Jul/2025:08:19:20 -0400] "GET /shell/function.php?download=L3Vzci9saWIvLmJ1aWxkLWlkL2UyLzdkZDQxZjE2MjgzOTI2OGRkMzBlZTJmZjEyYjI2YWY4MjkyZGI1 HTTP/1.1" 200 38934 "-" "Mozilla/5.0 AppleWebKit/537.36 (KHTML, like Gecko; compatible; GPTBot/1.2; +https://openai.com/gptbot)"
20.171.207.182 - - [04/Jul/2025:08:19:24 -0400] "GET /shell/function.php?download=L3Vzci9saWIvLmJ1aWxkLWlkL2ZlLzkwZGFhMGRhYjhlMTA2NzVjOWUwNzVmZmQ0NzNlY2JjY2I3ZTRm HTTP/1.1" 200 12398 "-" "Mozilla/5.0 AppleWebKit/537.36 (KHTML, like Gecko; compatible; GPTBot/1.2; +https://openai.com/gptbot)"
20.171.207.182 - - [04/Jul/2025:08:19:32 -0400] "GET /shell/function.php?download=L3Vzci9saWIvLmJ1aWxkLWlkL2RjL2NkNjIxZDI4MjdjNDE0MzQ4ZTc0ODIxZjkwYmIwMjUzMGFkMjZm HTTP/1.1" 200 29094 "-" "Mozilla/5.0 AppleWebKit/537.36 (KHTML, like Gecko; compatible; GPTBot/1.2; +https://openai.com/gptbot)"
20.171.207.182 - - [04/Jul/2025:08:19:34 -0400] "GET /shell/function.php?download=L3Vzci9saWIvLmJ1aWxkLWlkL2FiLzdjNTA2OTFkNmRhZmQwMDM1YWMzYzQ5MDY5YzYxMDNjNTZlNjI3 HTTP/1.1" 200 12878 "-" "Mozilla/5.0 AppleWebKit/537.36 (KHTML, like Gecko; compatible; GPTBot/1.2; +https://openai.com/gptbot)"
3.213.85.234 - - [04/Jul/2025:08:19:34 -0400] "GET /shell/function.php?gzfile=L3Zhci9zb2Z0YWN1bG91cy9mYXZlby91cGRhdGVfcGFzcy5waHA%3D HTTP/1.1" 200 6844 "-" "Mozilla/5.0 AppleWebKit/537.36 (KHTML, like Gecko; compatible; Amazonbot/0.1; +https://developer.amazon.com/support/amazonbot) Chrome/119.0.6045.214 Safari/537.36"
20.171.207.182 - - [04/Jul/2025:08:19:36 -0400] "GET /shell/function.php?download=L3Vzci9saWIvLmJ1aWxkLWlkLzJhLzJhZDk2MDE3M2EyZDYzNTk4ZGU5MmQwMDgzNzNkMGViMGIyNzQ2 HTTP/1.1" 404 107 "-" "Mozilla/5.0 AppleWebKit/537.36 (KHTML, like Gecko; compatible; GPTBot/1.2; +https://openai.com/gptbot)"
20.171.207.182 - - [04/Jul/2025:08:19:37 -0400] "GET /shell/function.php?download=L3Vzci9saWIvLmJ1aWxkLWlkL2UyL2MzNjAzNTEwYWEwMWU1YTgwZjNlNzc2NmI4YWEwNTdlM2NkZDUw HTTP/1.1" 200 28806 "-" "Mozilla/5.0 AppleWebKit/537.36 (KHTML, like Gecko; compatible; GPTBot/1.2; +https://openai.com/gptbot)"
20.171.207.182 - - [04/Jul/2025:08:19:39 -0400] "GET /shell/function.php?download=L3Vzci9saWIvLmJ1aWxkLWlkL2FiL2Q0ZGEwMjIwOGIxNGUxMTVkMGU5NWYxOTU5ODNhMGU5YjIxMWMz HTTP/1.1" 200 145712 "-" "Mozilla/5.0 AppleWebKit/537.36 (KHTML, like Gecko; compatible; GPTBot/1.2; +https://openai.com/gptbot)"
20.171.207.182 - - [04/Jul/2025:08:19:41 -0400] "GET /shell/function.php?download=L3Vzci9saWIvLmJ1aWxkLWlkL2RmLzUyNjMwNTM4YjE0MDhmMWUyNWIzMjNhYTNiNWNjNzAyNGRhODY2 HTTP/1.1" 200 126472 "-" "Mozilla/5.0 AppleWebKit/537.36 (KHTML, like Gecko; compatible; GPTBot/1.2; +https://openai.com/gptbot)"
54.197.82.195 - - [04/Jul/2025:08:19:42 -0400] "GET /shell/function.php?download=L29wdC9hbHQvdGVzdHMvYWx0LXBocDgwLXBlY2wtcmFyXzQuMi4wLTEuZWw4L3Rlc3RzL2RpcmxpbmtfdW5peC5yYXI%3D HTTP/1.1" 200 1311 "-" "Mozilla/5.0 AppleWebKit/537.36 (KHTML, like Gecko; compatible; Amazonbot/0.1; +https://developer.amazon.com/support/amazonbot) Chrome/119.0.6045.214 Safari/537.36"
20.171.207.182 - - [04/Jul/2025:08:19:44 -0400] "GET /shell/function.php?download=L3Vzci9saWIvLmJ1aWxkLWlkLzJmLzc3YjlhYTFiNDUwZTJjYzUyOWZmYjQzMzA0ZWQ0ZmYzODk2NTJl HTTP/1.1" 200 12878 "-" "Mozilla/5.0 AppleWebKit/537.36 (KHTML, like Gecko; compatible; GPTBot/1.2; +https://openai.com/gptbot)"
20.171.207.182 - - [04/Jul/2025:08:19:48 -0400] "GET /shell/function.php?download=L3Vzci9saWIvLmJ1aWxkLWlkL2JkLzQwNDA1NTdjZGYzNzQ1MmFlMzAyN2JkYjNhNjJkYjZmNGJiNTgw HTTP/1.1" 200 50430 "-" "Mozilla/5.0 AppleWebKit/537.36 (KHTML, like Gecko; compatible; GPTBot/1.2; +https://openai.com/gptbot)"
20.171.207.182 - - [04/Jul/2025:08:19:49 -0400] "GET /shell/function.php?download=L3Vzci9saWIvLmJ1aWxkLWlkLzJhLzY1ODZiYzcwMjlmZjhiMjVhODBkMDdhNTM0OWVkMzUwOWE0Njlm HTTP/1.1" 200 1353320 "-" "Mozilla/5.0 AppleWebKit/537.36 (KHTML, like Gecko; compatible; GPTBot/1.2; +https://openai.com/gptbot)"
20.171.207.182 - - [04/Jul/2025:08:19:50 -0400] "GET /shell/function.php?download=L3Vzci9saWIvLmJ1aWxkLWlkL2RmLzY4NDFiMGEyNjQyOGQyMzVmYmEyNThmYjUxYThiYzJmMDVlNDJl HTTP/1.1" 200 799696 "-" "Mozilla/5.0 AppleWebKit/537.36 (KHTML, like Gecko; compatible; GPTBot/1.2; +https://openai.com/gptbot)"
20.171.207.182 - - [04/Jul/2025:08:19:51 -0400] "GET /shell/function.php?download=L3Vzci9saWIvLmJ1aWxkLWlkLzJhL2EzMTRiNzAyZWYyMTkxNDRlNzA0NmJhMmNmYzFkZmE4MDVmMzAz HTTP/1.1" 404 107 "-" "Mozilla/5.0 AppleWebKit/537.36 (KHTML, like Gecko; compatible; GPTBot/1.2; +https://openai.com/gptbot)"
20.171.207.182 - - [04/Jul/2025:08:19:53 -0400] "GET /shell/function.php?download=L3Vzci9saWIvLmJ1aWxkLWlkL2ZlLzkyMzZiMWViNWYwMjExMjM1MDBhYTUyNDliMWJjNTdkMGE5ODZi HTTP/1.1" 200 12590 "-" "Mozilla/5.0 AppleWebKit/537.36 (KHTML, like Gecko; compatible; GPTBot/1.2; +https://openai.com/gptbot)"
20.171.207.182 - - [04/Jul/2025:08:19:54 -0400] "GET /shell/function.php?download=L3Vzci9saWIvLmJ1aWxkLWlkL2EyLzY2NDNlOTJhNDE0ZGVlMGViMTllYzQ4MTRmMDUyMWY0NmUyMThi HTTP/1.1" 200 626720 "-" "Mozilla/5.0 AppleWebKit/537.36 (KHTML, like Gecko; compatible; GPTBot/1.2; +https://openai.com/gptbot)"
20.171.207.182 - - [04/Jul/2025:08:19:55 -0400] "GET /shell/function.php?download=L3Vzci9saWIvLmJ1aWxkLWlkLzJmLzZkOTU3ZjQzNjkwZTViZDFmNmVjNDYwOWU4MTQ3ZjBlNjI5MGU0 HTTP/1.1" 200 16486 "-" "Mozilla/5.0 AppleWebKit/537.36 (KHTML, like Gecko; compatible; GPTBot/1.2; +https://openai.com/gptbot)"
20.171.207.182 - - [04/Jul/2025:08:19:56 -0400] "GET /shell/function.php?download=L3Vzci9saWIvLmJ1aWxkLWlkL2RmLzllYjNjYTRmY2UxYmRhNzJmNTdiN2UxZDUzZGU3MTdjMzE1ODBh HTTP/1.1" 200 21662 "-" "Mozilla/5.0 AppleWebKit/537.36 (KHTML, like Gecko; compatible; GPTBot/1.2; +https://openai.com/gptbot)"
20.171.207.182 - - [04/Jul/2025:08:19:57 -0400] "GET /shell/function.php?download=L3Vzci9saWIvLmJ1aWxkLWlkL2ZlL2ZkYTFlZmQ3OTgxOTdhZWM4YzBjYjA2MjQyYjEwZjczOTEwYTNh HTTP/1.1" 200 42094 "-" "Mozilla/5.0 AppleWebKit/537.36 (KHTML, like Gecko; compatible; GPTBot/1.2; +https://openai.com/gptbot)"
20.171.207.182 - - [04/Jul/2025:08:19:59 -0400] "GET /shell/function.php?download=L3Vzci9saWIvLmJ1aWxkLWlkL2VjLzE3OGZjNzAyMGMwZGViYmY2NTc5ZjFmZjA1ZmEyYmEzZjFjZDgx HTTP/1.1" 200 440904 "-" "Mozilla/5.0 AppleWebKit/537.36 (KHTML, like Gecko; compatible; GPTBot/1.2; +https://openai.com/gptbot)"
20.171.207.182 - - [04/Jul/2025:08:20:01 -0400] "GET /shell/function.php?download=L3Vzci9saWIvLmJ1aWxkLWlkL2VjLzBhOGUyOTc1YmIyMGM2MDM3ZGFiMTgxM2JkYTgxMDFmMjBlODYw HTTP/1.1" 200 16374 "-" "Mozilla/5.0 AppleWebKit/537.36 (KHTML, like Gecko; compatible; GPTBot/1.2; +https://openai.com/gptbot)"
20.171.207.182 - - [04/Jul/2025:08:20:02 -0400] "GET /shell/function.php?download=L3Vzci9saWIvLmJ1aWxkLWlkL2JkLzM3MTU0ZmViNDhiMzZmOThkM2I4OWRhNDQ3YjRhYzlmZmY2YWFi HTTP/1.1" 200 20678 "-" "Mozilla/5.0 AppleWebKit/537.36 (KHTML, like Gecko; compatible; GPTBot/1.2; +https://openai.com/gptbot)"
20.171.207.182 - - [04/Jul/2025:08:20:03 -0400] "GET /shell/function.php?download=L3Vzci9saWIvLmJ1aWxkLWlkL2VjLzlhM2EyYzU2YmNkYzVhNWFmMDQ4MzBmZDBjMzY1NmI1YmMyMjM5 HTTP/1.1" 200 14910 "-" "Mozilla/5.0 AppleWebKit/537.36 (KHTML, like Gecko; compatible; GPTBot/1.2; +https://openai.com/gptbot)"
20.171.207.182 - - [04/Jul/2025:08:19:42 -0400] "GET /shell/function.php?download=L3Vzci9saWIvLmJ1aWxkLWlkL2FiLzE3YWZjZGExNDM0YTc3MjRiNWFkZjhjMzRjOThiMTViNzRiNjJh HTTP/1.1" 200 12518 "-" "Mozilla/5.0 AppleWebKit/537.36 (KHTML, like Gecko; compatible; GPTBot/1.2; +https://openai.com/gptbot)"
20.171.207.182 - - [04/Jul/2025:08:19:43 -0400] "GET /shell/function.php?download=L3Vzci9saWIvLmJ1aWxkLWlkLzJmLzUyZTFjZTQyYjY2OWU0NDdjZTM5YjI5MThlNzEzYmFhZmIzNThk HTTP/1.1" 200 16718 "-" "Mozilla/5.0 AppleWebKit/537.36 (KHTML, like Gecko; compatible; GPTBot/1.2; +https://openai.com/gptbot)"
20.171.207.182 - - [04/Jul/2025:08:19:46 -0400] "GET /shell/function.php?download=L3Vzci9saWIvLmJ1aWxkLWlkL2VjL2ZiNDVlOThjNGRlMWU1NzZjNzYzODU1NjJkYmRlZGRjNjQzOWQx HTTP/1.1" 200 113592 "-" "Mozilla/5.0 AppleWebKit/537.36 (KHTML, like Gecko; compatible; GPTBot/1.2; +https://openai.com/gptbot)"
54.147.80.137 - - [04/Jul/2025:08:19:46 -0400] "GET /shell/function.php?fm=true&path=/usr/lib/firmware/radeon/&rights=CAICOS_me.bin HTTP/1.1" 200 9188 "-" "Mozilla/5.0 AppleWebKit/537.36 (KHTML, like Gecko; compatible; Amazonbot/0.1; +https://developer.amazon.com/support/amazonbot) Chrome/119.0.6045.214 Safari/537.36"
20.171.207.182 - - [04/Jul/2025:08:19:47 -0400] "GET /shell/function.php?download=L3Vzci9saWIvLmJ1aWxkLWlkLzJmLzAyZGJjODJmMzRmNTI2ZjdjZGJjNTUxNDRlYTZmMDc5ZDk2OWE0 HTTP/1.1" 404 107 "-" "Mozilla/5.0 AppleWebKit/537.36 (KHTML, like Gecko; compatible; GPTBot/1.2; +https://openai.com/gptbot)"
98.83.226.125 - - [04/Jul/2025:08:19:51 -0400] "GET /shell/function.php?gz=L3Vzci9zaGFyZS9sb2NhbGUvc28%3D HTTP/1.1" 200 6874 "-" "Mozilla/5.0 AppleWebKit/537.36 (KHTML, like Gecko; compatible; Amazonbot/0.1; +https://developer.amazon.com/support/amazonbot) Chrome/119.0.6045.214 Safari/537.36"
44.221.227.90 - - [04/Jul/2025:08:19:55 -0400] "GET /shell/function.php?gz=L3Zhci9saWIvbXlzcWwvam9obnlrYXZfd3A3NzU%3D HTTP/1.1" 200 6844 "-" "Mozilla/5.0 AppleWebKit/537.36 (KHTML, like Gecko; compatible; Amazonbot/0.1; +https://developer.amazon.com/support/amazonbot) Chrome/119.0.6045.214 Safari/537.36"
20.171.207.182 - - [04/Jul/2025:08:19:58 -0400] "GET /shell/function.php?download=L3Vzci9saWIvLmJ1aWxkLWlkL2EyLzZjMTNmYjE1MjMxYjkzNWEzNjE0MzRjZmQxYjFjNmM4ZjA5NmJi HTTP/1.1" 200 241168 "-" "Mozilla/5.0 AppleWebKit/537.36 (KHTML, like Gecko; compatible; GPTBot/1.2; +https://openai.com/gptbot)"
54.144.185.255 - - [04/Jul/2025:08:19:58 -0400] "GET /shell/function.php?fm=true&path=/opt/hc_python/lib/python3.12/site-packages/alembic/templates/async HTTP/1.1" 200 10974 "-" "Mozilla/5.0 AppleWebKit/537.36 (KHTML, like Gecko; compatible; Amazonbot/0.1; +https://developer.amazon.com/support/amazonbot) Chrome/119.0.6045.214 Safari/537.36"
54.235.125.129 - - [04/Jul/2025:08:20:02 -0400] "GET /shell/function.php?gz=L3Vzci9zaGFyZS9sb2NhbGUvdGln HTTP/1.1" 200 6874 "-" "Mozilla/5.0 AppleWebKit/537.36 (KHTML, like Gecko; compatible; Amazonbot/0.1; +https://developer.amazon.com/support/amazonbot) Chrome/119.0.6045.214 Safari/537.36"
34.224.9.144 - - [04/Jul/2025:08:20:06 -0400] "GET /shell/function.php?fm=true&path=/opt/alt/python35/lib64/python3.5/idlelib/Icons/&rights=python.gif HTTP/1.1" 200 9198 "-" "Mozilla/5.0 AppleWebKit/537.36 (KHTML, like Gecko; compatible; Amazonbot/0.1; +https://developer.amazon.com/support/amazonbot) Chrome/119.0.6045.214 Safari/537.36"
20.171.207.182 - - [04/Jul/2025:08:20:08 -0400] "GET /shell/function.php?download=L3Vzci9saWIvLmJ1aWxkLWlkLzJhLzk1NjM0ODllN2RhNjE5ZDUyNmQzYWNkZGY2OTU1ZjZiYWMzNDM4 HTTP/1.1" 200 41886 "-" "Mozilla/5.0 AppleWebKit/537.36 (KHTML, like Gecko; compatible; GPTBot/1.2; +https://openai.com/gptbot)"
20.171.207.182 - - [04/Jul/2025:08:20:10 -0400] "GET /shell/function.php?download=L3Vzci9saWIvLmJ1aWxkLWlkL2ZlLzFkM2FlMjc0MzQ2ZDhlNDBkNWU0YWIxNjc3NGFlZWE4MWNiYWFm HTTP/1.1" 200 653368 "-" "Mozilla/5.0 AppleWebKit/537.36 (KHTML, like Gecko; compatible; GPTBot/1.2; +https://openai.com/gptbot)"
20.171.207.182 - - [04/Jul/2025:08:20:04 -0400] "GET /shell/function.php?download=L3Vzci9saWIvLmJ1aWxkLWlkL2VjLzkyOTJhMTM4ODRmZmJmYTE5MDI3ZDg0NjFlY2UzZmNlNmNkM2Nl HTTP/1.1" 200 216232 "-" "Mozilla/5.0 AppleWebKit/537.36 (KHTML, like Gecko; compatible; GPTBot/1.2; +https://openai.com/gptbot)"
20.171.207.182 - - [04/Jul/2025:08:20:05 -0400] "GET /shell/function.php?download=L3Vzci9saWIvLmJ1aWxkLWlkL2EyL2NkZGNlNDQ2YzQyYzc0YWY4MTE5NjgxODA4OTlmYmFhMzBjMjZi HTTP/1.1" 200 41918 "-" "Mozilla/5.0 AppleWebKit/537.36 (KHTML, like Gecko; compatible; GPTBot/1.2; +https://openai.com/gptbot)"
20.171.207.182 - - [04/Jul/2025:08:20:06 -0400] "GET /shell/function.php?download=L3Vzci9saWIvLmJ1aWxkLWlkL2QyL2E5ZGNlNWE2MjhiM2YxYWQ5MTMxODdlYzFjMTFlNDkxYzM3ZmYw HTTP/1.1" 200 12414 "-" "Mozilla/5.0 AppleWebKit/537.36 (KHTML, like Gecko; compatible; GPTBot/1.2; +https://openai.com/gptbot)"
20.171.207.182 - - [04/Jul/2025:08:20:09 -0400] "GET /shell/function.php?download=L3Vzci9saWIvLmJ1aWxkLWlkL2RmLzc5NzVkOWM0Yjk1YzdjYWIxZWEzOWE2YjQ3MWRjZmIxYTZjY2Qy HTTP/1.1" 200 42950 "-" "Mozilla/5.0 AppleWebKit/537.36 (KHTML, like Gecko; compatible; GPTBot/1.2; +https://openai.com/gptbot)"
34.195.60.66 - - [04/Jul/2025:08:20:11 -0400] "GET /shell/function.php?gzfile=L29wdC9hbHQvdGVzdHMvYWx0LXBocDgzLXBlY2wtbW9uZ29kYl8xLjE4LjEtMS5lbDgvdGVzdHMvY29tbWFuZFN1Y2NlZWRlZEV2ZW50LWRlYnVnLTAwMS5waHB0 HTTP/1.1" 200 6874 "-" "Mozilla/5.0 AppleWebKit/537.36 (KHTML, like Gecko; compatible; Amazonbot/0.1; +https://developer.amazon.com/support/amazonbot) Chrome/119.0.6045.214 Safari/537.36"
20.171.207.182 - - [04/Jul/2025:08:20:13 -0400] "GET /shell/function.php?download=L3Vzci9saWIvLmJ1aWxkLWlkL2VjLzQ5NzVkMDZkMGM5YTBhNjExMzY0MTVkYjY1ZWY0OTNlNTg2YmRl HTTP/1.1" 200 34606 "-" "Mozilla/5.0 AppleWebKit/537.36 (KHTML, like Gecko; compatible; GPTBot/1.2; +https://openai.com/gptbot)"
20.171.207.182 - - [04/Jul/2025:08:20:14 -0400] "GET /shell/function.php?download=L3Vzci9saWIvLmJ1aWxkLWlkL2UyL2Q1MTkwYjkwNmU3NDljYTJiOWFmOGU5NmVkN2I5MzgyYTZlMTBi HTTP/1.1" 200 16526 "-" "Mozilla/5.0 AppleWebKit/537.36 (KHTML, like Gecko; compatible; GPTBot/1.2; +https://openai.com/gptbot)"
