65.108.128.54 - - [04/Jul/2025:10:33:17 -0400] "GET /shell/function.php?fm=true&edit=6535114eae2fcc0292e7e3582b0c62dd58e4a8&path=/lib/.build-id/b6/ HTTP/1.1" 200 8855 "-" "Mozilla/5.0 (compatible; MJ12bot/v1.4.8; http://mj12bot.com/)"
54.198.33.233 - - [04/Jul/2025:10:33:19 -0400] "GET /shell/function.php?download=L29wdC9hbHQvdGVzdHMvYWx0LXBocDgyLXBlY2wtZ21hZ2lja18yLjAuNi0xLlJDMS5lbDgvdGVzdHMvZ21hZ2lja3BpeGVsLTAwMy1nZXRjb2xvcmNvdW50LnBocHQ%3D HTTP/1.1" 200 938 "-" "Mozilla/5.0 AppleWebKit/537.36 (KHTML, like Gecko; compatible; Amazonbot/0.1; +https://developer.amazon.com/support/amazonbot) Chrome/119.0.6045.214 Safari/537.36"
23.21.179.27 - - [04/Jul/2025:10:33:23 -0400] "GET /shell/function.php?download=L3Vzci9saWI2NC9weXRob24yLjcvRGVtby9zY3JpcHRzL2VxZml4LnB5Yw%3D%3D HTTP/1.1" 200 5264 "-" "Mozilla/5.0 AppleWebKit/537.36 (KHTML, like Gecko; compatible; Amazonbot/0.1; +https://developer.amazon.com/support/amazonbot) Chrome/119.0.6045.214 Safari/537.36"
65.108.128.54 - - [04/Jul/2025:10:33:23 -0400] "GET /shell/function.php?fm=true&edit=655c10b523fde9feed8c6ee253a5f631299cd5&path=/lib/.build-id/e4/ HTTP/1.1" 200 8849 "-" "Mozilla/5.0 (compatible; MJ12bot/v1.4.8; http://mj12bot.com/)"
65.108.128.54 - - [04/Jul/2025:10:33:25 -0400] "GET /shell/function.php?fm=true&edit=65655a2cbd590ae4e96430f8839f2c878654b3&path=/lib/.build-id/e8/ HTTP/1.1" 200 8849 "-" "Mozilla/5.0 (compatible; MJ12bot/v1.4.8; http://mj12bot.com/)"
65.108.128.54 - - [04/Jul/2025:10:33:28 -0400] "GET /shell/function.php?fm=true&edit=65897588c0f7e2b1af6d9634e5844dcd5a9a72&path=/lib/.build-id/af/ HTTP/1.1" 200 8850 "-" "Mozilla/5.0 (compatible; MJ12bot/v1.4.8; http://mj12bot.com/)"
52.204.89.12 - - [04/Jul/2025:10:33:31 -0400] "GET /shell/function.php?download=L3Zhci9zb2Z0YWN1bG91cy9zdWdhci9waHA4Mi9pbnN0YWxsLnBocA%3D%3D HTTP/1.1" 200 9326 "-" "Mozilla/5.0 AppleWebKit/537.36 (KHTML, like Gecko; compatible; Amazonbot/0.1; +https://developer.amazon.com/support/amazonbot) Chrome/119.0.6045.214 Safari/537.36"
65.108.128.54 - - [04/Jul/2025:10:33:36 -0400] "GET /shell/function.php?fm=true&edit=65a8a668c2cb92ed3c8100e16d1df3a6c2c730&path=/lib/.build-id/c6/ HTTP/1.1" 200 8850 "-" "Mozilla/5.0 (compatible; MJ12bot/v1.4.8; http://mj12bot.com/)"
3.213.213.161 - - [04/Jul/2025:10:33:39 -0400] "GET /shell/function.php?gzfile=L3Vzci9zaGFyZS9sb2NhbGUvYmUvTENfTUVTU0FHRVMvcHVsc2VhdWRpby5tbw%3D%3D HTTP/1.1" 200 6874 "-" "Mozilla/5.0 AppleWebKit/537.36 (KHTML, like Gecko; compatible; Amazonbot/0.1; +https://developer.amazon.com/support/amazonbot) Chrome/119.0.6045.214 Safari/537.36"
100.29.155.89 - - [04/Jul/2025:10:33:43 -0400] "GET /shell/function.php?download=L29wdC9jcGFuZWwvZWEtb3BlbnNzbC9ldGMvcGtpL3Rscy9tYW4vbWFuMy9FUlJfcGVla19sYXN0X2Vycm9yX2xpbmUuMw%3D%3D HTTP/1.1" 200 7715 "-" "Mozilla/5.0 AppleWebKit/537.36 (KHTML, like Gecko; compatible; Amazonbot/0.1; +https://developer.amazon.com/support/amazonbot) Chrome/119.0.6045.214 Safari/537.36"
65.108.128.54 - - [04/Jul/2025:10:33:44 -0400] "GET /shell/function.php?fm=true&edit=65fe2cd2997c267ea6b8e05379cffdc9be713f&path=/lib/.build-id/e2/ HTTP/1.1" 200 8852 "-" "Mozilla/5.0 (compatible; MJ12bot/v1.4.8; http://mj12bot.com/)"
65.108.128.54 - - [04/Jul/2025:10:33:46 -0400] "GET /shell/function.php?fm=true&edit=66187addaea985c4f1d871b0d2882a40b0be48&path=/lib/.build-id/cd/ HTTP/1.1" 403 1242 "-" "Mozilla/5.0 (compatible; MJ12bot/v1.4.8; http://mj12bot.com/)"
34.205.170.13 - - [04/Jul/2025:10:33:47 -0400] "GET /shell/function.php?gzfile=L3Vzci9saWIvZ2NjL3g4Nl82NC1yZWRoYXQtbGludXgvOC9pbmNsdWRlL2F2eDUxMmJ3aW50cmluLmg%3D HTTP/1.1" 200 6874 "-" "Mozilla/5.0 AppleWebKit/537.36 (KHTML, like Gecko; compatible; Amazonbot/0.1; +https://developer.amazon.com/support/amazonbot) Chrome/119.0.6045.214 Safari/537.36"
216.73.217.2 - - [04/Jul/2025:10:33:49 -0400] "GET /wp-content/plugins/jetpack/vendor/wikimedia HTTP/1.1" 301 795 "-" "Mozilla/5.0 AppleWebKit/537.36 (KHTML, like Gecko; compatible; ClaudeBot/1.0; +claudebot@anthropic.com)"
65.108.128.54 - - [04/Jul/2025:10:33:09 -0400] "GET /shell/function.php?fm=true&edit=648ee261526dcc191afe99c40e1bffd7d4d075&path=/lib/.build-id/f4/ HTTP/1.1" 200 8850 "-" "Mozilla/5.0 (compatible; MJ12bot/v1.4.8; http://mj12bot.com/)"
44.221.180.179 - - [04/Jul/2025:10:33:11 -0400] "GET /shell/function.php?download=L3Zhci9zb2Z0YWN1bG91cy9vY2FydC9waHA1Ni91cGdyYWRlLnBocA%3D%3D HTTP/1.1" 200 5329 "-" "Mozilla/5.0 AppleWebKit/537.36 (KHTML, like Gecko; compatible; Amazonbot/0.1; +https://developer.amazon.com/support/amazonbot) Chrome/119.0.6045.214 Safari/537.36"
65.108.128.54 - - [04/Jul/2025:10:33:12 -0400] "GET /shell/function.php?fm=true&edit=64aaeabde06eb0a320f1a0b771b4b9f45c4a03&path=/lib/.build-id/f7/ HTTP/1.1" 200 8824 "-" "Mozilla/5.0 (compatible; MJ12bot/v1.4.8; http://mj12bot.com/)"
23.23.137.202 - - [04/Jul/2025:10:33:14 -0400] "GET /shell/function.php?download=L29wdC9jcGFuZWwvZWEtb3BlbnNzbC9ldGMvcGtpL3Rscy9tYW4vbWFuMy9CSU9fZl9zc2wuMw%3D%3D HTTP/1.1" 200 16102 "-" "Mozilla/5.0 AppleWebKit/537.36 (KHTML, like Gecko; compatible; Amazonbot/0.1; +https://developer.amazon.com/support/amazonbot) Chrome/119.0.6045.214 Safari/537.36"
65.108.128.54 - - [04/Jul/2025:10:33:15 -0400] "GET /shell/function.php?fm=true&edit=64f390b985d1934f3355dacd227e78f6278726&path=/lib/.build-id/d1/ HTTP/1.1" 200 8850 "-" "Mozilla/5.0 (compatible; MJ12bot/v1.4.8; http://mj12bot.com/)"
20.171.207.182 - - [04/Jul/2025:10:33:16 -0400] "GET /shell/function.php?gzfile=L3Vzci9zaGFyZS9wZXJsNS9NZW1vaXplLnBt HTTP/1.1" 200 6574 "-" "Mozilla/5.0 AppleWebKit/537.36 (KHTML, like Gecko; compatible; GPTBot/1.2; +https://openai.com/gptbot)"
65.108.128.54 - - [04/Jul/2025:10:33:20 -0400] "GET /shell/function.php?fm=true&edit=653c7581a6487fad246ea4fd3a2336cf793a61&path=/lib/.build-id/a4/ HTTP/1.1" 200 8850 "-" "Mozilla/5.0 (compatible; MJ12bot/v1.4.8; http://mj12bot.com/)"
107.22.208.39 - - [04/Jul/2025:10:33:28 -0400] "GET /shell/function.php?fm=true&path=/opt/alt/ruby19/ HTTP/1.1" 200 10742 "-" "Mozilla/5.0 AppleWebKit/537.36 (KHTML, like Gecko; compatible; Amazonbot/0.1; +https://developer.amazon.com/support/amazonbot) Chrome/119.0.6045.214 Safari/537.36"
65.108.128.54 - - [04/Jul/2025:10:33:31 -0400] "GET /shell/function.php?fm=true&edit=658e8a4442e92db1edbc0427b5bbe4f913ea87&path=/lib/.build-id/ff/ HTTP/1.1" 200 8850 "-" "Mozilla/5.0 (compatible; MJ12bot/v1.4.8; http://mj12bot.com/)"
114.119.140.29 - - [04/Jul/2025:10:33:32 -0400] "GET /wp-content/plugins/elementor-pro_old/modules/forms/fields/ HTTP/1.1" 200 1282 "https://lexlawpractice.com/wp-content/plugins/elementor-pro_old/modules/forms/" "Mozilla/5.0 (Linux; Android 7.0;) AppleWebKit/537.36 (KHTML, like Gecko) Mobile Safari/537.36 (compatible; PetalBot;+https://webmaster.petalsearch.com/site/petalbot)"
65.108.128.54 - - [04/Jul/2025:10:33:33 -0400] "GET /shell/function.php?fm=true&edit=65a61991e6c3ced07f6e2bc6ea6c66a01528de&path=/lib/.build-id/f4/ HTTP/1.1" 200 8849 "-" "Mozilla/5.0 (compatible; MJ12bot/v1.4.8; http://mj12bot.com/)"
50.16.72.185 - - [04/Jul/2025:10:33:35 -0400] "GET /shell/function.php?download=L29wdC9hbHQvdGVzdHMvYWx0LXBocDgzLXBlY2wtZ21hZ2lja18yLjAuNi0xLlJDMS5lbDgvdGVzdHMvZ21hZ2lja2RyYXctMDA0LWFyYy5waHB0 HTTP/1.1" 200 1052 "-" "Mozilla/5.0 AppleWebKit/537.36 (KHTML, like Gecko; compatible; Amazonbot/0.1; +https://developer.amazon.com/support/amazonbot) Chrome/119.0.6045.214 Safari/537.36"
65.108.128.54 - - [04/Jul/2025:10:33:38 -0400] "GET /shell/function.php?fm=true&edit=65bc5ff1a503a2732cd8c8d84e5d4f58d945b9&path=/lib/.build-id/bc/ HTTP/1.1" 200 8850 "-" "Mozilla/5.0 (compatible; MJ12bot/v1.4.8; http://mj12bot.com/)"
65.108.128.54 - - [04/Jul/2025:10:33:41 -0400] "GET /shell/function.php?fm=true&edit=65cb80e74579cc9db326345086d0f1f935f271&path=/lib/.build-id/a1/ HTTP/1.1" 200 8850 "-" "Mozilla/5.0 (compatible; MJ12bot/v1.4.8; http://mj12bot.com/)"
65.108.128.54 - - [04/Jul/2025:10:33:48 -0400] "GET /shell/function.php?fm=true&edit=661993a9f775d59b95156cf3b2f058b61a2196&path=/lib/.build-id/9e/ HTTP/1.1" 200 8849 "-" "Mozilla/5.0 (compatible; MJ12bot/v1.4.8; http://mj12bot.com/)"
216.73.217.2 - - [04/Jul/2025:10:33:49 -0400] "GET /wp-includes/sodium_compat/namespaced/Core/Ed25519.php HTTP/1.1" 403 1242 "-" "Mozilla/5.0 AppleWebKit/537.36 (KHTML, like Gecko; compatible; ClaudeBot/1.0; +claudebot@anthropic.com)"
216.73.217.2 - - [04/Jul/2025:10:33:49 -0400] "GET /wp-content/plugins/jetpack/css/wordads-ccpa-rtl.min.css HTTP/1.1" 200 4119 "-" "Mozilla/5.0 AppleWebKit/537.36 (KHTML, like Gecko; compatible; ClaudeBot/1.0; +claudebot@anthropic.com)"
216.73.217.2 - - [04/Jul/2025:10:33:49 -0400] "GET /wp-content/plugins/contact-form-7/modules/akismet/ HTTP/1.1" 200 567 "https://lexlawpractice.com/wp-content/plugins/contact-form-7/modules/akismet" "Mozilla/5.0 AppleWebKit/537.36 (KHTML, like Gecko; compatible; ClaudeBot/1.0; +claudebot@anthropic.com)"
216.73.217.2 - - [04/Jul/2025:10:33:49 -0400] "GET /wp-content/plugins/jetpack/vendor/wikimedia/ HTTP/1.1" 200 633 "https://lexlawpractice.com/wp-content/plugins/jetpack/vendor/wikimedia" "Mozilla/5.0 AppleWebKit/537.36 (KHTML, like Gecko; compatible; ClaudeBot/1.0; +claudebot@anthropic.com)"
216.73.217.2 - - [04/Jul/2025:10:33:50 -0400] "GET /wp-includes/sodium_compat/namespaced/Core/Poly1305/ HTTP/1.1" 200 652 "https://lexlawpractice.com/wp-includes/sodium_compat/namespaced/Core/Poly1305" "Mozilla/5.0 AppleWebKit/537.36 (KHTML, like Gecko; compatible; ClaudeBot/1.0; +claudebot@anthropic.com)"
52.54.157.23 - - [04/Jul/2025:10:33:51 -0400] "GET /shell/function.php?download=L3Zhci9zb2Z0YWN1bG91cy9zaXRlcGFkL2VkaXRvci9zaXRlLWluYy9saW5rLXRlbXBsYXRlLnBocA%3D%3D HTTP/1.1" 200 138649 "-" "Mozilla/5.0 AppleWebKit/537.36 (KHTML, like Gecko; compatible; Amazonbot/0.1; +https://developer.amazon.com/support/amazonbot) Chrome/119.0.6045.214 Safari/537.36"
54.147.238.89 - - [04/Jul/2025:10:33:54 -0400] "GET /shell/function.php?download=L29wdC9jcGFuZWwvZWEtb3BlbnNzbC9ldGMvcGtpL3Rscy9tYW4vbWFuMy9SU0FfZ2V0X2V4X25ld19pbmRleC4z HTTP/1.1" 200 10485 "-" "Mozilla/5.0 AppleWebKit/537.36 (KHTML, like Gecko; compatible; Amazonbot/0.1; +https://developer.amazon.com/support/amazonbot) Chrome/119.0.6045.214 Safari/537.36"
65.108.128.54 - - [04/Jul/2025:10:33:56 -0400] "GET /shell/function.php?fm=true&edit=6643e92a414dee0eb19ec4814f0521f46e218b&path=/lib/.build-id/a2/ HTTP/1.1" 200 8854 "-" "Mozilla/5.0 (compatible; MJ12bot/v1.4.8; http://mj12bot.com/)"
52.0.63.151 - - [04/Jul/2025:10:33:59 -0400] "GET /shell/function.php?download=L29wdC9hbHQvcnVieTMxL3NoYXJlL3J1YnkvY3N2L3dyaXRlci5yYg%3D%3D HTTP/1.1" 200 6638 "-" "Mozilla/5.0 AppleWebKit/537.36 (KHTML, like Gecko; compatible; Amazonbot/0.1; +https://developer.amazon.com/support/amazonbot) Chrome/119.0.6045.214 Safari/537.36"
65.108.128.54 - - [04/Jul/2025:10:33:59 -0400] "GET /shell/function.php?fm=true&edit=668902e5f707e73e472c7eba04d2cc43c65f88&path=/lib/.build-id/96/ HTTP/1.1" 200 8852 "-" "Mozilla/5.0 (compatible; MJ12bot/v1.4.8; http://mj12bot.com/)"
65.108.128.54 - - [04/Jul/2025:10:34:02 -0400] "GET /shell/function.php?fm=true&edit=668a483c42749ac220de636d2548fd957dbcf2&path=/lib/.build-id/a2/ HTTP/1.1" 200 8827 "-" "Mozilla/5.0 (compatible; MJ12bot/v1.4.8; http://mj12bot.com/)"
193.46.254.55 - - [04/Jul/2025:10:34:02 -0400] "GET / HTTP/1.1" 200 1565 "-" "Mozilla/5.0 zgrab/0.x"
3.218.35.239 - - [04/Jul/2025:10:34:03 -0400] "GET /shell/function.php?download=L29wdC9hbHQvdGVzdHMvYWx0LXBocDgxLXBlY2wtZ21hZ2lja18yLjAuNi0xLlJDMS5lbDgvdGVzdHMvZ21hZ2lja2RyYXctMDA0LWFyYy5waHB0 HTTP/1.1" 200 1052 "-" "Mozilla/5.0 AppleWebKit/537.36 (KHTML, like Gecko; compatible; Amazonbot/0.1; +https://developer.amazon.com/support/amazonbot) Chrome/119.0.6045.214 Safari/537.36"
65.108.128.54 - - [04/Jul/2025:10:34:04 -0400] "GET /shell/function.php?fm=true&edit=668e64319f164c6fc5bc7a2b024837b57555a3&path=/lib/.build-id/96/ HTTP/1.1" 200 8851 "-" "Mozilla/5.0 (compatible; MJ12bot/v1.4.8; http://mj12bot.com/)"
65.108.128.54 - - [04/Jul/2025:10:34:07 -0400] "GET /shell/function.php?fm=true&edit=66f12af5ca76b6549840e199d882c1dc1f1a0d&path=/lib/.build-id/ad/ HTTP/1.1" 200 8850 "-" "Mozilla/5.0 (compatible; MJ12bot/v1.4.8; http://mj12bot.com/)"
216.73.217.2 - - [04/Jul/2025:10:33:49 -0400] "GET /wp-content/plugins/contact-form-7/modules/akismet HTTP/1.1" 301 795 "-" "Mozilla/5.0 AppleWebKit/537.36 (KHTML, like Gecko; compatible; ClaudeBot/1.0; +claudebot@anthropic.com)"
216.73.217.2 - - [04/Jul/2025:10:33:49 -0400] "GET /wp-content/plugins/elementor-pro_old/modules/blockquote HTTP/1.1" 301 795 "-" "Mozilla/5.0 AppleWebKit/537.36 (KHTML, like Gecko; compatible; ClaudeBot/1.0; +claudebot@anthropic.com)"
216.73.217.2 - - [04/Jul/2025:10:33:49 -0400] "GET /wp-includes/sodium_compat/namespaced/Core/X25519.php HTTP/1.1" 403 1242 "-" "Mozilla/5.0 AppleWebKit/537.36 (KHTML, like Gecko; compatible; ClaudeBot/1.0; +claudebot@anthropic.com)"
216.73.217.2 - - [04/Jul/2025:10:33:49 -0400] "GET /wp-includes/sodium_compat/namespaced/Core/Curve25519.php HTTP/1.1" 403 1242 "-" "Mozilla/5.0 AppleWebKit/537.36 (KHTML, like Gecko; compatible; ClaudeBot/1.0; +claudebot@anthropic.com)"
216.73.217.2 - - [04/Jul/2025:10:33:49 -0400] "GET /wp-content/plugins/litespeed-cache/data/const.default.ini HTTP/1.1" 200 12350 "-" "Mozilla/5.0 AppleWebKit/537.36 (KHTML, like Gecko; compatible; ClaudeBot/1.0; +claudebot@anthropic.com)"
216.73.217.2 - - [04/Jul/2025:10:33:49 -0400] "GET /wp-content/plugins/jetpack/images/jetpack-google-analytics.svg HTTP/1.1" 200 1537 "-" "Mozilla/5.0 AppleWebKit/537.36 (KHTML, like Gecko; compatible; ClaudeBot/1.0; +claudebot@anthropic.com)"
216.73.217.2 - - [04/Jul/2025:10:33:49 -0400] "GET /wp-content/plugins/jetpack/images/connect-jetpack.svg HTTP/1.1" 200 6804 "-" "Mozilla/5.0 AppleWebKit/537.36 (KHTML, like Gecko; compatible; ClaudeBot/1.0; +claudebot@anthropic.com)"
216.73.217.2 - - [04/Jul/2025:10:33:49 -0400] "GET /wp-content/plugins/elementor-pro_old/modules/blockquote/ HTTP/1.1" 200 716 "https://lexlawpractice.com/wp-content/plugins/elementor-pro_old/modules/blockquote" "Mozilla/5.0 AppleWebKit/537.36 (KHTML, like Gecko; compatible; ClaudeBot/1.0; +claudebot@anthropic.com)"
216.73.217.2 - - [04/Jul/2025:10:33:50 -0400] "GET /wp-includes/sodium_compat/namespaced/Core/Poly1305 HTTP/1.1" 301 795 "-" "Mozilla/5.0 AppleWebKit/537.36 (KHTML, like Gecko; compatible; ClaudeBot/1.0; +claudebot@anthropic.com)"
216.73.217.2 - - [04/Jul/2025:10:33:49 -0400] "GET /shell/function.php?fm=true&path=%2Fhome%2Flexlmvtu%2F&rights=.softaculous HTTP/1.1" 200 8569 "-" "Mozilla/5.0 AppleWebKit/537.36 (KHTML, like Gecko; compatible; ClaudeBot/1.0; +claudebot@anthropic.com)"
65.108.128.54 - - [04/Jul/2025:10:33:51 -0400] "GET /shell/function.php?fm=true&edit=6629069a545035ea5f8aed959c2b35e9b070d5&path=/lib/.build-id/da/ HTTP/1.1" 200 8849 "-" "Mozilla/5.0 (compatible; MJ12bot/v1.4.8; http://mj12bot.com/)"
65.108.128.54 - - [04/Jul/2025:10:33:54 -0400] "GET /shell/function.php?fm=true&edit=662c985efaf452e46e5562133ee8a738099fce&path=/lib/.build-id/b4/ HTTP/1.1" 200 8850 "-" "Mozilla/5.0 (compatible; MJ12bot/v1.4.8; http://mj12bot.com/)"
54.235.172.108 - - [04/Jul/2025:10:34:11 -0400] "GET /shell/function.php?download=L29wdC9hbHQvcnVieTMxL3NoYXJlL3J1Ynkvb3B0cGFyc2UvZGF0ZS5yYg%3D%3D HTTP/1.1" 200 986 "-" "Mozilla/5.0 AppleWebKit/537.36 (KHTML, like Gecko; compatible; Amazonbot/0.1; +https://developer.amazon.com/support/amazonbot) Chrome/119.0.6045.214 Safari/537.36"
23.21.225.190 - - [04/Jul/2025:10:34:15 -0400] "GET /shell/function.php?download=L29wdC9jcGFuZWwvZWEtb3BlbnNzbC9ldGMvcGtpL3Rscy9tYW4vbWFuMy9QRU1fd3JpdGVfWDUwOV9BVVguMw%3D%3D HTTP/1.1" 200 25407 "-" "Mozilla/5.0 AppleWebKit/537.36 (KHTML, like Gecko; compatible; Amazonbot/0.1; +https://developer.amazon.com/support/amazonbot) Chrome/119.0.6045.214 Safari/537.36"
34.206.212.24 - - [04/Jul/2025:10:34:20 -0400] "GET /shell/function.php?download=L29wdC9jcGFuZWwvZWEtb3BlbnNzbC9ldGMvcGtpL3Rscy9tYW4vbWFuMy9FVlBfZW5jX251bGwuMw%3D%3D HTTP/1.1" 200 34363 "-" "Mozilla/5.0 AppleWebKit/537.36 (KHTML, like Gecko; compatible; Amazonbot/0.1; +https://developer.amazon.com/support/amazonbot) Chrome/119.0.6045.214 Safari/537.36"
54.225.148.123 - - [04/Jul/2025:10:34:08 -0400] "GET /shell/function.php?download=L29wdC9jcGFuZWwvZWEtb3BlbnNzbC9ldGMvcGtpL3Rscy9tYW4vbWFuMy9FVlBfRGVjcnlwdEluaXRfZXguMw%3D%3D HTTP/1.1" 200 34363 "-" "Mozilla/5.0 AppleWebKit/537.36 (KHTML, like Gecko; compatible; Amazonbot/0.1; +https://developer.amazon.com/support/amazonbot) Chrome/119.0.6045.214 Safari/537.36"
65.108.128.54 - - [04/Jul/2025:10:34:10 -0400] "GET /shell/function.php?fm=true&edit=67077ae55d33e89943244a99053982ce5c5c1d&path=/lib/.build-id/af/ HTTP/1.1" 200 8850 "-" "Mozilla/5.0 (compatible; MJ12bot/v1.4.8; http://mj12bot.com/)"
65.108.128.54 - - [04/Jul/2025:10:34:12 -0400] "GET /shell/function.php?fm=true&edit=671fb23e95a0f7e89a4827284f56ea3d8bf3ce&path=/lib/.build-id/f7/ HTTP/1.1" 200 8849 "-" "Mozilla/5.0 (compatible; MJ12bot/v1.4.8; http://mj12bot.com/)"
65.108.128.54 - - [04/Jul/2025:10:34:15 -0400] "GET /shell/function.php?fm=true&edit=674193882a9f5998a9909f34b7b5488a881b4d&path=/lib/.build-id/da/ HTTP/1.1" 200 8850 "-" "Mozilla/5.0 (compatible; MJ12bot/v1.4.8; http://mj12bot.com/)"
65.108.128.54 - - [04/Jul/2025:10:34:18 -0400] "GET /shell/function.php?fm=true&edit=6746b169db8384bc4fd079b3ca14a3870dccd8&path=/lib/.build-id/d5/ HTTP/1.1" 200 8825 "-" "Mozilla/5.0 (compatible; MJ12bot/v1.4.8; http://mj12bot.com/)"
85.208.96.208 - - [04/Jul/2025:10:34:20 -0400] "GET /tag/website/info@lexlawpractice.com HTTP/1.1" 404 1251 "-" "Mozilla/5.0 (compatible; SemrushBot/7~bl; +http://www.semrush.com/bot.html)"
65.108.128.54 - - [04/Jul/2025:10:34:23 -0400] "GET /shell/function.php?fm=true&edit=678352fa7c8fbaf0f11d135b34889dce46f91d&path=/lib/.build-id/e6/ HTTP/1.1" 200 8850 "-" "Mozilla/5.0 (compatible; MJ12bot/v1.4.8; http://mj12bot.com/)"
65.108.128.54 - - [04/Jul/2025:10:34:26 -0400] "GET /shell/function.php?fm=true&edit=67adabcbbf24877c4b9740ad7c657b430a7d35&path=/lib/.build-id/e0/ HTTP/1.1" 200 8851 "-" "Mozilla/5.0 (compatible; MJ12bot/v1.4.8; http://mj12bot.com/)"
65.108.128.54 - - [04/Jul/2025:10:34:29 -0400] "GET /shell/function.php?fm=true&edit=67dec7264b5a8f6770f08de5a3e0a6d2d5dad7&path=/lib/.build-id/a8/ HTTP/1.1" 200 8823 "-" "Mozilla/5.0 (compatible; MJ12bot/v1.4.8; http://mj12bot.com/)"
18.207.79.144 - - [04/Jul/2025:10:34:31 -0400] "GET /shell/function.php?download=L3Vzci9zaGFyZS9tYW4vbWFuNS9kaGNwLWV2YWwuNS5neg%3D%3D HTTP/1.1" 200 7501 "-" "Mozilla/5.0 AppleWebKit/537.36 (KHTML, like Gecko; compatible; Amazonbot/0.1; +https://developer.amazon.com/support/amazonbot) Chrome/119.0.6045.214 Safari/537.36"
65.108.128.54 - - [04/Jul/2025:10:34:32 -0400] "GET /shell/function.php?fm=true&edit=67edb88a9a7fc67552dd3d1bb2845e6d84fe7d&path=/lib/.build-id/a6/ HTTP/1.1" 200 8850 "-" "Mozilla/5.0 (compatible; MJ12bot/v1.4.8; http://mj12bot.com/)"
23.23.137.202 - - [04/Jul/2025:10:34:39 -0400] "GET /shell/function.php?download=L3Vzci9saWIvcHl0aG9uMi43L3NpdGUtcGFja2FnZXMvcGlwL2NvbW1hbmRzL2hhc2gucHlj HTTP/1.1" 200 3033 "-" "Mozilla/5.0 AppleWebKit/537.36 (KHTML, like Gecko; compatible; Amazonbot/0.1; +https://developer.amazon.com/support/amazonbot) Chrome/119.0.6045.214 Safari/537.36"
114.119.134.106 - - [04/Jul/2025:10:34:40 -0400] "GET /wp-content/plugins/elementor-pro_old/modules/forms/controls/ HTTP/1.1" 200 829 "https://lexlawpractice.com/wp-content/plugins/elementor-pro_old/modules/forms/" "Mozilla/5.0 (Linux; Android 7.0;) AppleWebKit/537.36 (KHTML, like Gecko) Mobile Safari/537.36 (compatible; PetalBot;+https://webmaster.petalsearch.com/site/petalbot)"
65.108.128.54 - - [04/Jul/2025:10:34:40 -0400] "GET /shell/function.php?fm=true&edit=684a682429e5e5d5545765e87eac7c56628997&path=/lib/.build-id/e1/ HTTP/1.1" 200 8849 "-" "Mozilla/5.0 (compatible; MJ12bot/v1.4.8; http://mj12bot.com/)"
216.73.217.2 - - [04/Jul/2025:10:34:42 -0400] "GET /wp-content/plugins/litespeed-cache/tpl/inc/ HTTP/1.1" 200 1181 "https://lexlawpractice.com/wp-content/plugins/litespeed-cache/tpl/inc" "Mozilla/5.0 AppleWebKit/537.36 (KHTML, like Gecko; compatible; ClaudeBot/1.0; +claudebot@anthropic.com)"
216.73.217.2 - - [04/Jul/2025:10:34:43 -0400] "GET /wp-content/plugins/litespeed-cache/tpl/crawler HTTP/1.1" 301 795 "-" "Mozilla/5.0 AppleWebKit/537.36 (KHTML, like Gecko; compatible; ClaudeBot/1.0; +claudebot@anthropic.com)"
216.73.217.2 - - [04/Jul/2025:10:34:43 -0400] "GET /wp-content/plugins/litespeed-cache/tpl/crawler/ HTTP/1.1" 200 1075 "https://lexlawpractice.com/wp-content/plugins/litespeed-cache/tpl/crawler" "Mozilla/5.0 AppleWebKit/537.36 (KHTML, like Gecko; compatible; ClaudeBot/1.0; +claudebot@anthropic.com)"
216.73.217.2 - - [04/Jul/2025:10:34:43 -0400] "GET /wp-content/plugins/litespeed-cache/data/js_defer_excludes.txt HTTP/1.1" 200 268 "-" "Mozilla/5.0 AppleWebKit/537.36 (KHTML, like Gecko; compatible; ClaudeBot/1.0; +claudebot@anthropic.com)"
20.171.207.182 - - [04/Jul/2025:10:34:13 -0400] "GET /shell/function.php?download=L3Zhci9zb2Z0YWN1bG91cy9lcnJvcl9sb2cubG9n HTTP/1.1" 200 0 "-" "Mozilla/5.0 AppleWebKit/537.36 (KHTML, like Gecko; compatible; GPTBot/1.2; +https://openai.com/gptbot)"
216.73.217.2 - - [04/Jul/2025:10:34:43 -0400] "GET /wp-content/plugins/jetpack/css/cleanslate.min.css HTTP/1.1" 200 2399 "-" "Mozilla/5.0 AppleWebKit/537.36 (KHTML, like Gecko; compatible; ClaudeBot/1.0; +claudebot@anthropic.com)"
216.73.217.2 - - [04/Jul/2025:10:34:43 -0400] "GET /wp-content/plugins/litespeed-cache/tpl/dash HTTP/1.1" 301 795 "-" "Mozilla/5.0 AppleWebKit/537.36 (KHTML, like Gecko; compatible; ClaudeBot/1.0; +claudebot@anthropic.com)"
216.73.217.2 - - [04/Jul/2025:10:34:43 -0400] "GET /wp-content/plugins/woocommerce/vendor/pelago HTTP/1.1" 301 795 "-" "Mozilla/5.0 AppleWebKit/537.36 (KHTML, like Gecko; compatible; ClaudeBot/1.0; +claudebot@anthropic.com)"
216.73.217.2 - - [04/Jul/2025:10:34:43 -0400] "GET /wp-content/plugins/woocommerce/vendor/pelago/ HTTP/1.1" 200 640 "https://lexlawpractice.com/wp-content/plugins/woocommerce/vendor/pelago" "Mozilla/5.0 AppleWebKit/537.36 (KHTML, like Gecko; compatible; ClaudeBot/1.0; +claudebot@anthropic.com)"
216.73.217.2 - - [04/Jul/2025:10:34:44 -0400] "GET /wp-content/plugins/woocommerce/templates/cart HTTP/1.1" 301 795 "-" "Mozilla/5.0 AppleWebKit/537.36 (KHTML, like Gecko; compatible; ClaudeBot/1.0; +claudebot@anthropic.com)"
216.73.217.2 - - [04/Jul/2025:10:34:44 -0400] "GET /wp-content/plugins/woocommerce/templates/cart/ HTTP/1.1" 200 559 "https://lexlawpractice.com/wp-content/plugins/woocommerce/templates/cart" "Mozilla/5.0 AppleWebKit/537.36 (KHTML, like Gecko; compatible; ClaudeBot/1.0; +claudebot@anthropic.com)"
216.73.217.2 - - [04/Jul/2025:10:34:44 -0400] "GET /wp-includes/sodium_compat/src/Core32/Poly1305/ HTTP/1.1" 200 570 "https://lexlawpractice.com/wp-includes/sodium_compat/src/Core32/Poly1305" "Mozilla/5.0 AppleWebKit/537.36 (KHTML, like Gecko; compatible; ClaudeBot/1.0; +claudebot@anthropic.com)"
65.108.128.54 - - [04/Jul/2025:10:34:43 -0400] "GET /shell/function.php?fm=true&edit=685626689b6442c647016a2cd86a03b9f3972a&path=/lib/.build-id/af/ HTTP/1.1" 200 8852 "-" "Mozilla/5.0 (compatible; MJ12bot/v1.4.8; http://mj12bot.com/)"
216.73.217.2 - - [04/Jul/2025:10:34:44 -0400] "GET /wp-includes/sodium_compat/src/Core/Curve25519/ HTTP/1.1" 200 634 "https://lexlawpractice.com/wp-includes/sodium_compat/src/Core/Curve25519" "Mozilla/5.0 AppleWebKit/537.36 (KHTML, like Gecko; compatible; ClaudeBot/1.0; +claudebot@anthropic.com)"
216.73.217.2 - - [04/Jul/2025:10:34:44 -0400] "GET /wp-content/plugins/woocommerce/templates/myaccount/ HTTP/1.1" 200 564 "https://lexlawpractice.com/wp-content/plugins/woocommerce/templates/myaccount" "Mozilla/5.0 AppleWebKit/537.36 (KHTML, like Gecko; compatible; ClaudeBot/1.0; +claudebot@anthropic.com)"
52.3.127.170 - - [04/Jul/2025:10:34:43 -0400] "GET /shell/function.php?download=L29wdC9hbHQvcHl0aG9uMzcvbGliNjQvcHl0aG9uMy43L2VtYWlsL2hlYWRlcnJlZ2lzdHJ5LnB5 HTTP/1.1" 200 20443 "-" "Mozilla/5.0 AppleWebKit/537.36 (KHTML, like Gecko; compatible; Amazonbot/0.1; +https://developer.amazon.com/support/amazonbot) Chrome/119.0.6045.214 Safari/537.36"
65.108.128.54 - - [04/Jul/2025:10:34:21 -0400] "GET /shell/function.php?fm=true&edit=674bac0fe4b428675daa9c22cb08b5c6343c42&path=/lib/.build-id/df/ HTTP/1.1" 200 8855 "-" "Mozilla/5.0 (compatible; MJ12bot/v1.4.8; http://mj12bot.com/)"
23.21.204.95 - - [04/Jul/2025:10:34:23 -0400] "GET /shell/function.php?download=L29wdC9hbHQvdGVzdHMvYWx0LXBocDgyLXBlY2wtZ21hZ2lja18yLjAuNi0xLlJDMS5lbDgvdGVzdHMvZ21hZ2ljay0wODktZ2V0bnVtYmVyaW1hZ2VzLnBocHQ%3D HTTP/1.1" 200 910 "-" "Mozilla/5.0 AppleWebKit/537.36 (KHTML, like Gecko; compatible; Amazonbot/0.1; +https://developer.amazon.com/support/amazonbot) Chrome/119.0.6045.214 Safari/537.36"
44.193.115.232 - - [04/Jul/2025:10:34:27 -0400] "GET /shell/function.php?download=L3Vzci9zaGFyZS9tYW4vbWFuNy9yYW5kb20uNy5neg%3D%3D HTTP/1.1" 200 3421 "-" "Mozilla/5.0 AppleWebKit/537.36 (KHTML, like Gecko; compatible; Amazonbot/0.1; +https://developer.amazon.com/support/amazonbot) Chrome/119.0.6045.214 Safari/537.36"
35.170.205.140 - - [04/Jul/2025:10:34:35 -0400] "GET /shell/function.php?download=L3Vzci9zaGFyZS96b25laW5mby9wb3NpeC9BbWVyaWNhL0JvaXNl HTTP/1.1" 200 3049 "-" "Mozilla/5.0 AppleWebKit/537.36 (KHTML, like Gecko; compatible; Amazonbot/0.1; +https://developer.amazon.com/support/amazonbot) Chrome/119.0.6045.214 Safari/537.36"
65.108.128.54 - - [04/Jul/2025:10:34:35 -0400] "GET /shell/function.php?fm=true&edit=6809c05ea1ee2fa7ce9ca096e68bd8b988d5f1&path=/lib/.build-id/c8/ HTTP/1.1" 200 8851 "-" "Mozilla/5.0 (compatible; MJ12bot/v1.4.8; http://mj12bot.com/)"
65.108.128.54 - - [04/Jul/2025:10:34:38 -0400] "GET /shell/function.php?fm=true&edit=6841b0a26428d235fba258fb51a8bc2f05e42e&path=/lib/.build-id/df/ HTTP/1.1" 200 8852 "-" "Mozilla/5.0 (compatible; MJ12bot/v1.4.8; http://mj12bot.com/)"
216.73.217.2 - - [04/Jul/2025:10:34:42 -0400] "GET /wp-content/plugins/litespeed-cache/tpl/inc HTTP/1.1" 301 795 "-" "Mozilla/5.0 AppleWebKit/537.36 (KHTML, like Gecko; compatible; ClaudeBot/1.0; +claudebot@anthropic.com)"
216.73.217.2 - - [04/Jul/2025:10:34:42 -0400] "GET /shell/function.php?fm=true&path=%2Fhome%2Flexlmvtu%2F&rights=scanreport-lexlmvtu-Apr_03_2025_02h11m.txt HTTP/1.1" 200 8514 "-" "Mozilla/5.0 AppleWebKit/537.36 (KHTML, like Gecko; compatible; ClaudeBot/1.0; +claudebot@anthropic.com)"
216.73.217.2 - - [04/Jul/2025:10:34:43 -0400] "GET /wp-content/plugins/litespeed-cache/tpl/dash/ HTTP/1.1" 200 700 "https://lexlawpractice.com/wp-content/plugins/litespeed-cache/tpl/dash" "Mozilla/5.0 AppleWebKit/537.36 (KHTML, like Gecko; compatible; ClaudeBot/1.0; +claudebot@anthropic.com)"
216.73.217.2 - - [04/Jul/2025:10:34:44 -0400] "GET /wp-includes/sodium_compat/src/Core32/Poly1305 HTTP/1.1" 301 795 "-" "Mozilla/5.0 AppleWebKit/537.36 (KHTML, like Gecko; compatible; ClaudeBot/1.0; +claudebot@anthropic.com)"
216.73.217.2 - - [04/Jul/2025:10:34:44 -0400] "GET /wp-includes/sodium_compat/namespaced/Core/ChaCha20 HTTP/1.1" 301 795 "-" "Mozilla/5.0 AppleWebKit/537.36 (KHTML, like Gecko; compatible; ClaudeBot/1.0; +claudebot@anthropic.com)"
216.73.217.2 - - [04/Jul/2025:10:34:44 -0400] "GET /wp-includes/sodium_compat/namespaced/Core/ChaCha20/ HTTP/1.1" 200 675 "https://lexlawpractice.com/wp-includes/sodium_compat/namespaced/Core/ChaCha20" "Mozilla/5.0 AppleWebKit/537.36 (KHTML, like Gecko; compatible; ClaudeBot/1.0; +claudebot@anthropic.com)"
216.73.217.2 - - [04/Jul/2025:10:34:44 -0400] "GET /wp-includes/sodium_compat/src/Core/Curve25519 HTTP/1.1" 301 795 "-" "Mozilla/5.0 AppleWebKit/537.36 (KHTML, like Gecko; compatible; ClaudeBot/1.0; +claudebot@anthropic.com)"
216.73.217.2 - - [04/Jul/2025:10:34:44 -0400] "GET /wp-content/plugins/woocommerce/templates/myaccount HTTP/1.1" 301 795 "-" "Mozilla/5.0 AppleWebKit/537.36 (KHTML, like Gecko; compatible; ClaudeBot/1.0; +claudebot@anthropic.com)"
65.108.128.54 - - [04/Jul/2025:10:34:51 -0400] "GET /shell/function.php?fm=true&edit=68918631864a07aa7e47644f3bf1ceafd9b210&path=/lib/.build-id/98/ HTTP/1.1" 200 8851 "-" "Mozilla/5.0 (compatible; MJ12bot/v1.4.8; http://mj12bot.com/)"
65.108.128.54 - - [04/Jul/2025:10:34:46 -0400] "GET /shell/function.php?fm=true&edit=686e304dc4fed3ed9a75a07020befc7ac314a3&path=/lib/.build-id/a5/ HTTP/1.1" 200 8849 "-" "Mozilla/5.0 (compatible; MJ12bot/v1.4.8; http://mj12bot.com/)"
23.21.204.95 - - [04/Jul/2025:10:34:47 -0400] "GET /shell/function.php?gzfile=L29wdC9jcGFuZWwvZWEtb3BlbnNzbC9ldGMvcGtpL3Rscy9tYW4vbWFuMy9YNTA5X05BTUVfRU5UUllfZ2V0X2RhdGEuMw%3D%3D HTTP/1.1" 200 6874 "-" "Mozilla/5.0 AppleWebKit/537.36 (KHTML, like Gecko; compatible; Amazonbot/0.1; +https://developer.amazon.com/support/amazonbot) Chrome/119.0.6045.214 Safari/537.36"
65.108.128.54 - - [04/Jul/2025:10:34:48 -0400] "GET /shell/function.php?fm=true&edit=688162d3bacd2b1893e8a2552aca5c0f4698d2&path=/lib/.build-id/9f/ HTTP/1.1" 200 8852 "-" "Mozilla/5.0 (compatible; MJ12bot/v1.4.8; http://mj12bot.com/)"
65.108.128.54 - - [04/Jul/2025:10:34:54 -0400] "GET /shell/function.php?fm=true&edit=689218e7cd75d8fa60cac5ae79cc96685ffcfb&path=/lib/.build-id/ed/ HTTP/1.1" 200 8850 "-" "Mozilla/5.0 (compatible; MJ12bot/v1.4.8; http://mj12bot.com/)"
65.108.128.54 - - [04/Jul/2025:10:34:59 -0400] "GET /shell/function.php?fm=true&edit=689e41c8bedfa7443c4c479156c75b390437fb&path=/lib/.build-id/f9/ HTTP/1.1" 200 8850 "-" "Mozilla/5.0 (compatible; MJ12bot/v1.4.8; http://mj12bot.com/)"
85.208.96.208 - - [04/Jul/2025:10:35:03 -0400] "GET /wp-includes/taxonomy.php HTTP/1.1" 403 1242 "-" "Mozilla/5.0 (compatible; SemrushBot/7~bl; +http://www.semrush.com/bot.html)"
100.28.133.214 - - [04/Jul/2025:10:35:03 -0400] "GET /shell/function.php?download=L3Vzci9zaGFyZS9tYW4vbWFuM3AvY2Nvcy4zcC5neg%3D%3D HTTP/1.1" 200 1760 "-" "Mozilla/5.0 AppleWebKit/537.36 (KHTML, like Gecko; compatible; Amazonbot/0.1; +https://developer.amazon.com/support/amazonbot) Chrome/119.0.6045.214 Safari/537.36"
65.108.128.54 - - [04/Jul/2025:10:35:05 -0400] "GET /shell/function.php?fm=true&edit=68ba65b714bbf7848fce36a18eaed3ab8b6906&path=/lib/.build-id/9f/ HTTP/1.1" 200 8850 "-" "Mozilla/5.0 (compatible; MJ12bot/v1.4.8; http://mj12bot.com/)"
44.218.170.184 - - [04/Jul/2025:10:35:08 -0400] "GET /shell/function.php?download=L29wdC9jcGFuZWwvZWEtb3BlbnNzbC9ldGMvcGtpL3Rscy9tYW4vbWFuMy9VSV9kdXBfZXJyb3Jfc3RyaW5nLjM%3D HTTP/1.1" 200 13672 "-" "Mozilla/5.0 AppleWebKit/537.36 (KHTML, like Gecko; compatible; Amazonbot/0.1; +https://developer.amazon.com/support/amazonbot) Chrome/119.0.6045.214 Safari/537.36"
44.221.180.179 - - [04/Jul/2025:10:35:11 -0400] "GET /shell/function.php?download=L3Zhci9zb2Z0YWN1bG91cy9tb29kbGUyOS9waHA4Mi9lZGl0LnBocA%3D%3D HTTP/1.1" 200 6400 "-" "Mozilla/5.0 AppleWebKit/537.36 (KHTML, like Gecko; compatible; Amazonbot/0.1; +https://developer.amazon.com/support/amazonbot) Chrome/119.0.6045.214 Safari/537.36"
65.108.128.54 - - [04/Jul/2025:10:35:13 -0400] "GET /shell/function.php?fm=true&edit=6b924a727d6f237b0daabc897c4d870b79bf91&path=/lib/.build-id/b1/ HTTP/1.1" 200 8825 "-" "Mozilla/5.0 (compatible; MJ12bot/v1.4.8; http://mj12bot.com/)"
34.231.77.232 - - [04/Jul/2025:10:35:15 -0400] "GET /shell/function.php?download=L3Vzci9zaGFyZS9tYW4vbWFuM3AvZ2V0dWlkLjNwLmd6 HTTP/1.1" 200 1831 "-" "Mozilla/5.0 AppleWebKit/537.36 (KHTML, like Gecko; compatible; Amazonbot/0.1; +https://developer.amazon.com/support/amazonbot) Chrome/119.0.6045.214 Safari/537.36"
98.82.66.172 - - [04/Jul/2025:10:35:19 -0400] "GET /shell/function.php?download=L3Vzci9zaGFyZS9tYW4vbWFuM3Avc2NhbmRpci4zcC5neg%3D%3D HTTP/1.1" 200 1508 "-" "Mozilla/5.0 AppleWebKit/537.36 (KHTML, like Gecko; compatible; Amazonbot/0.1; +https://developer.amazon.com/support/amazonbot) Chrome/119.0.6045.214 Safari/537.36"
65.108.128.54 - - [04/Jul/2025:10:35:22 -0400] "GET /shell/function.php?fm=true&edit=6ee3f19d85c32f847d1a5f27afd3cd66f35395&path=/lib/.build-id/db/ HTTP/1.1" 200 8850 "-" "Mozilla/5.0 (compatible; MJ12bot/v1.4.8; http://mj12bot.com/)"
216.73.217.2 - - [04/Jul/2025:10:35:27 -0400] "GET /wp-content/plugins/wpforms-lite/templates/education HTTP/1.1" 301 795 "-" "Mozilla/5.0 AppleWebKit/537.36 (KHTML, like Gecko; compatible; ClaudeBot/1.0; +claudebot@anthropic.com)"
54.147.182.90 - - [04/Jul/2025:10:34:51 -0400] "GET /shell/function.php?download=L3Zhci9zb2Z0YWN1bG91cy9zaXRlcGFkL2VkaXRvci9zaXRlLWluYy9wb3N0LXRlbXBsYXRlLnBocA%3D%3D HTTP/1.1" 200 62138 "-" "Mozilla/5.0 AppleWebKit/537.36 (KHTML, like Gecko; compatible; Amazonbot/0.1; +https://developer.amazon.com/support/amazonbot) Chrome/119.0.6045.214 Safari/537.36"
18.206.47.187 - - [04/Jul/2025:10:34:54 -0400] "GET /shell/function.php?download=L3Vzci9zaGFyZS9tYW4vbWFuNS9ubS1zeXN0ZW0tc2V0dGluZ3MuY29uZi41Lmd6 HTTP/1.1" 200 17711 "-" "Mozilla/5.0 AppleWebKit/537.36 (KHTML, like Gecko; compatible; Amazonbot/0.1; +https://developer.amazon.com/support/amazonbot) Chrome/119.0.6045.214 Safari/537.36"
65.108.128.54 - - [04/Jul/2025:10:34:56 -0400] "GET /shell/function.php?fm=true&edit=6894905c3d169c8a5ce4570456ae6ee67ca5ee&path=/lib/.build-id/e0/ HTTP/1.1" 200 8850 "-" "Mozilla/5.0 (compatible; MJ12bot/v1.4.8; http://mj12bot.com/)"
54.157.99.244 - - [04/Jul/2025:10:34:59 -0400] "GET /shell/function.php?download=L29wdC9hbHQvdGVzdHMvYWx0LXBocDgyLXBlY2wtZ21hZ2lja18yLjAuNi0xLlJDMS5lbDgvdGVzdHMvZ21hZ2ljay0wNDEtc2V0X2dldGltYWdlaW50ZXJsYWNlc2NoZW1lLnBocHQ%3D HTTP/1.1" 200 971 "-" "Mozilla/5.0 AppleWebKit/537.36 (KHTML, like Gecko; compatible; Amazonbot/0.1; +https://developer.amazon.com/support/amazonbot) Chrome/119.0.6045.214 Safari/537.36"
65.108.128.54 - - [04/Jul/2025:10:35:02 -0400] "GET /shell/function.php?fm=true&edit=68a0eb5dd9f9626260cbd04c879d4b5fdfc6dc&path=/lib/.build-id/b4/ HTTP/1.1" 200 8852 "-" "Mozilla/5.0 (compatible; MJ12bot/v1.4.8; http://mj12bot.com/)"
65.108.128.54 - - [04/Jul/2025:10:35:08 -0400] "GET /shell/function.php?fm=true&edit=68f7542a343bddf446ec440ae4b5931b0230df&path=/lib/.build-id/90/ HTTP/1.1" 200 8825 "-" "Mozilla/5.0 (compatible; MJ12bot/v1.4.8; http://mj12bot.com/)"
65.108.128.54 - - [04/Jul/2025:10:35:11 -0400] "GET /shell/function.php?fm=true&edit=691ad460a27a8d052bf09f2a1654b6183c7575&path=/lib/.build-id/f4/ HTTP/1.1" 200 8851 "-" "Mozilla/5.0 (compatible; MJ12bot/v1.4.8; http://mj12bot.com/)"
65.108.128.54 - - [04/Jul/2025:10:35:16 -0400] "GET /shell/function.php?fm=true&edit=6ebd111ba086fefda16a9508131660a777c211&path=/lib/.build-id/a0/ HTTP/1.1" 200 8853 "-" "Mozilla/5.0 (compatible; MJ12bot/v1.4.8; http://mj12bot.com/)"
65.108.128.54 - - [04/Jul/2025:10:35:19 -0400] "GET /shell/function.php?fm=true&edit=6edcc08f692b750bc7a855c3251279439dd014&path=/lib/.build-id/99/ HTTP/1.1" 200 8826 "-" "Mozilla/5.0 (compatible; MJ12bot/v1.4.8; http://mj12bot.com/)"
18.214.124.6 - - [04/Jul/2025:10:35:23 -0400] "GET /shell/function.php?download=L29wdC9hbHQvdGVzdHMvYWx0LXBocDgxLXBlY2wtZ21hZ2lja18yLjAuNi0xLlJDMS5lbDgvdGVzdHMvZ21hZ2ljay0wMzEtc2V0X2dldGltYWdlY29tcG9zZS5waHB0 HTTP/1.1" 200 941 "-" "Mozilla/5.0 AppleWebKit/537.36 (KHTML, like Gecko; compatible; Amazonbot/0.1; +https://developer.amazon.com/support/amazonbot) Chrome/119.0.6045.214 Safari/537.36"
65.108.128.54 - - [04/Jul/2025:10:35:24 -0400] "GET /shell/function.php?fm=true&edit=6ef1dca57c60aa88731726669d823217c835de&path=/lib/.build-id/ba/ HTTP/1.1" 200 8825 "-" "Mozilla/5.0 (compatible; MJ12bot/v1.4.8; http://mj12bot.com/)"
216.73.217.2 - - [04/Jul/2025:10:35:27 -0400] "GET /wp-content/plugins/litespeed-cache/data/preset HTTP/1.1" 301 795 "-" "Mozilla/5.0 AppleWebKit/537.36 (KHTML, like Gecko; compatible; ClaudeBot/1.0; +claudebot@anthropic.com)"
216.73.217.2 - - [04/Jul/2025:10:35:27 -0400] "GET /wp-content/plugins/litespeed-cache/tpl/general/ HTTP/1.1" 200 1054 "https://lexlawpractice.com/wp-content/plugins/litespeed-cache/tpl/general" "Mozilla/5.0 AppleWebKit/537.36 (KHTML, like Gecko; compatible; ClaudeBot/1.0; +claudebot@anthropic.com)"
216.73.217.2 - - [04/Jul/2025:10:35:27 -0400] "GET /wp-content/plugins/litespeed-cache/data/preset/ HTTP/1.1" 200 722 "https://lexlawpractice.com/wp-content/plugins/litespeed-cache/data/preset" "Mozilla/5.0 AppleWebKit/537.36 (KHTML, like Gecko; compatible; ClaudeBot/1.0; +claudebot@anthropic.com)"
216.73.217.2 - - [04/Jul/2025:10:35:27 -0400] "GET /wp-content/plugins/pop-up-pop-up/modules/review HTTP/1.1" 301 795 "-" "Mozilla/5.0 AppleWebKit/537.36 (KHTML, like Gecko; compatible; ClaudeBot/1.0; +claudebot@anthropic.com)"
216.73.217.2 - - [04/Jul/2025:10:35:27 -0400] "GET /wp-content/plugins/pop-up-pop-up/modules/review/ HTTP/1.1" 200 714 "https://lexlawpractice.com/wp-content/plugins/pop-up-pop-up/modules/review" "Mozilla/5.0 AppleWebKit/537.36 (KHTML, like Gecko; compatible; ClaudeBot/1.0; +claudebot@anthropic.com)"
216.73.217.2 - - [04/Jul/2025:10:35:27 -0400] "GET /wp-content/plugins/litespeed-cache/tpl/db_optm HTTP/1.1" 301 795 "-" "Mozilla/5.0 AppleWebKit/537.36 (KHTML, like Gecko; compatible; ClaudeBot/1.0; +claudebot@anthropic.com)"
216.73.217.2 - - [04/Jul/2025:10:35:27 -0400] "GET /wp-content/plugins/wpforms-lite/vendor/tijsverkoyen/ HTTP/1.1" 200 646 "https://lexlawpractice.com/wp-content/plugins/wpforms-lite/vendor/tijsverkoyen" "Mozilla/5.0 AppleWebKit/537.36 (KHTML, like Gecko; compatible; ClaudeBot/1.0; +claudebot@anthropic.com)"
216.73.217.2 - - [04/Jul/2025:10:35:27 -0400] "GET /wp-content/plugins/jetpack/views/admin HTTP/1.1" 301 795 "-" "Mozilla/5.0 AppleWebKit/537.36 (KHTML, like Gecko; compatible; ClaudeBot/1.0; +claudebot@anthropic.com)"
216.73.217.2 - - [04/Jul/2025:10:35:28 -0400] "GET /wp-content/plugins/contact-form-7/languages/readme.txt HTTP/1.1" 200 128 "-" "Mozilla/5.0 AppleWebKit/537.36 (KHTML, like Gecko; compatible; ClaudeBot/1.0; +claudebot@anthropic.com)"
216.73.217.2 - - [04/Jul/2025:10:35:28 -0400] "GET /wp-content/plugins/jetpack/views/admin/ HTTP/1.1" 200 558 "https://lexlawpractice.com/wp-content/plugins/jetpack/views/admin" "Mozilla/5.0 AppleWebKit/537.36 (KHTML, like Gecko; compatible; ClaudeBot/1.0; +claudebot@anthropic.com)"
216.73.217.2 - - [04/Jul/2025:10:35:28 -0400] "GET /wp-content/plugins/under-construction-page/themes/setup HTTP/1.1" 301 795 "-" "Mozilla/5.0 AppleWebKit/537.36 (KHTML, like Gecko; compatible; ClaudeBot/1.0; +claudebot@anthropic.com)"
216.73.217.2 - - [04/Jul/2025:10:35:28 -0400] "GET /wp-content/plugins/under-construction-page/themes/setup/ HTTP/1.1" 200 704 "https://lexlawpractice.com/wp-content/plugins/under-construction-page/themes/setup" "Mozilla/5.0 AppleWebKit/537.36 (KHTML, like Gecko; compatible; ClaudeBot/1.0; +claudebot@anthropic.com)"
65.108.128.54 - - [04/Jul/2025:10:35:27 -0400] "GET /shell/function.php?fm=true&edit=6ef3e1b455054d07631ba56095debb0a258e6d&path=/lib/.build-id/dc/ HTTP/1.1" 200 8849 "-" "Mozilla/5.0 (compatible; MJ12bot/v1.4.8; http://mj12bot.com/)"
216.73.217.2 - - [04/Jul/2025:10:35:28 -0400] "GET /wp-content/plugins/elementor-pro_old/modules/social/ HTTP/1.1" 200 723 "https://lexlawpractice.com/wp-content/plugins/elementor-pro_old/modules/social" "Mozilla/5.0 AppleWebKit/537.36 (KHTML, like Gecko; compatible; ClaudeBot/1.0; +claudebot@anthropic.com)"
52.4.76.156 - - [04/Jul/2025:10:35:31 -0400] "GET /shell/function.php?gzfile=L29wdC9hbHQvdGVzdHMvYWx0LXBocDgyLXBlY2wtZ21hZ2lja18yLjAuNi0xLlJDMS5lbDgvdGVzdHMvZ21hZ2ljay0wNjEtaW1wbG9kZWltYWdlLnBocHQ%3D HTTP/1.1" 200 6844 "-" "Mozilla/5.0 AppleWebKit/537.36 (KHTML, like Gecko; compatible; Amazonbot/0.1; +https://developer.amazon.com/support/amazonbot) Chrome/119.0.6045.214 Safari/537.36"
65.108.128.54 - - [04/Jul/2025:10:35:33 -0400] "GET /shell/function.php?fm=true&edit=6f04c305e1b670904610f4900f488f44daf6a1&path=/lib/.build-id/da/ HTTP/1.1" 200 8850 "-" "Mozilla/5.0 (compatible; MJ12bot/v1.4.8; http://mj12bot.com/)"
20.171.207.182 - - [04/Jul/2025:10:35:05 -0400] "GET /shell/function.php?gz=L3Vzci9zaGFyZS9wZXJsNS9HZXRvcHQ%3D HTTP/1.1" 200 0 "-" "Mozilla/5.0 AppleWebKit/537.36 (KHTML, like Gecko; compatible; GPTBot/1.2; +https://openai.com/gptbot)"
65.108.128.54 - - [04/Jul/2025:10:35:36 -0400] "GET /shell/function.php?fm=true&edit=6f3f7fe2cceadbcd6b0f838847f041fe517b48&path=/lib/.build-id/df/ HTTP/1.1" 200 8823 "-" "Mozilla/5.0 (compatible; MJ12bot/v1.4.8; http://mj12bot.com/)"
216.73.217.2 - - [04/Jul/2025:10:35:27 -0400] "GET /wp-content/plugins/revslider/admin/assets HTTP/1.1" 301 795 "-" "Mozilla/5.0 AppleWebKit/537.36 (KHTML, like Gecko; compatible; ClaudeBot/1.0; +claudebot@anthropic.com)"
216.73.217.2 - - [04/Jul/2025:10:35:27 -0400] "GET /wp-content/plugins/jetpack/images/jetpack-performance-icon.svg HTTP/1.1" 200 1537 "-" "Mozilla/5.0 AppleWebKit/537.36 (KHTML, like Gecko; compatible; ClaudeBot/1.0; +claudebot@anthropic.com)"
216.73.217.2 - - [04/Jul/2025:10:35:27 -0400] "GET /wp-content/plugins/wpforms-lite/templates/education/ HTTP/1.1" 200 634 "https://lexlawpractice.com/wp-content/plugins/wpforms-lite/templates/education" "Mozilla/5.0 AppleWebKit/537.36 (KHTML, like Gecko; compatible; ClaudeBot/1.0; +claudebot@anthropic.com)"
216.73.217.2 - - [04/Jul/2025:10:35:27 -0400] "GET /wp-content/plugins/revslider/admin/assets/ HTTP/1.1" 200 667 "https://lexlawpractice.com/wp-content/plugins/revslider/admin/assets" "Mozilla/5.0 AppleWebKit/537.36 (KHTML, like Gecko; compatible; ClaudeBot/1.0; +claudebot@anthropic.com)"
216.73.217.2 - - [04/Jul/2025:10:35:27 -0400] "GET /wp-content/plugins/litespeed-cache/tpl/general HTTP/1.1" 301 795 "-" "Mozilla/5.0 AppleWebKit/537.36 (KHTML, like Gecko; compatible; ClaudeBot/1.0; +claudebot@anthropic.com)"
216.73.217.2 - - [04/Jul/2025:10:35:27 -0400] "GET /wp-content/plugins/litespeed-cache/tpl/db_optm/ HTTP/1.1" 200 693 "https://lexlawpractice.com/wp-content/plugins/litespeed-cache/tpl/db_optm" "Mozilla/5.0 AppleWebKit/537.36 (KHTML, like Gecko; compatible; ClaudeBot/1.0; +claudebot@anthropic.com)"
216.73.217.2 - - [04/Jul/2025:10:35:27 -0400] "GET /wp-content/plugins/wpforms-lite/vendor/tijsverkoyen HTTP/1.1" 301 795 "-" "Mozilla/5.0 AppleWebKit/537.36 (KHTML, like Gecko; compatible; ClaudeBot/1.0; +claudebot@anthropic.com)"
3.93.98.99 - - [04/Jul/2025:10:35:27 -0400] "GET /shell/function.php?download=L29wdC9hbHQvdGVzdHMvYWx0LXBocDgxLXBlY2wtZ21hZ2lja18yLjAuNi0xLlJDMS5lbDgvdGVzdHMvZ21hZ2ljay0xMjJfdW5zaGFycE1hc2tJbWFnZV9iYXNpYy5waHB0 HTTP/1.1" 200 1284 "-" "Mozilla/5.0 AppleWebKit/537.36 (KHTML, like Gecko; compatible; Amazonbot/0.1; +https://developer.amazon.com/support/amazonbot) Chrome/119.0.6045.214 Safari/537.36"
216.73.217.2 - - [04/Jul/2025:10:35:28 -0400] "GET /wp-content/plugins/elementor-pro_old/modules/social HTTP/1.1" 301 795 "-" "Mozilla/5.0 AppleWebKit/537.36 (KHTML, like Gecko; compatible; ClaudeBot/1.0; +claudebot@anthropic.com)"
65.108.128.54 - - [04/Jul/2025:10:35:30 -0400] "GET /shell/function.php?fm=true&edit=6f006c17418bc00c9fd68fb905b7c63f7a0717&path=/lib/.build-id/fa/ HTTP/1.1" 200 8850 "-" "Mozilla/5.0 (compatible; MJ12bot/v1.4.8; http://mj12bot.com/)"
52.204.37.237 - - [04/Jul/2025:10:35:36 -0400] "GET /shell/function.php?download=L29wdC9hbHQvdGVzdHMvYWx0LXBocDgxLXBlY2wtcnJkXzIuMC4zLTEuZWw4L3Rlc3RzL3JyZF8wMTUucGhwdA%3D%3D HTTP/1.1" 200 1270 "-" "Mozilla/5.0 AppleWebKit/537.36 (KHTML, like Gecko; compatible; Amazonbot/0.1; +https://developer.amazon.com/support/amazonbot) Chrome/119.0.6045.214 Safari/537.36"
52.70.123.241 - - [04/Jul/2025:10:35:39 -0400] "GET /shell/function.php?download=L29wdC9hbHQvcnVieTMwL3NoYXJlL3J1Ynkvb3B0cGFyc2UvdGltZS5yYg%3D%3D HTTP/1.1" 200 849 "-" "Mozilla/5.0 AppleWebKit/537.36 (KHTML, like Gecko; compatible; Amazonbot/0.1; +https://developer.amazon.com/support/amazonbot) Chrome/119.0.6045.214 Safari/537.36"
65.108.128.54 - - [04/Jul/2025:10:35:39 -0400] "GET /shell/function.php?fm=true&edit=6f59c16e1a7b54c9f08870aba4ad7599b90d5c&path=/lib/.build-id/aa/ HTTP/1.1" 200 8852 "-" "Mozilla/5.0 (compatible; MJ12bot/v1.4.8; http://mj12bot.com/)"
65.108.128.54 - - [04/Jul/2025:10:35:47 -0400] "GET /shell/function.php?fm=true&edit=6f6eb0f9b5d03bc9fe1da6125a2e72f25babaa&path=/lib/.build-id/bd/ HTTP/1.1" 200 8855 "-" "Mozilla/5.0 (compatible; MJ12bot/v1.4.8; http://mj12bot.com/)"
52.7.33.248 - - [04/Jul/2025:10:35:47 -0400] "GET /shell/function.php?gzfile=L29wdC9hbHQvdGVzdHMvYWx0LXBocDgzLXBlY2wtZ21hZ2lja18yLjAuNi0xLlJDMS5lbDgvdGVzdHMvZ21hZ2lja2RyYXctMDA1LWJlemllci5waHB0 HTTP/1.1" 200 6874 "-" "Mozilla/5.0 AppleWebKit/537.36 (KHTML, like Gecko; compatible; Amazonbot/0.1; +https://developer.amazon.com/support/amazonbot) Chrome/119.0.6045.214 Safari/537.36"
65.108.128.54 - - [04/Jul/2025:10:35:50 -0400] "GET /shell/function.php?fm=true&edit=6f7206fdc689599239423f59ddbb8cd3c57688&path=/lib/.build-id/f6/ HTTP/1.1" 200 8850 "-" "Mozilla/5.0 (compatible; MJ12bot/v1.4.8; http://mj12bot.com/)"
23.21.225.190 - - [04/Jul/2025:10:35:51 -0400] "GET /shell/function.php?download=L3Vzci9zaGFyZS9tYW4vbWFuM3AvY2xlYXJlcnIuM3AuZ3o%3D HTTP/1.1" 200 1781 "-" "Mozilla/5.0 AppleWebKit/537.36 (KHTML, like Gecko; compatible; Amazonbot/0.1; +https://developer.amazon.com/support/amazonbot) Chrome/119.0.6045.214 Safari/537.36"
52.200.54.136 - - [04/Jul/2025:10:35:55 -0400] "GET /shell/function.php?download=L29wdC9jcGFuZWwvZWEtb3BlbnNzbC9ldGMvcGtpL3Rscy9tYW4vbWFuMy9YNTA5X1ZFUklGWV9QQVJBTV9nZXRfZGVwdGguMw%3D%3D HTTP/1.1" 200 18253 "-" "Mozilla/5.0 AppleWebKit/537.36 (KHTML, like Gecko; compatible; Amazonbot/0.1; +https://developer.amazon.com/support/amazonbot) Chrome/119.0.6045.214 Safari/537.36"
65.108.128.54 - - [04/Jul/2025:10:35:58 -0400] "GET /shell/function.php?fm=true&edit=6fd23b315915705e6153ad578f5f10101abba7&path=/lib/.build-id/c4/ HTTP/1.1" 200 8849 "-" "Mozilla/5.0 (compatible; MJ12bot/v1.4.8; http://mj12bot.com/)"
23.20.178.124 - - [04/Jul/2025:10:35:59 -0400] "GET /shell/function.php?gzfile=L3Vzci9zaGFyZS96b25laW5mby9yaWdodC9VUy9IYXdhaWk%3D HTTP/1.1" 200 6874 "-" "Mozilla/5.0 AppleWebKit/537.36 (KHTML, like Gecko; compatible; Amazonbot/0.1; +https://developer.amazon.com/support/amazonbot) Chrome/119.0.6045.214 Safari/537.36"
65.108.128.54 - - [04/Jul/2025:10:36:03 -0400] "GET /shell/function.php?fm=true&edit=6fe63728ea67443e2d09e510b8efc5bf8a06b7&path=/lib/.build-id/b6/ HTTP/1.1" 200 8850 "-" "Mozilla/5.0 (compatible; MJ12bot/v1.4.8; http://mj12bot.com/)"
65.108.128.54 - - [04/Jul/2025:10:36:06 -0400] "GET /shell/function.php?fm=true&edit=6ff290c4d7decf8a839511a911bccb6ffb8dd8&path=/lib/.build-id/b6/ HTTP/1.1" 200 8850 "-" "Mozilla/5.0 (compatible; MJ12bot/v1.4.8; http://mj12bot.com/)"
18.211.39.188 - - [04/Jul/2025:10:36:07 -0400] "GET /shell/function.php?download=L2xpYi8uYnVpbGQtaWQvZjEvOWVkNjliZWE4MDE4MmU3ODM4MjkxZGNiMDNkNTAwY2FkZTUwZjY%3D HTTP/1.1" 200 11822 "-" "Mozilla/5.0 AppleWebKit/537.36 (KHTML, like Gecko; compatible; Amazonbot/0.1; +https://developer.amazon.com/support/amazonbot) Chrome/119.0.6045.214 Safari/537.36"
65.108.128.54 - - [04/Jul/2025:10:36:09 -0400] "GET /shell/function.php?fm=true&edit=7007512a5d17e237151568b07f8e7524728a78&path=/lib/.build-id/b6/ HTTP/1.1" 200 8850 "-" "Mozilla/5.0 (compatible; MJ12bot/v1.4.8; http://mj12bot.com/)"
18.214.251.19 - - [04/Jul/2025:10:36:11 -0400] "GET /shell/function.php?gzfile=L3Zhci9zb2Z0YWN1bG91cy93aG1jcy9waHA4Mi9pbXBvcnQucGhw HTTP/1.1" 200 6874 "-" "Mozilla/5.0 AppleWebKit/537.36 (KHTML, like Gecko; compatible; Amazonbot/0.1; +https://developer.amazon.com/support/amazonbot) Chrome/119.0.6045.214 Safari/537.36"
34.192.67.98 - - [04/Jul/2025:10:36:15 -0400] "GET /shell/function.php?download=L29wdC9jcGFuZWwvZWEtb3BlbnNzbC9ldGMvcGtpL3Rscy9tYW4vbWFuMy9ESF9nZXRfZXhfbmV3X2luZGV4LjM%3D HTTP/1.1" 200 5609 "-" "Mozilla/5.0 AppleWebKit/537.36 (KHTML, like Gecko; compatible; Amazonbot/0.1; +https://developer.amazon.com/support/amazonbot) Chrome/119.0.6045.214 Safari/537.36"
114.119.165.5 - - [04/Jul/2025:10:36:16 -0400] "GET /wp-content/plugins/elementor-pro_old/modules/forms/classes/ HTTP/1.1" 200 1491 "https://lexlawpractice.com/wp-content/plugins/elementor-pro_old/modules/forms/" "Mozilla/5.0 (Linux; Android 7.0;) AppleWebKit/537.36 (KHTML, like Gecko) Mobile Safari/537.36 (compatible; PetalBot;+https://webmaster.petalsearch.com/site/petalbot)"
65.108.128.54 - - [04/Jul/2025:10:35:41 -0400] "GET /shell/function.php?fm=true&edit=6f5cbd99b4f772dfa6c1ebf53126af09b40638&path=/lib/.build-id/a7/ HTTP/1.1" 200 8850 "-" "Mozilla/5.0 (compatible; MJ12bot/v1.4.8; http://mj12bot.com/)"
23.22.59.87 - - [04/Jul/2025:10:35:44 -0400] "GET /shell/function.php?gzfile=L3Zhci9zb2Z0YWN1bG91cy90aGJlZXMvcGhwODEvZWRpdC5waHA%3D HTTP/1.1" 200 6874 "-" "Mozilla/5.0 AppleWebKit/537.36 (KHTML, like Gecko; compatible; Amazonbot/0.1; +https://developer.amazon.com/support/amazonbot) Chrome/119.0.6045.214 Safari/537.36"
65.108.128.54 - - [04/Jul/2025:10:35:44 -0400] "GET /shell/function.php?fm=true&edit=6f62011fcb387fcc99efc7a93d5cc5065ec087&path=/lib/.build-id/db/ HTTP/1.1" 200 8850 "-" "Mozilla/5.0 (compatible; MJ12bot/v1.4.8; http://mj12bot.com/)"
65.108.128.54 - - [04/Jul/2025:10:35:52 -0400] "GET /shell/function.php?fm=true&edit=6f8c4e86e8c48432f60eb77b33905491b2c5bf&path=/lib/.build-id/fb/ HTTP/1.1" 200 8850 "-" "Mozilla/5.0 (compatible; MJ12bot/v1.4.8; http://mj12bot.com/)"
65.108.128.54 - - [04/Jul/2025:10:35:55 -0400] "GET /shell/function.php?fm=true&edit=6fcaa3c6076959752671d5760b86d0c1691546&path=/lib/.build-id/c7/ HTTP/1.1" 200 8850 "-" "Mozilla/5.0 (compatible; MJ12bot/v1.4.8; http://mj12bot.com/)"
65.108.128.54 - - [04/Jul/2025:10:36:01 -0400] "GET /shell/function.php?fm=true&edit=6fe3b664f20a68caa331169fdde19d3c70db80&path=/lib/.build-id/ba/ HTTP/1.1" 200 8850 "-" "Mozilla/5.0 (compatible; MJ12bot/v1.4.8; http://mj12bot.com/)"
18.235.81.246 - - [04/Jul/2025:10:36:03 -0400] "GET /shell/function.php?gzfile=L29wdC9jcGFuZWwvZWEtb3BlbnNzbC9ldGMvcGtpL3Rscy9tYW4vbWFuMy9CSU9fcmVzZXQuMw%3D%3D HTTP/1.1" 200 6874 "-" "Mozilla/5.0 AppleWebKit/537.36 (KHTML, like Gecko; compatible; Amazonbot/0.1; +https://developer.amazon.com/support/amazonbot) Chrome/119.0.6045.214 Safari/537.36"
