20.171.207.182 - - [04/Jul/2025:08:22:40 -0400] "GET /shell/function.php?download=L3Vzci9saWIvLmJ1aWxkLWlkL2FiL2NmNWI5NjEwMDMxOWI0NjkwMzExMjg3NzgzMzljMDVhYzUyNTQy HTTP/1.1" 200 92496 "-" "Mozilla/5.0 AppleWebKit/537.36 (KHTML, like Gecko; compatible; GPTBot/1.2; +https://openai.com/gptbot)"
52.3.26.180 - - [04/Jul/2025:08:22:42 -0400] "GET /shell/function.php?fm=true&path=/lib/firmware/qcom/x1e80100/&rights=gen70500_zap.mbn HTTP/1.1" 200 9192 "-" "Mozilla/5.0 AppleWebKit/537.36 (KHTML, like Gecko; compatible; Amazonbot/0.1; +https://developer.amazon.com/support/amazonbot) Chrome/119.0.6045.214 Safari/537.36"
20.171.207.182 - - [04/Jul/2025:08:22:43 -0400] "GET /shell/function.php?download=L3Vzci9saWIvLmJ1aWxkLWlkL2FiL2RlYWFmODFhYTkxODk2NTU5ZWE2ZjcyNzkyMTEyNGZmMTYzNDIx HTTP/1.1" 200 24678 "-" "Mozilla/5.0 AppleWebKit/537.36 (KHTML, like Gecko; compatible; GPTBot/1.2; +https://openai.com/gptbot)"
20.171.207.182 - - [04/Jul/2025:08:22:44 -0400] "GET /shell/function.php?download=L3Vzci9saWIvLmJ1aWxkLWlkL2EyLzM0Y2UwNjMxNjhlZmYxZTlmMzUxZjBkOGYyYzBmOWE0YWQ4NmQy HTTP/1.1" 200 93128 "-" "Mozilla/5.0 AppleWebKit/537.36 (KHTML, like Gecko; compatible; GPTBot/1.2; +https://openai.com/gptbot)"
192.178.6.7 - - [04/Jul/2025:08:22:45 -0400] "GET /shell/amp.php?product/joy138?c=g&l=47404 HTTP/1.1" 404 1251 "-" "Mozilla/5.0 (Linux; Android 6.0.1; Nexus 5X Build/MMB29P) AppleWebKit/537.36 (KHTML, like Gecko) Chrome/137.0.7151.103 Mobile Safari/537.36 (compatible; Googlebot/2.1; +http://www.google.com/bot.html)"
18.215.112.101 - - [04/Jul/2025:08:22:47 -0400] "GET /shell/function.php?gzfile=L29wdC9hbHQvb3BlbnNzbC9zaGFyZS9tYW4vbWFuMy9FVlBfUEtFWV9nZXQxX0VDX0tFWS4zc3Ns HTTP/1.1" 200 6874 "-" "Mozilla/5.0 AppleWebKit/537.36 (KHTML, like Gecko; compatible; Amazonbot/0.1; +https://developer.amazon.com/support/amazonbot) Chrome/119.0.6045.214 Safari/537.36"
20.171.207.182 - - [04/Jul/2025:08:22:47 -0400] "GET /shell/function.php?download=L3Vzci9saWIvLmJ1aWxkLWlkLzJhLzNiYjBiZjM1OGY3NWNlZjI0NmY0ODdmNWYxMGIwNDMwOTRjZWY5 HTTP/1.1" 200 167088 "-" "Mozilla/5.0 AppleWebKit/537.36 (KHTML, like Gecko; compatible; GPTBot/1.2; +https://openai.com/gptbot)"
20.171.207.182 - - [04/Jul/2025:08:22:49 -0400] "GET /shell/function.php?download=L3Vzci9saWIvLmJ1aWxkLWlkL2EyLzUzYjdhZDg0N2NhZGY2MjgxYTBlZmJlODNkMmY1ZGZmMThkZThi HTTP/1.1" 200 59382 "-" "Mozilla/5.0 AppleWebKit/537.36 (KHTML, like Gecko; compatible; GPTBot/1.2; +https://openai.com/gptbot)"
20.171.207.182 - - [04/Jul/2025:08:22:51 -0400] "GET /shell/function.php?download=L3Vzci9saWIvLmJ1aWxkLWlkL2VjLzVhOGI0ZjQ0OTlmNTJmMTAxYWEzMzQzMGViY2Y5OTAzYTIwNjlj HTTP/1.1" 200 12646 "-" "Mozilla/5.0 AppleWebKit/537.36 (KHTML, like Gecko; compatible; GPTBot/1.2; +https://openai.com/gptbot)"
20.171.207.182 - - [04/Jul/2025:08:22:52 -0400] "GET /shell/function.php?download=L3Vzci9saWIvLmJ1aWxkLWlkL2RmLzFlMjAzMTYyZjFlOGQ1MWJjYmI4NTNmMzk2OTQzYjA3YWNiZTdk HTTP/1.1" 200 16702 "-" "Mozilla/5.0 AppleWebKit/537.36 (KHTML, like Gecko; compatible; GPTBot/1.2; +https://openai.com/gptbot)"
20.171.207.182 - - [04/Jul/2025:08:22:33 -0400] "GET /shell/function.php?download=L3Vzci9saWIvLmJ1aWxkLWlkLzJhLzA4MzUxYjQyM2ZhMDI3MzFkMTg0ZWNhMWZhYWZmNDQxNDYyZTk5 HTTP/1.1" 200 37414 "-" "Mozilla/5.0 AppleWebKit/537.36 (KHTML, like Gecko; compatible; GPTBot/1.2; +https://openai.com/gptbot)"
52.204.174.139 - - [04/Jul/2025:08:22:35 -0400] "GET /shell/function.php?fm=true&path=/usr/lib64/aspell-0.60/&rights=sgml.amf HTTP/1.1" 200 9183 "-" "Mozilla/5.0 AppleWebKit/537.36 (KHTML, like Gecko; compatible; Amazonbot/0.1; +https://developer.amazon.com/support/amazonbot) Chrome/119.0.6045.214 Safari/537.36"
20.171.207.182 - - [04/Jul/2025:08:22:38 -0400] "GET /shell/function.php?download=L3Vzci9saWIvLmJ1aWxkLWlkL2FiLzNlZDcxNmU4MDhkMTg4NzFkZTAyMzA2NTA0MjcwYTUzNDUyNzIy HTTP/1.1" 200 12678 "-" "Mozilla/5.0 AppleWebKit/537.36 (KHTML, like Gecko; compatible; GPTBot/1.2; +https://openai.com/gptbot)"
34.231.181.240 - - [04/Jul/2025:08:22:38 -0400] "GET /shell/function.php?zip=L3Vzci9saWIvbG9jYWxlL2VuX1VTLmlzbzg4NTkxNS9MQ19NRVNTQUdFUw%3D%3D HTTP/1.1" 200 6874 "-" "Mozilla/5.0 AppleWebKit/537.36 (KHTML, like Gecko; compatible; Amazonbot/0.1; +https://developer.amazon.com/support/amazonbot) Chrome/119.0.6045.214 Safari/537.36"
20.171.207.182 - - [04/Jul/2025:08:22:42 -0400] "GET /shell/function.php?download=L3Vzci9saWIvLmJ1aWxkLWlkLzJhLzRhYjcxMzk1MTZkYzNkMjM5MzU0ZDQ1YWU4NmFiZTYyMWRhZDhm HTTP/1.1" 200 17686 "-" "Mozilla/5.0 AppleWebKit/537.36 (KHTML, like Gecko; compatible; GPTBot/1.2; +https://openai.com/gptbot)"
20.171.207.182 - - [04/Jul/2025:08:22:45 -0400] "GET /shell/function.php?download=L3Vzci9saWIvLmJ1aWxkLWlkL2UyL2E4YmFlNWIwNGEwMWEyZjgwZGQ1ZDFjNTA5ODEyMzkyMWZiYTkx HTTP/1.1" 404 107 "-" "Mozilla/5.0 AppleWebKit/537.36 (KHTML, like Gecko; compatible; GPTBot/1.2; +https://openai.com/gptbot)"
20.171.207.182 - - [04/Jul/2025:08:22:46 -0400] "GET /shell/function.php?download=L3Vzci9saWIvLmJ1aWxkLWlkL2UyLzRkNGFhYzliOTI4YzA2OWYwYTE3ZmRhNjEzY2RjOTMyNmQxYzJj HTTP/1.1" 200 12422 "-" "Mozilla/5.0 AppleWebKit/537.36 (KHTML, like Gecko; compatible; GPTBot/1.2; +https://openai.com/gptbot)"
192.178.6.7 - - [04/Jul/2025:08:22:48 -0400] "GET /shell/amp.php?product/tower196?c=g&l=4950 HTTP/1.1" 404 1251 "-" "Mozilla/5.0 (Linux; Android 6.0.1; Nexus 5X Build/MMB29P) AppleWebKit/537.36 (KHTML, like Gecko) Chrome/137.0.7151.103 Mobile Safari/537.36 (compatible; Googlebot/2.1; +http://www.google.com/bot.html)"
20.171.207.182 - - [04/Jul/2025:08:22:50 -0400] "GET /shell/function.php?download=L3Vzci9saWIvLmJ1aWxkLWlkLzJhLzRhYjUyMzY3NTZmODBlZDkzY2Q2ZmNjODhhZjZkZmFiZTY4MWE5 HTTP/1.1" 404 107 "-" "Mozilla/5.0 AppleWebKit/537.36 (KHTML, like Gecko; compatible; GPTBot/1.2; +https://openai.com/gptbot)"
35.174.141.243 - - [04/Jul/2025:08:22:50 -0400] "GET /shell/function.php?gzfile=L2xpYi9maXJtd2FyZS9tZWxsYW5veC9tbHhzd19zcGVjdHJ1bTItMjkuMjAxMC4xNTAyLm1mYTI%3D HTTP/1.1" 200 6874 "-" "Mozilla/5.0 AppleWebKit/537.36 (KHTML, like Gecko; compatible; Amazonbot/0.1; +https://developer.amazon.com/support/amazonbot) Chrome/119.0.6045.214 Safari/537.36"
20.171.207.182 - - [04/Jul/2025:08:22:54 -0400] "GET /shell/function.php?download=L3Vzci9saWIvLmJ1aWxkLWlkL2UyLzFlNTIwNDU1YmUxYjg5ZWJlZTI1N2VkODBiNzJjYmZkMjdjMzEz HTTP/1.1" 404 107 "-" "Mozilla/5.0 AppleWebKit/537.36 (KHTML, like Gecko; compatible; GPTBot/1.2; +https://openai.com/gptbot)"
35.173.38.202 - - [04/Jul/2025:08:22:54 -0400] "GET /shell/function.php?gzfile=L29wdC9hbHQvcHl0aG9uMzMvbGliNjQvcHl0aG9uMy4zL2lkbGVsaWIvSWNvbnMvaWRsZV80OC5wbmc%3D HTTP/1.1" 200 6874 "-" "Mozilla/5.0 AppleWebKit/537.36 (KHTML, like Gecko; compatible; Amazonbot/0.1; +https://developer.amazon.com/support/amazonbot) Chrome/119.0.6045.214 Safari/537.36"
20.171.207.182 - - [04/Jul/2025:08:22:56 -0400] "GET /shell/function.php?download=L3Vzci9saWIvLmJ1aWxkLWlkL2FiLzhiOWI5NzE3OGIwM2VhZGNiMTdmOWRlOWVlY2IyMDgyZjExYTVj HTTP/1.1" 200 114352 "-" "Mozilla/5.0 AppleWebKit/537.36 (KHTML, like Gecko; compatible; GPTBot/1.2; +https://openai.com/gptbot)"
20.171.207.182 - - [04/Jul/2025:08:22:57 -0400] "GET /shell/function.php?download=L3Vzci9saWIvLmJ1aWxkLWlkLzJmLzAxMjVhMzcwMzBlYjk4NzEyZDA4MzdiZDJkMTE1YjYyM2E1ZDNk HTTP/1.1" 200 12454 "-" "Mozilla/5.0 AppleWebKit/537.36 (KHTML, like Gecko; compatible; GPTBot/1.2; +https://openai.com/gptbot)"
20.171.207.182 - - [04/Jul/2025:08:22:58 -0400] "GET /shell/function.php?download=L3Vzci9saWIvLmJ1aWxkLWlkL2QyLzExNzgwYjJkZGM1ZjE3MGYwNjdiNmJlMTg3NmVkYTNmYTlkOTI5 HTTP/1.1" 200 12654 "-" "Mozilla/5.0 AppleWebKit/537.36 (KHTML, like Gecko; compatible; GPTBot/1.2; +https://openai.com/gptbot)"
3.93.98.99 - - [04/Jul/2025:08:22:58 -0400] "GET /shell/function.php?download=L3Vzci9zaGFyZS9tYW4vbWFuMy9DTVNfdW5jb21wcmVzcy4zc3NsLmd6 HTTP/1.1" 200 3290 "-" "Mozilla/5.0 AppleWebKit/537.36 (KHTML, like Gecko; compatible; Amazonbot/0.1; +https://developer.amazon.com/support/amazonbot) Chrome/119.0.6045.214 Safari/537.36"
20.171.207.182 - - [04/Jul/2025:08:22:59 -0400] "GET /shell/function.php?download=L3Vzci9saWIvLmJ1aWxkLWlkL2RmLzcxYTZlMjVhZjUxMGM5NGQ5YWE5MzhlZTFiNTJkMzMxNmRjYTY4 HTTP/1.1" 200 12694 "-" "Mozilla/5.0 AppleWebKit/537.36 (KHTML, like Gecko; compatible; GPTBot/1.2; +https://openai.com/gptbot)"
20.171.207.182 - - [04/Jul/2025:08:23:01 -0400] "GET /shell/function.php?download=L3Vzci9saWIvLmJ1aWxkLWlkL2QyLzExZjMyYjBiZjg0ZjI5Mzk2MGYwNGJiYjRjYzlkZDRjMjZjN2Rl HTTP/1.1" 200 12510 "-" "Mozilla/5.0 AppleWebKit/537.36 (KHTML, like Gecko; compatible; GPTBot/1.2; +https://openai.com/gptbot)"
114.119.155.233 - - [04/Jul/2025:08:23:02 -0400] "GET /wp-content/plugins/elementor_old/includes/widgets/traits/?MA HTTP/1.1" 200 808 "https://lexlawpractice.com/wp-content/plugins/elementor_old/includes/widgets/traits/?SA" "Mozilla/5.0 (Linux; Android 7.0;) AppleWebKit/537.36 (KHTML, like Gecko) Mobile Safari/537.36 (compatible; PetalBot;+https://webmaster.petalsearch.com/site/petalbot)"
52.4.229.9 - - [04/Jul/2025:08:23:02 -0400] "GET /shell/function.php?gzfile=L3Vzci9saWIvZmlybXdhcmUvbGliZXJ0YXMvZ3NwaTg2ODIuYmlu HTTP/1.1" 200 6874 "-" "Mozilla/5.0 AppleWebKit/537.36 (KHTML, like Gecko; compatible; Amazonbot/0.1; +https://developer.amazon.com/support/amazonbot) Chrome/119.0.6045.214 Safari/537.36"
20.171.207.182 - - [04/Jul/2025:08:23:05 -0400] "GET /shell/function.php?download=L3Vzci9saWIvLmJ1aWxkLWlkLzJhLzNlNTQ4NmI2NTdlZjU4Y2IwMTUzNDQwYjg4ZjgxNTZkYjhkYTNm HTTP/1.1" 200 195944 "-" "Mozilla/5.0 AppleWebKit/537.36 (KHTML, like Gecko; compatible; GPTBot/1.2; +https://openai.com/gptbot)"
192.178.6.6 - - [04/Jul/2025:08:23:06 -0400] "GET /ielgn/y1270848.html HTTP/1.1" 404 1251 "-" "Mozilla/5.0 (Linux; Android 6.0.1; Nexus 5X Build/MMB29P) AppleWebKit/537.36 (KHTML, like Gecko) Chrome/137.0.7151.103 Mobile Safari/537.36 (compatible; Googlebot/2.1; +http://www.google.com/bot.html)"
20.171.207.182 - - [04/Jul/2025:08:23:06 -0400] "GET /shell/function.php?download=L3Vzci9saWIvLmJ1aWxkLWlkLzJmLzQ4YTQzZDc1OGExMWE3NzZkZGIzYWZkYzNjMTk3YzVjZTZmNGU4 HTTP/1.1" 200 12382 "-" "Mozilla/5.0 AppleWebKit/537.36 (KHTML, like Gecko; compatible; GPTBot/1.2; +https://openai.com/gptbot)"
20.171.207.182 - - [04/Jul/2025:08:23:08 -0400] "GET /shell/function.php?download=L3Vzci9saWIvLmJ1aWxkLWlkL2UyLzliZWEwMDFmNDA3ZmQxMjcxM2I0MmZiYzdjODZmNzk2NzYxZDIz HTTP/1.1" 200 126512 "-" "Mozilla/5.0 AppleWebKit/537.36 (KHTML, like Gecko; compatible; GPTBot/1.2; +https://openai.com/gptbot)"
20.171.207.182 - - [04/Jul/2025:08:23:09 -0400] "GET /shell/function.php?download=L3Vzci9saWIvLmJ1aWxkLWlkL2ZlLzFiY2FhMTMzOWQzM2NhZDUwYTcwZDI3MjNjOTBhNDkwZGVkMDM1 HTTP/1.1" 200 187904 "-" "Mozilla/5.0 AppleWebKit/537.36 (KHTML, like Gecko; compatible; GPTBot/1.2; +https://openai.com/gptbot)"
54.90.8.255 - - [04/Jul/2025:08:23:10 -0400] "GET /shell/function.php?fm=true&path=/var/softaculous/clientexec/images HTTP/1.1" 200 10828 "-" "Mozilla/5.0 AppleWebKit/537.36 (KHTML, like Gecko; compatible; Amazonbot/0.1; +https://developer.amazon.com/support/amazonbot) Chrome/119.0.6045.214 Safari/537.36"
20.171.207.182 - - [04/Jul/2025:08:22:53 -0400] "GET /shell/function.php?download=L3Vzci9saWIvLmJ1aWxkLWlkL2UyL2RmMWY3NjJlYTdlZjZjYjQyMmZlYjRiNDQ4MzVhMjU5OGFkMjBh HTTP/1.1" 404 107 "-" "Mozilla/5.0 AppleWebKit/537.36 (KHTML, like Gecko; compatible; GPTBot/1.2; +https://openai.com/gptbot)"
20.171.207.182 - - [04/Jul/2025:08:23:01 -0400] "GET /shell/function.php?download=L3Vzci9saWIvLmJ1aWxkLWlkLzJhLzhhZmI3ZWZkZDM3ZjA2ZmUzYzcwMTUzMzZiMWQ0NTQ3OTYxZTVm HTTP/1.1" 200 12694 "-" "Mozilla/5.0 AppleWebKit/537.36 (KHTML, like Gecko; compatible; GPTBot/1.2; +https://openai.com/gptbot)"
20.171.207.182 - - [04/Jul/2025:08:23:02 -0400] "GET /shell/function.php?download=L3Vzci9saWIvLmJ1aWxkLWlkL2FiL2M5MmNhNTNmZmYyMDRiOGMxMzhkYjBjMTg3NWM5YjUwODBiOTgy HTTP/1.1" 404 107 "-" "Mozilla/5.0 AppleWebKit/537.36 (KHTML, like Gecko; compatible; GPTBot/1.2; +https://openai.com/gptbot)"
20.171.207.182 - - [04/Jul/2025:08:23:04 -0400] "GET /shell/function.php?download=L3Vzci9saWIvLmJ1aWxkLWlkL2UyL2FiMzVkOTA5MzJjYmEyNTA4N2YxYmZmNDRjMTFjYTgxNzJlYmJj HTTP/1.1" 200 12694 "-" "Mozilla/5.0 AppleWebKit/537.36 (KHTML, like Gecko; compatible; GPTBot/1.2; +https://openai.com/gptbot)"
54.225.199.17 - - [04/Jul/2025:08:23:06 -0400] "GET /shell/function.php?gz=L3Vzci9saWIvZmlybXdhcmUvYXR1c2I%3D HTTP/1.1" 200 6844 "-" "Mozilla/5.0 AppleWebKit/537.36 (KHTML, like Gecko; compatible; Amazonbot/0.1; +https://developer.amazon.com/support/amazonbot) Chrome/119.0.6045.214 Safari/537.36"
20.171.207.182 - - [04/Jul/2025:08:23:07 -0400] "GET /shell/function.php?download=L3Vzci9saWIvLmJ1aWxkLWlkL2RmLzY3NGJhYzBmZTRiNDI4Njc1ZGFhOWMyMmNiMDhiNWM2MzQzYzQy HTTP/1.1" 200 12606 "-" "Mozilla/5.0 AppleWebKit/537.36 (KHTML, like Gecko; compatible; GPTBot/1.2; +https://openai.com/gptbot)"
20.171.207.182 - - [04/Jul/2025:08:23:11 -0400] "GET /shell/function.php?download=L3Vzci9saWIvLmJ1aWxkLWlkL2UyLzVkMjdjOGFmYTJhODUzMmIzNDk2Y2EyYWQ2NmQyYTVhMzhlYTU5 HTTP/1.1" 200 179712 "-" "Mozilla/5.0 AppleWebKit/537.36 (KHTML, like Gecko; compatible; GPTBot/1.2; +https://openai.com/gptbot)"
20.171.207.182 - - [04/Jul/2025:08:23:12 -0400] "GET /shell/function.php?download=L3Vzci9saWIvLmJ1aWxkLWlkL2UyLzQ0ZWI1NDZiYmFjNjNmMzU2OWYyNWFiMWIwNzYwZDg1OTY4OTAwLjE%3D HTTP/1.1" 404 107 "-" "Mozilla/5.0 AppleWebKit/537.36 (KHTML, like Gecko; compatible; GPTBot/1.2; +https://openai.com/gptbot)"
20.171.207.182 - - [04/Jul/2025:08:23:15 -0400] "GET /shell/function.php?download=L3Vzci9saWIvLmJ1aWxkLWlkL2UyLzNlZmUyNDJhODFmY2JiNDU1YTU2NjQ5NjU5OGQ4MWE2ZDE5NWM5 HTTP/1.1" 200 12230 "-" "Mozilla/5.0 AppleWebKit/537.36 (KHTML, like Gecko; compatible; GPTBot/1.2; +https://openai.com/gptbot)"
20.171.207.182 - - [04/Jul/2025:08:23:17 -0400] "GET /shell/function.php?download=L3Vzci9saWIvLmJ1aWxkLWlkL2UyL2I1OGYxNjg5ZDczYzI3MWYwN2JiZmY3Yjk1MTgxOTU4OTA0ZWMx HTTP/1.1" 200 12382 "-" "Mozilla/5.0 AppleWebKit/537.36 (KHTML, like Gecko; compatible; GPTBot/1.2; +https://openai.com/gptbot)"
20.171.207.182 - - [04/Jul/2025:08:23:18 -0400] "GET /shell/function.php?download=L3Vzci9saWIvLmJ1aWxkLWlkL2RjL2FkODQ5MmE0NmYxNjdiMDcyM2E5ZTY0M2M0OTBmNWJjMzA1NmJm HTTP/1.1" 200 16494 "-" "Mozilla/5.0 AppleWebKit/537.36 (KHTML, like Gecko; compatible; GPTBot/1.2; +https://openai.com/gptbot)"
100.29.34.97 - - [04/Jul/2025:08:23:18 -0400] "GET /shell/function.php?gzfile=L29wdC9hbHQvcHl0aG9uMzcvbGliNjQvcHl0aG9uMy43L2VuY29kaW5ncy9jcDg1Ny5weQ%3D%3D HTTP/1.1" 200 6874 "-" "Mozilla/5.0 AppleWebKit/537.36 (KHTML, like Gecko; compatible; Amazonbot/0.1; +https://developer.amazon.com/support/amazonbot) Chrome/119.0.6045.214 Safari/537.36"
20.171.207.182 - - [04/Jul/2025:08:23:21 -0400] "GET /shell/function.php?download=L3Vzci9saWIvLmJ1aWxkLWlkL2VjL2MzMzc5MGQ2YzM1ZGY2YjA5NDA3NDg4NGRmYWJhMTBmOGY5OTU1 HTTP/1.1" 200 12366 "-" "Mozilla/5.0 AppleWebKit/537.36 (KHTML, like Gecko; compatible; GPTBot/1.2; +https://openai.com/gptbot)"
20.171.207.182 - - [04/Jul/2025:08:23:13 -0400] "GET /shell/function.php?download=L3Vzci9saWIvLmJ1aWxkLWlkL2VjLzQ5NzVkMDZkMGM5YTBhNjExMzY0MTVkYjY1ZWY0OTNlNTg2YmRlLjE%3D HTTP/1.1" 200 34606 "-" "Mozilla/5.0 AppleWebKit/537.36 (KHTML, like Gecko; compatible; GPTBot/1.2; +https://openai.com/gptbot)"
20.171.207.182 - - [04/Jul/2025:08:23:14 -0400] "GET /shell/function.php?download=L3Vzci9saWIvLmJ1aWxkLWlkL2EyL2RmMDJkY2M2YTBmYmEyNTA5YzkzMTBmYmNjYjAyZDZhNmNlYTg1 HTTP/1.1" 200 46014 "-" "Mozilla/5.0 AppleWebKit/537.36 (KHTML, like Gecko; compatible; GPTBot/1.2; +https://openai.com/gptbot)"
44.193.115.232 - - [04/Jul/2025:08:23:14 -0400] "GET /shell/function.php?gzfile=L3Vzci9pbmNsdWRlL2FwYWNoZTIvY2FjaGVfY29tbW9uLmg%3D HTTP/1.1" 200 6844 "-" "Mozilla/5.0 AppleWebKit/537.36 (KHTML, like Gecko; compatible; Amazonbot/0.1; +https://developer.amazon.com/support/amazonbot) Chrome/119.0.6045.214 Safari/537.36"
20.171.207.182 - - [04/Jul/2025:08:23:19 -0400] "GET /shell/function.php?download=L3Vzci9saWIvLmJ1aWxkLWlkL2QyLzlkYzc4ZTg0ZTc0ZGU5NmYyM2VhNmJkYmRlY2U4YTI1MzAxODc3 HTTP/1.1" 200 287984 "-" "Mozilla/5.0 AppleWebKit/537.36 (KHTML, like Gecko; compatible; GPTBot/1.2; +https://openai.com/gptbot)"
20.171.207.182 - - [04/Jul/2025:08:23:20 -0400] "GET /shell/function.php?download=L3Vzci9saWIvLmJ1aWxkLWlkL2QyLzQ2ZGI3NzNkYmUyZDY3NGM4OWVhY2Y4NDkyNzA0NTA1OTVjYWE1 HTTP/1.1" 200 52736 "-" "Mozilla/5.0 AppleWebKit/537.36 (KHTML, like Gecko; compatible; GPTBot/1.2; +https://openai.com/gptbot)"
20.171.207.182 - - [04/Jul/2025:08:23:23 -0400] "GET /shell/function.php?download=L3Vzci9saWIvLmJ1aWxkLWlkL2RmLzZmM2Y3ZmUyY2NlYWRiY2Q2YjBmODM4ODQ3ZjA0MWZlNTE3YjQ4 HTTP/1.1" 200 16510 "-" "Mozilla/5.0 AppleWebKit/537.36 (KHTML, like Gecko; compatible; GPTBot/1.2; +https://openai.com/gptbot)"
20.171.207.182 - - [04/Jul/2025:08:23:26 -0400] "GET /shell/function.php?download=L3Vzci9saWIvLmJ1aWxkLWlkL2QyL2M3Yzc4YTI3OWZiZTM0Zjk0OGJkMTM4ODZmNTU0OTdmODk2OTY3 HTTP/1.1" 404 107 "-" "Mozilla/5.0 AppleWebKit/537.36 (KHTML, like Gecko; compatible; GPTBot/1.2; +https://openai.com/gptbot)"
20.171.207.182 - - [04/Jul/2025:08:23:27 -0400] "GET /shell/function.php?download=L3Vzci9saWIvLmJ1aWxkLWlkL2ZlLzllYzlhOWI0N2Y5MjUwNzk0Yzc1ZTA2MjQ1NzA3OTA3ZmQ1Yzgy HTTP/1.1" 200 43150 "-" "Mozilla/5.0 AppleWebKit/537.36 (KHTML, like Gecko; compatible; GPTBot/1.2; +https://openai.com/gptbot)"
20.171.207.182 - - [04/Jul/2025:08:23:28 -0400] "GET /shell/function.php?download=L3Vzci9saWIvLmJ1aWxkLWlkL2VjL2Y0Y2UxMjE3NDZlY2M4ZDBmMWEyNjE0M2FhZGNkNDlmM2E4Yzdm HTTP/1.1" 404 107 "-" "Mozilla/5.0 AppleWebKit/537.36 (KHTML, like Gecko; compatible; GPTBot/1.2; +https://openai.com/gptbot)"
20.171.207.182 - - [04/Jul/2025:08:23:31 -0400] "GET /shell/function.php?download=L3Vzci9saWIvLmJ1aWxkLWlkL2ZlL2U0MTU3N2I3NDI5ZGM1OTRkOGMyZDg3ZTZmYzliNzhlM2Y4M2U3 HTTP/1.1" 404 107 "-" "Mozilla/5.0 AppleWebKit/537.36 (KHTML, like Gecko; compatible; GPTBot/1.2; +https://openai.com/gptbot)"
20.171.207.182 - - [04/Jul/2025:08:23:32 -0400] "GET /shell/function.php?download=L3Vzci9saWIvLmJ1aWxkLWlkL2ZlLzhhYmNkOWI4OWRiZjI1ODE3OTM3M2JmZmZhMjRiYzQ1MTg2ZTI2 HTTP/1.1" 200 294480 "-" "Mozilla/5.0 AppleWebKit/537.36 (KHTML, like Gecko; compatible; GPTBot/1.2; +https://openai.com/gptbot)"
20.171.207.182 - - [04/Jul/2025:08:23:35 -0400] "GET /shell/function.php?download=L3Vzci9saWIvLmJ1aWxkLWlkLzJhL2IzY2EzNTI2NDJlZGRmNDU5NjQ3YWY0NWQxMDE5NmI2OGU4MDNl HTTP/1.1" 200 9878 "-" "Mozilla/5.0 AppleWebKit/537.36 (KHTML, like Gecko; compatible; GPTBot/1.2; +https://openai.com/gptbot)"
20.171.207.182 - - [04/Jul/2025:08:23:36 -0400] "GET /shell/function.php?download=L3Vzci9saWIvLmJ1aWxkLWlkL2EyL2Y0MGM0OGYwNTQxNzkyZTlhZmJkMzFkNjA0N2E5MTg3M2MyOGRj HTTP/1.1" 200 12454 "-" "Mozilla/5.0 AppleWebKit/537.36 (KHTML, like Gecko; compatible; GPTBot/1.2; +https://openai.com/gptbot)"
20.171.207.182 - - [04/Jul/2025:08:23:22 -0400] "GET /shell/function.php?download=L3Vzci9saWIvLmJ1aWxkLWlkL2RjL2Q2M2FkYTNiNTE0YzAzZTA0NzM4M2U2ZGFhZjEwNzE4ZWYxYmI0 HTTP/1.1" 404 107 "-" "Mozilla/5.0 AppleWebKit/537.36 (KHTML, like Gecko; compatible; GPTBot/1.2; +https://openai.com/gptbot)"
23.23.212.212 - - [04/Jul/2025:08:23:22 -0400] "GET /shell/function.php?fm=true&path=/lib/firmware/amdgpu/&rename=hainan_pfp.bin HTTP/1.1" 200 9190 "-" "Mozilla/5.0 AppleWebKit/537.36 (KHTML, like Gecko; compatible; Amazonbot/0.1; +https://developer.amazon.com/support/amazonbot) Chrome/119.0.6045.214 Safari/537.36"
20.171.207.182 - - [04/Jul/2025:08:23:24 -0400] "GET /shell/function.php?download=L3Vzci9saWIvLmJ1aWxkLWlkL2VjL2UwN2Q1NWNlNTk5NDA4MWM5MGQ3MTk4Y2YzNGI5OTRiZWJlNDhi HTTP/1.1" 200 21278 "-" "Mozilla/5.0 AppleWebKit/537.36 (KHTML, like Gecko; compatible; GPTBot/1.2; +https://openai.com/gptbot)"
44.193.102.198 - - [04/Jul/2025:08:23:27 -0400] "GET /shell/function.php?fm=true&path=/lib64/python2.7/Demo/scripts/&rights=README HTTP/1.1" 200 9184 "-" "Mozilla/5.0 AppleWebKit/537.36 (KHTML, like Gecko; compatible; Amazonbot/0.1; +https://developer.amazon.com/support/amazonbot) Chrome/119.0.6045.214 Safari/537.36"
20.171.207.182 - - [04/Jul/2025:08:23:29 -0400] "GET /shell/function.php?download=L3Vzci9saWIvLmJ1aWxkLWlkL2UyLzY1ZmUyY2QyOTk3YzI2N2VhNmI4ZTA1Mzc5Y2ZmZGM5YmU3MTNm HTTP/1.1" 200 12574 "-" "Mozilla/5.0 AppleWebKit/537.36 (KHTML, like Gecko; compatible; GPTBot/1.2; +https://openai.com/gptbot)"
20.171.207.182 - - [04/Jul/2025:08:23:30 -0400] "GET /shell/function.php?download=L3Vzci9saWIvLmJ1aWxkLWlkL2UyL2E1YmFiZjlmZDU5ODk4NGY2MjMzM2U4OGU5MzBlZTM4Y2JjOTZm HTTP/1.1" 200 38710 "-" "Mozilla/5.0 AppleWebKit/537.36 (KHTML, like Gecko; compatible; GPTBot/1.2; +https://openai.com/gptbot)"
44.205.120.22 - - [04/Jul/2025:08:23:31 -0400] "GET /shell/function.php?download=L29wdC9hbHQvdGVzdHMvYWx0LXBocDgyLXBlY2wtbW9uZ29kYl8xLjE4LjEtMS5lbDgvdGVzdHMvYnNvbi10aW1lc3RhbXAtMDA0LnBocHQ%3D HTTP/1.1" 200 1388 "-" "Mozilla/5.0 AppleWebKit/537.36 (KHTML, like Gecko; compatible; Amazonbot/0.1; +https://developer.amazon.com/support/amazonbot) Chrome/119.0.6045.214 Safari/537.36"
20.171.207.182 - - [04/Jul/2025:08:23:34 -0400] "GET /shell/function.php?download=L3Vzci9saWIvLmJ1aWxkLWlkL2FiL2VmOTIwNzgyNGViNjRlN2RmZTE1MzU4N2U0ODdlYTllNTU4Y2Fm HTTP/1.1" 200 12878 "-" "Mozilla/5.0 AppleWebKit/537.36 (KHTML, like Gecko; compatible; GPTBot/1.2; +https://openai.com/gptbot)"
98.82.39.241 - - [04/Jul/2025:08:23:35 -0400] "GET /shell/function.php?fm=true&path=/lib/firmware/cirrus/&rights=cs35l41-dsp1-spk-prot-17aa22f3.wmfw HTTP/1.1" 200 9203 "-" "Mozilla/5.0 AppleWebKit/537.36 (KHTML, like Gecko; compatible; Amazonbot/0.1; +https://developer.amazon.com/support/amazonbot) Chrome/119.0.6045.214 Safari/537.36"
20.171.207.182 - - [04/Jul/2025:08:23:37 -0400] "GET /shell/function.php?download=L3Vzci9saWIvLmJ1aWxkLWlkL2EyLzY2OGE0ODNjNDI3NDlhYzIyMGRlNjM2ZDI1NDhmZDk1N2RiY2Yy HTTP/1.1" 404 107 "-" "Mozilla/5.0 AppleWebKit/537.36 (KHTML, like Gecko; compatible; GPTBot/1.2; +https://openai.com/gptbot)"
20.171.207.182 - - [04/Jul/2025:08:23:38 -0400] "GET /shell/function.php?download=L3Vzci9saWIvLmJ1aWxkLWlkL2VjL2M2NGU5N2ZkYTc3YzdhYjk2NjJmODAzODJiYzA3YmZmNmE5OGFl HTTP/1.1" 200 14510 "-" "Mozilla/5.0 AppleWebKit/537.36 (KHTML, like Gecko; compatible; GPTBot/1.2; +https://openai.com/gptbot)"
20.171.207.182 - - [04/Jul/2025:08:23:42 -0400] "GET /shell/function.php?download=L3Vzci9saWIvLmJ1aWxkLWlkLzJhLzUwNTI1M2U1NTVhNzZkNGJkYzQ4OGI1Y2I4ZTBmOTU4MGI2ZmZl HTTP/1.1" 200 16550 "-" "Mozilla/5.0 AppleWebKit/537.36 (KHTML, like Gecko; compatible; GPTBot/1.2; +https://openai.com/gptbot)"
20.171.207.182 - - [04/Jul/2025:08:23:45 -0400] "GET /shell/function.php?download=L3Vzci9saWIvLmJ1aWxkLWlkL2JkLzE3YjQ0YmM3MGNlM2RiN2NhMTIxZGI4MDQ3YzhlODQwNjQ2ZTQz HTTP/1.1" 200 20910 "-" "Mozilla/5.0 AppleWebKit/537.36 (KHTML, like Gecko; compatible; GPTBot/1.2; +https://openai.com/gptbot)"
3.217.82.254 - - [04/Jul/2025:08:23:39 -0400] "GET /shell/function.php?download=L2xpYjY0L3B5dGhvbjMuNi9saWItZHlubG9hZC9fb3Bjb2RlLmNweXRob24tMzZtLXg4Nl82NC1saW51eC1nbnUuc28%3D HTTP/1.1" 200 12230 "-" "Mozilla/5.0 AppleWebKit/537.36 (KHTML, like Gecko; compatible; Amazonbot/0.1; +https://developer.amazon.com/support/amazonbot) Chrome/119.0.6045.214 Safari/537.36"
20.171.207.182 - - [04/Jul/2025:08:23:39 -0400] "GET /shell/function.php?download=L3Vzci9saWIvLmJ1aWxkLWlkLzJmL2FjN2YwOWQ5M2RmMzZhYzQzOTM5MDU4NjA1OTc5ZDQwZGE5NGRi HTTP/1.1" 200 470128 "-" "Mozilla/5.0 AppleWebKit/537.36 (KHTML, like Gecko; compatible; GPTBot/1.2; +https://openai.com/gptbot)"
20.171.207.182 - - [04/Jul/2025:08:23:40 -0400] "GET /shell/function.php?download=L3Vzci9saWIvLmJ1aWxkLWlkL2FiL2RiZDUxODM2MjBiYWY3NGY5NjBhNzU5ZmFiMDQ4YzQwM2U2MDgz HTTP/1.1" 200 16582 "-" "Mozilla/5.0 AppleWebKit/537.36 (KHTML, like Gecko; compatible; GPTBot/1.2; +https://openai.com/gptbot)"
18.204.89.56 - - [04/Jul/2025:08:23:43 -0400] "GET /shell/function.php?gzfile=L29wdC9hbHQvdGVzdHMvYWx0LXBocDg0LXBlY2wtbW9uZ29kYl8xLjIwLjAtMi5lbDgvdGVzdHMvYnNvbi1taW5rZXktc2VyaWFsaXphdGlvbi0wMDIucGhwdA%3D%3D HTTP/1.1" 200 6844 "-" "Mozilla/5.0 AppleWebKit/537.36 (KHTML, like Gecko; compatible; Amazonbot/0.1; +https://developer.amazon.com/support/amazonbot) Chrome/119.0.6045.214 Safari/537.36"
20.171.207.182 - - [04/Jul/2025:08:23:43 -0400] "GET /shell/function.php?download=L3Vzci9saWIvLmJ1aWxkLWlkL2ZlL2Y1OTU2YmVjZGZjN2Q4ZmNlZWU0NWRlNDI5ZGQ2ZDJmYTBiYjcz HTTP/1.1" 200 7141736 "-" "Mozilla/5.0 AppleWebKit/537.36 (KHTML, like Gecko; compatible; GPTBot/1.2; +https://openai.com/gptbot)"
20.171.207.182 - - [04/Jul/2025:08:23:44 -0400] "GET /shell/function.php?download=L3Vzci9saWIvLmJ1aWxkLWlkL2EyLzc2ZjY4ZjFjZjU4MjQ4OGY0NTAwMDEzOWY4OWJjZGQ3Njk2NDcy HTTP/1.1" 404 107 "-" "Mozilla/5.0 AppleWebKit/537.36 (KHTML, like Gecko; compatible; GPTBot/1.2; +https://openai.com/gptbot)"
20.171.207.182 - - [04/Jul/2025:08:23:46 -0400] "GET /shell/function.php?download=L3Vzci9saWIvLmJ1aWxkLWlkL2VjL2ZhNzY4NzRmMzQyZWEzZWM3M2I2YWUyNjliN2FmODk0NTYwZWI3 HTTP/1.1" 200 13470 "-" "Mozilla/5.0 AppleWebKit/537.36 (KHTML, like Gecko; compatible; GPTBot/1.2; +https://openai.com/gptbot)"
20.171.207.182 - - [04/Jul/2025:08:23:47 -0400] "GET /shell/function.php?download=L3Vzci9saWIvLmJ1aWxkLWlkL2QyLzk2ZDgyOTMyYzQ0YmQ2N2ZjZjBlM2JlZDkyOGE4ZTE1ZmE2MTIw HTTP/1.1" 200 12278 "-" "Mozilla/5.0 AppleWebKit/537.36 (KHTML, like Gecko; compatible; GPTBot/1.2; +https://openai.com/gptbot)"
216.73.217.2 - - [04/Jul/2025:08:23:52 -0400] "GET /wp-includes/blocks/html/block.json HTTP/1.1" 200 526 "-" "Mozilla/5.0 AppleWebKit/537.36 (KHTML, like Gecko; compatible; ClaudeBot/1.0; +claudebot@anthropic.com)"
216.73.217.2 - - [04/Jul/2025:08:23:52 -0400] "GET /wp-includes/blocks/heading/block.json HTTP/1.1" 200 1649 "-" "Mozilla/5.0 AppleWebKit/537.36 (KHTML, like Gecko; compatible; ClaudeBot/1.0; +claudebot@anthropic.com)"
20.171.207.182 - - [04/Jul/2025:08:23:54 -0400] "GET /shell/function.php?gzfile=L3Vzci9saWIvLmJ1aWxkLWlkL2EyL2RmMDJkY2M2YTBmYmEyNTA5YzkzMTBmYmNjYjAyZDZhNmNlYTg1 HTTP/1.1" 200 6574 "-" "Mozilla/5.0 AppleWebKit/537.36 (KHTML, like Gecko; compatible; GPTBot/1.2; +https://openai.com/gptbot)"
20.171.207.182 - - [04/Jul/2025:08:23:58 -0400] "GET /shell/function.php?fm=true&path=%2Fusr%2Flib%2F.build-id%2Fce HTTP/1.1" 200 12014 "-" "Mozilla/5.0 AppleWebKit/537.36 (KHTML, like Gecko; compatible; GPTBot/1.2; +https://openai.com/gptbot)"
3.90.73.206 - - [04/Jul/2025:08:23:58 -0400] "GET /shell/function.php?download=L29wdC9hbHQvdGVzdHMvYWx0LXBocDgyLXBlY2wtbW9uZ29kYl8xLjE4LjEtMS5lbDgvdGVzdHMvZGVjaW1hbDEyOC0yLXZhbGlkLTAzMS5waHB0 HTTP/1.1" 200 1997 "-" "Mozilla/5.0 AppleWebKit/537.36 (KHTML, like Gecko; compatible; Amazonbot/0.1; +https://developer.amazon.com/support/amazonbot) Chrome/119.0.6045.214 Safari/537.36"
18.214.124.6 - - [04/Jul/2025:08:23:46 -0400] "GET /shell/function.php?gzfile=L3Vzci9zaGFyZS9naXQtY29yZS90ZW1wbGF0ZXMvaG9va3MvcHJlLWNvbW1pdC5zYW1wbGU%3D HTTP/1.1" 200 6874 "-" "Mozilla/5.0 AppleWebKit/537.36 (KHTML, like Gecko; compatible; Amazonbot/0.1; +https://developer.amazon.com/support/amazonbot) Chrome/119.0.6045.214 Safari/537.36"
20.171.207.182 - - [04/Jul/2025:08:23:49 -0400] "GET /shell/function.php?download=L3Vzci9saWIvLmJ1aWxkLWlkL2RmLzE0YzE4NjMxNzJkZDM5ZGJkOGYyOTA5ODA2MWM5OTY2YWE3NTgx HTTP/1.1" 200 12430 "-" "Mozilla/5.0 AppleWebKit/537.36 (KHTML, like Gecko; compatible; GPTBot/1.2; +https://openai.com/gptbot)"
20.171.207.182 - - [04/Jul/2025:08:23:50 -0400] "GET /shell/function.php?edit=b58533ef39c007be8ec5de153b1866be0dcd85&fm=true&path=%2Fusr%2Flib%2F.build-id%2Fbd%2F HTTP/1.1" 200 8825 "-" "Mozilla/5.0 AppleWebKit/537.36 (KHTML, like Gecko; compatible; GPTBot/1.2; +https://openai.com/gptbot)"
20.171.207.182 - - [04/Jul/2025:08:23:51 -0400] "GET /shell/function.php?download=L3Vzci9saWIvLmJ1aWxkLWlkL2FiL2UzNGVjYjVlZTJiMzQ3MTdhM2MzMzg5MzQ3MzQ0ZTIyNTk2OTg1 HTTP/1.1" 200 17126 "-" "Mozilla/5.0 AppleWebKit/537.36 (KHTML, like Gecko; compatible; GPTBot/1.2; +https://openai.com/gptbot)"
100.29.63.24 - - [04/Jul/2025:08:23:51 -0400] "GET /shell/function.php?download=L2xpYjY0L3B5dGhvbjMuOC9lbmNvZGluZ3MvbWFjX2Nyb2F0aWFuLnB5 HTTP/1.1" 200 14263 "-" "Mozilla/5.0 AppleWebKit/537.36 (KHTML, like Gecko; compatible; Amazonbot/0.1; +https://developer.amazon.com/support/amazonbot) Chrome/119.0.6045.214 Safari/537.36"
216.73.217.2 - - [04/Jul/2025:08:23:52 -0400] "GET /wp-includes/blocks/group/block.json HTTP/1.1" 200 2081 "-" "Mozilla/5.0 AppleWebKit/537.36 (KHTML, like Gecko; compatible; ClaudeBot/1.0; +claudebot@anthropic.com)"
216.73.217.2 - - [04/Jul/2025:08:23:52 -0400] "GET /wp-includes/blocks/table/block.json HTTP/1.1" 200 4375 "-" "Mozilla/5.0 AppleWebKit/537.36 (KHTML, like Gecko; compatible; ClaudeBot/1.0; +claudebot@anthropic.com)"
20.171.207.182 - - [04/Jul/2025:08:23:52 -0400] "GET /shell/function.php?download=L3Vzci9saWIvLmJ1aWxkLWlkLzJhLzlmOGM0Y2RiZGQ0NWU0ZGM3ODhjYjI3NjI3MzBkMDhjYjg3YzU5 HTTP/1.1" 200 58886 "-" "Mozilla/5.0 AppleWebKit/537.36 (KHTML, like Gecko; compatible; GPTBot/1.2; +https://openai.com/gptbot)"
20.171.207.182 - - [04/Jul/2025:08:23:53 -0400] "GET /shell/function.php?download=L3Vzci9saWIvLmJ1aWxkLWlkL2VjLzM0YTE2MjI0Y2VkMDk3YTg3N2NjN2Q5ZWM2YTA2Y2JmM2MwYjk0 HTTP/1.1" 200 29854 "-" "Mozilla/5.0 AppleWebKit/537.36 (KHTML, like Gecko; compatible; GPTBot/1.2; +https://openai.com/gptbot)"
34.234.206.30 - - [04/Jul/2025:08:23:55 -0400] "GET /shell/function.php?edit=topaz_k_smc.bin&fm=true&path=/usr/lib/firmware/amdgpu/ HTTP/1.1" 200 9465 "-" "Mozilla/5.0 AppleWebKit/537.36 (KHTML, like Gecko; compatible; Amazonbot/0.1; +https://developer.amazon.com/support/amazonbot) Chrome/119.0.6045.214 Safari/537.36"
20.171.207.182 - - [04/Jul/2025:08:23:55 -0400] "GET /shell/function.php?fm=true&path=%2Fusr%2Flib%2F.build-id%2Ffe%2F&rights=f5956becdfc7d8fceee45de429dd6d2fa0bb73 HTTP/1.1" 200 8547 "-" "Mozilla/5.0 AppleWebKit/537.36 (KHTML, like Gecko; compatible; GPTBot/1.2; +https://openai.com/gptbot)"
20.171.207.182 - - [04/Jul/2025:08:23:57 -0400] "GET /shell/function.php?fm=true&path=%2Fusr%2Flib%2F.build-id%2Fef HTTP/1.1" 200 12687 "-" "Mozilla/5.0 AppleWebKit/537.36 (KHTML, like Gecko; compatible; GPTBot/1.2; +https://openai.com/gptbot)"
192.178.6.6 - - [04/Jul/2025:08:23:58 -0400] "GET /product/O87?n=search&l=41903 HTTP/1.1" 404 1251 "-" "Mozilla/5.0 (Linux; Android 6.0.1; Nexus 5X Build/MMB29P) AppleWebKit/537.36 (KHTML, like Gecko) Chrome/137.0.7151.103 Mobile Safari/537.36 (compatible; Googlebot/2.1; +http://www.google.com/bot.html)"
20.171.207.182 - - [04/Jul/2025:08:24:00 -0400] "GET /shell/function.php?fm=true&path=%2Fusr%2Flib%2F.build-id%2Fda HTTP/1.1" 200 12895 "-" "Mozilla/5.0 AppleWebKit/537.36 (KHTML, like Gecko; compatible; GPTBot/1.2; +https://openai.com/gptbot)"
20.171.207.182 - - [04/Jul/2025:08:23:59 -0400] "GET /shell/function.php?fm=true&path=%2Fusr%2Flib%2F.build-id%2F2c HTTP/1.1" 200 13008 "-" "Mozilla/5.0 AppleWebKit/537.36 (KHTML, like Gecko; compatible; GPTBot/1.2; +https://openai.com/gptbot)"
20.171.207.182 - - [04/Jul/2025:08:24:01 -0400] "GET /shell/function.php?fm=true&path=%2Fusr%2Flib%2F.build-id%2Fba HTTP/1.1" 200 12352 "-" "Mozilla/5.0 AppleWebKit/537.36 (KHTML, like Gecko; compatible; GPTBot/1.2; +https://openai.com/gptbot)"
20.171.207.182 - - [04/Jul/2025:08:24:06 -0400] "GET /shell/function.php?fm=true&path=%2Fusr%2Flib%2F.build-id%2Fcd HTTP/1.1" 200 12755 "-" "Mozilla/5.0 AppleWebKit/537.36 (KHTML, like Gecko; compatible; GPTBot/1.2; +https://openai.com/gptbot)"
3.213.106.226 - - [04/Jul/2025:08:24:07 -0400] "GET /shell/function.php?download=L29wdC9hbHQvdGVzdHMvYWx0LXBocDgxLXBlY2wtbWVtY2FjaGVkXzMuMi4wLTEuZWw4L3Rlc3RzL2dldF9mbGFncy5waHB0 HTTP/1.1" 200 1783 "-" "Mozilla/5.0 AppleWebKit/537.36 (KHTML, like Gecko; compatible; Amazonbot/0.1; +https://developer.amazon.com/support/amazonbot) Chrome/119.0.6045.214 Safari/537.36"
20.171.207.182 - - [04/Jul/2025:08:24:07 -0400] "GET /shell/function.php?fm=true&path=%2Fusr%2Flib%2F.build-id%2Fbe HTTP/1.1" 200 13931 "-" "Mozilla/5.0 AppleWebKit/537.36 (KHTML, like Gecko; compatible; GPTBot/1.2; +https://openai.com/gptbot)"
52.3.26.180 - - [04/Jul/2025:08:24:10 -0400] "GET /shell/function.php?fm=true&path=/usr/include/linux/&rights=btrfs_tree.h HTTP/1.1" 200 9182 "-" "Mozilla/5.0 AppleWebKit/537.36 (KHTML, like Gecko; compatible; Amazonbot/0.1; +https://developer.amazon.com/support/amazonbot) Chrome/119.0.6045.214 Safari/537.36"
20.171.207.182 - - [04/Jul/2025:08:24:11 -0400] "GET /shell/function.php?edit=fffe2349e60f25ff509fe11082379136ac6f41&fm=true&path=%2Fusr%2Flib%2F.build-id%2Fef%2F HTTP/1.1" 200 8849 "-" "Mozilla/5.0 AppleWebKit/537.36 (KHTML, like Gecko; compatible; GPTBot/1.2; +https://openai.com/gptbot)"
20.171.207.182 - - [04/Jul/2025:08:24:13 -0400] "GET /shell/function.php?fm=true&path=%2Fusr%2Flib%2F.build-id%2Fce%2F&rights=23dcf2e9c045ec60585d8bd42f6824c48f446c HTTP/1.1" 200 8525 "-" "Mozilla/5.0 AppleWebKit/537.36 (KHTML, like Gecko; compatible; GPTBot/1.2; +https://openai.com/gptbot)"
18.214.238.178 - - [04/Jul/2025:08:24:14 -0400] "GET /shell/function.php?download=L2xpYi9rYmQva2V5bWFwcy9sZWdhY3kvaTM4Ni9xd2VydHkvbHQubWFwLmd6 HTTP/1.1" 200 6802 "-" "Mozilla/5.0 AppleWebKit/537.36 (KHTML, like Gecko; compatible; Amazonbot/0.1; +https://developer.amazon.com/support/amazonbot) Chrome/119.0.6045.214 Safari/537.36"
20.171.207.182 - - [04/Jul/2025:08:24:15 -0400] "GET /shell/function.php?download=L3Vzci9saWIvLmJ1aWxkLWlkL2IyL2U3N2IxNGNlZDhlZjliNDUxZTk4ZTk1MjhjMzljNGU0YmMxZThk HTTP/1.1" 200 653928 "-" "Mozilla/5.0 AppleWebKit/537.36 (KHTML, like Gecko; compatible; GPTBot/1.2; +https://openai.com/gptbot)"
20.171.207.182 - - [04/Jul/2025:08:24:16 -0400] "GET /shell/function.php?fm=true&path=%2Fusr%2Flib%2F.build-id%2Fb2%2F&rename=c841fa1bfa3d07983679cda20934d48a34ae20 HTTP/1.1" 200 8562 "-" "Mozilla/5.0 AppleWebKit/537.36 (KHTML, like Gecko; compatible; GPTBot/1.2; +https://openai.com/gptbot)"
100.25.120.246 - - [04/Jul/2025:08:24:19 -0400] "GET /shell/function.php?gzfile=L29wdC9jcGFuZWwvZWEtb3BlbnNzbC9ldGMvcGtpL3Rscy9tYW4vbWFuMy9VSV9uZXdfbWV0aG9kLjM%3D HTTP/1.1" 200 6874 "-" "Mozilla/5.0 AppleWebKit/537.36 (KHTML, like Gecko; compatible; Amazonbot/0.1; +https://developer.amazon.com/support/amazonbot) Chrome/119.0.6045.214 Safari/537.36"
20.171.207.182 - - [04/Jul/2025:08:24:19 -0400] "GET /shell/function.php?download=L3Vzci9saWIvLmJ1aWxkLWlkL2JhLzJiMDBkOGE3YTFjNmFhOWIxMmMzNGE5N2JhYjQ5OWFkODk0OTY1 HTTP/1.1" 404 107 "-" "Mozilla/5.0 AppleWebKit/537.36 (KHTML, like Gecko; compatible; GPTBot/1.2; +https://openai.com/gptbot)"
20.171.207.182 - - [04/Jul/2025:08:24:20 -0400] "GET /shell/function.php?download=L3Vzci9saWIvLmJ1aWxkLWlkL2NlLzM2Yzc5MTQ4OWM4NWExOGFjNWUyMTZmMTQ5ZDNkMGZlMDJlN2Vl HTTP/1.1" 404 107 "-" "Mozilla/5.0 AppleWebKit/537.36 (KHTML, like Gecko; compatible; GPTBot/1.2; +https://openai.com/gptbot)"
3.221.222.168 - - [04/Jul/2025:08:24:02 -0400] "GET /shell/function.php?fm=true&path=/opt/alt/python310/include/python3.10/&rights=funcobject.h HTTP/1.1" 200 9128 "-" "Mozilla/5.0 AppleWebKit/537.36 (KHTML, like Gecko; compatible; Amazonbot/0.1; +https://developer.amazon.com/support/amazonbot) Chrome/119.0.6045.214 Safari/537.36"
20.171.207.182 - - [04/Jul/2025:08:24:02 -0400] "GET /shell/function.php?fm=true&path=%2Fusr%2Flib%2F.build-id%2Fb2 HTTP/1.1" 200 13914 "-" "Mozilla/5.0 AppleWebKit/537.36 (KHTML, like Gecko; compatible; GPTBot/1.2; +https://openai.com/gptbot)"
20.171.207.182 - - [04/Jul/2025:08:24:04 -0400] "GET /shell/function.php?fm=true&path=%2Fusr%2Flib%2F.build-id%2Fdd HTTP/1.1" 200 13467 "-" "Mozilla/5.0 AppleWebKit/537.36 (KHTML, like Gecko; compatible; GPTBot/1.2; +https://openai.com/gptbot)"
20.171.207.182 - - [04/Jul/2025:08:24:05 -0400] "GET /shell/function.php?fm=true&path=%2Fusr%2Flib%2F.build-id%2Faf HTTP/1.1" 200 12749 "-" "Mozilla/5.0 AppleWebKit/537.36 (KHTML, like Gecko; compatible; GPTBot/1.2; +https://openai.com/gptbot)"
20.171.207.182 - - [04/Jul/2025:08:24:08 -0400] "GET /shell/function.php?fm=true&path=%2Fusr%2Flib%2F.build-id%2Ffd HTTP/1.1" 200 12820 "-" "Mozilla/5.0 AppleWebKit/537.36 (KHTML, like Gecko; compatible; GPTBot/1.2; +https://openai.com/gptbot)"
20.171.207.182 - - [04/Jul/2025:08:24:09 -0400] "GET /shell/function.php?gzfile=L3Vzci9saWIvLmJ1aWxkLWlkL2VmLzFiMTE4ZWQ5YWYyODQ5OWQwNjI0YzBhMWMzZTNkMzM5MTVkNmM5 HTTP/1.1" 200 6557 "-" "Mozilla/5.0 AppleWebKit/537.36 (KHTML, like Gecko; compatible; GPTBot/1.2; +https://openai.com/gptbot)"
20.171.207.182 - - [04/Jul/2025:08:24:12 -0400] "GET /shell/function.php?edit=23dcf2e9c045ec60585d8bd42f6824c48f446c&fm=true&path=%2Fusr%2Flib%2F.build-id%2Fce%2F HTTP/1.1" 200 8826 "-" "Mozilla/5.0 AppleWebKit/537.36 (KHTML, like Gecko; compatible; GPTBot/1.2; +https://openai.com/gptbot)"
20.171.207.182 - - [04/Jul/2025:08:24:14 -0400] "GET /shell/function.php?download=L3Vzci9saWIvLmJ1aWxkLWlkL2NlLzkyZjU0YWRmNzNlMDBhNWZmNzE3ODQ0NjM2ZmQ2YmYzZDZmMTM3 HTTP/1.1" 200 37214 "-" "Mozilla/5.0 AppleWebKit/537.36 (KHTML, like Gecko; compatible; GPTBot/1.2; +https://openai.com/gptbot)"
20.171.207.182 - - [04/Jul/2025:08:24:18 -0400] "GET /shell/function.php?download=L3Vzci9saWIvLmJ1aWxkLWlkL2IyLzNkNWJhMWI2YmMyMGM0YWE3YzAzMDU5MzBmYzJlYzYyMzA3MTA2 HTTP/1.1" 200 12366 "-" "Mozilla/5.0 AppleWebKit/537.36 (KHTML, like Gecko; compatible; GPTBot/1.2; +https://openai.com/gptbot)"
20.171.207.182 - - [04/Jul/2025:08:24:21 -0400] "GET /shell/function.php?download=L3Vzci9saWIvLmJ1aWxkLWlkL2JlLzM2NWEyMjk2ZTIzYTE5Zjg2ZTE4NGUyNjE3MzdhNDVhMTNlZDYx HTTP/1.1" 200 20598 "-" "Mozilla/5.0 AppleWebKit/537.36 (KHTML, like Gecko; compatible; GPTBot/1.2; +https://openai.com/gptbot)"
20.171.207.182 - - [04/Jul/2025:08:24:22 -0400] "GET /shell/function.php?download=L3Vzci9saWIvLmJ1aWxkLWlkL2RhLzZjZGEwMTY3MTBlMmIyNmU0OTFjY2QzYWE5NWNlMmQ5ZDk3NDJj HTTP/1.1" 404 107 "-" "Mozilla/5.0 AppleWebKit/537.36 (KHTML, like Gecko; compatible; GPTBot/1.2; +https://openai.com/gptbot)"
20.171.207.182 - - [04/Jul/2025:08:24:24 -0400] "GET /shell/function.php?download=L3Vzci9saWIvLmJ1aWxkLWlkL2RkL2IzNGY2NTg1NzZiYTFiMmQzYzdlMDRjMDUxZTFlOTk2ZWRhY2Q4 HTTP/1.1" 200 155000 "-" "Mozilla/5.0 AppleWebKit/537.36 (KHTML, like Gecko; compatible; GPTBot/1.2; +https://openai.com/gptbot)"
20.171.207.182 - - [04/Jul/2025:08:24:26 -0400] "GET /shell/function.php?download=L3Vzci9saWIvLmJ1aWxkLWlkL2JlLzRlMjQ2ODc5OWQ4OTBmOWQ5MzkwNDRlZGE2MTczMmVmZDc2NGFi HTTP/1.1" 200 39910 "-" "Mozilla/5.0 AppleWebKit/537.36 (KHTML, like Gecko; compatible; GPTBot/1.2; +https://openai.com/gptbot)"
20.171.207.182 - - [04/Jul/2025:08:24:27 -0400] "GET /shell/function.php?download=L3Vzci9saWIvLmJ1aWxkLWlkL2JhLzgzMjJjYjFmZGIwMGUwYzc3ZGI2NjAwZjhhMTIzM2NlNGQ3N2Q0 HTTP/1.1" 200 125224 "-" "Mozilla/5.0 AppleWebKit/537.36 (KHTML, like Gecko; compatible; GPTBot/1.2; +https://openai.com/gptbot)"
3.220.148.166 - - [04/Jul/2025:08:24:22 -0400] "GET /shell/function.php?download=L29wdC9hbHQvcHl0aG9uMzEwL2xpYjY0L3B5dGhvbjMuMTAvaW8ucHk%3D HTTP/1.1" 200 4826 "-" "Mozilla/5.0 AppleWebKit/537.36 (KHTML, like Gecko; compatible; Amazonbot/0.1; +https://developer.amazon.com/support/amazonbot) Chrome/119.0.6045.214 Safari/537.36"
20.171.207.182 - - [04/Jul/2025:08:24:23 -0400] "GET /shell/function.php?download=L3Vzci9saWIvLmJ1aWxkLWlkL2VmLzc2M2QzMDBiMjlhODhlYjQzZWVmOGNmZDk2YTU2YTc3YWM0ZmNl HTTP/1.1" 200 45518 "-" "Mozilla/5.0 AppleWebKit/537.36 (KHTML, like Gecko; compatible; GPTBot/1.2; +https://openai.com/gptbot)"
184.73.195.18 - - [04/Jul/2025:08:24:27 -0400] "GET /shell/function.php?gzfile=L29wdC9jcGFuZWwvZWEtb3BlbnNzbDExL2luY2x1ZGUvb3BlbnNzbC9ldnAuaA%3D%3D HTTP/1.1" 200 6874 "-" "Mozilla/5.0 AppleWebKit/537.36 (KHTML, like Gecko; compatible; Amazonbot/0.1; +https://developer.amazon.com/support/amazonbot) Chrome/119.0.6045.214 Safari/537.36"
20.171.207.182 - - [04/Jul/2025:08:24:28 -0400] "GET /shell/function.php?download=L3Vzci9saWIvLmJ1aWxkLWlkL2IyLzlhMjA5ZDcwY2Y2ZjA0NGQzZWNiMDVkZWY4YjliYTc4YjAwOGRi HTTP/1.1" 200 577592 "-" "Mozilla/5.0 AppleWebKit/537.36 (KHTML, like Gecko; compatible; GPTBot/1.2; +https://openai.com/gptbot)"
216.73.217.2 - - [04/Jul/2025:08:24:28 -0400] "GET /wp-includes/blocks/cover/block.json HTTP/1.1" 200 2788 "-" "Mozilla/5.0 AppleWebKit/537.36 (KHTML, like Gecko; compatible; ClaudeBot/1.0; +claudebot@anthropic.com)"
216.73.217.2 - - [04/Jul/2025:08:24:28 -0400] "GET /wp-includes/blocks/pattern/block.json HTTP/1.1" 200 411 "-" "Mozilla/5.0 AppleWebKit/537.36 (KHTML, like Gecko; compatible; ClaudeBot/1.0; +claudebot@anthropic.com)"
216.73.217.2 - - [04/Jul/2025:08:24:28 -0400] "GET /wp-includes/blocks/home-link/block.json HTTP/1.1" 200 1130 "-" "Mozilla/5.0 AppleWebKit/537.36 (KHTML, like Gecko; compatible; ClaudeBot/1.0; +claudebot@anthropic.com)"
20.171.207.182 - - [04/Jul/2025:08:24:30 -0400] "GET /shell/function.php?download=L3Vzci9saWIvLmJ1aWxkLWlkL2NkL2RhOGM0ZjRhOWMxZDA4M2QzNDdlYjU4NGJkNTdhMDhmNWRhNWY1 HTTP/1.1" 200 101496 "-" "Mozilla/5.0 AppleWebKit/537.36 (KHTML, like Gecko; compatible; GPTBot/1.2; +https://openai.com/gptbot)"
3.212.205.90 - - [04/Jul/2025:08:24:32 -0400] "GET /shell/function.php?gzfile=L29wdC9hbHQvdGVzdHMvYWx0LXBocDgyLXBlY2wtbW9uZ29kYl8xLjE4LjEtMS5lbDgvdGVzdHMvYnNvbi1vYmplY3RpZGludGVyZmFjZS0wMDEucGhwdA%3D%3D HTTP/1.1" 200 6874 "-" "Mozilla/5.0 AppleWebKit/537.36 (KHTML, like Gecko; compatible; Amazonbot/0.1; +https://developer.amazon.com/support/amazonbot) Chrome/119.0.6045.214 Safari/537.36"
20.171.207.182 - - [04/Jul/2025:08:24:34 -0400] "GET /shell/function.php?download=L3Vzci9saWIvLmJ1aWxkLWlkL2NlLzUzNDU5ZjQzNGFlZDY5ZDBlZjhhMGU1MjgyOTE5MjczMDU5YWY1 HTTP/1.1" 200 22638 "-" "Mozilla/5.0 AppleWebKit/537.36 (KHTML, like Gecko; compatible; GPTBot/1.2; +https://openai.com/gptbot)"
20.171.207.182 - - [04/Jul/2025:08:24:36 -0400] "GET /shell/function.php?download=L3Vzci9saWIvLmJ1aWxkLWlkL2IyLzdlMjU2MjU4OTc5NTJjZDY2YjUyNzYyMGE3ZDY1NjQxYzdhZGNj HTTP/1.1" 200 25150 "-" "Mozilla/5.0 AppleWebKit/537.36 (KHTML, like Gecko; compatible; GPTBot/1.2; +https://openai.com/gptbot)"
34.236.41.241 - - [04/Jul/2025:08:24:39 -0400] "GET /shell/function.php?fm=true&path=/opt/alt/python36/bin/&rights=pip HTTP/1.1" 200 9177 "-" "Mozilla/5.0 AppleWebKit/537.36 (KHTML, like Gecko; compatible; Amazonbot/0.1; +https://developer.amazon.com/support/amazonbot) Chrome/119.0.6045.214 Safari/537.36"
20.171.207.182 - - [04/Jul/2025:08:24:42 -0400] "GET /shell/function.php?download=L3Vzci9saWIvLmJ1aWxkLWlkLzJjLzI3MWZiZDI1NGJiMTE4Y2U2MGZkZWIwYmQ5OTEwZDIyNzkyYmQ5 HTTP/1.1" 200 12742 "-" "Mozilla/5.0 AppleWebKit/537.36 (KHTML, like Gecko; compatible; GPTBot/1.2; +https://openai.com/gptbot)"
20.171.207.182 - - [04/Jul/2025:08:24:46 -0400] "GET /shell/function.php?download=L3Vzci9saWIvLmJ1aWxkLWlkL2ZkL2Y5ZWE1MjJkMDhlNDkwMjdhZDM5MTA2NjcxNDVlNGRjYTA2NDRk HTTP/1.1" 200 952512 "-" "Mozilla/5.0 AppleWebKit/537.36 (KHTML, like Gecko; compatible; GPTBot/1.2; +https://openai.com/gptbot)"
216.73.217.2 - - [04/Jul/2025:08:24:28 -0400] "GET /wp-includes/blocks/social-link/block.json HTTP/1.1" 200 760 "-" "Mozilla/5.0 AppleWebKit/537.36 (KHTML, like Gecko; compatible; ClaudeBot/1.0; +claudebot@anthropic.com)"
20.171.207.182 - - [04/Jul/2025:08:24:29 -0400] "GET /shell/function.php?download=L3Vzci9saWIvLmJ1aWxkLWlkL2IyL2ZkYWU0MjY5MTAyZGY3NzNkY2NkYmZlZjExZjBkZGMwODU3ZmIy HTTP/1.1" 200 12318 "-" "Mozilla/5.0 AppleWebKit/537.36 (KHTML, like Gecko; compatible; GPTBot/1.2; +https://openai.com/gptbot)"
20.171.207.182 - - [04/Jul/2025:08:24:31 -0400] "GET /shell/function.php?download=L3Vzci9saWIvLmJ1aWxkLWlkL2IyLzU5NDE5YTVmNzI4NmUwMmQ5Mjg4NzQzOGU5YTNlNzgyZTcwNTdh HTTP/1.1" 200 17046 "-" "Mozilla/5.0 AppleWebKit/537.36 (KHTML, like Gecko; compatible; GPTBot/1.2; +https://openai.com/gptbot)"
20.171.207.182 - - [04/Jul/2025:08:24:33 -0400] "GET /shell/function.php?download=L3Vzci9saWIvLmJ1aWxkLWlkL2VmLzc0MDc0MzM0MTg1ZGEzM2NhOWFiMTUwZTEzZGE1NTViOGQyMjIy HTTP/1.1" 404 107 "-" "Mozilla/5.0 AppleWebKit/537.36 (KHTML, like Gecko; compatible; GPTBot/1.2; +https://openai.com/gptbot)"
54.225.199.17 - - [04/Jul/2025:08:24:34 -0400] "GET /shell/function.php?download=L29wdC9hbHQvb3BlbnNzbC9zaGFyZS9tYW4vbWFuMy9VSV9kdXBfdmVyaWZ5X3N0cmluZy4zc3Ns HTTP/1.1" 200 13672 "-" "Mozilla/5.0 AppleWebKit/537.36 (KHTML, like Gecko; compatible; Amazonbot/0.1; +https://developer.amazon.com/support/amazonbot) Chrome/119.0.6045.214 Safari/537.36"
20.171.207.182 - - [04/Jul/2025:08:24:35 -0400] "GET /shell/function.php?download=L3Vzci9saWIvLmJ1aWxkLWlkL2IyL2M4NDFmYTFiZmEzZDA3OTgzNjc5Y2RhMjA5MzRkNDhhMzRhZTIw HTTP/1.1" 200 459768 "-" "Mozilla/5.0 AppleWebKit/537.36 (KHTML, like Gecko; compatible; GPTBot/1.2; +https://openai.com/gptbot)"
20.171.207.182 - - [04/Jul/2025:08:24:37 -0400] "GET /shell/function.php?download=L3Vzci9saWIvLmJ1aWxkLWlkL2FmLzQ3M2Y5ZmEwNGRjMGQxZTA5MDZlMjhhNTJmYWYzM2YzYWNkNGY1 HTTP/1.1" 404 107 "-" "Mozilla/5.0 AppleWebKit/537.36 (KHTML, like Gecko; compatible; GPTBot/1.2; +https://openai.com/gptbot)"
20.171.207.182 - - [04/Jul/2025:08:24:38 -0400] "GET /shell/function.php?download=L3Vzci9saWIvLmJ1aWxkLWlkL2NkL2JhNTQ2YTVmOTViYzhjNDQ4ZDM2NmFlNzAyNGFlYzQ5MzAxZjU2 HTTP/1.1" 200 52862 "-" "Mozilla/5.0 AppleWebKit/537.36 (KHTML, like Gecko; compatible; GPTBot/1.2; +https://openai.com/gptbot)"
20.171.207.182 - - [04/Jul/2025:08:24:39 -0400] "GET /shell/function.php?download=L3Vzci9saWIvLmJ1aWxkLWlkL2ZkLzUxZGM0NGM2ZTU4YWJmMzY1ZDRlNDU2ZDFjMDVlNDlmNWZmZjY2 HTTP/1.1" 200 12478 "-" "Mozilla/5.0 AppleWebKit/537.36 (KHTML, like Gecko; compatible; GPTBot/1.2; +https://openai.com/gptbot)"
20.171.207.182 - - [04/Jul/2025:08:24:41 -0400] "GET /shell/function.php?download=L3Vzci9saWIvLmJ1aWxkLWlkL2IyL2ZmOWJlZjg0NDczNzQyZjg2NzJkZGI3ZmQ1NzYwNzk3NmZmMWNk HTTP/1.1" 200 259192 "-" "Mozilla/5.0 AppleWebKit/537.36 (KHTML, like Gecko; compatible; GPTBot/1.2; +https://openai.com/gptbot)"
34.234.197.175 - - [04/Jul/2025:08:24:42 -0400] "GET /shell/function.php?gzfile=L3Zhci9zb2Z0YWN1bG91cy9wbXdpa2kvaW5zdGFsbC5waHA%3D HTTP/1.1" 200 6874 "-" "Mozilla/5.0 AppleWebKit/537.36 (KHTML, like Gecko; compatible; Amazonbot/0.1; +https://developer.amazon.com/support/amazonbot) Chrome/119.0.6045.214 Safari/537.36"
20.171.207.182 - - [04/Jul/2025:08:24:43 -0400] "GET /shell/function.php?download=L3Vzci9saWIvLmJ1aWxkLWlkL2FmLzljMWFlODlkODQ4YjQ4MWM3ZTE1NTQ4YjhlNGE4YmMxMDVkMzYz HTTP/1.1" 200 1666 "-" "Mozilla/5.0 AppleWebKit/537.36 (KHTML, like Gecko; compatible; GPTBot/1.2; +https://openai.com/gptbot)"
20.171.207.182 - - [04/Jul/2025:08:24:44 -0400] "GET /shell/function.php?download=L3Vzci9saWIvLmJ1aWxkLWlkL2IyL2YxNGFmZTRiZmVlMTk0MWZkN2JlZDI5NjdiMDVlMTc3YjA0MmVl HTTP/1.1" 200 39910 "-" "Mozilla/5.0 AppleWebKit/537.36 (KHTML, like Gecko; compatible; GPTBot/1.2; +https://openai.com/gptbot)"
20.171.207.182 - - [04/Jul/2025:08:24:45 -0400] "GET /shell/function.php?download=L3Vzci9saWIvLmJ1aWxkLWlkL2NkL2VjN2ZkYTFmNmIyNmIyMTljMzQ1Y2Q3ZjUxNThlMGZlZDlkZjM2 HTTP/1.1" 404 107 "-" "Mozilla/5.0 AppleWebKit/537.36 (KHTML, like Gecko; compatible; GPTBot/1.2; +https://openai.com/gptbot)"
52.202.52.82 - - [04/Jul/2025:08:24:46 -0400] "GET /shell/function.php?fm=true&path=/var/lib/mysql/&rights=oudfuigg_theasconsulting HTTP/1.1" 200 9246 "-" "Mozilla/5.0 AppleWebKit/537.36 (KHTML, like Gecko; compatible; Amazonbot/0.1; +https://developer.amazon.com/support/amazonbot) Chrome/119.0.6045.214 Safari/537.36"
20.171.207.182 - - [04/Jul/2025:08:24:50 -0400] "GET /shell/function.php?download=L3Vzci9saWIvLmJ1aWxkLWlkL2FmLzRkMmFmMWQ1N2Y5MzMxOTIwNWE5M2E3MWZlYmVlOWE5ZTRhNjhk HTTP/1.1" 404 107 "-" "Mozilla/5.0 AppleWebKit/537.36 (KHTML, like Gecko; compatible; GPTBot/1.2; +https://openai.com/gptbot)"
50.17.193.48 - - [04/Jul/2025:08:24:50 -0400] "GET /shell/function.php?download=L29wdC9oY19weXRob24vbGliL3B5dGhvbjMuMTIvc2l0ZS1wYWNrYWdlcy9QeVlBTUwtNi4wLjIuZGlzdC1pbmZvL1JFUVVFU1RFRA%3D%3D HTTP/1.1" 200 0 "-" "Mozilla/5.0 AppleWebKit/537.36 (KHTML, like Gecko; compatible; Amazonbot/0.1; +https://developer.amazon.com/support/amazonbot) Chrome/119.0.6045.214 Safari/537.36"
20.171.207.182 - - [04/Jul/2025:08:24:52 -0400] "GET /shell/function.php?download=L3Vzci9saWIvLmJ1aWxkLWlkL2RhLzVkYzRkOTQzN2UzODA3ZmM5ZDUyZDA2YWQ2MTBmMTk0MDE1ZDUz HTTP/1.1" 200 12398 "-" "Mozilla/5.0 AppleWebKit/537.36 (KHTML, like Gecko; compatible; GPTBot/1.2; +https://openai.com/gptbot)"
44.209.35.147 - - [04/Jul/2025:08:24:55 -0400] "GET /shell/function.php?download=L29wdC9hbHQvcnVieTM0L2luY2x1ZGUvcnVieS9pbnRlcm5hbC9pbnRlcm4vcmFuZ2UuaA%3D%3D HTTP/1.1" 200 4701 "-" "Mozilla/5.0 AppleWebKit/537.36 (KHTML, like Gecko; compatible; Amazonbot/0.1; +https://developer.amazon.com/support/amazonbot) Chrome/119.0.6045.214 Safari/537.36"
20.171.207.182 - - [04/Jul/2025:08:24:55 -0400] "GET /shell/function.php?download=L3Vzci9saWIvLmJ1aWxkLWlkL2IyL2I2NGViMmQ4ZGJkMDkyMjA0MjUxMmNkMDQ3NTZlZWY1OGEwN2Rk HTTP/1.1" 200 80486 "-" "Mozilla/5.0 AppleWebKit/537.36 (KHTML, like Gecko; compatible; GPTBot/1.2; +https://openai.com/gptbot)"
114.119.142.15 - - [04/Jul/2025:08:24:55 -0400] "GET /wp-content/plugins/elementor_old/includes/widgets/read-more.php HTTP/1.1" 403 1242 "https://lexlawpractice.com/wp-content/plugins/elementor_old/includes/widgets/?NA" "Mozilla/5.0 (Linux; Android 7.0;) AppleWebKit/537.36 (KHTML, like Gecko) Mobile Safari/537.36 (compatible; PetalBot;+https://webmaster.petalsearch.com/site/petalbot)"
20.171.207.182 - - [04/Jul/2025:08:24:56 -0400] "GET /shell/function.php?download=L3Vzci9saWIvLmJ1aWxkLWlkL2NkLzE4MjQ5ZDgyNjQzN2JmMjE1NDU4NzJmMWRlM2Q3YTUxNzVjMTQy HTTP/1.1" 200 35190 "-" "Mozilla/5.0 AppleWebKit/537.36 (KHTML, like Gecko; compatible; GPTBot/1.2; +https://openai.com/gptbot)"
20.171.207.182 - - [04/Jul/2025:08:24:58 -0400] "GET /shell/function.php?download=L3Vzci9saWIvLmJ1aWxkLWlkL2FmLzY1ODk3NTg4YzBmN2UyYjFhZjZkOTYzNGU1ODQ0ZGNkNWE5YTcy HTTP/1.1" 200 17070 "-" "Mozilla/5.0 AppleWebKit/537.36 (KHTML, like Gecko; compatible; GPTBot/1.2; +https://openai.com/gptbot)"
216.73.217.2 - - [04/Jul/2025:08:24:59 -0400] "GET /wp-includes/blocks/calendar/block.json HTTP/1.1" 200 1028 "-" "Mozilla/5.0 AppleWebKit/537.36 (KHTML, like Gecko; compatible; ClaudeBot/1.0; +claudebot@anthropic.com)"
216.73.217.2 - - [04/Jul/2025:08:24:59 -0400] "GET /wp-includes/blocks/image/block.json HTTP/1.1" 200 2927 "-" "Mozilla/5.0 AppleWebKit/537.36 (KHTML, like Gecko; compatible; ClaudeBot/1.0; +claudebot@anthropic.com)"
